000
CDUS41 KCAR 210527
CLIMLT


CLIMATE REPORT
NATIONAL WEATHER SERVICE CARIBOU, ME
1226 AM EST TUE FEB 21 2017


...................................

...THE MILLINOCKET ME CLIMATE SUMMARY FOR FEBRUARY 20 2017...

CLIMATE NORMAL PERIOD 1981 TO 2010
CLIMATE RECORD PERIOD 1903 TO 2017


WEATHER ITEM   OBSERVED TIME   RECORD YEAR NORMAL DEPARTURE LAST
                VALUE   (LST)  VALUE       VALUE  FROM      YEAR
                                                  NORMAL
..................................................................
TEMPERATURE (F)
 YESTERDAY
  MAXIMUM         37    259 PM  56    1981  30      7       41
  MINIMUM         18    745 PM -24    1967  10      8       30
  AVERAGE         28                        20      8       36

PRECIPITATION (IN)
  YESTERDAY        0.00          1.09 1972   0.09  -0.09     0.26
  MONTH TO DATE    1.35                      1.41  -0.06     1.77
  SINCE DEC 1      7.57                      7.87  -0.30     8.24
  SINCE JAN 1      4.26                      4.34  -0.08     3.84

SNOWFALL (IN)
  YESTERDAY       MM            MM      MM  MM     MM       MM
  MONTH TO DATE   MM                        MM     MM       MM
  SINCE DEC 1     MM                        MM     MM       MM
  SINCE JUL 1     MM                        MM     MM       MM
  SNOW DEPTH      MM

DEGREE DAYS
 HEATING
  YESTERDAY       37                        45     -8       29
  MONTH TO DATE  993                       960     33      853
  SINCE DEC 1   3698                      3863   -165     3130
  SINCE JUL 1   5248                      5706   -458     4671

 COOLING
  YESTERDAY        0                         0      0        0
  MONTH TO DATE    0                         0      0        0
  SINCE DEC 1      0                         0      0        0
  SINCE JAN 1      0                         0      0        0
..................................................................


WIND (MPH)
  HIGHEST WIND SPEED    16   HIGHEST WIND DIRECTION    NW (330)
  HIGHEST GUST SPEED    22   HIGHEST GUST DIRECTION    NW (330)
  AVERAGE WIND SPEED     7.7


SKY COVER
  POSSIBLE SUNSHINE  MM
  AVERAGE SKY COVER 0.2


WEATHER CONDITIONS
 THE FOLLOWING WEATHER WAS RECORDED YESTERDAY.
  NO SIGNIFICANT WEATHER WAS OBSERVED.


RELATIVE HUMIDITY (PERCENT)
 HIGHEST    78           100 AM
 LOWEST     39           900 PM
 AVERAGE    59

..........................................................


THE MILLINOCKET ME CLIMATE NORMALS FOR TODAY
                         NORMAL    RECORD    YEAR
 MAXIMUM TEMPERATURE (F)   31        62      1994
 MINIMUM TEMPERATURE (F)   10       -24      1993


SUNRISE AND SUNSET
FEBRUARY 21 2017......SUNRISE   627 AM EST   SUNSET   511 PM EST
FEBRUARY 22 2017......SUNRISE   625 AM EST   SUNSET   512 PM EST


-  INDICATES NEGATIVE NUMBERS.
R  INDICATES RECORD WAS SET OR TIED.
MM INDICATES DATA IS MISSING.
T  INDICATES TRACE AMOUNT.




$$
