000
CDUS41 KCAR 010534
CLIMLT


CLIMATE REPORT
NATIONAL WEATHER SERVICE CARIBOU, ME
131 AM EDT WED JUL 1 2015


...................................

...THE MILLINOCKET ME CLIMATE SUMMARY FOR JUNE 30 2015...

CLIMATE NORMAL PERIOD 1981 TO 2010
CLIMATE RECORD PERIOD 1903 TO 2015


WEATHER ITEM   OBSERVED TIME   RECORD YEAR NORMAL DEPARTURE LAST
                VALUE   (LST)  VALUE       VALUE  FROM      YEAR
                                                  NORMAL
..................................................................
TEMPERATURE (F)
 YESTERDAY
  MAXIMUM         78    413 PM  95    1931  77      1       89
  MINIMUM         55    419 AM  41    1936  57     -2       59
  AVERAGE         67                        67      0       74

PRECIPITATION (IN)
  YESTERDAY        T             2.81 2006   0.14  -0.14     0.00
  MONTH TO DATE    4.52                      4.07   0.45     4.57
  SINCE JUN 1      4.52                      4.07   0.45     4.57
  SINCE JAN 1     16.21                     19.14  -2.93    18.47

SNOWFALL (IN)
  YESTERDAY       MM            MM      MM  MM     MM       MM
  MONTH TO DATE   MM                        MM     MM       MM
  SINCE JUN 1     MM                        MM     MM       MM
  SINCE JUL 1     MM                        MM     MM       MM
  SNOW DEPTH      MM

DEGREE DAYS
 HEATING
  YESTERDAY        0                         1     -1        0
  MONTH TO DATE  160                       115     45       76
  SINCE JUN 1    160                       116     44       76
  SINCE JUL 1   8449                      8406     43     8531

 COOLING
  YESTERDAY        2                         3     -1        9
  MONTH TO DATE   20                        49    -29       58
  SINCE JUN 1     20                        49    -29       58
  SINCE JAN 1     54                        55     -1       60
..................................................................


WIND (MPH)
  HIGHEST WIND SPEED     8   HIGHEST WIND DIRECTION     S (170)
  HIGHEST GUST SPEED    14   HIGHEST GUST DIRECTION     S (180)
  AVERAGE WIND SPEED     1.5


SKY COVER
  POSSIBLE SUNSHINE  MM
  AVERAGE SKY COVER 0.6


WEATHER CONDITIONS
 THE FOLLOWING WEATHER WAS RECORDED YESTERDAY.
  LIGHT RAIN


RELATIVE HUMIDITY (PERCENT)
 HIGHEST    93          1200 AM
 LOWEST     43           300 PM
 AVERAGE    68

..........................................................


THE MILLINOCKET ME CLIMATE NORMALS FOR TODAY
                         NORMAL    RECORD    YEAR
 MAXIMUM TEMPERATURE (F)   77        93      1971
 MINIMUM TEMPERATURE (F)   57        38      1912


SUNRISE AND SUNSET
JULY  1 2015..........SUNRISE   449 AM EDT   SUNSET   828 PM EDT
JULY  2 2015..........SUNRISE   450 AM EDT   SUNSET   828 PM EDT


-  INDICATES NEGATIVE NUMBERS.
R  INDICATES RECORD WAS SET OR TIED.
MM INDICATES DATA IS MISSING.
T  INDICATES TRACE AMOUNT.




$$
