000
CDUS41 KCAR 062129
CLIMLT


CLIMATE REPORT
NATIONAL WEATHER SERVICE CARIBOU, ME
428 PM EST FRI MAR 6 2015


...................................

...THE MILLINOCKET ME CLIMATE SUMMARY FOR MARCH 6 2015...
VALID TODAY AS OF 0400 PM LOCAL TIME.

CLIMATE NORMAL PERIOD 1981 TO 2010
CLIMATE RECORD PERIOD 1903 TO 2015


WEATHER ITEM   OBSERVED TIME   RECORD YEAR NORMAL DEPARTURE LAST
                VALUE   (LST)  VALUE       VALUE  FROM      YEAR
                                                  NORMAL
..................................................................
TEMPERATURE (F)
 TODAY
  MAXIMUM         24    358 PM  53    1922  35    -11       28
  MINIMUM         -7    612 AM -14    1990  15    -22       -8
  AVERAGE          9                        25    -16       10

PRECIPITATION (IN)
  TODAY            0.00          1.46 2011   0.07  -0.07     0.00
  MONTH TO DATE    0.30                      0.44  -0.14      T
  SINCE MAR 1      0.30                      0.44  -0.14      T
  SINCE JAN 1      3.53                      5.55  -2.02     5.19

SNOWFALL (IN)
  TODAY           MM            MM      MM  MM     MM       MM
  MONTH TO DATE   MM                        MM     MM       MM
  SINCE MAR 1     MM                        MM     MM       MM
  SINCE JUL 1     MM                        MM     MM       MM
  SNOW DEPTH      MM

DEGREE DAYS
 HEATING
  TODAY           56                        40     16       55
  MONTH TO DATE  279                       246     33      332
  SINCE MAR 1    279                       246     33      332
  SINCE JUL 1   6324                      6298     26     6370

 COOLING
  TODAY            0                         0      0        0
  MONTH TO DATE    0                         0      0        0
  SINCE MAR 1      0                         0      0        0
  SINCE JAN 1      0                         0      0        0
..................................................................


WIND (MPH)
  HIGHEST WIND SPEED    14   HIGHEST WIND DIRECTION    NW (310)
  HIGHEST GUST SPEED    20   HIGHEST GUST DIRECTION     W (290)
  AVERAGE WIND SPEED     5.4


SKY COVER
  POSSIBLE SUNSHINE  MM
  AVERAGE SKY COVER 0.0


WEATHER CONDITIONS
 THE FOLLOWING WEATHER WAS RECORDED TODAY.
  NO SIGNIFICANT WEATHER WAS OBSERVED.


RELATIVE HUMIDITY (PERCENT)
 HIGHEST    56           600 AM
 LOWEST     22           400 PM
 AVERAGE    39

..........................................................


THE MILLINOCKET ME CLIMATE NORMALS FOR TOMORROW
                         NORMAL    RECORD    YEAR
 MAXIMUM TEMPERATURE (F)   35        53      1974
 MINIMUM TEMPERATURE (F)   15       -17      2003


SUNRISE AND SUNSET
MARCH  6 2015.........SUNRISE   605 AM EST   SUNSET   528 PM EST
MARCH  7 2015.........SUNRISE   603 AM EST   SUNSET   529 PM EST


-  INDICATES NEGATIVE NUMBERS.
R  INDICATES RECORD WAS SET OR TIED.
MM INDICATES DATA IS MISSING.
T  INDICATES TRACE AMOUNT.




$$
