000
CDUS41 KCAR 310537
CLIMLT


CLIMATE REPORT
NATIONAL WEATHER SERVICE CARIBOU, ME
133 AM EDT SUN JUL 31 2016


...................................

...THE MILLINOCKET ME CLIMATE SUMMARY FOR JULY 30 2016...

CLIMATE NORMAL PERIOD 1981 TO 2010
CLIMATE RECORD PERIOD 1903 TO 2016


WEATHER ITEM   OBSERVED TIME   RECORD YEAR NORMAL DEPARTURE LAST
                VALUE   (LST)  VALUE       VALUE  FROM      YEAR
                                                  NORMAL
..................................................................
TEMPERATURE (F)
 YESTERDAY
  MAXIMUM         80    402 PM  93    1959  78      2       85
  MINIMUM         56    452 AM  40    1952  57     -1       58
  AVERAGE         68                        68      0       72

PRECIPITATION (IN)
  YESTERDAY        0.00          1.62 1957   0.12  -0.12     0.07
  MONTH TO DATE    2.23                      3.73  -1.50     3.51
  SINCE JUN 1      5.15                      7.80  -2.65     8.03
  SINCE JAN 1     18.76                     22.87  -4.11    19.72

SNOWFALL (IN)
  YESTERDAY       MM            MM      MM  MM     MM       MM
  MONTH TO DATE   MM                        MM     MM       MM
  SINCE JUN 1     MM                        MM     MM       MM
  SINCE JUL 1     MM                        MM     MM       MM
  SNOW DEPTH      MM

DEGREE DAYS
 HEATING
  YESTERDAY        0                         1     -1        0
  MONTH TO DATE   33                        30      3       21
  SINCE JUN 1    149                       146      3      181
  SINCE JUL 1     33                        30      3       21

 COOLING
  YESTERDAY        3                         3      0        7
  MONTH TO DATE  156                       116     40       96
  SINCE JUN 1    182                       165     17      116
  SINCE JAN 1    188                       171     17      150
..................................................................


WIND (MPH)
  HIGHEST WIND SPEED    14   HIGHEST WIND DIRECTION    NW (310)
  HIGHEST GUST SPEED    19   HIGHEST GUST DIRECTION    NW (310)
  AVERAGE WIND SPEED     3.6


SKY COVER
  POSSIBLE SUNSHINE  MM
  AVERAGE SKY COVER 0.2


WEATHER CONDITIONS
 THE FOLLOWING WEATHER WAS RECORDED YESTERDAY.
  NO SIGNIFICANT WEATHER WAS OBSERVED.


RELATIVE HUMIDITY (PERCENT)
 HIGHEST    93           200 AM
 LOWEST     33           200 PM
 AVERAGE    63

..........................................................


THE MILLINOCKET ME CLIMATE NORMALS FOR TODAY
                         NORMAL    RECORD    YEAR
 MAXIMUM TEMPERATURE (F)   78        96      1908
 MINIMUM TEMPERATURE (F)   57        41      1932


SUNRISE AND SUNSET
JULY 31 2016..........SUNRISE   518 AM EDT   SUNSET   804 PM EDT
AUGUST  1 2016........SUNRISE   519 AM EDT   SUNSET   803 PM EDT


-  INDICATES NEGATIVE NUMBERS.
R  INDICATES RECORD WAS SET OR TIED.
MM INDICATES DATA IS MISSING.
T  INDICATES TRACE AMOUNT.




$$
