000
CDUS41 KCAR 260526
CLIMLT


CLIMATE REPORT
NATIONAL WEATHER SERVICE CARIBOU, ME
126 AM EDT SAT JUL 26 2014


...................................

...THE MILLINOCKET ME CLIMATE SUMMARY FOR JULY 25 2014...

CLIMATE NORMAL PERIOD 1981 TO 2010
CLIMATE RECORD PERIOD 1903 TO 2014


WEATHER ITEM   OBSERVED TIME   RECORD YEAR NORMAL DEPARTURE LAST
                VALUE   (LST)  VALUE       VALUE  FROM      YEAR
                                                  NORMAL
..................................................................
TEMPERATURE (F)
 YESTERDAY
  MAXIMUM         81    310 PM  94    1970  79      2       73
  MINIMUM         55    406 AM  44    2002  58     -3       50
  AVERAGE         68                        68      0       62

PRECIPITATION (IN)
  YESTERDAY        0.00          2.15 1914   0.11  -0.11     0.00
  MONTH TO DATE    3.17                      3.18  -0.01     1.96
  SINCE JUN 1      7.74                      7.25   0.49     7.67
  SINCE JAN 1     21.64                     22.32  -0.68    18.83

SNOWFALL (IN)
  YESTERDAY       MM            MM      MM  MM     MM       MM
  MONTH TO DATE   MM                        MM     MM       MM
  SINCE JUN 1     MM                        MM     MM       MM
  SINCE JUL 1     MM                        MM     MM       MM
  SNOW DEPTH      MM

DEGREE DAYS
 HEATING
  YESTERDAY        0                         1     -1        3
  MONTH TO DATE    6                        25    -19        8
  SINCE JUN 1     82                       141    -59      109
  SINCE JUL 1      6                        25    -19        8

 COOLING
  YESTERDAY        3                         4     -1        0
  MONTH TO DATE  159                        97     62      192
  SINCE JUN 1    217                       146     71      253
  SINCE JAN 1    219                       152     67      261
..................................................................


WIND (MPH)
  HIGHEST WIND SPEED    15   HIGHEST WIND DIRECTION    NW (300)
  HIGHEST GUST SPEED    19   HIGHEST GUST DIRECTION    NW (300)
  AVERAGE WIND SPEED     4.8


SKY COVER
  POSSIBLE SUNSHINE  MM
  AVERAGE SKY COVER 0.0


WEATHER CONDITIONS
 THE FOLLOWING WEATHER WAS RECORDED YESTERDAY.
  HAZE


RELATIVE HUMIDITY (PERCENT)
 HIGHEST    83           400 AM
 LOWEST     36           300 PM
 AVERAGE    60

..........................................................


THE MILLINOCKET ME CLIMATE NORMALS FOR TODAY
                         NORMAL    RECORD    YEAR
 MAXIMUM TEMPERATURE (F)   79        96      1963
 MINIMUM TEMPERATURE (F)   57        40      1926


SUNRISE AND SUNSET
JULY 26 2014..........SUNRISE   511 AM EDT   SUNSET   811 PM EDT
JULY 27 2014..........SUNRISE   512 AM EDT   SUNSET   809 PM EDT


-  INDICATES NEGATIVE NUMBERS.
R  INDICATES RECORD WAS SET OR TIED.
MM INDICATES DATA IS MISSING.
T  INDICATES TRACE AMOUNT.




$$
