000
CDUS41 KCAR 120545
CLIMLT


CLIMATE REPORT
NATIONAL WEATHER SERVICE CARIBOU, ME
1245 AM EST FRI FEB 12 2016


...................................

...THE MILLINOCKET ME CLIMATE SUMMARY FOR FEBRUARY 11 2016...

CLIMATE NORMAL PERIOD 1981 TO 2010
CLIMATE RECORD PERIOD 1903 TO 2016


WEATHER ITEM   OBSERVED TIME   RECORD YEAR NORMAL DEPARTURE LAST
                VALUE   (LST)  VALUE       VALUE  FROM      YEAR
                                                  NORMAL
..................................................................
TEMPERATURE (F)
 YESTERDAY
  MAXIMUM         27    157 PM  50    1955  27      0       18
  MINIMUM          6   1159 PM -28    1948   7     -1       -7
  AVERAGE         17                        17      0        6

PRECIPITATION (IN)
  YESTERDAY        T             1.45 1952   0.07  -0.07     0.00
  MONTH TO DATE    0.83                      0.66   0.17     0.16
  SINCE DEC 1      7.30                      7.12   0.18     8.00
  SINCE JAN 1      2.90                      3.59  -0.69     2.00

SNOWFALL (IN)
  YESTERDAY       MM            MM      MM  MM     MM       MM
  MONTH TO DATE   MM                        MM     MM       MM
  SINCE DEC 1     MM                        MM     MM       MM
  SINCE JUL 1     MM                        MM     MM       MM
  SNOW DEPTH       0

DEGREE DAYS
 HEATING
  YESTERDAY       48                        48      0       59
  MONTH TO DATE  438                       543   -105      684
  SINCE DEC 1   2715                      3446   -731     3486
  SINCE JUL 1   4256                      5289  -1033     5082

 COOLING
  YESTERDAY        0                         0      0        0
  MONTH TO DATE    0                         0      0        0
  SINCE DEC 1      0                         0      0        0
  SINCE JAN 1      0                         0      0        0
..................................................................


WIND (MPH)
  HIGHEST WIND SPEED    23   HIGHEST WIND DIRECTION    NW (300)
  HIGHEST GUST SPEED    34   HIGHEST GUST DIRECTION    NW (310)
  AVERAGE WIND SPEED     8.3


SKY COVER
  POSSIBLE SUNSHINE  MM
  AVERAGE SKY COVER 0.8


WEATHER CONDITIONS
 THE FOLLOWING WEATHER WAS RECORDED YESTERDAY.
  LIGHT SNOW
  FOG
  HAZE


RELATIVE HUMIDITY (PERCENT)
 HIGHEST    80           700 AM
 LOWEST     46           200 PM
 AVERAGE    63

..........................................................


THE MILLINOCKET ME CLIMATE NORMALS FOR TODAY
                         NORMAL    RECORD    YEAR
 MAXIMUM TEMPERATURE (F)   27        58      1903
 MINIMUM TEMPERATURE (F)    7       -26      1914


SUNRISE AND SUNSET
FEBRUARY 12 2016......SUNRISE   642 AM EST   SUNSET   456 PM EST
FEBRUARY 13 2016......SUNRISE   641 AM EST   SUNSET   458 PM EST


-  INDICATES NEGATIVE NUMBERS.
R  INDICATES RECORD WAS SET OR TIED.
MM INDICATES DATA IS MISSING.
T  INDICATES TRACE AMOUNT.




$$
