000
CDUS41 KCAR 230543
CLIMLT


CLIMATE REPORT
NATIONAL WEATHER SERVICE CARIBOU, ME
139 AM EDT THU MAR 23 2017


...................................

...THE MILLINOCKET ME CLIMATE SUMMARY FOR MARCH 22 2017...

CLIMATE NORMAL PERIOD 1981 TO 2010
CLIMATE RECORD PERIOD 1903 TO 2017


WEATHER ITEM   OBSERVED TIME   RECORD YEAR NORMAL DEPARTURE LAST
                VALUE   (LST)  VALUE       VALUE  FROM      YEAR
                                                  NORMAL
..................................................................
TEMPERATURE (F)
 YESTERDAY
  MAXIMUM         34    746 AM  80    2012  40     -6       34
  MINIMUM          9   1159 PM -17    1916  20    -11       17
  AVERAGE         22                        30     -8       26

PRECIPITATION (IN)
  YESTERDAY        0.02          1.09 1983   0.13  -0.11     0.00
  MONTH TO DATE    1.16                      1.97  -0.81     1.94
  SINCE MAR 1      1.16                      1.97  -0.81     1.94
  SINCE JAN 1      6.35                      7.08  -0.73     7.25

SNOWFALL (IN)
  YESTERDAY       MM            MM      MM  MM     MM       MM
  MONTH TO DATE   MM                        MM     MM       MM
  SINCE MAR 1     MM                        MM     MM       MM
  SINCE JUL 1     MM                        MM     MM       MM
  SNOW DEPTH      MM

DEGREE DAYS
 HEATING
  YESTERDAY       43                        35      8       39
  MONTH TO DATE  966                       847    119      813
  SINCE MAR 1    966                       847    119      813
  SINCE JUL 1   6461                      6899   -438     5777

 COOLING
  YESTERDAY        0                         0      0        0
  MONTH TO DATE    0                         0      0        0
  SINCE MAR 1      0                         0      0        0
  SINCE JAN 1      0                         0      0        0
..................................................................


WIND (MPH)
  HIGHEST WIND SPEED    31   HIGHEST WIND DIRECTION    NW (310)
  HIGHEST GUST SPEED    42   HIGHEST GUST DIRECTION    NW (330)
  AVERAGE WIND SPEED    12.9


SKY COVER
  POSSIBLE SUNSHINE  MM
  AVERAGE SKY COVER 0.7


WEATHER CONDITIONS
 THE FOLLOWING WEATHER WAS RECORDED YESTERDAY.
  HEAVY SNOW
  SNOW
  LIGHT SNOW
  FOG
  BLOWING SNOW


RELATIVE HUMIDITY (PERCENT)
 HIGHEST    92           700 AM
 LOWEST     40           700 PM
 AVERAGE    66

..........................................................


THE MILLINOCKET ME CLIMATE NORMALS FOR TODAY
                         NORMAL    RECORD    YEAR
 MAXIMUM TEMPERATURE (F)   40        65      1979
 MINIMUM TEMPERATURE (F)   20       -14      1906


SUNRISE AND SUNSET
MARCH 23 2017.........SUNRISE   632 AM EDT   SUNSET   652 PM EDT
MARCH 24 2017.........SUNRISE   630 AM EDT   SUNSET   653 PM EDT


-  INDICATES NEGATIVE NUMBERS.
R  INDICATES RECORD WAS SET OR TIED.
MM INDICATES DATA IS MISSING.
T  INDICATES TRACE AMOUNT.




$$
