000
CDUS41 KCAR 180555
CLIMLT


CLIMATE REPORT
NATIONAL WEATHER SERVICE CARIBOU, ME
1252 AM EST SUN FEB 18 2018


...................................

...THE MILLINOCKET ME CLIMATE SUMMARY FOR FEBRUARY 17 2018...

CLIMATE NORMAL PERIOD 1981 TO 2010
CLIMATE RECORD PERIOD 1903 TO 2018


WEATHER ITEM   OBSERVED TIME   RECORD YEAR NORMAL DEPARTURE LAST
                VALUE   (LST)  VALUE       VALUE  FROM      YEAR
                                                  NORMAL
..................................................................
TEMPERATURE (F)
 YESTERDAY
  MAXIMUM         26    342 PM  50    2016  29     -3       29
  MINIMUM          8    648 AM -32    1934   9     -1       21
  AVERAGE         17                        19     -2       25

PRECIPITATION (IN)
  YESTERDAY        T             1.30 1936   0.08  -0.08     0.00
  MONTH TO DATE    1.41                      1.14   0.27     1.32
  SINCE DEC 1      7.79                      7.60   0.19     7.54
  SINCE JAN 1      5.11                      4.07   1.04     4.23

SNOWFALL (IN)
  YESTERDAY       MM            MM      MM  MM     MM       MM
  MONTH TO DATE   MM                        MM     MM       MM
  SINCE DEC 1     MM                        MM     MM       MM
  SINCE JUL 1     MM                        MM     MM       MM
  SNOW DEPTH      MM

DEGREE DAYS
 HEATING
  YESTERDAY       48                        46      2       40
  MONTH TO DATE  805                       824    -19      887
  SINCE DEC 1   3821                      3727     94     3592
  SINCE JUL 1   5358                      5570   -212     5142

 COOLING
  YESTERDAY        0                         0      0        0
  MONTH TO DATE    0                         0      0        0
  SINCE DEC 1      0                         0      0        0
  SINCE JAN 1      0                         0      0        0
..................................................................


WIND (MPH)
  HIGHEST WIND SPEED    23   HIGHEST WIND DIRECTION     W (290)
  HIGHEST GUST SPEED    36   HIGHEST GUST DIRECTION     W (290)
  AVERAGE WIND SPEED     6.6


SKY COVER
  POSSIBLE SUNSHINE  MM
  AVERAGE SKY COVER 0.1


WEATHER CONDITIONS
 THE FOLLOWING WEATHER WAS RECORDED YESTERDAY.
  LIGHT SNOW


RELATIVE HUMIDITY (PERCENT)
 HIGHEST    69           700 AM
 LOWEST     32           300 PM
 AVERAGE    51

..........................................................


THE MILLINOCKET ME CLIMATE NORMALS FOR TODAY
                         NORMAL    RECORD    YEAR
 MAXIMUM TEMPERATURE (F)   30        47      1984
                                             1981
 MINIMUM TEMPERATURE (F)    9       -29      1967


SUNRISE AND SUNSET
FEBRUARY 18 2018......SUNRISE   632 AM EST   SUNSET   506 PM EST
FEBRUARY 19 2018......SUNRISE   630 AM EST   SUNSET   507 PM EST


-  INDICATES NEGATIVE NUMBERS.
R  INDICATES RECORD WAS SET OR TIED.
MM INDICATES DATA IS MISSING.
T  INDICATES TRACE AMOUNT.




$$
