000
CDUS41 KCAR 112129
CLIMLT


CLIMATE REPORT
NATIONAL WEATHER SERVICE CARIBOU, ME
429 PM EST MON DEC 11 2017


...................................

...THE MILLINOCKET ME CLIMATE SUMMARY FOR DECEMBER 11 2017...
VALID TODAY AS OF 0400 PM LOCAL TIME.

CLIMATE NORMAL PERIOD 1981 TO 2010
CLIMATE RECORD PERIOD 1903 TO 2017


WEATHER ITEM   OBSERVED TIME   RECORD YEAR NORMAL DEPARTURE LAST
                VALUE   (LST)  VALUE       VALUE  FROM      YEAR
                                                  NORMAL
..................................................................
TEMPERATURE (F)
 TODAY
  MAXIMUM         23    341 PM  62    1907  32     -9       22
  MINIMUM         12    110 AM -16    1906  17     -5        3
  AVERAGE         18                        24     -6       13

PRECIPITATION (IN)
  TODAY            T             1.22 1969   0.13  -0.13      T
  MONTH TO DATE    1.38                      1.57  -0.19     0.74
  SINCE DEC 1      1.38                      1.57  -0.19     0.74
  SINCE JAN 1     38.96                     40.72  -1.76    30.95

SNOWFALL (IN)
  TODAY           MM            MM      MM  MM     MM       MM
  MONTH TO DATE   MM                        MM     MM       MM
  SINCE DEC 1     MM                        MM     MM       MM
  SINCE JUL 1     MM                        MM     MM       MM
  SNOW DEPTH      MM

DEGREE DAYS
 HEATING
  TODAY           47                        41      6       52
  MONTH TO DATE  390                       426    -36      454
  SINCE DEC 1    390                       426    -36      454
  SINCE JUL 1   1927                      2269   -342     2004

 COOLING
  TODAY            0                         0      0        0
  MONTH TO DATE    0                         0      0        0
  SINCE DEC 1      0                         0      0        0
  SINCE JAN 1    263                       268     -5      350
..................................................................


WIND (MPH)
  HIGHEST WIND SPEED     9   HIGHEST WIND DIRECTION    NW (320)
  HIGHEST GUST SPEED    12   HIGHEST GUST DIRECTION    NW (310)
  AVERAGE WIND SPEED     2.4


SKY COVER
  POSSIBLE SUNSHINE  MM
  AVERAGE SKY COVER 0.9


WEATHER CONDITIONS
 THE FOLLOWING WEATHER WAS RECORDED TODAY.
  LIGHT SNOW
  FOG
  HAZE


RELATIVE HUMIDITY (PERCENT)
 HIGHEST    92           100 AM
 LOWEST     68           400 PM
 AVERAGE    80

..........................................................


THE MILLINOCKET ME CLIMATE NORMALS FOR TOMORROW
                         NORMAL    RECORD    YEAR
 MAXIMUM TEMPERATURE (F)   31        58      1911
 MINIMUM TEMPERATURE (F)   16       -22      1906


SUNRISE AND SUNSET
DECEMBER 11 2017......SUNRISE   705 AM EST   SUNSET   351 PM EST
DECEMBER 12 2017......SUNRISE   706 AM EST   SUNSET   351 PM EST


-  INDICATES NEGATIVE NUMBERS.
R  INDICATES RECORD WAS SET OR TIED.
MM INDICATES DATA IS MISSING.
T  INDICATES TRACE AMOUNT.




$$
