000
CDUS41 KCAR 310531
CLIMLT


CLIMATE REPORT
NATIONAL WEATHER SERVICE CARIBOU, ME
1231 AM EST SAT JAN 31 2015


...................................

...THE MILLINOCKET ME CLIMATE SUMMARY FOR JANUARY 30 2015...

CLIMATE NORMAL PERIOD 1981 TO 2010
CLIMATE RECORD PERIOD 1903 TO 2015


WEATHER ITEM   OBSERVED TIME   RECORD YEAR NORMAL DEPARTURE LAST
                VALUE   (LST)  VALUE       VALUE  FROM      YEAR
                                                  NORMAL
..................................................................
TEMPERATURE (F)
 YESTERDAY
  MAXIMUM         30    826 PM  48    2013  24      6       23
  MINIMUM          6   1204 AM -24    1971   4      2       -1
  AVERAGE         18                        14      4       11

PRECIPITATION (IN)
  YESTERDAY        0.34          1.02 1973   0.08   0.26      T
  MONTH TO DATE    1.74                      2.86  -1.12     3.58
  SINCE DEC 1      7.74                      6.39   1.35     5.82
  SINCE JAN 1      1.74                      2.86  -1.12     3.58

SNOWFALL (IN)
  YESTERDAY       MM            MM      MM  MM     MM       MM
  MONTH TO DATE   MM                        MM     MM       MM
  SINCE DEC 1     MM                        MM     MM       MM
  SINCE JUL 1     MM                        MM     MM       MM
  SNOW DEPTH      MM

DEGREE DAYS
 HEATING
  YESTERDAY       47                        51     -4       54
  MONTH TO DATE 1563                      1531     32     1480
  SINCE DEC 1   2752                      2853   -101     2944
  SINCE JUL 1   4348                      4696   -348     4636

 COOLING
  YESTERDAY        0                         0      0        0
  MONTH TO DATE    0                         0      0        0
  SINCE DEC 1      0                         0      0        0
  SINCE JAN 1      0                         0      0        0
..................................................................


WIND (MPH)
  HIGHEST WIND SPEED    10   HIGHEST WIND DIRECTION     N (20)
  HIGHEST GUST SPEED    15   HIGHEST GUST DIRECTION    NE (30)
  AVERAGE WIND SPEED     2.1


SKY COVER
  POSSIBLE SUNSHINE  MM
  AVERAGE SKY COVER 0.9


WEATHER CONDITIONS
 THE FOLLOWING WEATHER WAS RECORDED YESTERDAY.
  SNOW
  LIGHT SNOW
  FOG
  HAZE


RELATIVE HUMIDITY (PERCENT)
 HIGHEST    92           100 PM
 LOWEST     80          1200 AM
 AVERAGE    86

..........................................................


THE MILLINOCKET ME CLIMATE NORMALS FOR TODAY
                         NORMAL    RECORD    YEAR
 MAXIMUM TEMPERATURE (F)   24        54      2013
 MINIMUM TEMPERATURE (F)    4       -24      1994


SUNRISE AND SUNSET
JANUARY 31 2015.......SUNRISE   658 AM EST   SUNSET   439 PM EST
FEBRUARY  1 2015......SUNRISE   656 AM EST   SUNSET   441 PM EST


-  INDICATES NEGATIVE NUMBERS.
R  INDICATES RECORD WAS SET OR TIED.
MM INDICATES DATA IS MISSING.
T  INDICATES TRACE AMOUNT.




$$
