000
CDUS41 KCAR 020550
CLIMLT


CLIMATE REPORT
NATIONAL WEATHER SERVICE CARIBOU, ME
148 AM EDT WED SEP 2 2015


...................................

...THE MILLINOCKET ME CLIMATE SUMMARY FOR SEPTEMBER 1 2015...

CLIMATE NORMAL PERIOD 1981 TO 2010
CLIMATE RECORD PERIOD 1903 TO 2015


WEATHER ITEM   OBSERVED TIME   RECORD YEAR NORMAL DEPARTURE LAST
                VALUE   (LST)  VALUE       VALUE  FROM      YEAR
                                                  NORMAL
..................................................................
TEMPERATURE (F)
 YESTERDAY
  MAXIMUM         76    411 PM  93    2010  74      2       81
  MINIMUM         56    340 AM  35    1904  52      4       66
  AVERAGE         66                        63      3       74

PRECIPITATION (IN)
  YESTERDAY        0.00          1.14 1944   0.10  -0.10     0.01
  MONTH TO DATE    0.00                      0.10  -0.10     0.01
  SINCE SEP 1      0.00                      0.10  -0.10     0.01
  SINCE JAN 1     25.60                     27.03  -1.43    25.15

SNOWFALL (IN)
  YESTERDAY       MM            MM      MM  MM     MM       MM
  MONTH TO DATE   MM                        MM     MM       MM
  SINCE SEP 1     MM                        MM     MM       MM
  SINCE JUL 1      0.0                      MM     MM       MM
  SNOW DEPTH      MM

DEGREE DAYS
 HEATING
  YESTERDAY        0                         4     -4        0
  MONTH TO DATE    0                         4     -4        0
  SINCE SEP 1      0                         4     -4        0
  SINCE JUL 1     21                        83    -62       28

 COOLING
  YESTERDAY        1                         2     -1        9
  MONTH TO DATE    1                         2     -1        9
  SINCE SEP 1      1                         2     -1        9
  SINCE JAN 1    313                       253     60      337
..................................................................


WIND (MPH)
  HIGHEST WIND SPEED    15   HIGHEST WIND DIRECTION     N (350)
  HIGHEST GUST SPEED    19   HIGHEST GUST DIRECTION     N (360)
  AVERAGE WIND SPEED     3.2


SKY COVER
  POSSIBLE SUNSHINE  MM
  AVERAGE SKY COVER 0.0


WEATHER CONDITIONS
 THE FOLLOWING WEATHER WAS RECORDED YESTERDAY.
  NO SIGNIFICANT WEATHER WAS OBSERVED.


RELATIVE HUMIDITY (PERCENT)
 HIGHEST    90           800 PM
 LOWEST     41          1100 AM
 AVERAGE    66

..........................................................


THE MILLINOCKET ME CLIMATE NORMALS FOR TODAY
                         NORMAL    RECORD    YEAR
 MAXIMUM TEMPERATURE (F)   73        92      1937
 MINIMUM TEMPERATURE (F)   52        35      1906


SUNRISE AND SUNSET
SEPTEMBER  2 2015.....SUNRISE   557 AM EDT   SUNSET   711 PM EDT
SEPTEMBER  3 2015.....SUNRISE   558 AM EDT   SUNSET   709 PM EDT


-  INDICATES NEGATIVE NUMBERS.
R  INDICATES RECORD WAS SET OR TIED.
MM INDICATES DATA IS MISSING.
T  INDICATES TRACE AMOUNT.




$$
