000
CDUS41 KCAR 170539
CLIMLT


CLIMATE REPORT
NATIONAL WEATHER SERVICE CARIBOU, ME
1228 AM EST TUE JAN 17 2017


...................................

...THE MILLINOCKET ME CLIMATE SUMMARY FOR JANUARY 16 2017...

CLIMATE NORMAL PERIOD 1981 TO 2010
CLIMATE RECORD PERIOD 1903 TO 2017


WEATHER ITEM   OBSERVED TIME   RECORD YEAR NORMAL DEPARTURE LAST
                VALUE   (LST)  VALUE       VALUE  FROM      YEAR
                                                  NORMAL
..................................................................
TEMPERATURE (F)
 YESTERDAY
  MAXIMUM         32   1159 PM  54    1995  23      9       23
  MINIMUM          2    456 AM -26    2009   4     -2       18
  AVERAGE         17                        13      4       21

PRECIPITATION (IN)
  YESTERDAY        0.00          1.69 1999   0.08  -0.08     0.10
  MONTH TO DATE    1.34                      1.70  -0.36     2.04
  SINCE DEC 1      4.65                      5.23  -0.58     6.44
  SINCE JAN 1      1.34                      1.70  -0.36     2.04

SNOWFALL (IN)
  YESTERDAY       MM            MM      MM  MM     MM       MM
  MONTH TO DATE   MM                        MM     MM       MM
  SINCE DEC 1     MM                        MM     MM       MM
  SINCE JUL 1     MM                        MM     MM       MM
  SNOW DEPTH      MM

DEGREE DAYS
 HEATING
  YESTERDAY       48                        52     -4       44
  MONTH TO DATE  715                       806    -91      678
  SINCE DEC 1   2117                      2128    -11     1637
  SINCE JUL 1   3667                      3971   -304     3178

 COOLING
  YESTERDAY        0                         0      0        0
  MONTH TO DATE    0                         0      0        0
  SINCE DEC 1      0                         0      0        0
  SINCE JAN 1      0                         0      0        0
..................................................................


WIND (MPH)
  HIGHEST WIND SPEED    12   HIGHEST WIND DIRECTION    SW (230)
  HIGHEST GUST SPEED    18   HIGHEST GUST DIRECTION    SW (230)
  AVERAGE WIND SPEED     3.3


SKY COVER
  POSSIBLE SUNSHINE  MM
  AVERAGE SKY COVER 0.7


WEATHER CONDITIONS
 THE FOLLOWING WEATHER WAS RECORDED YESTERDAY.
  NO SIGNIFICANT WEATHER WAS OBSERVED.


RELATIVE HUMIDITY (PERCENT)
 HIGHEST    79           500 AM
 LOWEST     46           200 PM
 AVERAGE    63

..........................................................


THE MILLINOCKET ME CLIMATE NORMALS FOR TODAY
                         NORMAL    RECORD    YEAR
 MAXIMUM TEMPERATURE (F)   23        52      1995
 MINIMUM TEMPERATURE (F)    3       -32      1907


SUNRISE AND SUNSET
JANUARY 17 2017.......SUNRISE   710 AM EST   SUNSET   420 PM EST
JANUARY 18 2017.......SUNRISE   709 AM EST   SUNSET   422 PM EST


-  INDICATES NEGATIVE NUMBERS.
R  INDICATES RECORD WAS SET OR TIED.
MM INDICATES DATA IS MISSING.
T  INDICATES TRACE AMOUNT.




$$
