000
CDUS44 KSHV 240747
CLIMLU


CLIMATE REPORT
NATIONAL WEATHER SERVICE SHREVEPORT, LA
247 AM CDT THU JUL 24 2014


...................................

...THE MONROE CLIMATE SUMMARY FOR JULY 23 2014...

CLIMATE NORMAL PERIOD 1981 TO 2010
CLIMATE RECORD PERIOD 1930 TO 2014


WEATHER ITEM   OBSERVED TIME   RECORD YEAR NORMAL DEPARTURE LAST
                VALUE   (LST)  VALUE       VALUE  FROM      YEAR
                                                  NORMAL
..................................................................
TEMPERATURE (F)
 YESTERDAY
  MAXIMUM         93    403 PM 103    1934  94     -1       95
  MINIMUM         70   1155 PM  63    2007  72     -2       73
                                      1988
  AVERAGE         82                        83     -1       84

PRECIPITATION (IN)
  YESTERDAY        0.00          1.96 1958   0.10  -0.10     0.18
  MONTH TO DATE    2.16                      2.80  -0.64     0.40
  SINCE DEC 1     35.26                     36.82  -1.56    35.59
  SINCE JAN 1     32.00                     31.53   0.47    30.86

SNOWFALL (IN)
  YESTERDAY        0.0
  MONTH TO DATE    0.0
  SINCE JUN 1      0.0
  SINCE JUL 1      0.0
  SNOW DEPTH       0

DEGREE DAYS
 HEATING
  YESTERDAY        0                         0      0        0
  MONTH TO DATE    0                         0      0        0
  SINCE JUN 1      0                         0      0        0
  SINCE JUL 1      0                         0      0        0

 COOLING
  YESTERDAY       17                        18     -1       19
  MONTH TO DATE  326                       414    -88      369
  SINCE JUN 1    802                       880    -78      813
  SINCE JAN 1   1132                      1315   -183     1163
..................................................................


WIND (MPH)
  HIGHEST WIND SPEED    28   HIGHEST WIND DIRECTION     N (350)
  HIGHEST GUST SPEED    36   HIGHEST GUST DIRECTION     N (360)
  AVERAGE WIND SPEED     3.0


SKY COVER
  POSSIBLE SUNSHINE  MM
  AVERAGE SKY COVER 0.2


WEATHER CONDITIONS
 THE FOLLOWING WEATHER WAS RECORDED YESTERDAY.
  THUNDERSTORM
  FOG
  HAZE


RELATIVE HUMIDITY (PERCENT)
 HIGHEST    94           700 AM
 LOWEST     49           200 PM
 AVERAGE    72

..........................................................


THE MONROE CLIMATE NORMALS FOR TODAY
                         NORMAL    RECORD    YEAR
 MAXIMUM TEMPERATURE (F)   94       102      1948
 MINIMUM TEMPERATURE (F)   72        63      2006
                                             1988


SUNRISE AND SUNSET
JULY 24 2014..........SUNRISE   617 AM CDT   SUNSET   812 PM CDT
JULY 25 2014..........SUNRISE   618 AM CDT   SUNSET   811 PM CDT


-  INDICATES NEGATIVE NUMBERS.
R  INDICATES RECORD WAS SET OR TIED.
MM INDICATES DATA IS MISSING.
T  INDICATES TRACE AMOUNT.




$$
