926
CDUS44 KSHV 240853
CLIMLU


CLIMATE REPORT
NATIONAL WEATHER SERVICE SHREVEPORT, LA
253 AM CST FRI NOV 24 2017


...................................

...THE MONROE CLIMATE SUMMARY FOR NOVEMBER 23 2017...

CLIMATE NORMAL PERIOD 1981 TO 2010
CLIMATE RECORD PERIOD 1930 TO 2017


WEATHER ITEM   OBSERVED TIME   RECORD YEAR NORMAL DEPARTURE LAST
                VALUE   (LST)  VALUE       VALUE  FROM      YEAR
                                                  NORMAL
..................................................................
TEMPERATURE (F)
 YESTERDAY
  MAXIMUM         59    410 PM  84    2010  66     -7       70
                                      1973
  MINIMUM         31    704 AM  20    1903  42    -11       48
  AVERAGE         45                        54     -9       59

PRECIPITATION (IN)
  YESTERDAY        0.00          2.10 2004   0.17  -0.17     1.04
  MONTH TO DATE    1.53                      3.61  -2.08     1.29
  SINCE DEC 1     55.23                     52.79   2.44    68.65
  SINCE JAN 1     50.40                     47.50   2.90    62.26

SNOWFALL (IN)
  YESTERDAY        0.0
  MONTH TO DATE    0.0
  SINCE SEP 1      0.0
  SINCE JUL 1      0.0
  SNOW DEPTH       0

DEGREE DAYS
 HEATING
  YESTERDAY       20                        12      8        6
  MONTH TO DATE  161                       193    -32      123
  SINCE SEP 1    241                       283    -42      139
  SINCE JUL 1    241                       283    -42      139

 COOLING
  YESTERDAY        0                         0      0        0
  MONTH TO DATE   68                        22     46       26
  SINCE SEP 1    597                       499     98      678
  SINCE JAN 1   2624                      2506    118     2732
..................................................................


WIND (MPH)
  HIGHEST WIND SPEED    10   HIGHEST WIND DIRECTION    NW (330)
  HIGHEST GUST SPEED    14   HIGHEST GUST DIRECTION     N (20)
  AVERAGE WIND SPEED     2.7


SKY COVER
  POSSIBLE SUNSHINE  MM
  AVERAGE SKY COVER 0.0


WEATHER CONDITIONS
 THE FOLLOWING WEATHER WAS RECORDED YESTERDAY.
  NO SIGNIFICANT WEATHER WAS OBSERVED.


RELATIVE HUMIDITY (PERCENT)
 HIGHEST    85          1100 PM
 LOWEST     26           300 PM
 AVERAGE    56

..........................................................


THE MONROE CLIMATE NORMALS FOR TODAY
                         NORMAL    RECORD    YEAR
 MAXIMUM TEMPERATURE (F)   65        86      1973
 MINIMUM TEMPERATURE (F)   42        19      1970


SUNRISE AND SUNSET
NOVEMBER 24 2017......SUNRISE   646 AM CST   SUNSET   504 PM CST
NOVEMBER 25 2017......SUNRISE   647 AM CST   SUNSET   503 PM CST


-  INDICATES NEGATIVE NUMBERS.
R  INDICATES RECORD WAS SET OR TIED.
MM INDICATES DATA IS MISSING.
T  INDICATES TRACE AMOUNT.




$$
