000
CDUS44 KSHV 200852
CLIMLU


CLIMATE REPORT
NATIONAL WEATHER SERVICE SHREVEPORT, LA
251 AM CST FRI JAN 20 2017


...................................

...THE MONROE CLIMATE SUMMARY FOR JANUARY 19 2017...

CLIMATE NORMAL PERIOD 1981 TO 2010
CLIMATE RECORD PERIOD 1930 TO 2017


WEATHER ITEM   OBSERVED TIME   RECORD YEAR NORMAL DEPARTURE LAST
                VALUE   (LST)  VALUE       VALUE  FROM      YEAR
                                                  NORMAL
..................................................................
TEMPERATURE (F)
 YESTERDAY
  MAXIMUM         62    453 PM  82    1935  57      5       57
  MINIMUM         57    917 AM  13    1977  36     21       26
  AVERAGE         60                        46     14       42

PRECIPITATION (IN)
  YESTERDAY        0.62          3.08 1979   0.16   0.46     0.00
  MONTH TO DATE    5.03                      3.03   2.00     1.48
  SINCE DEC 1      9.86                      8.32   1.54     7.87
  SINCE JAN 1      5.03                      3.03   2.00     1.48

SNOWFALL (IN)
  YESTERDAY        0.0
  MONTH TO DATE    0.2
  SINCE DEC 1      0.2
  SINCE JUL 1      0.2
  SNOW DEPTH       0

DEGREE DAYS
 HEATING
  YESTERDAY        5                        19    -14       23
  MONTH TO DATE  217                       361   -144      384
  SINCE DEC 1    665                       891   -226      692
  SINCE JUL 1    878                      1263   -385      880

 COOLING
  YESTERDAY        0                         0      0        0
  MONTH TO DATE   16                         0     16        0
  SINCE DEC 1     36                         7     29       53
  SINCE JAN 1     16                         0     16        0
..................................................................


WIND (MPH)
  HIGHEST WIND SPEED    13   HIGHEST WIND DIRECTION     W (280)
  HIGHEST GUST SPEED    17   HIGHEST GUST DIRECTION    SE (140)
  AVERAGE WIND SPEED     4.2


SKY COVER
  POSSIBLE SUNSHINE  MM
  AVERAGE SKY COVER 0.8


WEATHER CONDITIONS
 THE FOLLOWING WEATHER WAS RECORDED YESTERDAY.
  THUNDERSTORM
  RAIN
  LIGHT RAIN
  FOG


RELATIVE HUMIDITY (PERCENT)
 HIGHEST   100           500 AM
 LOWEST     84           500 PM
 AVERAGE    92

..........................................................


THE MONROE CLIMATE NORMALS FOR TODAY
                         NORMAL    RECORD    YEAR
 MAXIMUM TEMPERATURE (F)   57        81      2012
 MINIMUM TEMPERATURE (F)   36         8      1985


SUNRISE AND SUNSET
JANUARY 20 2017.......SUNRISE   709 AM CST   SUNSET   530 PM CST
JANUARY 21 2017.......SUNRISE   708 AM CST   SUNSET   531 PM CST


-  INDICATES NEGATIVE NUMBERS.
R  INDICATES RECORD WAS SET OR TIED.
MM INDICATES DATA IS MISSING.
T  INDICATES TRACE AMOUNT.




$$
