000
CDUS44 KSHV 050734
CLIMLU


CLIMATE REPORT
NATIONAL WEATHER SERVICE SHREVEPORT, LA
231 AM CDT SAT SEP 5 2015


...................................

...THE MONROE CLIMATE SUMMARY FOR SEPTEMBER 4 2015...

CLIMATE NORMAL PERIOD 1981 TO 2010
CLIMATE RECORD PERIOD 1930 TO 2015


WEATHER ITEM   OBSERVED TIME   RECORD YEAR NORMAL DEPARTURE LAST
                VALUE   (LST)  VALUE       VALUE  FROM      YEAR
                                                  NORMAL
..................................................................
TEMPERATURE (F)
 YESTERDAY
  MAXIMUM         97    325 PM 105    2000  92      5       94
  MINIMUM         71    614 AM  51    1974  69      2       73
  AVERAGE         84                        80      4       84

PRECIPITATION (IN)
  YESTERDAY        0.00          2.88 1969   0.11  -0.11     0.01
  MONTH TO DATE    0.00                      0.47  -0.47     0.84
  SINCE DEC 1     36.06                     41.24  -5.18    43.33
  SINCE JAN 1     31.58                     35.95  -4.37    40.07

SNOWFALL (IN)
  YESTERDAY        0.0
  MONTH TO DATE    0.0
  SINCE SEP 1      0.0
  SINCE JUL 1      0.0
  SNOW DEPTH       0

DEGREE DAYS
 HEATING
  YESTERDAY        0                         0      0        0
  MONTH TO DATE    0                         0      0        0
  SINCE SEP 1      0                         0      0        0
  SINCE JUL 1      0                         0      0        0

 COOLING
  YESTERDAY       19                        15      4       19
  MONTH TO DATE   74                        63     11       68
  SINCE SEP 1     74                        63     11       68
  SINCE JAN 1   2149                      2070     79     1819
..................................................................


WIND (MPH)
  HIGHEST WIND SPEED    10   HIGHEST WIND DIRECTION     E (80)
  HIGHEST GUST SPEED    14   HIGHEST GUST DIRECTION     E (80)
  AVERAGE WIND SPEED     1.9


SKY COVER
  POSSIBLE SUNSHINE  MM
  AVERAGE SKY COVER 0.2


WEATHER CONDITIONS
 THE FOLLOWING WEATHER WAS RECORDED YESTERDAY.
  NO SIGNIFICANT WEATHER WAS OBSERVED.


RELATIVE HUMIDITY (PERCENT)
 HIGHEST    94           700 AM
 LOWEST     38           300 PM
 AVERAGE    66

..........................................................


THE MONROE CLIMATE NORMALS FOR TODAY
                         NORMAL    RECORD    YEAR
 MAXIMUM TEMPERATURE (F)   92       103      1936
 MINIMUM TEMPERATURE (F)   68        53      1974


SUNRISE AND SUNSET
SEPTEMBER  5 2015.....SUNRISE   645 AM CDT   SUNSET   728 PM CDT
SEPTEMBER  6 2015.....SUNRISE   646 AM CDT   SUNSET   726 PM CDT


-  INDICATES NEGATIVE NUMBERS.
R  INDICATES RECORD WAS SET OR TIED.
MM INDICATES DATA IS MISSING.
T  INDICATES TRACE AMOUNT.




$$
