000
CDUS44 KSHV 230738
CLIMLU


CLIMATE REPORT
NATIONAL WEATHER SERVICE SHREVEPORT, LA
238 AM CDT WED APR 23 2014


...................................

...THE MONROE CLIMATE SUMMARY FOR APRIL 22 2014...

CLIMATE NORMAL PERIOD 1981 TO 2010
CLIMATE RECORD PERIOD 1930 TO 2014


WEATHER ITEM   OBSERVED TIME   RECORD YEAR NORMAL DEPARTURE LAST
                VALUE   (LST)  VALUE       VALUE  FROM      YEAR
                                                  NORMAL
..................................................................
TEMPERATURE (F)
 YESTERDAY
  MAXIMUM         80    304 PM  91    1965  80      0       77
  MINIMUM         58   1130 PM  37    1931  56      2       45
  AVERAGE         69                        68      1       61

PRECIPITATION (IN)
  YESTERDAY        T             3.69 1995   0.16  -0.16     0.00
  MONTH TO DATE    7.88                      3.28   4.60     5.09
  SINCE DEC 1     19.91                     22.93  -3.02    26.03
  SINCE JAN 1     16.65                     17.64  -0.99    21.30

SNOWFALL (IN)
  YESTERDAY        0.0
  MONTH TO DATE    0.0
  SINCE MAR 1      0.0
  SINCE JUL 1      0.5
  SNOW DEPTH       0

DEGREE DAYS
 HEATING
  YESTERDAY        0                         2     -2        4
  MONTH TO DATE  106                        73     33      120
  SINCE MAR 1    480                       323    157      485
  SINCE JUL 1   2806                      2217    589     2147

 COOLING
  YESTERDAY        4                         4      0        0
  MONTH TO DATE   46                        64    -18       55
  SINCE MAR 1     53                        96    -43       63
  SINCE JAN 1     55                       107    -52       76
..................................................................


WIND (MPH)
  HIGHEST WIND SPEED    17   HIGHEST WIND DIRECTION     N (340)
  HIGHEST GUST SPEED    21   HIGHEST GUST DIRECTION     N (340)
  AVERAGE WIND SPEED     6.7


SKY COVER
  POSSIBLE SUNSHINE  MM
  AVERAGE SKY COVER 0.5


WEATHER CONDITIONS
 THE FOLLOWING WEATHER WAS RECORDED YESTERDAY.
  LIGHT RAIN
  FOG


RELATIVE HUMIDITY (PERCENT)
 HIGHEST    97          1100 PM
 LOWEST     48           500 PM
 AVERAGE    73

..........................................................


THE MONROE CLIMATE NORMALS FOR TODAY
                         NORMAL    RECORD    YEAR
 MAXIMUM TEMPERATURE (F)   80        91      1965
 MINIMUM TEMPERATURE (F)   56        41      1931


SUNRISE AND SUNSET
APRIL 23 2014.........SUNRISE   630 AM CDT   SUNSET   744 PM CDT
APRIL 24 2014.........SUNRISE   629 AM CDT   SUNSET   744 PM CDT


-  INDICATES NEGATIVE NUMBERS.
R  INDICATES RECORD WAS SET OR TIED.
MM INDICATES DATA IS MISSING.
T  INDICATES TRACE AMOUNT.




$$
