000
CDUS46 KPQR 241146
CLIMMV


CLIMATE REPORT
NATIONAL WEATHER SERVICE PORTLAND OREGON
445 AM PDT MON JUL 24 2017


...................................

...THE MCMINNVILLE OR CLIMATE SUMMARY FOR JULY 23 2017...

CLIMATE NORMAL PERIOD 1981 TO 2010
CLIMATE RECORD PERIOD 1894 TO 2017


WEATHER ITEM   OBSERVED TIME   RECORD YEAR NORMAL DEPARTURE LAST
                VALUE   (LST)  VALUE       VALUE  FROM      YEAR
                                                  NORMAL
..................................................................
TEMPERATURE (F)
 YESTERDAY
  MAXIMUM         88    319 PM 108    1924  83      5       78
  MINIMUM         57   1155 PM  36    1960  52      5       57
  AVERAGE         73                        67      6       68

PRECIPITATION (IN)
  YESTERDAY        0.00          0.30 2014   0.01  -0.01     0.00
  MONTH TO DATE    0.01                      0.43  -0.42     0.35
  SINCE OCT 1     53.32                     37.71  15.61    49.54
  SINCE JAN 1     29.51                     21.68   7.83    24.47

DEGREE DAYS
 HEATING
  YESTERDAY        0                         1     -1        0
  MONTH TO DATE    5                        37    -32       17
  SINCE JUL 1      5                        37    -32       17

 COOLING
  YESTERDAY        8                         3      5        3
  MONTH TO DATE   68                        53     15       33
  SINCE JAN 1    148                        75     73      124
..................................................................


WIND (MPH)
  HIGHEST WIND SPEED    21   HIGHEST WIND DIRECTION     N (20)
  HIGHEST GUST SPEED    26   HIGHEST GUST DIRECTION     N (20)
  AVERAGE WIND SPEED     8.7


SKY COVER
  POSSIBLE SUNSHINE  MM
  AVERAGE SKY COVER 0.0


WEATHER CONDITIONS
 THE FOLLOWING WEATHER WAS RECORDED YESTERDAY.
  NO SIGNIFICANT WEATHER WAS OBSERVED.


RELATIVE HUMIDITY (PERCENT)
 HIGHEST    87           100 AM
 LOWEST     26           400 PM
 AVERAGE    57

..........................................................


THE MCMINNVILLE OR CLIMATE NORMALS FOR TODAY
                         NORMAL    RECORD    YEAR
 MAXIMUM TEMPERATURE (F)   83       110      1924
 MINIMUM TEMPERATURE (F)   52        35      1960


SUNRISE AND SUNSET
JULY 24 2017..........SUNRISE   449 AM PST   SUNSET   749 PM PST
JULY 25 2017..........SUNRISE   450 AM PST   SUNSET   747 PM PST


-  INDICATES NEGATIVE NUMBERS.
R  INDICATES RECORD WAS SET OR TIED.
MM INDICATES DATA IS MISSING.
T  INDICATES TRACE AMOUNT.




$$
