000
CDUS46 KPQR 170223
CLIMMV


CLIMATE REPORT
NATIONAL WEATHER SERVICE PORTLAND OREGON
622 PM PST TUE JAN 16 2018


...................................

...THE MCMINNVILLE OR CLIMATE SUMMARY FOR JANUARY 16 2018...
VALID TODAY AS OF 0600 PM LOCAL TIME.

CLIMATE NORMAL PERIOD 1981 TO 2010
CLIMATE RECORD PERIOD 1894 TO 2018


WEATHER ITEM   OBSERVED TIME   RECORD YEAR NORMAL DEPARTURE LAST
                VALUE   (LST)  VALUE       VALUE  FROM      YEAR
                                                  NORMAL
..................................................................
TEMPERATURE (F)
 TODAY
  MAXIMUM         56    242 PM  64    1958  48      8       34
  MINIMUM         43    625 AM  18    1930  34      9       21
  AVERAGE         50                        41      9       28

PRECIPITATION (IN)
  TODAY            0.01                      0.18  -0.17     0.00
  MONTH TO DATE    2.32                      3.38  -1.06     1.68
  SINCE OCT 1     17.86                     19.41  -1.55    25.49
  SINCE JAN 1      2.32                      3.38  -1.06     1.68

DEGREE DAYS
 HEATING
  TODAY           15                                        37
  MONTH TO DATE  297                                       567
  SINCE DEC 1   1070                                      1434
  SINCE JUL 1   2043                                      2336

 COOLING
  TODAY            0                                         0
  MONTH TO DATE    0                                         0
  SINCE DEC 1      0                                         0
  SINCE JAN 1      0                                         0
..................................................................


WIND (MPH)
  HIGHEST WIND SPEED    14   HIGHEST WIND DIRECTION     S (200)
  HIGHEST GUST SPEED    16   HIGHEST GUST DIRECTION     S (200)
  AVERAGE WIND SPEED     5.4


SKY COVER
  POSSIBLE SUNSHINE  MM
  AVERAGE SKY COVER 0.5


WEATHER CONDITIONS
 THE FOLLOWING WEATHER WAS RECORDED TODAY.
  LIGHT RAIN
  FOG


RELATIVE HUMIDITY (PERCENT)
 HIGHEST   100          1200 AM
 LOWEST     66           200 PM
 AVERAGE    83

..........................................................


THE MCMINNVILLE OR CLIMATE NORMALS FOR TOMORROW
                         NORMAL    RECORD    YEAR
 MAXIMUM TEMPERATURE (F)   48        61      1975
 MINIMUM TEMPERATURE (F)   34        12      1907


SUNRISE AND SUNSET
JANUARY 16 2018.......SUNRISE   747 AM PST   SUNSET   458 PM PST
JANUARY 17 2018.......SUNRISE   746 AM PST   SUNSET   459 PM PST


-  INDICATES NEGATIVE NUMBERS.
R  INDICATES RECORD WAS SET OR TIED.
MM INDICATES DATA IS MISSING.
T  INDICATES TRACE AMOUNT.




$$
