656
CDUS46 KPQR 241141
CLIMMV


CLIMATE REPORT
NATIONAL WEATHER SERVICE PORTLAND OREGON
440 AM PDT WED AUG 24 2016


...................................

...THE MCMINNVILLE OR CLIMATE SUMMARY FOR AUGUST 23 2016...

CLIMATE NORMAL PERIOD 1981 TO 2010
CLIMATE RECORD PERIOD 1894 TO 2016


WEATHER ITEM   OBSERVED TIME   RECORD YEAR NORMAL DEPARTURE LAST
                VALUE   (LST)  VALUE       VALUE  FROM      YEAR
                                                  NORMAL
..................................................................
TEMPERATURE (F)
 YESTERDAY
  MAXIMUM         86    459 PM 103    1988  82      4       86
  MINIMUM         45    451 AM  37    1951  50     -5       51
  AVERAGE         66                        66      0       69

PRECIPITATION (IN)
  YESTERDAY        0.00          1.20 1968   0.02  -0.02     0.00
  MONTH TO DATE    0.26                      0.37  -0.11      T
  SINCE OCT 1     49.80                     38.15  11.65    32.44
  SINCE JAN 1     24.73                     22.12   2.61    16.20

DEGREE DAYS
 HEATING
  YESTERDAY        0                         1     -1        0
  MONTH TO DATE   16                        23     -7        0
  SINCE JUL 1     33                        67    -34        5

 COOLING
  YESTERDAY        1                         2     -1        4
  MONTH TO DATE  128                        65     63      127
  SINCE JAN 1    308                       165    143      473
..................................................................


WIND (MPH)
  HIGHEST WIND SPEED    15   HIGHEST WIND DIRECTION     N (340)
  HIGHEST GUST SPEED    18   HIGHEST GUST DIRECTION    NW (330)
  AVERAGE WIND SPEED     4.4


SKY COVER
  POSSIBLE SUNSHINE  MM
  AVERAGE SKY COVER 0.0


WEATHER CONDITIONS
 THE FOLLOWING WEATHER WAS RECORDED YESTERDAY.
  NO SIGNIFICANT WEATHER WAS OBSERVED.


RELATIVE HUMIDITY (PERCENT)
 HIGHEST    93           600 AM
 LOWEST     25           300 PM
 AVERAGE    59

..........................................................


THE MCMINNVILLE OR CLIMATE NORMALS FOR TODAY
                         NORMAL    RECORD    YEAR
 MAXIMUM TEMPERATURE (F)   82       101      1988
 MINIMUM TEMPERATURE (F)   50        36      1957


SUNRISE AND SUNSET
AUGUST 24 2016........SUNRISE   525 AM PST   SUNSET   703 PM PST
AUGUST 25 2016........SUNRISE   527 AM PST   SUNSET   701 PM PST


-  INDICATES NEGATIVE NUMBERS.
R  INDICATES RECORD WAS SET OR TIED.
MM INDICATES DATA IS MISSING.
T  INDICATES TRACE AMOUNT.




$$
