000
CDUS46 KPQR 011145
CLIMMV


CLIMATE REPORT
NATIONAL WEATHER SERVICE PORTLAND OREGON
444 AM PDT FRI AUG 1 2014


...................................

...THE MCMINNVILLE OR CLIMATE SUMMARY FOR JULY 31 2014...

CLIMATE NORMAL PERIOD 1981 TO 2010
CLIMATE RECORD PERIOD 1894 TO 2014


WEATHER ITEM   OBSERVED TIME   RECORD YEAR NORMAL DEPARTURE LAST
                VALUE   (LST)  VALUE       VALUE  FROM      YEAR
                                                  NORMAL
..................................................................
TEMPERATURE (F)
 YESTERDAY
  MAXIMUM         95    330 PM 105    1965  84     11       79
  MINIMUM         55    450 AM  37    1953  52      3       56
  AVERAGE         75                        68      7       68

PRECIPITATION (IN)
  YESTERDAY        0.00          0.48 1989   0.01  -0.01     0.00
  MONTH TO DATE    0.38                      0.50  -0.12      T
  SINCE OCT 1     27.46                     37.78 -10.32    31.54
  SINCE JAN 1     22.50                     21.75   0.75    10.40

DEGREE DAYS
 HEATING
  YESTERDAY        0                         1     -1        0
  MONTH TO DATE    4                        45    -41       11
  SINCE JUL 1      4                        44    -40       11

 COOLING
  YESTERDAY       10                         3      7        3
  MONTH TO DATE  210                        78    132      133
  SINCE JAN 1    240                       100    140      186
..................................................................


WIND (MPH)
  HIGHEST WIND SPEED    18   HIGHEST WIND DIRECTION     N (20)
  HIGHEST GUST SPEED    25   HIGHEST GUST DIRECTION     N (20)
  AVERAGE WIND SPEED     7.2


SKY COVER
  POSSIBLE SUNSHINE  MM
  AVERAGE SKY COVER 0.0


WEATHER CONDITIONS
 THE FOLLOWING WEATHER WAS RECORDED YESTERDAY.
  THUNDERSTORM
  LIGHT RAIN


RELATIVE HUMIDITY (PERCENT)
 HIGHEST    93           500 AM
 LOWEST     24           200 PM
 AVERAGE    59

..........................................................


THE MCMINNVILLE OR CLIMATE NORMALS FOR TODAY
                         NORMAL    RECORD    YEAR
 MAXIMUM TEMPERATURE (F)   84       100      1965
 MINIMUM TEMPERATURE (F)   52        37      1957


SUNRISE AND SUNSET
AUGUST  1 2014........SUNRISE   457 AM PST   SUNSET   739 PM PST
AUGUST  2 2014........SUNRISE   459 AM PST   SUNSET   738 PM PST


-  INDICATES NEGATIVE NUMBERS.
R  INDICATES RECORD WAS SET OR TIED.
MM INDICATES DATA IS MISSING.
T  INDICATES TRACE AMOUNT.




$$
