000
CDUS46 KPQR 241142
CLIMMV


CLIMATE REPORT
NATIONAL WEATHER SERVICE PORTLAND OREGON
442 AM PDT SAT SEP 24 2016


...................................

...THE MCMINNVILLE OR CLIMATE SUMMARY FOR SEPTEMBER 23 2016...

CLIMATE NORMAL PERIOD 1981 TO 2010
CLIMATE RECORD PERIOD 1894 TO 2016


WEATHER ITEM   OBSERVED TIME   RECORD YEAR NORMAL DEPARTURE LAST
                VALUE   (LST)  VALUE       VALUE  FROM      YEAR
                                                  NORMAL
..................................................................
TEMPERATURE (F)
 YESTERDAY
  MAXIMUM         64    205 PM  93    1989  74    -10       74
  MINIMUM         47   1109 PM  29    1908  46      1       40
  AVERAGE         56                        60     -4       57

PRECIPITATION (IN)
  YESTERDAY        0.05          0.89 1948   0.05   0.00     0.00
  MONTH TO DATE    0.46                      0.93  -0.47     0.85
  SINCE OCT 1     50.33                     39.29  11.04    33.99
  SINCE JAN 1     25.26                     23.26   2.00    17.75

DEGREE DAYS
 HEATING
  YESTERDAY        9                         6      3        8
  MONTH TO DATE   88                        81      7       87
  SINCE JUL 1    124                       166    -42       92

 COOLING
  YESTERDAY        0                         1     -1        0
  MONTH TO DATE    8                        31    -23       31
  SINCE JAN 1    357                       215    142      525
..................................................................


WIND (MPH)
  HIGHEST WIND SPEED    22   HIGHEST WIND DIRECTION     S (190)
  HIGHEST GUST SPEED    27   HIGHEST GUST DIRECTION     S (200)
  AVERAGE WIND SPEED     6.6


SKY COVER
  POSSIBLE SUNSHINE  MM
  AVERAGE SKY COVER 0.6


WEATHER CONDITIONS
 THE FOLLOWING WEATHER WAS RECORDED YESTERDAY.
  LIGHT RAIN
  FOG
  HAZE


RELATIVE HUMIDITY (PERCENT)
 HIGHEST    96           900 PM
 LOWEST     67           200 PM
 AVERAGE    82

..........................................................


THE MCMINNVILLE OR CLIMATE NORMALS FOR TODAY
                         NORMAL    RECORD    YEAR
 MAXIMUM TEMPERATURE (F)   73        96      1974
 MINIMUM TEMPERATURE (F)   46        25      1908


SUNRISE AND SUNSET
SEPTEMBER 24 2016.....SUNRISE   603 AM PST   SUNSET   605 PM PST
SEPTEMBER 25 2016.....SUNRISE   604 AM PST   SUNSET   603 PM PST


-  INDICATES NEGATIVE NUMBERS.
R  INDICATES RECORD WAS SET OR TIED.
MM INDICATES DATA IS MISSING.
T  INDICATES TRACE AMOUNT.




$$
