000
CDUS46 KPQR 061141
CLIMMV


CLIMATE REPORT
NATIONAL WEATHER SERVICE PORTLAND OREGON
441 AM PDT MON JUL 6 2015


...................................

...THE MCMINNVILLE OR CLIMATE SUMMARY FOR JULY 5 2015...

CLIMATE NORMAL PERIOD 1981 TO 2010
CLIMATE RECORD PERIOD 1894 TO 2015


WEATHER ITEM   OBSERVED TIME   RECORD YEAR NORMAL DEPARTURE LAST
                VALUE   (LST)  VALUE       VALUE  FROM      YEAR
                                                  NORMAL
..................................................................
TEMPERATURE (F)
 YESTERDAY
  MAXIMUM         93    434 PM 100    1926  79     14       88
  MINIMUM         60   1159 PM  39    1971  50     10       57
  AVERAGE         77                        64     13       73

PRECIPITATION (IN)
  YESTERDAY        0.00          0.79 1909   0.03  -0.03     0.00
  MONTH TO DATE    0.00                      0.16  -0.16     0.00
  SINCE OCT 1     32.44                     37.44  -5.00    27.08
  SINCE JAN 1     16.20                     21.41  -5.21    22.12

DEGREE DAYS
 HEATING
  YESTERDAY        0                         2     -2        0
  MONTH TO DATE    0                        14    -14        0
  SINCE JUL 1      0                        14    -14        0

 COOLING
  YESTERDAY       12                         2     10        8
  MONTH TO DATE   64                         8     56       35
  SINCE JAN 1    194                        30    164       65
..................................................................


WIND (MPH)
  HIGHEST WIND SPEED    15   HIGHEST WIND DIRECTION    SW (230)
  HIGHEST GUST SPEED    19   HIGHEST GUST DIRECTION    SW (210)
  AVERAGE WIND SPEED     6.1


SKY COVER
  POSSIBLE SUNSHINE  MM
  AVERAGE SKY COVER 0.0


WEATHER CONDITIONS
 THE FOLLOWING WEATHER WAS RECORDED YESTERDAY.
  NO SIGNIFICANT WEATHER WAS OBSERVED.


RELATIVE HUMIDITY (PERCENT)
 HIGHEST    78           600 AM
 LOWEST     24           400 PM
 AVERAGE    51

..........................................................


THE MCMINNVILLE OR CLIMATE NORMALS FOR TODAY
                         NORMAL    RECORD    YEAR
 MAXIMUM TEMPERATURE (F)   79       100      1960
 MINIMUM TEMPERATURE (F)   50        38      1971


SUNRISE AND SUNSET
JULY  6 2015..........SUNRISE   432 AM PST   SUNSET   802 PM PST
JULY  7 2015..........SUNRISE   433 AM PST   SUNSET   802 PM PST


-  INDICATES NEGATIVE NUMBERS.
R  INDICATES RECORD WAS SET OR TIED.
MM INDICATES DATA IS MISSING.
T  INDICATES TRACE AMOUNT.




$$
