000
CDUS46 KPQR 231146
CLIMMV


CLIMATE REPORT
NATIONAL WEATHER SERVICE PORTLAND OREGON
345 AM PST MON JAN 23 2017


...................................

...THE MCMINNVILLE OR CLIMATE SUMMARY FOR JANUARY 22 2017...

CLIMATE NORMAL PERIOD 1981 TO 2010
CLIMATE RECORD PERIOD 1894 TO 2017


WEATHER ITEM   OBSERVED TIME   RECORD YEAR NORMAL DEPARTURE LAST
                VALUE   (LST)  VALUE       VALUE  FROM      YEAR
                                                  NORMAL
..................................................................
TEMPERATURE (F)
 YESTERDAY
  MAXIMUM         50    147 PM  58    2016  48      2       58
                                      1958
  MINIMUM         38    936 PM  10    1927  34      4       48
  AVERAGE         44                        41      3       53

PRECIPITATION (IN)
  YESTERDAY        0.10          1.53 1954   0.17  -0.07     0.31
  MONTH TO DATE    3.68                      4.55  -0.87     6.62
  SINCE OCT 1     27.49                     20.58   6.91    31.69
  SINCE JAN 1      3.68                      4.55  -0.87     6.62

DEGREE DAYS
 HEATING
  YESTERDAY       21                        24     -3       12
  MONTH TO DATE  690                       540    150      507
  SINCE JUL 1   2459                      2545    -86     2122

 COOLING
  YESTERDAY        0                         0      0        0
  MONTH TO DATE    0                         0      0        0
  SINCE JAN 1      0                         0      0        0
..................................................................


WIND (MPH)
  HIGHEST WIND SPEED    25   HIGHEST WIND DIRECTION     S (170)
  HIGHEST GUST SPEED    33   HIGHEST GUST DIRECTION     S (160)
  AVERAGE WIND SPEED     8.1


SKY COVER
  POSSIBLE SUNSHINE  MM
  AVERAGE SKY COVER 0.7


WEATHER CONDITIONS
 THE FOLLOWING WEATHER WAS RECORDED YESTERDAY.
  LIGHT RAIN
  FOG


RELATIVE HUMIDITY (PERCENT)
 HIGHEST    93          1200 AM
 LOWEST     56           300 PM
 AVERAGE    75

..........................................................


THE MCMINNVILLE OR CLIMATE NORMALS FOR TODAY
                         NORMAL    RECORD    YEAR
 MAXIMUM TEMPERATURE (F)   49        61      1970
 MINIMUM TEMPERATURE (F)   34         5      1943


SUNRISE AND SUNSET
JANUARY 23 2017.......SUNRISE   742 AM PST   SUNSET   508 PM PST
JANUARY 24 2017.......SUNRISE   741 AM PST   SUNSET   509 PM PST


-  INDICATES NEGATIVE NUMBERS.
R  INDICATES RECORD WAS SET OR TIED.
MM INDICATES DATA IS MISSING.
T  INDICATES TRACE AMOUNT.




$$
