000
CDUS46 KPQR 302323
CLIMMV


CLIMATE REPORT
NATIONAL WEATHER SERVICE PORTLAND OREGON
423 PM PDT SAT AUG 30 2014


...................................

...THE MCMINNVILLE OR CLIMATE SUMMARY FOR AUGUST 30 2014...
VALID TODAY AS OF 0400 PM LOCAL TIME.

CLIMATE NORMAL PERIOD 1981 TO 2010
CLIMATE RECORD PERIOD 1894 TO 2014


WEATHER ITEM   OBSERVED TIME   RECORD YEAR NORMAL DEPARTURE LAST
                VALUE   (LST)  VALUE       VALUE  FROM      YEAR
                                                  NORMAL
..................................................................
TEMPERATURE (F)
 TODAY
  MAXIMUM         MM        MM  98    1987  81     MM       83
  MINIMUM         MM        MM  35    1907  49     MM       58
  AVERAGE         MM                        65     MM       71

PRECIPITATION (IN)
  TODAY            0.11          0.51 1896   0.03   0.08     0.00
  MONTH TO DATE    0.12                      0.55  -0.43     0.66
  SINCE OCT 1     27.58                     38.33 -10.75    32.20
  SINCE JAN 1     22.62                     22.30   0.32    11.06

DEGREE DAYS
 HEATING
  TODAY           MM                         2     MM        0
  MONTH TO DATE    1                        37    -36        6
  SINCE JUL 1      5                        81    -76       17

 COOLING
  TODAY           MM                         2     MM        6
  MONTH TO DATE  204                        79    125      145
  SINCE JAN 1    444                       179    265      331
..................................................................


WIND (MPH)
  HIGHEST WIND SPEED    13   HIGHEST WIND DIRECTION     S (180)
  HIGHEST GUST SPEED    MM   HIGHEST GUST DIRECTION    MM
  AVERAGE WIND SPEED     6.7


SKY COVER
  POSSIBLE SUNSHINE  MM
  AVERAGE SKY COVER 0.9


WEATHER CONDITIONS
 THE FOLLOWING WEATHER WAS RECORDED TODAY.
  HEAVY RAIN
  RAIN
  LIGHT RAIN
  FOG


RELATIVE HUMIDITY (PERCENT)
 HIGHEST    97           600 AM
 LOWEST     61           300 PM
 AVERAGE    79

..........................................................


THE MCMINNVILLE OR CLIMATE NORMALS FOR TOMORROW
                         NORMAL    RECORD    YEAR
 MAXIMUM TEMPERATURE (F)   81       101      1987
 MINIMUM TEMPERATURE (F)   49        34      1905


SUNRISE AND SUNSET
AUGUST 30 2014........SUNRISE   532 AM PST   SUNSET   653 PM PST
AUGUST 31 2014........SUNRISE   533 AM PST   SUNSET   651 PM PST


-  INDICATES NEGATIVE NUMBERS.
R  INDICATES RECORD WAS SET OR TIED.
MM INDICATES DATA IS MISSING.
T  INDICATES TRACE AMOUNT.




$$
