128
CDUS46 KPQR 271142
CLIMMV


CLIMATE REPORT
NATIONAL WEATHER SERVICE PORTLAND OREGON
441 AM PDT WED JUL 27 2016


...................................

...THE MCMINNVILLE OR CLIMATE SUMMARY FOR JULY 26 2016...

CLIMATE NORMAL PERIOD 1981 TO 2010
CLIMATE RECORD PERIOD 1894 TO 2016


WEATHER ITEM   OBSERVED TIME   RECORD YEAR NORMAL DEPARTURE LAST
                VALUE   (LST)  VALUE       VALUE  FROM      YEAR
                                                  NORMAL
..................................................................
TEMPERATURE (F)
 YESTERDAY
  MAXIMUM         87    459 PM 104    1939  83      4       73
  MINIMUM         54    450 AM  39    1969  52      2       54
  AVERAGE         71                        68      3       64

PRECIPITATION (IN)
  YESTERDAY        0.00          0.49 1978   0.01  -0.01      T
  MONTH TO DATE    0.35                      0.46  -0.11      T
  SINCE OCT 1     49.54                     37.74  11.80    32.44
  SINCE JAN 1     24.47                     21.71   2.76    16.20

DEGREE DAYS
 HEATING
  YESTERDAY        0                         1     -1        1
  MONTH TO DATE   17                        40    -23        4
  SINCE JUL 1     17                        40    -23        4

 COOLING
  YESTERDAY        6                         3      3        0
  MONTH TO DATE   51                        62    -11      167
  SINCE JAN 1    142                        84     58      297
..................................................................


WIND (MPH)
  HIGHEST WIND SPEED    14   HIGHEST WIND DIRECTION     N (10)
  HIGHEST GUST SPEED    18   HIGHEST GUST DIRECTION     N (360)
  AVERAGE WIND SPEED     5.3


SKY COVER
  POSSIBLE SUNSHINE  MM
  AVERAGE SKY COVER 0.0


WEATHER CONDITIONS
 THE FOLLOWING WEATHER WAS RECORDED YESTERDAY.
  NO SIGNIFICANT WEATHER WAS OBSERVED.


RELATIVE HUMIDITY (PERCENT)
 HIGHEST    93           500 AM
 LOWEST     27           500 PM
 AVERAGE    60

..........................................................


THE MCMINNVILLE OR CLIMATE NORMALS FOR TODAY
                         NORMAL    RECORD    YEAR
 MAXIMUM TEMPERATURE (F)   83       105      1958
 MINIMUM TEMPERATURE (F)   52        35      1956


SUNRISE AND SUNSET
JULY 27 2016..........SUNRISE   452 AM PST   SUNSET   745 PM PST
JULY 28 2016..........SUNRISE   454 AM PST   SUNSET   744 PM PST


-  INDICATES NEGATIVE NUMBERS.
R  INDICATES RECORD WAS SET OR TIED.
MM INDICATES DATA IS MISSING.
T  INDICATES TRACE AMOUNT.




$$
