000
CDUS46 KPQR 241148
CLIMMV


CLIMATE REPORT
NATIONAL WEATHER SERVICE PORTLAND OREGON
448 AM PDT SUN SEP 24 2017


...................................

...THE MCMINNVILLE OR CLIMATE SUMMARY FOR SEPTEMBER 23 2017...

CLIMATE NORMAL PERIOD 1981 TO 2010
CLIMATE RECORD PERIOD 1894 TO 2017


WEATHER ITEM   OBSERVED TIME   RECORD YEAR NORMAL DEPARTURE LAST
                VALUE   (LST)  VALUE       VALUE  FROM      YEAR
                                                  NORMAL
..................................................................
TEMPERATURE (F)
 YESTERDAY
  MAXIMUM         71    425 PM  93    1989  74     -3       64
  MINIMUM         49   1154 PM  29    1908  46      3       47
  AVERAGE         60                        60      0       56

PRECIPITATION (IN)
  YESTERDAY        0.00          0.89 1948   0.05  -0.05     0.05
  MONTH TO DATE    1.78                      0.93   0.85     0.46
  SINCE OCT 1     55.29                     39.29  16.00    50.33
  SINCE JAN 1     31.48                     23.26   8.22    25.26

DEGREE DAYS
 HEATING
  YESTERDAY        5                         6     -1        9
  MONTH TO DATE   67                        81    -14       88
  SINCE JUL 1     76                       166    -90      124

 COOLING
  YESTERDAY        0                         1     -1        0
  MONTH TO DATE   97                        31     66        8
  SINCE JAN 1    493                       215    278      357
..................................................................


WIND (MPH)
  HIGHEST WIND SPEED     7   HIGHEST WIND DIRECTION    NW (300)
  HIGHEST GUST SPEED     9   HIGHEST GUST DIRECTION     S (160)
  AVERAGE WIND SPEED     2.0


SKY COVER
  POSSIBLE SUNSHINE  MM
  AVERAGE SKY COVER 0.2


WEATHER CONDITIONS
 THE FOLLOWING WEATHER WAS RECORDED YESTERDAY.
  FOG


RELATIVE HUMIDITY (PERCENT)
 HIGHEST    96           200 AM
 LOWEST     38           300 PM
 AVERAGE    67

..........................................................


THE MCMINNVILLE OR CLIMATE NORMALS FOR TODAY
                         NORMAL    RECORD    YEAR
 MAXIMUM TEMPERATURE (F)   73        96      1974
 MINIMUM TEMPERATURE (F)   46        25      1908


SUNRISE AND SUNSET
SEPTEMBER 24 2017.....SUNRISE   602 AM PST   SUNSET   605 PM PST
SEPTEMBER 25 2017.....SUNRISE   604 AM PST   SUNSET   604 PM PST


-  INDICATES NEGATIVE NUMBERS.
R  INDICATES RECORD WAS SET OR TIED.
MM INDICATES DATA IS MISSING.
T  INDICATES TRACE AMOUNT.




$$
