000
CDUS46 KMFR 161141
CLIMMV


CLIMATE REPORT
NATIONAL WEATHER SERVICE PORTLAND OREGON
440 AM PDT WED APR 16 2014


...................................

...THE MCMINNVILLE OR CLIMATE SUMMARY FOR APRIL 15 2014...

CLIMATE NORMAL PERIOD 1981 TO 2010
CLIMATE RECORD PERIOD 1894 TO 2014


WEATHER ITEM   OBSERVED TIME   RECORD YEAR NORMAL DEPARTURE LAST
                VALUE   (LST)  VALUE       VALUE  FROM      YEAR
                                                  NORMAL
..................................................................
TEMPERATURE (F)
 YESTERDAY
  MAXIMUM         59    353 PM  84    1897  61     -2       56
  MINIMUM         42    630 AM  28    1924  39      3       36
  AVERAGE         51                        50      1       46

PRECIPITATION (IN)
  YESTERDAY        0.03          0.83 2011   0.09  -0.06     0.01
  MONTH TO DATE    0.50                      1.65  -1.15     1.58
  SINCE OCT 1     21.07                     32.25 -11.18    27.32
  SINCE JAN 1     16.11                     16.22  -0.11     6.18

DEGREE DAYS
 HEATING
  YESTERDAY       14                        15     -1       19
  MONTH TO DATE  184                       239    -55      225
  SINCE JUL 1   4115                      4190    -75     3841

 COOLING
  YESTERDAY        0                         0      0        0
  MONTH TO DATE    0                         0      0        0
  SINCE JAN 1      0                         0      0        0
..................................................................


WIND (MPH)
  HIGHEST WIND SPEED    13   HIGHEST WIND DIRECTION    SW (240)
  HIGHEST GUST SPEED    17   HIGHEST GUST DIRECTION     W (250)
  AVERAGE WIND SPEED     5.1


SKY COVER
  POSSIBLE SUNSHINE  MM
  AVERAGE SKY COVER 0.7


WEATHER CONDITIONS
 THE FOLLOWING WEATHER WAS RECORDED YESTERDAY.
  LIGHT RAIN


RELATIVE HUMIDITY (PERCENT)
 HIGHEST    96           600 AM
 LOWEST     53           400 PM
 AVERAGE    75

..........................................................


THE MCMINNVILLE OR CLIMATE NORMALS FOR TODAY
                         NORMAL    RECORD    YEAR
 MAXIMUM TEMPERATURE (F)   61        83      1915
 MINIMUM TEMPERATURE (F)   39        25      1970


SUNRISE AND SUNSET
APRIL 16 2014.........SUNRISE   526 AM PST   SUNSET   700 PM PST
APRIL 17 2014.........SUNRISE   524 AM PST   SUNSET   701 PM PST


-  INDICATES NEGATIVE NUMBERS.
R  INDICATES RECORD WAS SET OR TIED.
MM INDICATES DATA IS MISSING.
T  INDICATES TRACE AMOUNT.




$$
