000
CDUS44 KMOB 260645
CLIMOB


CLIMATE REPORT
NATIONAL WEATHER SERVICE MOBILE AL
1245 AM CST FRI DEC 26 2014


...................................

...THE MOBILE CLIMATE SUMMARY FOR DECEMBER 25 2014...

CLIMATE NORMAL PERIOD 1981 TO 2010
CLIMATE RECORD PERIOD 1842 TO 2014


WEATHER ITEM   OBSERVED TIME   RECORD YEAR NORMAL DEPARTURE LAST
                VALUE   (LST)  VALUE       VALUE  FROM      YEAR
                                                  NORMAL
..................................................................
TEMPERATURE (F)
 YESTERDAY
  MAXIMUM         56    410 PM  77    1987  61     -5       47
                                      1964
  MINIMUM         32    714 AM   8    1983  41     -9       27
  AVERAGE         44                        51     -7       37

PRECIPITATION (IN)
  YESTERDAY        0.00          2.15 1943   0.18  -0.18     0.00
  MONTH TO DATE    2.63                      4.05  -1.42     4.57
  SINCE MAR 1     62.95                     54.37   8.58    52.30
  SINCE JAN 1     70.07                     65.14   4.93    66.48

SNOWFALL (IN)
  YESTERDAY        0.0           T    2004   0.0    0.0      0.0
  MONTH TO DATE    0.0                       0.0    0.0      0.0
  SINCE MAR 1      0.0                       0.1   -0.1      0.0
  SINCE JUL 1      0.0                       0.0    0.0      0.0
  SNOW DEPTH       0

DEGREE DAYS
 HEATING
  YESTERDAY       21                        14      7       28
  MONTH TO DATE  251                       315    -64      287
  SINCE DEC 1    251                       315    -64      287
  SINCE JUL 1    644                       573     71      571

 COOLING
  YESTERDAY        0                         0      0        0
  MONTH TO DATE    3                         8     -5       27
  SINCE DEC 1      3                         8     -5       27
  SINCE JAN 1   2307                      2511   -204     2522
..................................................................


WIND (MPH)
  HIGHEST WIND SPEED     9   HIGHEST WIND DIRECTION    SE (150)
  HIGHEST GUST SPEED    11   HIGHEST GUST DIRECTION    SE (140)
  AVERAGE WIND SPEED     2.6


SKY COVER
  POSSIBLE SUNSHINE  MM
  AVERAGE SKY COVER 0.2


WEATHER CONDITIONS
 THE FOLLOWING WEATHER WAS RECORDED YESTERDAY.
  NO SIGNIFICANT WEATHER WAS OBSERVED.


RELATIVE HUMIDITY (PERCENT)
 HIGHEST   100           900 PM
 LOWEST     47           200 PM
 AVERAGE    74

..........................................................


THE MOBILE CLIMATE NORMALS FOR TODAY
                         NORMAL    RECORD    YEAR
 MAXIMUM TEMPERATURE (F)   61        78      1964
 MINIMUM TEMPERATURE (F)   41        14      1983


SUNRISE AND SUNSET
DECEMBER 26 2014......SUNRISE   649 AM CST   SUNSET   459 PM CST
DECEMBER 27 2014......SUNRISE   649 AM CST   SUNSET   459 PM CST


-  INDICATES NEGATIVE NUMBERS.
R  INDICATES RECORD WAS SET OR TIED.
MM INDICATES DATA IS MISSING.
T  INDICATES TRACE AMOUNT.




$$
