000
CDUS44 KMOB 170627
CLIMOB


CLIMATE REPORT
NATIONAL WEATHER SERVICE MOBILE AL
126 AM CDT WED SEP 17 2014


...................................

...THE MOBILE CLIMATE SUMMARY FOR SEPTEMBER 16 2014...

CLIMATE NORMAL PERIOD 1981 TO 2010
CLIMATE RECORD PERIOD 1842 TO 2014


WEATHER ITEM   OBSERVED TIME   RECORD YEAR NORMAL DEPARTURE LAST
                VALUE   (LST)  VALUE       VALUE  FROM      YEAR
                                                  NORMAL
..................................................................
TEMPERATURE (F)
 YESTERDAY
  MAXIMUM         90   1235 PM 101    1927  87      3       94
  MINIMUM         70   1159 PM  55    1961  68      2       70
  AVERAGE         80                        78      2       82

PRECIPITATION (IN)
  YESTERDAY        0.99          3.68 1988   0.17   0.82     0.00
  MONTH TO DATE    3.99                      2.80   1.19     2.90
  SINCE MAR 1     54.27                     39.19  15.08    40.42
  SINCE JAN 1     61.39                     49.96  11.43    54.60

DEGREE DAYS
 HEATING
  YESTERDAY        0                         0      0        0
  MONTH TO DATE    0                         0      0        0
  SINCE SEP 1      0                         0      0        0
  SINCE JUL 1      0                         0      0        0

 COOLING
  YESTERDAY       15                        13      2       17
  MONTH TO DATE  263                       229     34      268
  SINCE SEP 1    263                       229     34      268
  SINCE JAN 1   2011                      2156   -145     2098
..................................................................


WIND (MPH)
  HIGHEST WIND SPEED    18   HIGHEST WIND DIRECTION    SW (220)
  HIGHEST GUST SPEED    23   HIGHEST GUST DIRECTION    SE (140)
  AVERAGE WIND SPEED     5.0


SKY COVER
  POSSIBLE SUNSHINE  MM
  AVERAGE SKY COVER 0.5


WEATHER CONDITIONS
 THE FOLLOWING WEATHER WAS RECORDED YESTERDAY.
  THUNDERSTORM
  HEAVY RAIN
  RAIN
  LIGHT RAIN
  FOG


RELATIVE HUMIDITY (PERCENT)
 HIGHEST   100           100 AM
 LOWEST     64          1100 AM
 AVERAGE    82

..........................................................


THE MOBILE CLIMATE NORMALS FOR TODAY
                         NORMAL    RECORD    YEAR
 MAXIMUM TEMPERATURE (F)   87       100      1927
 MINIMUM TEMPERATURE (F)   68        57      1961


SUNRISE AND SUNSET
SEPTEMBER 17 2014.....SUNRISE   638 AM CDT   SUNSET   656 PM CDT
SEPTEMBER 18 2014.....SUNRISE   639 AM CDT   SUNSET   655 PM CDT


-  INDICATES NEGATIVE NUMBERS.
R  INDICATES RECORD WAS SET OR TIED.
MM INDICATES DATA IS MISSING.
T  INDICATES TRACE AMOUNT.




$$
