246
CDUS44 KMOB 290645
CLIMOB


CLIMATE REPORT
NATIONAL WEATHER SERVICE MOBILE AL
145 AM CDT SUN MAY 29 2016


...................................

...THE MOBILE CLIMATE SUMMARY FOR MAY 28 2016...

CLIMATE NORMAL PERIOD 1981 TO 2010
CLIMATE RECORD PERIOD 1842 TO 2016


WEATHER ITEM   OBSERVED TIME   RECORD YEAR NORMAL DEPARTURE LAST
                VALUE   (LST)  VALUE       VALUE  FROM      YEAR
                                                  NORMAL
..................................................................
TEMPERATURE (F)
 YESTERDAY
  MAXIMUM         85    346 PM  98    1962  87     -2       84
  MINIMUM         66   1159 PM  50    1961  67     -1       71
  AVERAGE         76                        77     -1       78

PRECIPITATION (IN)
  YESTERDAY        0.00          3.07 2014   0.18  -0.18     0.28
  MONTH TO DATE    2.48                      4.60  -2.12     8.03
  SINCE MAR 1     18.53                     15.53   3.00    25.89
  SINCE JAN 1     27.98                     26.30   1.68    31.94

DEGREE DAYS
 COOLING
  YESTERDAY       11                        12     -1       13
  MONTH TO DATE  230                       250    -20      284
  SINCE MAR 1    402                       393      9      559
  SINCE JAN 1    416                       409      7      563
..................................................................


WIND (MPH)
  HIGHEST WIND SPEED    17   HIGHEST WIND DIRECTION    SE (120)
  HIGHEST GUST SPEED    21   HIGHEST GUST DIRECTION    SE (120)
  AVERAGE WIND SPEED     5.0


SKY COVER
  POSSIBLE SUNSHINE  MM
  AVERAGE SKY COVER 0.5


WEATHER CONDITIONS
 THE FOLLOWING WEATHER WAS RECORDED YESTERDAY.
  NO SIGNIFICANT WEATHER WAS OBSERVED.


RELATIVE HUMIDITY (PERCENT)
 HIGHEST    93          1200 AM
 LOWEST     55          1000 AM
 AVERAGE    74

..........................................................


THE MOBILE CLIMATE NORMALS FOR TODAY
                         NORMAL    RECORD    YEAR
 MAXIMUM TEMPERATURE (F)   87        95      2012
                                             2006
 MINIMUM TEMPERATURE (F)   67        56      1984


SUNRISE AND SUNSET
MAY 29 2016...........SUNRISE   551 AM CDT   SUNSET   750 PM CDT
MAY 30 2016...........SUNRISE   551 AM CDT   SUNSET   750 PM CDT


-  INDICATES NEGATIVE NUMBERS.
R  INDICATES RECORD WAS SET OR TIED.
MM INDICATES DATA IS MISSING.
T  INDICATES TRACE AMOUNT.




$$
