000
CDUS44 KMOB 280645
CLIMOB


CLIMATE REPORT
NATIONAL WEATHER SERVICE MOBILE AL
1245 AM CST TUE FEB 28 2017


...................................

...THE MOBILE CLIMATE SUMMARY FOR FEBRUARY 27 2017...

CLIMATE NORMAL PERIOD 1981 TO 2010
CLIMATE RECORD PERIOD 1842 TO 2017


WEATHER ITEM   OBSERVED TIME   RECORD YEAR NORMAL DEPARTURE LAST
                VALUE   (LST)  VALUE       VALUE  FROM      YEAR
                                                  NORMAL
..................................................................
TEMPERATURE (F)
 YESTERDAY
  MAXIMUM         78    146 PM  82    1981  67     11       66
                                      1962
  MINIMUM         47   1231 AM  24    2002  46      1       34
  AVERAGE         63                        56      7       50

PRECIPITATION (IN)
  YESTERDAY        0.02          2.05 1902   0.18  -0.16     0.00
  MONTH TO DATE    1.27                      4.93  -3.66     3.16
  SINCE MAR 1     65.34                     65.96  -0.62    84.77
  SINCE JAN 1     12.20                     10.58   1.62     9.45

SNOWFALL (IN)
  YESTERDAY       MM            MM      MM   0.0   MM        0.0
  MONTH TO DATE    0.0                       0.1   -0.1      0.0
  SINCE MAR 1      0.0                       0.2   -0.2      0.0
  SINCE JUL 1      0.0                       0.1   -0.1      0.0
  SNOW DEPTH       0

DEGREE DAYS
 HEATING
  YESTERDAY        2                         9     -7       15
  MONTH TO DATE  123                       313   -190      292
  SINCE DEC 1    637                      1176   -539      955
  SINCE JUL 1    771                      1434   -663     1081

 COOLING
  YESTERDAY        0                         0      0        0
  MONTH TO DATE   25                         0     25       14
  SINCE DEC 1    112                        22     90       85
  SINCE JAN 1     71                         7     64       14
..................................................................


WIND (MPH)
  HIGHEST WIND SPEED    26   HIGHEST WIND DIRECTION    SE (140)
  HIGHEST GUST SPEED    31   HIGHEST GUST DIRECTION     S (160)
  AVERAGE WIND SPEED    11.4


SKY COVER
  POSSIBLE SUNSHINE  MM
  AVERAGE SKY COVER 0.6


WEATHER CONDITIONS
 THE FOLLOWING WEATHER WAS RECORDED YESTERDAY.
  THUNDERSTORM
  RAIN
  LIGHT RAIN


RELATIVE HUMIDITY (PERCENT)
 HIGHEST    93           800 PM
 LOWEST     54          1200 PM
 AVERAGE    74

..........................................................


THE MOBILE CLIMATE NORMALS FOR TODAY
                         NORMAL    RECORD    YEAR
 MAXIMUM TEMPERATURE (F)   67        81      1976
 MINIMUM TEMPERATURE (F)   46        20      2002


SUNRISE AND SUNSET
FEBRUARY 28 2017......SUNRISE   620 AM CST   SUNSET   551 PM CST
MARCH  1 2017.........SUNRISE   619 AM CST   SUNSET   552 PM CST


-  INDICATES NEGATIVE NUMBERS.
R  INDICATES RECORD WAS SET OR TIED.
MM INDICATES DATA IS MISSING.
T  INDICATES TRACE AMOUNT.




$$
