000
CDUS44 KMOB 200705
CLIMOB


CLIMATE REPORT
NATIONAL WEATHER SERVICE MOBILE AL
205 AM CDT MON OCT 20 2014


...................................

...THE MOBILE CLIMATE SUMMARY FOR OCTOBER 19 2014...

CLIMATE NORMAL PERIOD 1981 TO 2010
CLIMATE RECORD PERIOD 1842 TO 2014


WEATHER ITEM   OBSERVED TIME   RECORD YEAR NORMAL DEPARTURE LAST
                VALUE   (LST)  VALUE       VALUE  FROM      YEAR
                                                  NORMAL
..................................................................
TEMPERATURE (F)
 YESTERDAY
  MAXIMUM         76    312 PM  88    1949  78     -2       68
  MINIMUM         51   1159 PM  38    1989  57     -6       56
  AVERAGE         64                        67     -3       62

PRECIPITATION (IN)
  YESTERDAY        0.00          2.04 1887   0.11  -0.11     0.36
  MONTH TO DATE    3.02                      2.22   0.80     2.08
  SINCE MAR 1     58.83                     43.72  15.11    44.19
  SINCE JAN 1     65.95                     54.49  11.46    58.37

DEGREE DAYS
 HEATING
  YESTERDAY        1                         2     -1        3
  MONTH TO DATE   15                        18     -3        3
  SINCE SEP 1     15                        20     -5        3
  SINCE JUL 1     15                        20     -5        3

 COOLING
  YESTERDAY        0                         4     -4        0
  MONTH TO DATE  114                       117     -3      172
  SINCE SEP 1    528                       494     34      622
  SINCE JAN 1   2276                      2421   -145     2452
..................................................................


WIND (MPH)
  HIGHEST WIND SPEED    14   HIGHEST WIND DIRECTION    NE (40)
  HIGHEST GUST SPEED    17   HIGHEST GUST DIRECTION    NE (30)
  AVERAGE WIND SPEED     5.5


SKY COVER
  POSSIBLE SUNSHINE  MM
  AVERAGE SKY COVER 0.1


WEATHER CONDITIONS
 THE FOLLOWING WEATHER WAS RECORDED YESTERDAY.
  NO SIGNIFICANT WEATHER WAS OBSERVED.


RELATIVE HUMIDITY (PERCENT)
 HIGHEST    96          1100 PM
 LOWEST     33           400 PM
 AVERAGE    65

..........................................................


THE MOBILE CLIMATE NORMALS FOR TODAY
                         NORMAL    RECORD    YEAR
 MAXIMUM TEMPERATURE (F)   78        89      2004
 MINIMUM TEMPERATURE (F)   56        33      1989


SUNRISE AND SUNSET
OCTOBER 20 2014.......SUNRISE   659 AM CDT   SUNSET   616 PM CDT
OCTOBER 21 2014.......SUNRISE   700 AM CDT   SUNSET   615 PM CDT


-  INDICATES NEGATIVE NUMBERS.
R  INDICATES RECORD WAS SET OR TIED.
MM INDICATES DATA IS MISSING.
T  INDICATES TRACE AMOUNT.




$$
