000
CDUS44 KMOB 262225
CLIMOB


CLIMATE REPORT
NATIONAL WEATHER SERVICE MOBILE AL
525 PM CDT MON JUN 26 2017


...................................

...THE MOBILE CLIMATE SUMMARY FOR JUNE 26 2017...
VALID TODAY AS OF 0500 PM LOCAL TIME.

CLIMATE NORMAL PERIOD 1981 TO 2010
CLIMATE RECORD PERIOD 1842 TO 2017


WEATHER ITEM   OBSERVED TIME   RECORD YEAR NORMAL DEPARTURE LAST
                VALUE   (LST)  VALUE       VALUE  FROM      YEAR
                                                  NORMAL
..................................................................
TEMPERATURE (F)
 TODAY
  MAXIMUM         87    254 PM 101    1914  90     -3       97
  MINIMUM         68    507 AM  64    1979  72     -4       75
                                      1974
  AVERAGE         78                        81     -3       86

PRECIPITATION (IN)
  TODAY            0.00         12.57 1900   0.22  -0.22     0.02
  MONTH TO DATE   11.95                      5.20   6.75     4.78
  SINCE MAR 1     31.73                     21.27  10.46    23.49
  SINCE JAN 1     43.94                     32.04  11.90    32.94

DEGREE DAYS
 COOLING
  TODAY           13                        16     -3       21
  MONTH TO DATE  361                       379    -18      412
  SINCE JUN 1    361                       379    -18      412
  SINCE JAN 1    962                       824    138      871
..................................................................


WIND (MPH)
  HIGHEST WIND SPEED    14   HIGHEST WIND DIRECTION    NE (30)
  HIGHEST GUST SPEED    18   HIGHEST GUST DIRECTION    NE (30)
  AVERAGE WIND SPEED     8.0


SKY COVER
  POSSIBLE SUNSHINE  MM
  AVERAGE SKY COVER 0.4


WEATHER CONDITIONS
 THE FOLLOWING WEATHER WAS RECORDED TODAY.
  NO SIGNIFICANT WEATHER WAS OBSERVED.


RELATIVE HUMIDITY (PERCENT)
 HIGHEST    87           500 AM
 LOWEST     37           300 PM
 AVERAGE    62

..........................................................


THE MOBILE CLIMATE NORMALS FOR TOMORROW
                         NORMAL    RECORD    YEAR
 MAXIMUM TEMPERATURE (F)   90       100      1988
                                             1952
 MINIMUM TEMPERATURE (F)   72        61      1974


SUNRISE AND SUNSET
JUNE 26 2017..........SUNRISE   552 AM CDT   SUNSET   800 PM CDT
JUNE 27 2017..........SUNRISE   553 AM CDT   SUNSET   800 PM CDT


-  INDICATES NEGATIVE NUMBERS.
R  INDICATES RECORD WAS SET OR TIED.
MM INDICATES DATA IS MISSING.
T  INDICATES TRACE AMOUNT.




$$
