000
CDUS44 KMOB 250645
CLIMOB


CLIMATE REPORT
NATIONAL WEATHER SERVICE MOBILE AL
1245 AM CST SUN JAN 25 2015


...................................

...THE MOBILE CLIMATE SUMMARY FOR JANUARY 24 2015...

CLIMATE NORMAL PERIOD 1981 TO 2010
CLIMATE RECORD PERIOD 1842 TO 2015


WEATHER ITEM   OBSERVED TIME   RECORD YEAR NORMAL DEPARTURE LAST
                VALUE   (LST)  VALUE       VALUE  FROM      YEAR
                                                  NORMAL
..................................................................
TEMPERATURE (F)
 YESTERDAY
  MAXIMUM         54    350 PM  79    1971  61     -7       36
  MINIMUM         34    938 PM   8    1963  40     -6       29
  AVERAGE         44                        51     -7       33

PRECIPITATION (IN)
  YESTERDAY        T             4.91 1978   0.19  -0.19      T
  MONTH TO DATE    3.89                      4.36  -0.47     2.41
  SINCE MAR 1     69.48                     59.74   9.74    57.51
  SINCE JAN 1      3.89                      4.36  -0.47     2.41

SNOWFALL (IN)
  YESTERDAY       MM            MM      MM   0.0   MM         T
  MONTH TO DATE    0.0                       0.0    0.0       T
  SINCE MAR 1      0.0                       0.1   -0.1       T
  SINCE JUL 1      0.0                       T      0.0       T
  SNOW DEPTH       0

DEGREE DAYS
 HEATING
  YESTERDAY       21                        15      6       32
  MONTH TO DATE  407                       360     47      512
  SINCE DEC 1    724                       764    -40      906
  SINCE JUL 1   1117                      1022     95     1190

 COOLING
  YESTERDAY        0                         0      0        0
  MONTH TO DATE    3                         0      3        0
  SINCE DEC 1      6                        15     -9       27
  SINCE JAN 1      3                         0      3        0
..................................................................


WIND (MPH)
  HIGHEST WIND SPEED    16   HIGHEST WIND DIRECTION    NW (330)
  HIGHEST GUST SPEED    24   HIGHEST GUST DIRECTION     W (290)
  AVERAGE WIND SPEED     7.7


SKY COVER
  POSSIBLE SUNSHINE  MM
  AVERAGE SKY COVER 0.4


WEATHER CONDITIONS
 THE FOLLOWING WEATHER WAS RECORDED YESTERDAY.
  FOG


RELATIVE HUMIDITY (PERCENT)
 HIGHEST   100          1200 AM
 LOWEST     35           200 PM
 AVERAGE    68

..........................................................


THE MOBILE CLIMATE NORMALS FOR TODAY
                         NORMAL    RECORD    YEAR
 MAXIMUM TEMPERATURE (F)   61        77      1962
 MINIMUM TEMPERATURE (F)   40        15      1963


SUNRISE AND SUNSET
JANUARY 25 2015.......SUNRISE   648 AM CST   SUNSET   523 PM CST
JANUARY 26 2015.......SUNRISE   648 AM CST   SUNSET   524 PM CST


-  INDICATES NEGATIVE NUMBERS.
R  INDICATES RECORD WAS SET OR TIED.
MM INDICATES DATA IS MISSING.
T  INDICATES TRACE AMOUNT.




$$
