000
CDUS46 KSTO 250042
CLIMOD


CLIMATE REPORT
NATIONAL WEATHER SERVICE SACRAMENTO, CA
540 PM PDT THU APR 24 2014


...................................

...THE MODESTO CA CLIMATE SUMMARY FOR APRIL 24 2014...
VALID TODAY AS OF 0500 PM LOCAL TIME.

CLIMATE NORMAL PERIOD 1981 TO 2010
CLIMATE RECORD PERIOD 1931 TO 2014


WEATHER ITEM   OBSERVED TIME   RECORD YEAR NORMAL DEPARTURE LAST
                VALUE   (LST)  VALUE       VALUE  FROM      YEAR
                                                  NORMAL
..................................................................
TEMPERATURE (F)
 TODAY
  MAXIMUM         77    241 PM  90    1966  77      0       86
  MINIMUM         52    455 AM  36    1964  51      1       50
  AVERAGE         65

PRECIPITATION (IN)
  TODAY            0.00          0.22 1978   0.03  -0.03     0.00
  MONTH TO DATE    0.59                      0.81  -0.22     0.34
  SINCE JUL 1      6.63                     12.20  -5.57     8.88
  SINCE JAN 1      5.14                      7.84  -2.70     3.00

SNOWFALL (IN)
  TODAY            0.0          MM      MM
  MONTH TO DATE    0.0
  SINCE MAR 1      0.0
  SINCE JUL 1      0.0

DEGREE DAYS
 HEATING
  TODAY            0                         3     -3        0
  MONTH TO DATE   74                       114    -40       57
  SINCE MAR 1    235                       351   -116      226
  SINCE JUL 1   1933                      2119   -186     2139

 COOLING
  TODAY            0                         2     -2        3
  MONTH TO DATE   47                        25     22       33
  SINCE MAR 1     47                        30     17       38
  SINCE JAN 1     47                        30     17       38
..................................................................


WIND (MPH)
  RESULTANT WIND SPEED   8   RESULTANT WIND DIRECTION  NW (330)
  HIGHEST WIND SPEED    18   HIGHEST WIND DIRECTION     W (290)
  HIGHEST GUST SPEED    21   HIGHEST GUST DIRECTION     W (290)


SKY COVER
  POSSIBLE SUNSHINE  MM
  AVERAGE SKY COVER 0.0


WEATHER CONDITIONS
 THE FOLLOWING WEATHER WAS RECORDED TODAY.
  NO SIGNIFICANT WEATHER WAS OBSERVED.


RELATIVE HUMIDITY (PERCENT)
 HIGHEST    83           500 AM
 LOWEST     29           400 PM
 AVERAGE    56

..........................................................


THE MODESTO CA CLIMATE NORMALS FOR TOMORROW
                         NORMAL    RECORD    YEAR
 MAXIMUM TEMPERATURE (F)   77        92      2004
 MINIMUM TEMPERATURE (F)   51        38      1971


SUNRISE AND SUNSET
APRIL 24 2014.........SUNRISE   617 AM PDT   SUNSET   748 PM PDT
APRIL 25 2014.........SUNRISE   615 AM PDT   SUNSET   749 PM PDT


-  INDICATES NEGATIVE NUMBERS.
R  INDICATES RECORD WAS SET OR TIED.
MM INDICATES DATA IS MISSING.
T  INDICATES TRACE AMOUNT.




$$
