000
CDUS46 KSTO 020033
CLIMOD


CLIMATE REPORT
NATIONAL WEATHER SERVICE SACRAMENTO, CA
533 PM PDT WED JUL 1 2015


...................................

...THE MODESTO CA CLIMATE SUMMARY FOR JULY 1 2015...
VALID TODAY AS OF 0500 PM LOCAL TIME.

CLIMATE NORMAL PERIOD 1981 TO 2010
CLIMATE RECORD PERIOD 1931 TO 2015


WEATHER ITEM   OBSERVED TIME   RECORD YEAR NORMAL DEPARTURE LAST
                VALUE   (LST)  VALUE       VALUE  FROM      YEAR
                                                  NORMAL
..................................................................
TEMPERATURE (F)
 TODAY
  MAXIMUM        102    356 PM 108    1950  94      8       97
  MINIMUM         79    614 AM  50    1965  62     17       68
  AVERAGE         91

PRECIPITATION (IN)
  TODAY            0.00          0.00 2005   0.00   0.00     0.00
  MONTH TO DATE    0.00                      0.00   0.00     0.00
  SINCE OCT 1     10.25                     12.83  -2.58     6.87
  SINCE JAN 1      2.85                      8.75  -5.90     5.51

SNOWFALL (IN)
  TODAY            0.0          MM      MM
  MONTH TO DATE    0.0
  SINCE JUN 1      0.0
  SINCE JUL 1      0.0

DEGREE DAYS
 HEATING
  TODAY            0                         0      0        0
  MONTH TO DATE    0                         0      0        0
  SINCE JUN 1      0                         3     -3        0
  SINCE JUL 1      0                         0      0        0

 COOLING
  TODAY           26                        13     13       18
  MONTH TO DATE   26                        13     13       18
  SINCE JUN 1    465                       312    153      341
  SINCE JAN 1    643                       511    132      593
..................................................................


WIND (MPH)
  RESULTANT WIND SPEED   2   RESULTANT WIND DIRECTION   E (80)
  HIGHEST WIND SPEED    14   HIGHEST WIND DIRECTION     E (110)
  HIGHEST GUST SPEED    17   HIGHEST GUST DIRECTION     E (100)


SKY COVER
  POSSIBLE SUNSHINE  MM
  AVERAGE SKY COVER 0.0


WEATHER CONDITIONS
 THE FOLLOWING WEATHER WAS RECORDED TODAY.
  NO SIGNIFICANT WEATHER WAS OBSERVED.


RELATIVE HUMIDITY (PERCENT)
 HIGHEST    34           800 AM
 LOWEST     16           400 PM
 AVERAGE    25

..........................................................


THE MODESTO CA CLIMATE NORMALS FOR TOMORROW
                         NORMAL    RECORD    YEAR
 MAXIMUM TEMPERATURE (F)   94       108      1950
 MINIMUM TEMPERATURE (F)   62        49      1964


SUNRISE AND SUNSET
JULY  1 2015..........SUNRISE   546 AM PDT   SUNSET   829 PM PDT
JULY  2 2015..........SUNRISE   546 AM PDT   SUNSET   829 PM PDT


-  INDICATES NEGATIVE NUMBERS.
R  INDICATES RECORD WAS SET OR TIED.
MM INDICATES DATA IS MISSING.
T  INDICATES TRACE AMOUNT.




$$
