000
CDUS46 KSTO 270838
CLIMOD


CLIMATE REPORT
NATIONAL WEATHER SERVICE SACRAMENTO, CA
1238 AM PST FRI FEB 27 2015


...................................

...THE MODESTO CA CLIMATE SUMMARY FOR FEBRUARY 26 2015...

CLIMATE NORMAL PERIOD 1981 TO 2010
CLIMATE RECORD PERIOD 1931 TO 2015


WEATHER ITEM   OBSERVED TIME   RECORD YEAR NORMAL DEPARTURE LAST
                VALUE   (LST)  VALUE       VALUE  FROM      YEAR
                                                  NORMAL
..................................................................
TEMPERATURE (F)
 YESTERDAY
  MAXIMUM         72    433 PM  79    1992  66      6       66
  MINIMUM         42    643 AM  28    1962  45     -3       52
  AVERAGE         57

PRECIPITATION (IN)
  YESTERDAY        0.00          0.60 2014   0.08  -0.08     0.60
  MONTH TO DATE    1.76                      2.22  -0.46     1.42
  SINCE OCT 1      9.16                      8.91   0.25     3.28
  SINCE JAN 1      1.76                      4.83  -3.07     1.92

SNOWFALL (IN)
  YESTERDAY        0.0          MM      MM
  MONTH TO DATE    0.0
  SINCE DEC 1      0.0
  SINCE JUL 1      0.0
  SNOW DEPTH       0

DEGREE DAYS
 HEATING
  YESTERDAY        8                        10     -2        6
  MONTH TO DATE  215                       317   -102      277
  SINCE DEC 1   1094                      1388   -294     1314
  SINCE JUL 1   1392                      1749   -357     1685

 COOLING
  YESTERDAY        0                         0      0        0
  MONTH TO DATE    0                         0      0        0
  SINCE DEC 1      0                         0      0        0
  SINCE JAN 1      0                         0      0        0
..................................................................


WIND (MPH)
  RESULTANT WIND SPEED   3   RESULTANT WIND DIRECTION  NW (300)
  HIGHEST WIND SPEED    21   HIGHEST WIND DIRECTION    NW (310)
  HIGHEST GUST SPEED    27   HIGHEST GUST DIRECTION    NW (320)


SKY COVER
  POSSIBLE SUNSHINE  MM
  AVERAGE SKY COVER 0.0


WEATHER CONDITIONS
 THE FOLLOWING WEATHER WAS RECORDED YESTERDAY.
  FOG
  HAZE


RELATIVE HUMIDITY (PERCENT)
 HIGHEST    89           200 AM
 LOWEST     31           500 PM
 AVERAGE    60

..........................................................


THE MODESTO CA CLIMATE NORMALS FOR TODAY
                         NORMAL    RECORD    YEAR
 MAXIMUM TEMPERATURE (F)   66        80      1992
 MINIMUM TEMPERATURE (F)   45        26      1962


SUNRISE AND SUNSET
FEBRUARY 27 2015......SUNRISE   638 AM PST   SUNSET   555 PM PST
FEBRUARY 28 2015......SUNRISE   637 AM PST   SUNSET   556 PM PST


-  INDICATES NEGATIVE NUMBERS.
R  INDICATES RECORD WAS SET OR TIED.
MM INDICATES DATA IS MISSING.
T  INDICATES TRACE AMOUNT.




$$
