000
CDUS46 KSTO 301442
CLIMOD


CLIMATE REPORT
NATIONAL WEATHER SERVICE SACRAMENTO, CA
741 AM PDT TUE SEP 30 2014


...................................

...THE MODESTO CA CLIMATE SUMMARY FOR SEPTEMBER 29 2014...

CLIMATE NORMAL PERIOD 1981 TO 2010
CLIMATE RECORD PERIOD 1931 TO 2014


WEATHER ITEM   OBSERVED TIME   RECORD YEAR NORMAL DEPARTURE LAST
                VALUE   (LST)  VALUE       VALUE  FROM      YEAR
                                                  NORMAL
..................................................................
TEMPERATURE (F)
 YESTERDAY
  MAXIMUM         82    409 PM 100    2010  86     -4       81
                                      1997
  MINIMUM         56    624 AM  43    1955  57     -1       56
  AVERAGE         69

PRECIPITATION (IN)
  YESTERDAY        0.00          0.75 1983   0.01  -0.01     0.00
  MONTH TO DATE    0.30                      0.24   0.06     0.13
  SINCE JUL 1      0.30                      0.26   0.04     0.13
  SINCE JAN 1      5.81                      9.01  -3.20     3.34

SNOWFALL (IN)
  YESTERDAY        0.0          MM      MM
  MONTH TO DATE    0.0
  SINCE SEP 1      0.0
  SINCE JUL 1      0.0
  SNOW DEPTH       0

DEGREE DAYS
 HEATING
  YESTERDAY        0                         0      0        0
  MONTH TO DATE    1                         0      1        2
  SINCE SEP 1      1                         0      1        2
  SINCE JUL 1      1                         0      1        2

 COOLING
  YESTERDAY        4                         6     -2        4
  MONTH TO DATE  295                       268     27      230
  SINCE SEP 1    295                       268     27      230
  SINCE JAN 1   1724                      1604    120     1702
..................................................................


WIND (MPH)
  RESULTANT WIND SPEED   5   RESULTANT WIND DIRECTION  NW (320)
  HIGHEST WIND SPEED    15   HIGHEST WIND DIRECTION     W (290)
  HIGHEST GUST SPEED    20   HIGHEST GUST DIRECTION    NW (300)


SKY COVER
  POSSIBLE SUNSHINE  MM
  AVERAGE SKY COVER 0.0


WEATHER CONDITIONS
 THE FOLLOWING WEATHER WAS RECORDED YESTERDAY.
  FOG


RELATIVE HUMIDITY (PERCENT)
 HIGHEST    93           400 AM
 LOWEST     35           300 PM
 AVERAGE    64

..........................................................


THE MODESTO CA CLIMATE NORMALS FOR TODAY
                         NORMAL    RECORD    YEAR
 MAXIMUM TEMPERATURE (F)   85       100      1988
 MINIMUM TEMPERATURE (F)   56        43      1959


SUNRISE AND SUNSET
SEPTEMBER 30 2014.....SUNRISE   659 AM PDT   SUNSET   648 PM PDT
OCTOBER  1 2014.......SUNRISE   659 AM PDT   SUNSET   647 PM PDT


-  INDICATES NEGATIVE NUMBERS.
R  INDICATES RECORD WAS SET OR TIED.
MM INDICATES DATA IS MISSING.
T  INDICATES TRACE AMOUNT.




$$
