000
CDUS46 KSTO 190043
CLIMOD


CLIMATE REPORT
NATIONAL WEATHER SERVICE SACRAMENTO, CA
443 PM PST WED JAN 18 2017


...................................

...THE MODESTO CA CLIMATE SUMMARY FOR JANUARY 18 2017...
VALID TODAY AS OF 0400 PM LOCAL TIME.

CLIMATE NORMAL PERIOD 1981 TO 2010
CLIMATE RECORD PERIOD 1931 TO 2017


WEATHER ITEM   OBSERVED TIME   RECORD YEAR NORMAL DEPARTURE LAST
                VALUE   (LST)  VALUE       VALUE  FROM      YEAR
                                                  NORMAL
..................................................................
TEMPERATURE (F)
 TODAY
  MAXIMUM         50    359 PM  70    1994  55     -5       64
  MINIMUM         43    239 AM  26    2002  40      3       51
                                      1963
  AVERAGE         47

PRECIPITATION (IN)
  TODAY            0.58          1.28 2016   0.08   0.50     1.28
  MONTH TO DATE    3.86                      1.49   2.37     3.62
  SINCE OCT 1      8.89                      5.57   3.32     8.03
  SINCE JAN 1      3.86                      1.49   2.37     3.62

SNOWFALL (IN)
  TODAY           MM             0.0  2002
  MONTH TO DATE    0.0
  SINCE DEC 1      0.0
  SINCE JUL 1      0.0

DEGREE DAYS
 HEATING
  TODAY           18                        17      1        7
  MONTH TO DATE  295                       323    -28      271
  SINCE DEC 1    811                       859    -48      808
  SINCE JUL 1   1024                      1220   -196     1179

 COOLING
  TODAY            0                         0      0        0
  MONTH TO DATE    0                         0      0        0
  SINCE DEC 1      0                         0      0        0
  SINCE JAN 1      0                         0      0        0
..................................................................


WIND (MPH)
  RESULTANT WIND SPEED   6   RESULTANT WIND DIRECTION  SE (130)
  HIGHEST WIND SPEED    24   HIGHEST WIND DIRECTION    SE (130)
  HIGHEST GUST SPEED    36   HIGHEST GUST DIRECTION    SE (130)


SKY COVER
  POSSIBLE SUNSHINE  MM
  AVERAGE SKY COVER 0.9


WEATHER CONDITIONS
 THE FOLLOWING WEATHER WAS RECORDED TODAY.
  RAIN
  LIGHT RAIN
  FOG
  HAZE


RELATIVE HUMIDITY (PERCENT)
 HIGHEST    93           300 PM
 LOWEST     83           100 AM
 AVERAGE    88

..........................................................


THE MODESTO CA CLIMATE NORMALS FOR TOMORROW
                         NORMAL    RECORD    YEAR
 MAXIMUM TEMPERATURE (F)   56        74      1981
 MINIMUM TEMPERATURE (F)   40        26      1947


SUNRISE AND SUNSET
JANUARY 18 2017.......SUNRISE   716 AM PST   SUNSET   513 PM PST
JANUARY 19 2017.......SUNRISE   716 AM PST   SUNSET   514 PM PST


-  INDICATES NEGATIVE NUMBERS.
R  INDICATES RECORD WAS SET OR TIED.
MM INDICATES DATA IS MISSING.
T  INDICATES TRACE AMOUNT.




$$
