000
CDUS46 KSTO 280911
CLIMOD


CLIMATE REPORT
NATIONAL WEATHER SERVICE SACRAMENTO, CA
108 AM PST SUN DEC 28 2014


...................................

...THE MODESTO CA CLIMATE SUMMARY FOR DECEMBER 27 2014...

CLIMATE NORMAL PERIOD 1981 TO 2010
CLIMATE RECORD PERIOD 1931 TO 2014


WEATHER ITEM   OBSERVED TIME   RECORD YEAR NORMAL DEPARTURE LAST
                VALUE   (LST)  VALUE       VALUE  FROM      YEAR
                                                  NORMAL
..................................................................
TEMPERATURE (F)
 YESTERDAY
  MAXIMUM         54    401 PM  68    1953  54      0       60
  MINIMUM         32    721 AM  24    1949  39     -7       32
  AVERAGE         43

PRECIPITATION (IN)
  YESTERDAY        0.00          1.05 1936   0.07  -0.07     0.00
  MONTH TO DATE    5.67                      1.74   3.93     0.25
  SINCE JUL 1      7.70                      4.06   3.64     1.49
  SINCE JAN 1     13.21                     12.81   0.40     4.70

SNOWFALL (IN)
  YESTERDAY        0.0           0.0  2001
  MONTH TO DATE    0.0
  SINCE DEC 1      0.0
  SINCE JUL 1      0.0
  SNOW DEPTH       0

DEGREE DAYS
 HEATING
  YESTERDAY       22                        18      4       19
  MONTH TO DATE  289                       461   -172      535
  SINCE DEC 1    289                       461   -172      535
  SINCE JUL 1    587                       822   -235      906

 COOLING
  YESTERDAY        0                         0      0        0
  MONTH TO DATE    0                         0      0        0
  SINCE DEC 1      0                         0      0        0
  SINCE JAN 1   1855                      1699    156     1718
..................................................................


WIND (MPH)
  RESULTANT WIND SPEED   2   RESULTANT WIND DIRECTION  SE (120)
  HIGHEST WIND SPEED     9   HIGHEST WIND DIRECTION     E (110)
  HIGHEST GUST SPEED    11   HIGHEST GUST DIRECTION     E (110)


SKY COVER
  POSSIBLE SUNSHINE  MM
  AVERAGE SKY COVER 0.0


WEATHER CONDITIONS
 THE FOLLOWING WEATHER WAS RECORDED YESTERDAY.
  FOG
  HAZE


RELATIVE HUMIDITY (PERCENT)
 HIGHEST    96           800 AM
 LOWEST     50           200 PM
 AVERAGE    73

..........................................................


THE MODESTO CA CLIMATE NORMALS FOR TODAY
                         NORMAL    RECORD    YEAR
 MAXIMUM TEMPERATURE (F)   54        69      1973
 MINIMUM TEMPERATURE (F)   39        25      1962


SUNRISE AND SUNSET
DECEMBER 28 2014......SUNRISE   718 AM PST   SUNSET   453 PM PST
DECEMBER 29 2014......SUNRISE   718 AM PST   SUNSET   454 PM PST


-  INDICATES NEGATIVE NUMBERS.
R  INDICATES RECORD WAS SET OR TIED.
MM INDICATES DATA IS MISSING.
T  INDICATES TRACE AMOUNT.




$$
