000
CDUS43 KBIS 210812
CLIMOT


CLIMATE REPORT
NATIONAL WEATHER SERVICE BISMARCK ND
211 AM CST SAT JAN 21 2017


...................................

...THE MINOT ND CLIMATE SUMMARY FOR JANUARY 20 2017...

CLIMATE NORMAL PERIOD 1981 TO 2010
CLIMATE RECORD PERIOD 1897 TO 2017


WEATHER ITEM   OBSERVED TIME   RECORD YEAR NORMAL DEPARTURE LAST
                VALUE   (LST)  VALUE       VALUE  FROM      YEAR
                                                  NORMAL
..................................................................
TEMPERATURE (F)
 YESTERDAY
  MAXIMUM         29   1159 PM  50    1899  21      8       23
  MINIMUM         15    536 AM -34    1954   3     12        5
  AVERAGE         22                        12     10       14

PRECIPITATION (IN)
  YESTERDAY        0.00          0.60 1916   0.02  -0.02      T
  MONTH TO DATE    0.05                      0.35  -0.30     0.20
  SINCE DEC 1      0.67                      0.73  -0.06     0.51
  SINCE JAN 1      0.05                      0.35  -0.30     0.20

DEGREE DAYS
 HEATING
  YESTERDAY       43                        53    -10       51
  MONTH TO DATE 1159                      1060     99     1052
  SINCE DEC 1   2803                      2597    206     2297
  SINCE JUL 1   4318                      4655   -337     3998
..................................................................


WIND (MPH)
  HIGHEST WIND SPEED    15   HIGHEST WIND DIRECTION     S (160)
  HIGHEST GUST SPEED    19   HIGHEST GUST DIRECTION     S (160)
  AVERAGE WIND SPEED     7.0


SKY COVER
  POSSIBLE SUNSHINE  MM
  AVERAGE SKY COVER 0.4


WEATHER CONDITIONS
 THE FOLLOWING WEATHER WAS RECORDED YESTERDAY.
  FOG


RELATIVE HUMIDITY (PERCENT)
 HIGHEST   100           800 PM
 LOWEST     75           200 PM
 AVERAGE    88

..........................................................


THE MINOT ND CLIMATE NORMALS FOR TODAY
                         NORMAL    RECORD    YEAR
 MAXIMUM TEMPERATURE (F)   21        56      1942
                                             1927
 MINIMUM TEMPERATURE (F)    3       -31      1954
                                             1927


SUNRISE AND SUNSET
JANUARY 21 2017.......SUNRISE   826 AM CST   SUNSET   528 PM CST
JANUARY 22 2017.......SUNRISE   825 AM CST   SUNSET   529 PM CST


-  INDICATES NEGATIVE NUMBERS.
R  INDICATES RECORD WAS SET OR TIED.
MM INDICATES DATA IS MISSING.
T  INDICATES TRACE AMOUNT.




$$
