000
CDUS43 KBIS 190734
CLIMOT


CLIMATE REPORT
NATIONAL WEATHER SERVICE BISMARCK ND
234 AM CDT THU OCT 19 2017


...................................

...THE MINOT ND CLIMATE SUMMARY FOR OCTOBER 18 2017...

CLIMATE NORMAL PERIOD 1981 TO 2010
CLIMATE RECORD PERIOD 1897 TO 2017


WEATHER ITEM   OBSERVED TIME   RECORD YEAR NORMAL DEPARTURE LAST
                VALUE   (LST)  VALUE       VALUE  FROM      YEAR
                                                  NORMAL
..................................................................
TEMPERATURE (F)
 YESTERDAY
  MAXIMUM         69    147 AM  80    2000  54     15       42
  MINIMUM         39   1159 PM   8    1919  33      6       37
  AVERAGE         54                        44     10       40

PRECIPITATION (IN)
  YESTERDAY        0.00          1.89 1994   0.04  -0.04     0.03
  MONTH TO DATE    0.04                      0.76  -0.72     1.05
  SINCE SEP 1      2.00                      2.22  -0.22     4.03
  SINCE JAN 1      7.33                     15.66  -8.33    15.89

DEGREE DAYS
 HEATING
  YESTERDAY       11                        21    -10       25
  MONTH TO DATE  277                       317    -40      325
  SINCE SEP 1    465                       566   -101      514
  SINCE JUL 1    475                       637   -162      525

 COOLING
  YESTERDAY        0                         0      0        0
  MONTH TO DATE    0                         0      0        0
  SINCE SEP 1     62                        33     29       29
  SINCE JAN 1    580                       444    136      682
..................................................................


WIND (MPH)
  HIGHEST WIND SPEED    43   HIGHEST WIND DIRECTION     W (270)
  HIGHEST GUST SPEED    60   HIGHEST GUST DIRECTION     W (280)
  AVERAGE WIND SPEED    19.4


SKY COVER
  POSSIBLE SUNSHINE  MM
  AVERAGE SKY COVER 0.0


WEATHER CONDITIONS
 THE FOLLOWING WEATHER WAS RECORDED YESTERDAY.
  HAZE


RELATIVE HUMIDITY (PERCENT)
 HIGHEST    51          1100 PM
 LOWEST     20           100 AM
 AVERAGE    36

..........................................................


THE MINOT ND CLIMATE NORMALS FOR TODAY
                         NORMAL    RECORD    YEAR
 MAXIMUM TEMPERATURE (F)   54        84      2003
 MINIMUM TEMPERATURE (F)   33         5      1917


SUNRISE AND SUNSET
OCTOBER 19 2017.......SUNRISE   811 AM CDT   SUNSET   648 PM CDT
OCTOBER 20 2017.......SUNRISE   813 AM CDT   SUNSET   646 PM CDT


-  INDICATES NEGATIVE NUMBERS.
R  INDICATES RECORD WAS SET OR TIED.
MM INDICATES DATA IS MISSING.
T  INDICATES TRACE AMOUNT.




$$
