000
CDUS43 KBIS 210731
CLIMOT


CLIMATE REPORT
NATIONAL WEATHER SERVICE BISMARCK ND
229 AM CDT MON APR 21 2014


...................................

...THE MINOT ND CLIMATE SUMMARY FOR APRIL 20 2014...

CLIMATE NORMAL PERIOD 1981 TO 2010
CLIMATE RECORD PERIOD 1905 TO 2014


WEATHER ITEM   OBSERVED TIME   RECORD YEAR NORMAL DEPARTURE LAST
                VALUE   (LST)  VALUE       VALUE  FROM      YEAR
                                                  NORMAL
..................................................................
TEMPERATURE (F)
 YESTERDAY
  MAXIMUM         73    250 PM  90    1980  58     15       33
  MINIMUM         32    528 AM  13    2013  34     -2       13
  AVERAGE         53                        46      7       23

PRECIPITATION (IN)
  YESTERDAY        T             1.85 1967   0.03  -0.03     0.03
  MONTH TO DATE    0.30                      0.64  -0.34     0.27
  SINCE MAR 1      0.35                      1.48  -1.13     0.88
  SINCE JAN 1      0.71                      2.39  -1.68     1.42

DEGREE DAYS
 HEATING
  YESTERDAY       12                        19     -7       42
  MONTH TO DATE  566                       480     86      801
  SINCE MAR 1   1849                      1619    230     2381
  SINCE JUL 1   9082                      8195    887     9111

 COOLING
  YESTERDAY        0                         0      0        0
  MONTH TO DATE    0                         0      0        0
  SINCE MAR 1      0                         0      0        0
  SINCE JAN 1      0                         0      0        0
..................................................................


WIND (MPH)
  HIGHEST WIND SPEED    32   HIGHEST WIND DIRECTION     W (260)
  HIGHEST GUST SPEED    41   HIGHEST GUST DIRECTION     W (250)
  AVERAGE WIND SPEED    12.0


SKY COVER
  POSSIBLE SUNSHINE  MM
  AVERAGE SKY COVER 0.0


WEATHER CONDITIONS
 THE FOLLOWING WEATHER WAS RECORDED YESTERDAY.
  LIGHT RAIN


RELATIVE HUMIDITY (PERCENT)
 HIGHEST    89           400 AM
 LOWEST     25           200 PM
 AVERAGE    57

..........................................................


THE MINOT ND CLIMATE NORMALS FOR TODAY
                         NORMAL    RECORD    YEAR
 MAXIMUM TEMPERATURE (F)   58        98      1915
 MINIMUM TEMPERATURE (F)   34        11      1931


SUNRISE AND SUNSET
APRIL 21 2014.........SUNRISE   644 AM CDT   SUNSET   845 PM CDT
APRIL 22 2014.........SUNRISE   642 AM CDT   SUNSET   846 PM CDT


-  INDICATES NEGATIVE NUMBERS.
R  INDICATES RECORD WAS SET OR TIED.
MM INDICATES DATA IS MISSING.
T  INDICATES TRACE AMOUNT.




$$
