277
CDUS43 KBIS 230730
CLIMOT


CLIMATE REPORT
NATIONAL WEATHER SERVICE BISMARCK ND
229 AM CDT FRI JUN 23 2017


...................................

...THE MINOT ND CLIMATE SUMMARY FOR JUNE 22 2017...

CLIMATE NORMAL PERIOD 1981 TO 2010
CLIMATE RECORD PERIOD 1897 TO 2017


WEATHER ITEM   OBSERVED TIME   RECORD YEAR NORMAL DEPARTURE LAST
                VALUE   (LST)  VALUE       VALUE  FROM      YEAR
                                                  NORMAL
..................................................................
TEMPERATURE (F)
 YESTERDAY
  MAXIMUM         74    125 PM  98    1987  77     -3       69
  MINIMUM         57   1159 PM  35    1917  55      2       56
  AVERAGE         66                        66      0       63

PRECIPITATION (IN)
  YESTERDAY        T             1.31 1947   0.12  -0.12      T
  MONTH TO DATE    1.20                      2.66  -1.46     2.43
  SINCE JUN 1      1.20                      2.66  -1.46     2.43
  SINCE JAN 1      2.56                      8.05  -5.49     7.58

DEGREE DAYS
 COOLING
  YESTERDAY        1                         3     -2        0
  MONTH TO DATE   79                        45     34       98
  SINCE JUN 1     79                        45     34       98
  SINCE JAN 1     82                        61     21      138
..................................................................


WIND (MPH)
  HIGHEST WIND SPEED    40   HIGHEST WIND DIRECTION     W (280)
  HIGHEST GUST SPEED    49   HIGHEST GUST DIRECTION     W (280)
  AVERAGE WIND SPEED    23.0


SKY COVER
  POSSIBLE SUNSHINE  MM
  AVERAGE SKY COVER 0.5


WEATHER CONDITIONS
 THE FOLLOWING WEATHER WAS RECORDED YESTERDAY.
  LIGHT RAIN


RELATIVE HUMIDITY (PERCENT)
 HIGHEST    75          1100 PM
 LOWEST     23           100 PM
 AVERAGE    49

..........................................................


THE MINOT ND CLIMATE NORMALS FOR TODAY
                         NORMAL    RECORD    YEAR
 MAXIMUM TEMPERATURE (F)   77       100      1988
 MINIMUM TEMPERATURE (F)   55        28      1942


SUNRISE AND SUNSET
JUNE 23 2017..........SUNRISE   545 AM CDT   SUNSET   950 PM CDT
JUNE 24 2017..........SUNRISE   545 AM CDT   SUNSET   950 PM CDT


-  INDICATES NEGATIVE NUMBERS.
R  INDICATES RECORD WAS SET OR TIED.
MM INDICATES DATA IS MISSING.
T  INDICATES TRACE AMOUNT.




$$
