000
CDUS43 KBIS 260737
CLIMOT


CLIMATE REPORT
NATIONAL WEATHER SERVICE BISMARCK ND
237 AM CDT SUN MAR 26 2017


...................................

...THE MINOT ND CLIMATE SUMMARY FOR MARCH 25 2017...

CLIMATE NORMAL PERIOD 1981 TO 2010
CLIMATE RECORD PERIOD 1897 TO 2017


WEATHER ITEM   OBSERVED TIME   RECORD YEAR NORMAL DEPARTURE LAST
                VALUE   (LST)  VALUE       VALUE  FROM      YEAR
                                                  NORMAL
..................................................................
TEMPERATURE (F)
 YESTERDAY
  MAXIMUM         53    401 PM  78    2007  42     11       42
  MINIMUM         30    653 AM -17    1964  23      7       17
  AVERAGE         42                        33      9       30

PRECIPITATION (IN)
  YESTERDAY        0.00          0.33 1942   0.03  -0.03     0.04
  MONTH TO DATE    0.29                      0.63  -0.34     0.10
  SINCE MAR 1      0.29                      0.63  -0.34     0.10
  SINCE JAN 1      0.42                      1.54  -1.12     0.68

DEGREE DAYS
 HEATING
  YESTERDAY       23                        32     -9       35
  MONTH TO DATE 1041                       952     89      657
  SINCE MAR 1   1041                       952     89      657
  SINCE JUL 1   6977                      7528   -551     6089

 COOLING
  YESTERDAY        0                         0      0        0
  MONTH TO DATE    0                         0      0        0
  SINCE MAR 1      0                         0      0        0
  SINCE JAN 1      0                         0      0        0
..................................................................


WIND (MPH)
  HIGHEST WIND SPEED    22   HIGHEST WIND DIRECTION     S (180)
  HIGHEST GUST SPEED    27   HIGHEST GUST DIRECTION     S (160)
  AVERAGE WIND SPEED    11.3


SKY COVER
  POSSIBLE SUNSHINE  MM
  AVERAGE SKY COVER 0.6


WEATHER CONDITIONS
 THE FOLLOWING WEATHER WAS RECORDED YESTERDAY.
  NO SIGNIFICANT WEATHER WAS OBSERVED.


RELATIVE HUMIDITY (PERCENT)
 HIGHEST    92          1200 AM
 LOWEST     59           300 PM
 AVERAGE    76

..........................................................


THE MINOT ND CLIMATE NORMALS FOR TODAY
                         NORMAL    RECORD    YEAR
 MAXIMUM TEMPERATURE (F)   43        73      1946
 MINIMUM TEMPERATURE (F)   24       -15      1964


SUNRISE AND SUNSET
MARCH 26 2017.........SUNRISE   735 AM CDT   SUNSET   807 PM CDT
MARCH 27 2017.........SUNRISE   733 AM CDT   SUNSET   809 PM CDT


-  INDICATES NEGATIVE NUMBERS.
R  INDICATES RECORD WAS SET OR TIED.
MM INDICATES DATA IS MISSING.
T  INDICATES TRACE AMOUNT.




$$
