962
CDUS43 KBIS 200727
CLIMOT


CLIMATE REPORT
NATIONAL WEATHER SERVICE BISMARCK ND
226 AM CDT SUN AUG 20 2017


...................................

...THE MINOT ND CLIMATE SUMMARY FOR AUGUST 19 2017...

CLIMATE NORMAL PERIOD 1981 TO 2010
CLIMATE RECORD PERIOD 1897 TO 2017


WEATHER ITEM   OBSERVED TIME   RECORD YEAR NORMAL DEPARTURE LAST
                VALUE   (LST)  VALUE       VALUE  FROM      YEAR
                                                  NORMAL
..................................................................
TEMPERATURE (F)
 YESTERDAY
  MAXIMUM         90    444 PM  97    1933  81      9       71
  MINIMUM         62   1156 PM  22    1914  55      7       58
  AVERAGE         76                        68      8       65

PRECIPITATION (IN)
  YESTERDAY        0.00          1.60 1913   0.07  -0.07      T
  MONTH TO DATE    2.27                      1.27   1.00     1.23
  SINCE JUN 1      3.96                      7.28  -3.32     6.70
  SINCE JAN 1      5.33                     12.67  -7.34    11.85

DEGREE DAYS
 COOLING
  YESTERDAY       11                         5      6        0
  MONTH TO DATE   55                       108    -53      194
  SINCE JUN 1    458                       350    108      570
  SINCE JAN 1    461                       366     95      610
..................................................................


WIND (MPH)
  HIGHEST WIND SPEED    26   HIGHEST WIND DIRECTION     W (280)
  HIGHEST GUST SPEED    33   HIGHEST GUST DIRECTION     W (280)
  AVERAGE WIND SPEED    13.5


SKY COVER
  POSSIBLE SUNSHINE  MM
  AVERAGE SKY COVER 0.0


WEATHER CONDITIONS
 THE FOLLOWING WEATHER WAS RECORDED YESTERDAY.
  NO SIGNIFICANT WEATHER WAS OBSERVED.


RELATIVE HUMIDITY (PERCENT)
 HIGHEST    63          1200 AM
 LOWEST     21           400 PM
 AVERAGE    42

..........................................................


THE MINOT ND CLIMATE NORMALS FOR TODAY
                         NORMAL    RECORD    YEAR
 MAXIMUM TEMPERATURE (F)   81       100      1942
                                             1903
 MINIMUM TEMPERATURE (F)   55        31      1921


SUNRISE AND SUNSET
AUGUST 20 2017........SUNRISE   647 AM CDT   SUNSET   849 PM CDT
AUGUST 21 2017........SUNRISE   648 AM CDT   SUNSET   847 PM CDT


-  INDICATES NEGATIVE NUMBERS.
R  INDICATES RECORD WAS SET OR TIED.
MM INDICATES DATA IS MISSING.
T  INDICATES TRACE AMOUNT.




$$
