000
CDUS43 KBIS 030737
CLIMOT


CLIMATE REPORT
NATIONAL WEATHER SERVICE BISMARCK ND
236 AM CDT THU SEP 3 2015


...................................

...THE MINOT ND CLIMATE SUMMARY FOR SEPTEMBER 2 2015...

CLIMATE NORMAL PERIOD 1981 TO 2010
CLIMATE RECORD PERIOD 1897 TO 2015


WEATHER ITEM   OBSERVED TIME   RECORD YEAR NORMAL DEPARTURE LAST
                VALUE   (LST)  VALUE       VALUE  FROM      YEAR
                                                  NORMAL
..................................................................
TEMPERATURE (F)
 YESTERDAY
  MAXIMUM         95    336 PM  98    1960  76     19       77
  MINIMUM         59    623 AM  29    1917  51      8       53
  AVERAGE         77                        64     13       65

PRECIPITATION (IN)
  YESTERDAY        0.00          0.52 1975   0.06  -0.06     0.01
  MONTH TO DATE    0.00                      0.11  -0.11     0.01
  SINCE SEP 1      0.00                      0.11  -0.11     0.01
  SINCE JAN 1     11.50                     13.55  -2.05    14.65

DEGREE DAYS
 HEATING
  YESTERDAY        0                         4     -4        0
  MONTH TO DATE    0                         8     -8        3
  SINCE SEP 1      0                         8     -8        3
  SINCE JUL 1     50                        79    -29       71

 COOLING
  YESTERDAY       12                         2     10        0
  MONTH TO DATE   19                         5     14        0
  SINCE SEP 1     19                         5     14        0
  SINCE JAN 1    463                       416     47      305
..................................................................


WIND (MPH)
  HIGHEST WIND SPEED    17   HIGHEST WIND DIRECTION    SE (120)
  HIGHEST GUST SPEED    22   HIGHEST GUST DIRECTION    SE (130)
  AVERAGE WIND SPEED     7.2


SKY COVER
  POSSIBLE SUNSHINE  MM
  AVERAGE SKY COVER 0.1


WEATHER CONDITIONS
 THE FOLLOWING WEATHER WAS RECORDED YESTERDAY.
  FOG
  FOG W/VISIBILITY <= 1/4 MILE
  HAZE


RELATIVE HUMIDITY (PERCENT)
 HIGHEST   100           700 AM
 LOWEST     26           300 PM
 AVERAGE    63

..........................................................


THE MINOT ND CLIMATE NORMALS FOR TODAY
                         NORMAL    RECORD    YEAR
 MAXIMUM TEMPERATURE (F)   76       103      1897
 MINIMUM TEMPERATURE (F)   51        24      1918


SUNRISE AND SUNSET
SEPTEMBER  3 2015.....SUNRISE   705 AM CDT   SUNSET   823 PM CDT
SEPTEMBER  4 2015.....SUNRISE   707 AM CDT   SUNSET   821 PM CDT


-  INDICATES NEGATIVE NUMBERS.
R  INDICATES RECORD WAS SET OR TIED.
MM INDICATES DATA IS MISSING.
T  INDICATES TRACE AMOUNT.




$$
