000
CDUS43 KBIS 230809
CLIMOT


CLIMATE REPORT
NATIONAL WEATHER SERVICE BISMARCK ND
208 AM CST THU FEB 23 2017


...................................

...THE MINOT ND CLIMATE SUMMARY FOR FEBRUARY 22 2017...

CLIMATE NORMAL PERIOD 1981 TO 2010
CLIMATE RECORD PERIOD 1897 TO 2017


WEATHER ITEM   OBSERVED TIME   RECORD YEAR NORMAL DEPARTURE LAST
                VALUE   (LST)  VALUE       VALUE  FROM      YEAR
                                                  NORMAL
..................................................................
TEMPERATURE (F)
 YESTERDAY
  MAXIMUM         36    407 PM  57    2002  27      9       50
  MINIMUM         30    929 PM -25    1918  11     19       27
                                      1910
  AVERAGE         33                        19     14       39

PRECIPITATION (IN)
  YESTERDAY        T             0.75 1961   0.02  -0.02      T
  MONTH TO DATE    0.02                      0.30  -0.28     0.37
  SINCE DEC 1      0.71                      1.19  -0.48     0.89
  SINCE JAN 1      0.09                      0.81  -0.72     0.58

DEGREE DAYS
 HEATING
  YESTERDAY       32                        46    -14       26
  MONTH TO DATE  911                      1076   -165      828
  SINCE DEC 1   4127                      4250   -123     3511
  SINCE JUL 1   5642                      6308   -666     5212
..................................................................


WIND (MPH)
  HIGHEST WIND SPEED    20   HIGHEST WIND DIRECTION     N (340)
  HIGHEST GUST SPEED    24   HIGHEST GUST DIRECTION     N (340)
  AVERAGE WIND SPEED    12.1


SKY COVER
  POSSIBLE SUNSHINE  MM
  AVERAGE SKY COVER 0.8


WEATHER CONDITIONS
 THE FOLLOWING WEATHER WAS RECORDED YESTERDAY.
  LIGHT SNOW
  FOG


RELATIVE HUMIDITY (PERCENT)
 HIGHEST    96          1200 AM
 LOWEST     69           500 PM
 AVERAGE    83

..........................................................


THE MINOT ND CLIMATE NORMALS FOR TODAY
                         NORMAL    RECORD    YEAR
 MAXIMUM TEMPERATURE (F)   28        58      1931
 MINIMUM TEMPERATURE (F)   11       -26      1910


SUNRISE AND SUNSET
FEBRUARY 23 2017......SUNRISE   737 AM CST   SUNSET   620 PM CST
FEBRUARY 24 2017......SUNRISE   735 AM CST   SUNSET   622 PM CST


-  INDICATES NEGATIVE NUMBERS.
R  INDICATES RECORD WAS SET OR TIED.
MM INDICATES DATA IS MISSING.
T  INDICATES TRACE AMOUNT.




$$
