000
CDUS43 KBIS 310737
CLIMOT


CLIMATE REPORT
NATIONAL WEATHER SERVICE BISMARCK ND
137 AM CST SAT JAN 31 2015


...................................

...THE MINOT ND CLIMATE SUMMARY FOR JANUARY 30 2015...

CLIMATE NORMAL PERIOD 1981 TO 2010
CLIMATE RECORD PERIOD 1905 TO 2015


WEATHER ITEM   OBSERVED TIME   RECORD YEAR NORMAL DEPARTURE LAST
                VALUE   (LST)  VALUE       VALUE  FROM      YEAR
                                                  NORMAL
..................................................................
TEMPERATURE (F)
 YESTERDAY
  MAXIMUM         38    131 PM  52    1931  22     16        8
  MINIMUM         14    124 AM -38    1916   5      9       -7
  AVERAGE         26                        13     13        1

PRECIPITATION (IN)
  YESTERDAY        0.00          0.27 1962   0.02  -0.02      T
  MONTH TO DATE    0.24                      0.50  -0.26     0.19
  SINCE DEC 1      0.25                      0.88  -0.63     0.37
  SINCE JAN 1      0.24                      0.50  -0.26     0.19

DEGREE DAYS
 HEATING
  YESTERDAY       39                        52    -13       64
  MONTH TO DATE 1412                      1583   -171     1582
  SINCE DEC 1   2847                      3120   -273     3467
  SINCE JUL 1   5026                      5178   -152     5522
..................................................................


WIND (MPH)
  HIGHEST WIND SPEED    25   HIGHEST WIND DIRECTION     W (290)
  HIGHEST GUST SPEED    30   HIGHEST GUST DIRECTION     W (290)
  AVERAGE WIND SPEED    13.1


SKY COVER
  POSSIBLE SUNSHINE  MM
  AVERAGE SKY COVER 0.6


WEATHER CONDITIONS
 THE FOLLOWING WEATHER WAS RECORDED YESTERDAY.
  FOG
  HAZE


RELATIVE HUMIDITY (PERCENT)
 HIGHEST    88          1200 AM
 LOWEST     63          1100 AM
 AVERAGE    76

..........................................................


THE MINOT ND CLIMATE NORMALS FOR TODAY
                         NORMAL    RECORD    YEAR
 MAXIMUM TEMPERATURE (F)   22        53      1931
 MINIMUM TEMPERATURE (F)    5       -33      1918


SUNRISE AND SUNSET
JANUARY 31 2015.......SUNRISE   815 AM CST   SUNSET   543 PM CST
FEBRUARY  1 2015......SUNRISE   814 AM CST   SUNSET   544 PM CST


-  INDICATES NEGATIVE NUMBERS.
R  INDICATES RECORD WAS SET OR TIED.
MM INDICATES DATA IS MISSING.
T  INDICATES TRACE AMOUNT.




$$
