000
CDUS43 KBIS 170749
CLIMOT


CLIMATE REPORT
NATIONAL WEATHER SERVICE BISMARCK ND
149 AM CST WED DEC 17 2014


...................................

...THE MINOT ND CLIMATE SUMMARY FOR DECEMBER 16 2014...

CLIMATE NORMAL PERIOD 1981 TO 2010
CLIMATE RECORD PERIOD 1905 TO 2014


WEATHER ITEM   OBSERVED TIME   RECORD YEAR NORMAL DEPARTURE LAST
                VALUE   (LST)  VALUE       VALUE  FROM      YEAR
                                                  NORMAL
..................................................................
TEMPERATURE (F)
 YESTERDAY
  MAXIMUM         21    103 AM  54    1962  23     -2       34
  MINIMUM          6    914 PM -24    1922   7     -1       15
  AVERAGE         14                        15     -1       25

PRECIPITATION (IN)
  YESTERDAY        T             0.43 1977   0.01  -0.01     0.02
  MONTH TO DATE    T                         0.19  -0.19     0.15
  SINCE DEC 1      T                         0.19  -0.19     0.15
  SINCE JAN 1     15.95                     17.00  -1.05    24.96

DEGREE DAYS
 HEATING
  YESTERDAY       51                        50      1       40
  MONTH TO DATE  712                       763    -51      999
  SINCE DEC 1    712                       763    -51      999
  SINCE JUL 1   2891                      2821     70     3054
..................................................................


WIND (MPH)
  HIGHEST WIND SPEED    13   HIGHEST WIND DIRECTION    NW (320)
  HIGHEST GUST SPEED    16   HIGHEST GUST DIRECTION    NW (320)
  AVERAGE WIND SPEED     4.6


SKY COVER
  POSSIBLE SUNSHINE  MM
  AVERAGE SKY COVER 0.7


WEATHER CONDITIONS
 THE FOLLOWING WEATHER WAS RECORDED YESTERDAY.
  LIGHT SNOW
  FOG
  HAZE


RELATIVE HUMIDITY (PERCENT)
 HIGHEST    88          1100 PM
 LOWEST     67          1200 PM
 AVERAGE    78

..........................................................


THE MINOT ND CLIMATE NORMALS FOR TODAY
                         NORMAL    RECORD    YEAR
 MAXIMUM TEMPERATURE (F)   23        56      1997
 MINIMUM TEMPERATURE (F)    7       -32      1906


SUNRISE AND SUNSET
DECEMBER 17 2014......SUNRISE   831 AM CST   SUNSET   452 PM CST
DECEMBER 18 2014......SUNRISE   831 AM CST   SUNSET   452 PM CST


-  INDICATES NEGATIVE NUMBERS.
R  INDICATES RECORD WAS SET OR TIED.
MM INDICATES DATA IS MISSING.
T  INDICATES TRACE AMOUNT.




$$
