274
CDUS43 KBIS 310733
CLIMOT


CLIMATE REPORT
NATIONAL WEATHER SERVICE BISMARCK ND
233 AM CDT TUE MAY 31 2016


...................................

...THE MINOT ND CLIMATE SUMMARY FOR MAY 30 2016...

CLIMATE NORMAL PERIOD 1981 TO 2010
CLIMATE RECORD PERIOD 1897 TO 2016


WEATHER ITEM   OBSERVED TIME   RECORD YEAR NORMAL DEPARTURE LAST
                VALUE   (LST)  VALUE       VALUE  FROM      YEAR
                                                  NORMAL
..................................................................
TEMPERATURE (F)
 YESTERDAY
  MAXIMUM         76   1201 PM 105    1934  71      5       58
  MINIMUM         50    532 AM  29    1917  48      2       32
  AVERAGE         63                        59      4       45

PRECIPITATION (IN)
  YESTERDAY        0.42          2.55 1949   0.10   0.32     0.00
  MONTH TO DATE    1.64                      2.40  -0.76     2.70
  SINCE MAR 1      4.22                      4.38  -0.16     3.66
  SINCE JAN 1      4.80                      5.29  -0.49     4.13

DEGREE DAYS
 COOLING
  YESTERDAY        0                         1     -1        0
  MONTH TO DATE   40                         8     32        7
  SINCE MAR 1     40                         9     31        7
  SINCE JAN 1     40                         9     31        7
..................................................................


WIND (MPH)
  HIGHEST WIND SPEED    17   HIGHEST WIND DIRECTION    NW (320)
  HIGHEST GUST SPEED    23   HIGHEST GUST DIRECTION    NW (310)
  AVERAGE WIND SPEED     5.8


SKY COVER
  POSSIBLE SUNSHINE  MM
  AVERAGE SKY COVER 0.5


WEATHER CONDITIONS
 THE FOLLOWING WEATHER WAS RECORDED YESTERDAY.
  RAIN
  LIGHT RAIN
  FOG


RELATIVE HUMIDITY (PERCENT)
 HIGHEST    93          1000 PM
 LOWEST     41          1200 PM
 AVERAGE    67

..........................................................


THE MINOT ND CLIMATE NORMALS FOR TODAY
                         NORMAL    RECORD    YEAR
 MAXIMUM TEMPERATURE (F)   71        94      1986
 MINIMUM TEMPERATURE (F)   48        25      1897


SUNRISE AND SUNSET
MAY 31 2016...........SUNRISE   549 AM CDT   SUNSET   937 PM CDT
JUNE  1 2016..........SUNRISE   548 AM CDT   SUNSET   938 PM CDT


-  INDICATES NEGATIVE NUMBERS.
R  INDICATES RECORD WAS SET OR TIED.
MM INDICATES DATA IS MISSING.
T  INDICATES TRACE AMOUNT.




$$
