000
CDUS43 KBIS 170027
CLIMOT


CLIMATE REPORT
NATIONAL WEATHER SERVICE BISMARCK ND
627 PM CST SAT DEC 16 2017


...................................

...THE MINOT ND CLIMATE SUMMARY FOR DECEMBER 16 2017...
VALID TODAY AS OF 0600 PM LOCAL TIME.

CLIMATE NORMAL PERIOD 1981 TO 2010
CLIMATE RECORD PERIOD 1897 TO 2017


WEATHER ITEM   OBSERVED TIME   RECORD YEAR NORMAL DEPARTURE LAST
                VALUE   (LST)  VALUE       VALUE  FROM      YEAR
                                                  NORMAL
..................................................................
TEMPERATURE (F)
 TODAY
  MAXIMUM         41    244 PM  54    1962  23     18        5
                                      1939
  MINIMUM         33    559 PM -24    1922   7     26      -11
                                      1914
  AVERAGE         37                        15     22       -3

PRECIPITATION (IN)
  TODAY            0.00          0.43 1977   0.01  -0.01      T
  MONTH TO DATE    T                         0.19  -0.19     0.43
  SINCE DEC 1      T                         0.19  -0.19     0.43
  SINCE JAN 1      7.55                     17.00  -9.45    18.54

DEGREE DAYS
 HEATING
  TODAY           28                        50    -22       68
  MONTH TO DATE  546                       763   -217      927
  SINCE DEC 1    546                       763   -217      927
  SINCE JUL 1   2424                      2821   -397     2442

 COOLING
  TODAY            0                         0      0        0
  MONTH TO DATE    0                         0      0        0
  SINCE DEC 1      0                         0      0        0
  SINCE JAN 1    580                       445    135      682
..................................................................


WIND (MPH)
  RESULTANT WIND SPEED  14   RESULTANT WIND DIRECTION   W (270)
  HIGHEST WIND SPEED    20   HIGHEST WIND DIRECTION     W (280)
  HIGHEST GUST SPEED    24   HIGHEST GUST DIRECTION     W (280)
  AVERAGE WIND SPEED    13.9


SKY COVER
  POSSIBLE SUNSHINE  MM
  AVERAGE SKY COVER 0.5


WEATHER CONDITIONS
 THE FOLLOWING WEATHER WAS RECORDED TODAY.
  NO SIGNIFICANT WEATHER WAS OBSERVED.


RELATIVE HUMIDITY (PERCENT)
 HIGHEST    85           100 AM
 LOWEST     54           400 PM
 AVERAGE    70

..........................................................


THE MINOT ND CLIMATE NORMALS FOR TOMORROW
                         NORMAL    RECORD    YEAR
 MAXIMUM TEMPERATURE (F)   23        56      1997
 MINIMUM TEMPERATURE (F)    7       -32      1906


SUNRISE AND SUNSET
DECEMBER 16 2017......SUNRISE   830 AM CST   SUNSET   451 PM CST
DECEMBER 17 2017......SUNRISE   831 AM CST   SUNSET   452 PM CST


-  INDICATES NEGATIVE NUMBERS.
R  INDICATES RECORD WAS SET OR TIED.
MM INDICATES DATA IS MISSING.
T  INDICATES TRACE AMOUNT.




$$
