000
CDUS43 KBIS 070727
CLIMOT


CLIMATE REPORT
NATIONAL WEATHER SERVICE BISMARCK ND
227 AM CDT TUE JUL 7 2015


...................................

...THE MINOT ND CLIMATE SUMMARY FOR JULY 6 2015...

CLIMATE NORMAL PERIOD 1981 TO 2010
CLIMATE RECORD PERIOD 1897 TO 2015


WEATHER ITEM   OBSERVED TIME   RECORD YEAR NORMAL DEPARTURE LAST
                VALUE   (LST)  VALUE       VALUE  FROM      YEAR
                                                  NORMAL
..................................................................
TEMPERATURE (F)
 YESTERDAY
  MAXIMUM         68    525 PM 108    1936  80    -12       81
  MINIMUM         50   1036 PM  35    1934  57     -7       65
  AVERAGE         59                        69    -10       73

PRECIPITATION (IN)
  YESTERDAY        0.00          3.89 1971   0.10  -0.10     0.06
  MONTH TO DATE    0.47                      0.56  -0.09     0.06
  SINCE JUN 1      4.50                      4.14   0.36     5.40
  SINCE JAN 1      8.63                      9.53  -0.90     9.21

DEGREE DAYS
 COOLING
  YESTERDAY        0                         5     -5        8
  MONTH TO DATE   26                        27     -1       30
  SINCE JUN 1    100                       100      0       52
  SINCE JAN 1    107                       116     -9       93
..................................................................


WIND (MPH)
  HIGHEST WIND SPEED    14   HIGHEST WIND DIRECTION    NW (330)
  HIGHEST GUST SPEED    18   HIGHEST GUST DIRECTION     N (340)
  AVERAGE WIND SPEED     6.1


SKY COVER
  POSSIBLE SUNSHINE  MM
  AVERAGE SKY COVER 0.5


WEATHER CONDITIONS
 THE FOLLOWING WEATHER WAS RECORDED YESTERDAY.
  FOG
  HAZE


RELATIVE HUMIDITY (PERCENT)
 HIGHEST    89           200 AM
 LOWEST     42           500 PM
 AVERAGE    66

..........................................................


THE MINOT ND CLIMATE NORMALS FOR TODAY
                         NORMAL    RECORD    YEAR
 MAXIMUM TEMPERATURE (F)   80       102      1981
 MINIMUM TEMPERATURE (F)   57        30      1922


SUNRISE AND SUNSET
JULY  7 2015..........SUNRISE   553 AM CDT   SUNSET   947 PM CDT
JULY  8 2015..........SUNRISE   553 AM CDT   SUNSET   946 PM CDT


-  INDICATES NEGATIVE NUMBERS.
R  INDICATES RECORD WAS SET OR TIED.
MM INDICATES DATA IS MISSING.
T  INDICATES TRACE AMOUNT.




$$
