000
CDUS41 KPHI 192129
CLIMPO


CLIMATE REPORT
NATIONAL WEATHER SERVICE MOUNT HOLLY NJ
428 PM EST MON FEB 19 2018


...................................

...THE MOUNT POCONO PA CLIMATE SUMMARY FOR FEBRUARY 19 2018...
VALID TODAY AS OF 0400 PM LOCAL TIME.

CLIMATE NORMAL PERIOD 1981 TO 2010
CLIMATE RECORD PERIOD 1901 TO 2018


WEATHER ITEM   OBSERVED TIME   RECORD YEAR NORMAL DEPARTURE LAST
                VALUE   (LST)  VALUE       VALUE  FROM      YEAR
                                                  NORMAL
..................................................................
TEMPERATURE (F)
 TODAY
  MAXIMUM         34    359 PM  58    1981  35     -1       55
  MINIMUM         19   1202 AM -10    1903  19      0       41
  AVERAGE         27                        27      0       48

PRECIPITATION (IN)
  TODAY            0.06          1.38 1946   0.09  -0.03     0.00
  MONTH TO DATE    2.80                      1.56   1.24     1.27
  SINCE DEC 1      8.96                      8.28   0.68     6.39
  SINCE JAN 1      7.72                      4.41   3.31     4.20

DEGREE DAYS
 HEATING
  TODAY           38                        38      0       17
  MONTH TO DATE  709                       757    -48      701
  SINCE DEC 1   3309                      3209    100     3002
  SINCE JUL 1   4747                      4788    -41     4395

 COOLING
  TODAY            0                         0      0        0
  MONTH TO DATE    0                         0      0        0
  SINCE DEC 1      0                         0      0        0
  SINCE JAN 1      0                         0      0        0
..................................................................


WIND (MPH)
  HIGHEST WIND SPEED    15   HIGHEST WIND DIRECTION     S (160)
  HIGHEST GUST SPEED    21   HIGHEST GUST DIRECTION     S (170)
  AVERAGE WIND SPEED     9.2


SKY COVER
  POSSIBLE SUNSHINE  MM
  AVERAGE SKY COVER 1.0


WEATHER CONDITIONS
 THE FOLLOWING WEATHER WAS RECORDED TODAY.
  LIGHT RAIN
  FOG


RELATIVE HUMIDITY (PERCENT)
 HIGHEST   100           200 PM
 LOWEST    100           200 PM
 AVERAGE   100

..........................................................


THE MOUNT POCONO PA CLIMATE NORMALS FOR TOMORROW
                         NORMAL    RECORD    YEAR
 MAXIMUM TEMPERATURE (F)   35        59      1939
 MINIMUM TEMPERATURE (F)   19       -18      1993


SUNRISE AND SUNSET
FEBRUARY 19 2018......SUNRISE   651 AM EST   SUNSET   541 PM EST
FEBRUARY 20 2018......SUNRISE   649 AM EST   SUNSET   542 PM EST


-  INDICATES NEGATIVE NUMBERS.
R  INDICATES RECORD WAS SET OR TIED.
MM INDICATES DATA IS MISSING.
T  INDICATES TRACE AMOUNT.




$$
