000
CDUS41 KPHI 272132
CLIMPO


CLIMATE REPORT
NATIONAL WEATHER SERVICE MOUNT HOLLY NJ
530 PM EDT THU JUL 27 2017


...................................

...THE MOUNT POCONO PA CLIMATE SUMMARY FOR JULY 27 2017...
VALID TODAY AS OF 0500 PM LOCAL TIME.

CLIMATE NORMAL PERIOD 1981 TO 2010
CLIMATE RECORD PERIOD 1901 TO 2017


WEATHER ITEM   OBSERVED TIME   RECORD YEAR NORMAL DEPARTURE LAST
                VALUE   (LST)  VALUE       VALUE  FROM      YEAR
                                                  NORMAL
..................................................................
TEMPERATURE (F)
 TODAY
  MAXIMUM         72    359 PM  91    1955  78     -6       84
  MINIMUM         61    649 AM  39    1977  58      3       57
  AVERAGE         67                        68     -1       71

PRECIPITATION (IN)
  TODAY            0.00          1.83 1987   0.16  -0.16     0.00
  MONTH TO DATE    5.63                      3.88   1.75     3.80
  SINCE JUN 1      9.43                      8.26   1.17     5.58
  SINCE JAN 1     26.33                     25.76   0.57    23.01

DEGREE DAYS
 HEATING
  TODAY            0                         1     -1        0
  MONTH TO DATE    8                        27    -19       16
  SINCE JUN 1    135                       127      8      108
  SINCE JUL 1      8                        27    -19       16

 COOLING
  TODAY            2                         4     -2        6
  MONTH TO DATE  101                       107     -6      138
  SINCE JUN 1    162                       169     -7      163
  SINCE JAN 1    180                       188     -8      192
..................................................................


WIND (MPH)
  HIGHEST WIND SPEED    14   HIGHEST WIND DIRECTION     W (250)
  HIGHEST GUST SPEED    17   HIGHEST GUST DIRECTION    SW (240)
  AVERAGE WIND SPEED     6.7


SKY COVER
  POSSIBLE SUNSHINE  MM
  AVERAGE SKY COVER 0.9


WEATHER CONDITIONS
 THE FOLLOWING WEATHER WAS RECORDED TODAY.
  FOG
  FOG W/VISIBILITY <= 1/4 MILE


RELATIVE HUMIDITY (PERCENT)
 HIGHEST   100          1200 AM
 LOWEST     79           400 PM
 AVERAGE    90

..........................................................


THE MOUNT POCONO PA CLIMATE NORMALS FOR TOMORROW
                         NORMAL    RECORD    YEAR
 MAXIMUM TEMPERATURE (F)   78        93      1949
 MINIMUM TEMPERATURE (F)   58        38      1903


SUNRISE AND SUNSET
JULY 27 2017..........SUNRISE   553 AM EDT   SUNSET   823 PM EDT
JULY 28 2017..........SUNRISE   554 AM EDT   SUNSET   822 PM EDT


-  INDICATES NEGATIVE NUMBERS.
R  INDICATES RECORD WAS SET OR TIED.
MM INDICATES DATA IS MISSING.
T  INDICATES TRACE AMOUNT.




$$
