000
CDUS41 KPHI 280628
CLIMPO


CLIMATE REPORT
NATIONAL WEATHER SERVICE MOUNT HOLLY NJ
227 AM EDT FRI AUG 28 2015


...................................

...THE MOUNT POCONO PA CLIMATE SUMMARY FOR AUGUST 27 2015...

CLIMATE NORMAL PERIOD 1981 TO 2010
CLIMATE RECORD PERIOD 1901 TO 2015


WEATHER ITEM   OBSERVED TIME   RECORD YEAR NORMAL DEPARTURE LAST
                VALUE   (LST)  VALUE       VALUE  FROM      YEAR
                                                  NORMAL
..................................................................
TEMPERATURE (F)
 YESTERDAY
  MAXIMUM         69    130 PM  92    1948  75     -6       84
  MINIMUM         51   1122 PM  34    1910  56     -5       57
  AVERAGE         60                        65     -5       71

PRECIPITATION (IN)
  YESTERDAY        0.00          1.36 1927   0.10  -0.10     0.05
  MONTH TO DATE    5.14                      4.06   1.08     2.52
  SINCE JUN 1     16.97                     13.08   3.89     9.66
  SINCE JAN 1     27.97                     30.58  -2.61    28.42

SNOWFALL (IN)
  YESTERDAY       MM            MM      MM  MM     MM       MM
  MONTH TO DATE   MM                        MM     MM       MM
  SINCE JUN 1     MM                        MM     MM       MM
  SINCE JUL 1     MM                        MM     MM       MM
  SNOW DEPTH      MM

DEGREE DAYS
 HEATING
  YESTERDAY        5                         2      3        0
  MONTH TO DATE   21                        31    -10       39
  SINCE JUN 1    118                       153    -35      118
  SINCE JUL 1     34                        53    -19       63

 COOLING
  YESTERDAY        0                         2     -2        6
  MONTH TO DATE   77                        90    -13       35
  SINCE JUN 1    271                       273     -2      203
  SINCE JAN 1    328                       292     36      210
..................................................................


WIND (MPH)
  HIGHEST WIND SPEED    17   HIGHEST WIND DIRECTION    NW (310)
  HIGHEST GUST SPEED    25   HIGHEST GUST DIRECTION    NW (310)
  AVERAGE WIND SPEED     8.0


SKY COVER
  POSSIBLE SUNSHINE  MM
  AVERAGE SKY COVER 0.6


WEATHER CONDITIONS
 THE FOLLOWING WEATHER WAS RECORDED YESTERDAY.
  NO SIGNIFICANT WEATHER WAS OBSERVED.


RELATIVE HUMIDITY (PERCENT)
 HIGHEST    96          1100 PM
 LOWEST     58          1200 PM
 AVERAGE    77

..........................................................


THE MOUNT POCONO PA CLIMATE NORMALS FOR TODAY
                         NORMAL    RECORD    YEAR
 MAXIMUM TEMPERATURE (F)   74        90      1953
 MINIMUM TEMPERATURE (F)   56        33      1941


SUNRISE AND SUNSET
AUGUST 28 2015........SUNRISE   624 AM EDT   SUNSET   741 PM EDT
AUGUST 29 2015........SUNRISE   625 AM EDT   SUNSET   739 PM EDT


-  INDICATES NEGATIVE NUMBERS.
R  INDICATES RECORD WAS SET OR TIED.
MM INDICATES DATA IS MISSING.
T  INDICATES TRACE AMOUNT.




$$
