000
CDUS41 KPHI 230631
CLIMPO


CLIMATE REPORT
NATIONAL WEATHER SERVICE MOUNT HOLLY NJ
230 AM EDT SAT MAY 23 2015


...................................

...THE MOUNT POCONO PA CLIMATE SUMMARY FOR MAY 22 2015...

CLIMATE NORMAL PERIOD 1981 TO 2010
CLIMATE RECORD PERIOD 1901 TO 2015


WEATHER ITEM   OBSERVED TIME   RECORD YEAR NORMAL DEPARTURE LAST
                VALUE   (LST)  VALUE       VALUE  FROM      YEAR
                                                  NORMAL
..................................................................
TEMPERATURE (F)
 YESTERDAY
  MAXIMUM         62   1129 AM  94    1911  67     -5       73
  MINIMUM         40    501 AM  30    1967  47     -7       53
  AVERAGE         51                        57     -6       63

PRECIPITATION (IN)
  YESTERDAY        0.01          3.15 1942   0.16  -0.15     0.28
  MONTH TO DATE    0.55                      2.84  -2.29     4.15
  SINCE MAR 1      5.78                     10.69  -4.91    12.21
  SINCE JAN 1      9.13                     15.95  -6.82    18.60

SNOWFALL (IN)
  YESTERDAY       MM            MM      MM  MM     MM       MM
  MONTH TO DATE   MM                        MM     MM       MM
  SINCE MAR 1     MM                        MM     MM       MM
  SINCE JUL 1     MM                        MM     MM       MM
  SNOW DEPTH      MM

DEGREE DAYS
 HEATING
  YESTERDAY       14                         9      5        2
  MONTH TO DATE  146                       252   -106      203
  SINCE MAR 1   1837                      1823     14     1977
  SINCE JUL 1   7272                      6946    326     7404

 COOLING
  YESTERDAY        0                         1     -1        0
  MONTH TO DATE   23                         4     19        3
  SINCE MAR 1     23                         8     15        3
  SINCE JAN 1     23                         8     15        3
..................................................................


WIND (MPH)
  HIGHEST WIND SPEED    23   HIGHEST WIND DIRECTION    NW (300)
  HIGHEST GUST SPEED    32   HIGHEST GUST DIRECTION     W (280)
  AVERAGE WIND SPEED     9.7


SKY COVER
  POSSIBLE SUNSHINE  MM
  AVERAGE SKY COVER 0.4


WEATHER CONDITIONS
 THE FOLLOWING WEATHER WAS RECORDED YESTERDAY.
  LIGHT RAIN
  FOG


RELATIVE HUMIDITY (PERCENT)
 HIGHEST    93           400 AM
 LOWEST     28           700 PM
 AVERAGE    61

..........................................................


THE MOUNT POCONO PA CLIMATE NORMALS FOR TODAY
                         NORMAL    RECORD    YEAR
 MAXIMUM TEMPERATURE (F)   67        89      1911
 MINIMUM TEMPERATURE (F)   47        30      1993


SUNRISE AND SUNSET
MAY 23 2015...........SUNRISE   537 AM EDT   SUNSET   820 PM EDT
MAY 24 2015...........SUNRISE   536 AM EDT   SUNSET   821 PM EDT


-  INDICATES NEGATIVE NUMBERS.
R  INDICATES RECORD WAS SET OR TIED.
MM INDICATES DATA IS MISSING.
T  INDICATES TRACE AMOUNT.




$$
