000
CDUS41 KPHI 220546
CLIMPO


CLIMATE REPORT
NATIONAL WEATHER SERVICE MOUNT HOLLY NJ
145 AM EDT FRI SEP 22 2017


...................................

...THE MOUNT POCONO PA CLIMATE SUMMARY FOR SEPTEMBER 21 2017...

CLIMATE NORMAL PERIOD 1981 TO 2010
CLIMATE RECORD PERIOD 1901 TO 2017


WEATHER ITEM   OBSERVED TIME   RECORD YEAR NORMAL DEPARTURE LAST
                VALUE   (LST)  VALUE       VALUE  FROM      YEAR
                                                  NORMAL
..................................................................
TEMPERATURE (F)
 YESTERDAY
  MAXIMUM         80    232 PM  85    1940  66     14       77
  MINIMUM         58   1148 PM  27    1962  48     10       53
  AVERAGE         69                        57     12       65

PRECIPITATION (IN)
  YESTERDAY        0.00          3.06 1946   0.17  -0.17     0.00
  MONTH TO DATE    2.76                      3.55  -0.79     1.23
  SINCE SEP 1      2.76                      3.55  -0.79     1.23
  SINCE JAN 1     33.37                     34.53  -1.16    30.82

DEGREE DAYS
 HEATING
  YESTERDAY        0                         9     -9        0
  MONTH TO DATE  112                       111      1       53
  SINCE SEP 1    112                       111      1       53
  SINCE JUL 1    210                       174     36       85

 COOLING
  YESTERDAY        4                         0      4        0
  MONTH TO DATE   19                        13      6       51
  SINCE SEP 1     19                        13      6       51
  SINCE JAN 1    248                       309    -61      397
..................................................................


WIND (MPH)
  HIGHEST WIND SPEED    15   HIGHEST WIND DIRECTION    NE (40)
  HIGHEST GUST SPEED    19   HIGHEST GUST DIRECTION     N (20)
  AVERAGE WIND SPEED     6.9


SKY COVER
  POSSIBLE SUNSHINE  MM
  AVERAGE SKY COVER 0.0


WEATHER CONDITIONS
 THE FOLLOWING WEATHER WAS RECORDED YESTERDAY.
  NO SIGNIFICANT WEATHER WAS OBSERVED.


RELATIVE HUMIDITY (PERCENT)
 HIGHEST   100          1200 AM
 LOWEST     45           100 PM
 AVERAGE    73

..........................................................


THE MOUNT POCONO PA CLIMATE NORMALS FOR TODAY
                         NORMAL    RECORD    YEAR
 MAXIMUM TEMPERATURE (F)   65        88      1931
 MINIMUM TEMPERATURE (F)   47        24      1904


SUNRISE AND SUNSET
SEPTEMBER 22 2017.....SUNRISE   649 AM EDT   SUNSET   658 PM EDT
SEPTEMBER 23 2017.....SUNRISE   650 AM EDT   SUNSET   657 PM EDT


-  INDICATES NEGATIVE NUMBERS.
R  INDICATES RECORD WAS SET OR TIED.
MM INDICATES DATA IS MISSING.
T  INDICATES TRACE AMOUNT.




$$
