000
CDUS41 KPHI 230631
CLIMPO


CLIMATE REPORT
NATIONAL WEATHER SERVICE MOUNT HOLLY NJ
231 AM EDT SUN APR 23 2017


...................................

...THE MOUNT POCONO PA CLIMATE SUMMARY FOR APRIL 22 2017...

CLIMATE NORMAL PERIOD 1981 TO 2010
CLIMATE RECORD PERIOD 1901 TO 2017


WEATHER ITEM   OBSERVED TIME   RECORD YEAR NORMAL DEPARTURE LAST
                VALUE   (LST)  VALUE       VALUE  FROM      YEAR
                                                  NORMAL
..................................................................
TEMPERATURE (F)
 YESTERDAY
  MAXIMUM         49   1217 AM  81    1973  58     -9       73
  MINIMUM         38   1159 PM  17    1922  38      0       52
  AVERAGE         44                        48     -4       63

PRECIPITATION (IN)
  YESTERDAY        0.01          1.59 1991   0.11  -0.10      T
  MONTH TO DATE    3.56                      3.12   0.44     1.86
  SINCE MAR 1      7.35                      6.95   0.40     2.85
  SINCE JAN 1     12.31                     12.21   0.10    10.83

DEGREE DAYS
 HEATING
  YESTERDAY       21                        17      4        2
  MONTH TO DATE  362                       469   -107      491
  SINCE MAR 1   1462                      1444     18     1237
  SINCE JUL 1   6065                      6567   -502     5522

 COOLING
  YESTERDAY        0                         0      0        0
  MONTH TO DATE    3                         0      3        0
  SINCE MAR 1      3                         0      3        0
  SINCE JAN 1      3                         0      3        0
..................................................................


WIND (MPH)
  HIGHEST WIND SPEED    16   HIGHEST WIND DIRECTION    NW (330)
  HIGHEST GUST SPEED    23   HIGHEST GUST DIRECTION    NW (320)
  AVERAGE WIND SPEED     8.5


SKY COVER
  POSSIBLE SUNSHINE  MM
  AVERAGE SKY COVER 0.9


WEATHER CONDITIONS
 THE FOLLOWING WEATHER WAS RECORDED YESTERDAY.
  LIGHT RAIN
  FOG


RELATIVE HUMIDITY (PERCENT)
 HIGHEST   100          1200 AM
 LOWEST     65           400 PM
 AVERAGE    83

..........................................................


THE MOUNT POCONO PA CLIMATE NORMALS FOR TODAY
                         NORMAL    RECORD    YEAR
 MAXIMUM TEMPERATURE (F)   59        82      1960
 MINIMUM TEMPERATURE (F)   38        19      1914


SUNRISE AND SUNSET
APRIL 23 2017.........SUNRISE   610 AM EDT   SUNSET   750 PM EDT
APRIL 24 2017.........SUNRISE   609 AM EDT   SUNSET   751 PM EDT


-  INDICATES NEGATIVE NUMBERS.
R  INDICATES RECORD WAS SET OR TIED.
MM INDICATES DATA IS MISSING.
T  INDICATES TRACE AMOUNT.




$$
