000
CDUS41 KPHI 232126
CLIMPO


CLIMATE REPORT
NATIONAL WEATHER SERVICE MOUNT HOLLY NJ
426 PM EST THU NOV 23 2017


...................................

...THE MOUNT POCONO PA CLIMATE SUMMARY FOR NOVEMBER 23 2017...
VALID TODAY AS OF 0400 PM LOCAL TIME.

CLIMATE NORMAL PERIOD 1981 TO 2010
CLIMATE RECORD PERIOD 1901 TO 2017


WEATHER ITEM   OBSERVED TIME   RECORD YEAR NORMAL DEPARTURE LAST
                VALUE   (LST)  VALUE       VALUE  FROM      YEAR
                                                  NORMAL
..................................................................
TEMPERATURE (F)
 TODAY
  MAXIMUM         35    240 PM  70    1931  43     -8       37
  MINIMUM         21    718 AM   6    2000  29     -8       24
                                      1964
  AVERAGE         28                        36     -8       31

PRECIPITATION (IN)
  TODAY            0.00          1.96 1916   0.16  -0.16      T
  MONTH TO DATE    0.97                      3.35  -2.38     0.54
  SINCE SEP 1     10.43                     12.67  -2.24     6.42
  SINCE JAN 1     41.04                     43.65  -2.61    36.01

DEGREE DAYS
 HEATING
  TODAY           37                        29      8       34
  MONTH TO DATE  646                       575     71      542
  SINCE SEP 1   1142                      1300   -158     1169
  SINCE JUL 1   1240                      1363   -123     1201

 COOLING
  TODAY            0                         0      0        0
  MONTH TO DATE    0                         0      0        0
  SINCE SEP 1     58                        18     40       51
  SINCE JAN 1    287                       314    -27      397
..................................................................


WIND (MPH)
  HIGHEST WIND SPEED    18   HIGHEST WIND DIRECTION    NW (320)
  HIGHEST GUST SPEED    27   HIGHEST GUST DIRECTION    NW (300)
  AVERAGE WIND SPEED    10.2


SKY COVER
  POSSIBLE SUNSHINE  MM
  AVERAGE SKY COVER 0.0


WEATHER CONDITIONS
 THE FOLLOWING WEATHER WAS RECORDED TODAY.
  NO SIGNIFICANT WEATHER WAS OBSERVED.


RELATIVE HUMIDITY (PERCENT)
 HIGHEST    84           700 AM
 LOWEST     51           200 PM
 AVERAGE    68

..........................................................


THE MOUNT POCONO PA CLIMATE NORMALS FOR TOMORROW
                         NORMAL    RECORD    YEAR
 MAXIMUM TEMPERATURE (F)   42        64      1931
 MINIMUM TEMPERATURE (F)   29         4      2000


SUNRISE AND SUNSET
NOVEMBER 23 2017......SUNRISE   659 AM EST   SUNSET   437 PM EST
NOVEMBER 24 2017......SUNRISE   700 AM EST   SUNSET   436 PM EST


-  INDICATES NEGATIVE NUMBERS.
R  INDICATES RECORD WAS SET OR TIED.
MM INDICATES DATA IS MISSING.
T  INDICATES TRACE AMOUNT.




$$
