000
CDUS41 KPHI 210631
CLIMPO


CLIMATE REPORT
NATIONAL WEATHER SERVICE MOUNT HOLLY NJ
130 AM EST SAT JAN 21 2017


...................................

...THE MOUNT POCONO PA CLIMATE SUMMARY FOR JANUARY 20 2017...

CLIMATE NORMAL PERIOD 1981 TO 2010
CLIMATE RECORD PERIOD 1901 TO 2017


WEATHER ITEM   OBSERVED TIME   RECORD YEAR NORMAL DEPARTURE LAST
                VALUE   (LST)  VALUE       VALUE  FROM      YEAR
                                                  NORMAL
..................................................................
TEMPERATURE (F)
 YESTERDAY
  MAXIMUM         35   1159 PM  59    1951  31      4       26
  MINIMUM         31    931 AM -16    1970  15     16       18
  AVERAGE         33                        23     10       22

PRECIPITATION (IN)
  YESTERDAY        0.23          2.20 1996   0.08   0.15      T
  MONTH TO DATE    1.79                      2.03  -0.24     2.72
  SINCE DEC 1      3.98                      5.90  -1.92     6.55
  SINCE JAN 1      1.79                      2.03  -0.24     2.72

DEGREE DAYS
 HEATING
  YESTERDAY       32                        42    -10       43
  MONTH TO DATE  787                       836    -49      812
  SINCE DEC 1   1937                      1994    -57     1523
  SINCE JUL 1   3330                      3573   -243     2790

 COOLING
  YESTERDAY        0                         0      0        0
  MONTH TO DATE    0                         0      0        0
  SINCE DEC 1      0                         0      0        0
  SINCE JAN 1      0                         0      0        0
..................................................................


WIND (MPH)
  HIGHEST WIND SPEED    10   HIGHEST WIND DIRECTION     S (160)
  HIGHEST GUST SPEED    17   HIGHEST GUST DIRECTION    SE (130)
  AVERAGE WIND SPEED     5.1


SKY COVER
  POSSIBLE SUNSHINE  MM
  AVERAGE SKY COVER 1.0


WEATHER CONDITIONS
 THE FOLLOWING WEATHER WAS RECORDED YESTERDAY.
  LIGHT RAIN
  FOG


RELATIVE HUMIDITY (PERCENT)
 HIGHEST   100           800 PM
 LOWEST     85           600 AM
 AVERAGE    93

..........................................................


THE MOUNT POCONO PA CLIMATE NORMALS FOR TODAY
                         NORMAL    RECORD    YEAR
 MAXIMUM TEMPERATURE (F)   31        66      1906
 MINIMUM TEMPERATURE (F)   16       -20      1985


SUNRISE AND SUNSET
JANUARY 21 2017.......SUNRISE   721 AM EST   SUNSET   505 PM EST
JANUARY 22 2017.......SUNRISE   721 AM EST   SUNSET   506 PM EST


-  INDICATES NEGATIVE NUMBERS.
R  INDICATES RECORD WAS SET OR TIED.
MM INDICATES DATA IS MISSING.
T  INDICATES TRACE AMOUNT.




$$
