000
CDUS41 KPHI 270634
CLIMPO


CLIMATE REPORT
NATIONAL WEATHER SERVICE MOUNT HOLLY NJ
233 AM EDT SAT MAY 27 2017


...................................

...THE MOUNT POCONO PA CLIMATE SUMMARY FOR MAY 26 2017...

CLIMATE NORMAL PERIOD 1981 TO 2010
CLIMATE RECORD PERIOD 1901 TO 2017


WEATHER ITEM   OBSERVED TIME   RECORD YEAR NORMAL DEPARTURE LAST
                VALUE   (LST)  VALUE       VALUE  FROM      YEAR
                                                  NORMAL
..................................................................
TEMPERATURE (F)
 YESTERDAY
  MAXIMUM         64    453 PM  87    2010  68     -4       84
  MINIMUM         52    402 AM  30    1925  48      4       47
  AVERAGE         58                        58      0       66

PRECIPITATION (IN)
  YESTERDAY        0.05          0.53 2012   0.18  -0.13     0.00
  MONTH TO DATE    3.08                      3.56  -0.48     3.42
  SINCE MAR 1     10.93                     11.41  -0.48     6.96
  SINCE JAN 1     15.89                     16.67  -0.78    14.94

DEGREE DAYS
 HEATING
  YESTERDAY        7                         8     -1        0
  MONTH TO DATE  337                       285     52      394
  SINCE MAR 1   1882                      1856     26     1767
  SINCE JUL 1   6485                      6979   -494     6052

 COOLING
  YESTERDAY        0                         1     -1        1
  MONTH TO DATE   15                         8      7        1
  SINCE MAR 1     18                        12      6        1
  SINCE JAN 1     18                        12      6        1
..................................................................


WIND (MPH)
  HIGHEST WIND SPEED    20   HIGHEST WIND DIRECTION     W (290)
  HIGHEST GUST SPEED    27   HIGHEST GUST DIRECTION     W (290)
  AVERAGE WIND SPEED    10.1


SKY COVER
  POSSIBLE SUNSHINE  MM
  AVERAGE SKY COVER 0.9


WEATHER CONDITIONS
 THE FOLLOWING WEATHER WAS RECORDED YESTERDAY.
  LIGHT RAIN
  FOG


RELATIVE HUMIDITY (PERCENT)
 HIGHEST   100          1200 AM
 LOWEST     67           500 PM
 AVERAGE    84

..........................................................


THE MOUNT POCONO PA CLIMATE NORMALS FOR TODAY
                         NORMAL    RECORD    YEAR
 MAXIMUM TEMPERATURE (F)   68        88      1914
 MINIMUM TEMPERATURE (F)   48        29      1969


SUNRISE AND SUNSET
MAY 27 2017...........SUNRISE   534 AM EDT   SUNSET   824 PM EDT
MAY 28 2017...........SUNRISE   533 AM EDT   SUNSET   825 PM EDT


-  INDICATES NEGATIVE NUMBERS.
R  INDICATES RECORD WAS SET OR TIED.
MM INDICATES DATA IS MISSING.
T  INDICATES TRACE AMOUNT.




$$
