000
CDUS41 KPHI 290641
CLIMPO


CLIMATE REPORT
NATIONAL WEATHER SERVICE MOUNT HOLLY NJ
240 AM EDT SUN MAY 29 2016


...................................

...THE MOUNT POCONO PA CLIMATE SUMMARY FOR MAY 28 2016...

CLIMATE NORMAL PERIOD 1981 TO 2010
CLIMATE RECORD PERIOD 1901 TO 2016


WEATHER ITEM   OBSERVED TIME   RECORD YEAR NORMAL DEPARTURE LAST
                VALUE   (LST)  VALUE       VALUE  FROM      YEAR
                                                  NORMAL
..................................................................
TEMPERATURE (F)
 YESTERDAY
  MAXIMUM         85   1124 AM  86    2012  68     17       79
  MINIMUM         62    453 AM  30    1983  49     13       53
  AVERAGE         74                        58     16       66

PRECIPITATION (IN)
  YESTERDAY        0.54          1.53 2002   0.16   0.38     0.00
  MONTH TO DATE    3.96                      3.89   0.07     0.72
  SINCE MAR 1      7.50                     11.74  -4.24     5.95
  SINCE JAN 1     15.48                     17.00  -1.52     9.30

SNOWFALL (IN)
  YESTERDAY       MM            MM      MM  MM     MM       MM
  MONTH TO DATE   MM                        MM     MM       MM
  SINCE MAR 1     MM                        MM     MM       MM
  SINCE JUL 1     MM                        MM     MM       MM
  SNOW DEPTH      MM

DEGREE DAYS
 HEATING
  YESTERDAY        0                         7     -7        0
  MONTH TO DATE  394                       300     94      168
  SINCE MAR 1   1767                      1871   -104     1859
  SINCE JUL 1   6052                      6994   -942     7294

 COOLING
  YESTERDAY        9                         1      8        1
  MONTH TO DATE   15                        10      5       46
  SINCE MAR 1     15                        14      1       46
  SINCE JAN 1     15                        14      1       46
..................................................................


WIND (MPH)
  HIGHEST WIND SPEED    21   HIGHEST WIND DIRECTION     N (20)
  HIGHEST GUST SPEED    30   HIGHEST GUST DIRECTION     N (10)
  AVERAGE WIND SPEED     5.7


SKY COVER
  POSSIBLE SUNSHINE  MM
  AVERAGE SKY COVER 0.3


WEATHER CONDITIONS
 THE FOLLOWING WEATHER WAS RECORDED YESTERDAY.
  THUNDERSTORM
  HEAVY RAIN
  RAIN
  LIGHT RAIN
  FOG


RELATIVE HUMIDITY (PERCENT)
 HIGHEST    93           300 AM
 LOWEST     47          1000 AM
 AVERAGE    70

..........................................................


THE MOUNT POCONO PA CLIMATE NORMALS FOR TODAY
                         NORMAL    RECORD    YEAR
 MAXIMUM TEMPERATURE (F)   69        89      1911
 MINIMUM TEMPERATURE (F)   49        28      1936


SUNRISE AND SUNSET
MAY 29 2016...........SUNRISE   533 AM EDT   SUNSET   826 PM EDT
MAY 30 2016...........SUNRISE   532 AM EDT   SUNSET   827 PM EDT


-  INDICATES NEGATIVE NUMBERS.
R  INDICATES RECORD WAS SET OR TIED.
MM INDICATES DATA IS MISSING.
T  INDICATES TRACE AMOUNT.




$$
