000
CDUS41 KPHI 302128
CLIMPO


CLIMATE REPORT
NATIONAL WEATHER SERVICE MOUNT HOLLY NJ
527 PM EDT SAT JUL 30 2016


...................................

...THE MOUNT POCONO PA CLIMATE SUMMARY FOR JULY 30 2016...
VALID TODAY AS OF 0500 PM LOCAL TIME.

CLIMATE NORMAL PERIOD 1981 TO 2010
CLIMATE RECORD PERIOD 1901 TO 2016


WEATHER ITEM   OBSERVED TIME   RECORD YEAR NORMAL DEPARTURE LAST
                VALUE   (LST)  VALUE       VALUE  FROM      YEAR
                                                  NORMAL
..................................................................
TEMPERATURE (F)
 TODAY
  MAXIMUM         78    233 PM  90    1954  78      0       81
  MINIMUM         61    128 AM  42    1968  58      3       62
  AVERAGE         70                        68      2       72

PRECIPITATION (IN)
  TODAY            0.25          1.80 1971   0.21   0.04     0.21
  MONTH TO DATE    4.16                      4.44  -0.28     3.06
  SINCE JUN 1      5.94                      8.82  -2.88    11.83
  SINCE JAN 1     23.37                     26.32  -2.95    22.83

SNOWFALL (IN)
  TODAY           MM            MM      MM  MM     MM       MM
  MONTH TO DATE   MM                        MM     MM       MM
  SINCE JUN 1     MM                        MM     MM       MM
  SINCE JUL 1     MM                        MM     MM       MM
  SNOW DEPTH      MM

DEGREE DAYS
 HEATING
  TODAY            0                         1     -1        0
  MONTH TO DATE   16                        30    -14       13
  SINCE JUN 1    108                       130    -22       97
  SINCE JUL 1     16                        30    -14       13

 COOLING
  TODAY            5                         4      1        7
  MONTH TO DATE  157                       119     38      124
  SINCE JUN 1    182                       181      1      190
  SINCE JAN 1    211                       200     11      247
..................................................................


WIND (MPH)
  HIGHEST WIND SPEED    20   HIGHEST WIND DIRECTION    SW (210)
  HIGHEST GUST SPEED    27   HIGHEST GUST DIRECTION    SW (210)
  AVERAGE WIND SPEED     4.7


SKY COVER
  POSSIBLE SUNSHINE  MM
  AVERAGE SKY COVER 0.5


WEATHER CONDITIONS
 THE FOLLOWING WEATHER WAS RECORDED TODAY.
  THUNDERSTORM
  HEAVY RAIN
  RAIN
  LIGHT RAIN
  FOG


RELATIVE HUMIDITY (PERCENT)
 HIGHEST    93          1200 AM
 LOWEST     67          1200 PM
 AVERAGE    80

..........................................................


THE MOUNT POCONO PA CLIMATE NORMALS FOR TOMORROW
                         NORMAL    RECORD    YEAR
 MAXIMUM TEMPERATURE (F)   78        95      1954
 MINIMUM TEMPERATURE (F)   58        43      1932


SUNRISE AND SUNSET
JULY 30 2016..........SUNRISE   556 AM EDT   SUNSET   820 PM EDT
JULY 31 2016..........SUNRISE   557 AM EDT   SUNSET   819 PM EDT


-  INDICATES NEGATIVE NUMBERS.
R  INDICATES RECORD WAS SET OR TIED.
MM INDICATES DATA IS MISSING.
T  INDICATES TRACE AMOUNT.




$$
