000
CDUS41 KBTV 290620
CLIMPV


CLIMATE REPORT
NATIONAL WEATHER SERVICE BURLINGTON VT
216 AM EDT WED MAR 29 2017


...................................

...THE MONTPELIER VT CLIMATE SUMMARY FOR MARCH 28 2017...

CLIMATE NORMAL PERIOD 1981 TO 2010
CLIMATE RECORD PERIOD 1948 TO 2017


WEATHER ITEM   OBSERVED TIME   RECORD YEAR NORMAL DEPARTURE LAST
                VALUE   (LST)  VALUE       VALUE  FROM      YEAR
                                                  NORMAL
..................................................................
TEMPERATURE (F)
 YESTERDAY
  MAXIMUM         44    258 PM  72    1998  44      0       42
  MINIMUM         33    647 AM   3    1974  24      9       35
  AVERAGE         39                        34      5       39

PRECIPITATION (IN)
  YESTERDAY        0.04          0.58        0.08  -0.04     0.31
  MONTH TO DATE    2.14                      2.14   0.00     2.49
  SINCE MAR 1      2.14                      2.14   0.00     2.49
  SINCE JAN 1      6.06                      6.63  -0.57     7.66

DEGREE DAYS
 HEATING
  YESTERDAY       26                        31     -5       26
  MONTH TO DATE 1186                      1027    159      893
  SINCE MAR 1   1186                      1027    159      893
  SINCE JUL 1   6407                      6935   -528     6047

 COOLING
  YESTERDAY        0                         0      0        0
  MONTH TO DATE    0                         0      0        0
  SINCE MAR 1      0                         0      0        0
  SINCE JAN 1      0                         0      0        0
..................................................................


WIND (MPH)
  HIGHEST WIND SPEED    17   HIGHEST WIND DIRECTION     S (160)
  HIGHEST GUST SPEED    20   HIGHEST GUST DIRECTION     S (160)
  AVERAGE WIND SPEED     4.7


SKY COVER
  AVERAGE SKY COVER 0.9


WEATHER CONDITIONS
 THE FOLLOWING WEATHER WAS RECORDED YESTERDAY.
  LIGHT RAIN
  FOG
  FOG W/VISIBILITY <= 1/4 MILE


RELATIVE HUMIDITY (PERCENT)
 HIGHEST   100           200 AM
 LOWEST     83           200 PM
 AVERAGE    92

..........................................................


THE MONTPELIER VT CLIMATE NORMALS FOR TODAY
                         NORMAL    RECORD    YEAR
 MAXIMUM TEMPERATURE (F)   44        70      1977
 MINIMUM TEMPERATURE (F)   24        -5      1974


SUNRISE AND SUNSET
MARCH 29 2017.........SUNRISE   637 AM EDT   SUNSET   714 PM EDT
MARCH 30 2017.........SUNRISE   635 AM EDT   SUNSET   715 PM EDT


-  INDICATES NEGATIVE NUMBERS.
R  INDICATES RECORD WAS SET OR TIED.
MM INDICATES DATA IS MISSING.
T  INDICATES TRACE AMOUNT.




$$
