000
CDUS41 KBTV 130607
CLIMPV

CLIMATE REPORT
NATIONAL WEATHER SERVICE BURLINGTON VT
1258 AM EST WED DEC 13 2017

...................................

...THE MONTPELIER VT CLIMATE SUMMARY FOR DECEMBER 12 2017...

CLIMATE NORMAL PERIOD 1981 TO 2010
CLIMATE RECORD PERIOD 1948 TO 2017


WEATHER ITEM   OBSERVED TIME   RECORD YEAR NORMAL DEPARTURE LAST
                VALUE   (LST)  VALUE       VALUE  FROM      YEAR
                                                  NORMAL
..................................................................
TEMPERATURE (F)
 YESTERDAY
  MAXIMUM         28    354 PM  60    1979  33     -5       36
  MINIMUM         15    412 AM -13    1977  16     -1       21
  AVERAGE         22                        24     -2       29

PRECIPITATION (IN)
  YESTERDAY        0.47          1.50        0.10   0.37     0.25
  MONTH TO DATE    0.85                      1.19  -0.34     1.00
  SINCE DEC 1      0.85                      1.19  -0.34     1.00
  SINCE JAN 1     41.78                     35.72   6.06    32.91

DEGREE DAYS
 HEATING
  YESTERDAY       43                        41      2       36
  MONTH TO DATE  424                       460    -36      462
  SINCE DEC 1    424                       460    -36      462
  SINCE JUL 1   2058                      2306   -248     2051

 COOLING
  YESTERDAY        0                         0      0        0
  MONTH TO DATE    0                         0      0        0
  SINCE DEC 1      0                         0      0        0
  SINCE JAN 1    243                       264    -21      300
..................................................................


WIND (MPH)
  HIGHEST WIND SPEED    21   HIGHEST WIND DIRECTION    NW (310)
  HIGHEST GUST SPEED    29   HIGHEST GUST DIRECTION    NW (310)
  AVERAGE WIND SPEED     5.0


SKY COVER
  AVERAGE SKY COVER 1.0


WEATHER CONDITIONS
 THE FOLLOWING WEATHER WAS RECORDED YESTERDAY.
  SNOW
  LIGHT SNOW
  FOG
  FOG W/VISIBILITY <= 1/4 MILE


RELATIVE HUMIDITY (PERCENT)
 HIGHEST   100           700 AM
 LOWEST     88          1200 AM
 AVERAGE    94

..........................................................


THE MONTPELIER VT CLIMATE NORMALS FOR TODAY
                         NORMAL    RECORD    YEAR
 MAXIMUM TEMPERATURE (F)   32        55      1991
 MINIMUM TEMPERATURE (F)   15       -12      1962


SUNRISE AND SUNSET
DECEMBER 13 2017......SUNRISE   717 AM EST   SUNSET   412 PM EST
DECEMBER 14 2017......SUNRISE   718 AM EST   SUNSET   412 PM EST


-  INDICATES NEGATIVE NUMBERS.
R  INDICATES RECORD WAS SET OR TIED.
MM INDICATES DATA IS MISSING.
T  INDICATES TRACE AMOUNT.

$$
