309
CDUS41 KBTV 090605
CLIMPV


CLIMATE REPORT
NATIONAL WEATHER SERVICE BURLINGTON VT
105 AM EST FRI DEC 9 2016


...................................

...THE MONTPELIER VT CLIMATE SUMMARY FOR DECEMBER 8 2016...

CLIMATE NORMAL PERIOD 1981 TO 2010
CLIMATE RECORD PERIOD 1948 TO 2016


WEATHER ITEM   OBSERVED TIME   RECORD YEAR NORMAL DEPARTURE LAST
                VALUE   (LST)  VALUE       VALUE  FROM      YEAR
                                                  NORMAL
..................................................................
TEMPERATURE (F)
 YESTERDAY
  MAXIMUM         35    114 PM  61    1951  34      1       34
  MINIMUM         27   1152 PM -10    1989  18      9       19
  AVERAGE         31                        26      5       27

PRECIPITATION (IN)
  YESTERDAY        0.01          0.51        0.10  -0.09     0.00
  MONTH TO DATE    0.72                      0.80  -0.08     0.84
  SINCE DEC 1      0.72                      0.80  -0.08     0.84
  SINCE JAN 1     32.63                     35.33  -2.70    35.74

DEGREE DAYS
 HEATING
  YESTERDAY       34                        39     -5       38
  MONTH TO DATE  277                       300    -23      266
  SINCE DEC 1    277                       300    -23      266
  SINCE JUL 1   1866                      2146   -280     1909

 COOLING
  YESTERDAY        0                         0      0        0
  MONTH TO DATE    0                         0      0        0
  SINCE DEC 1      0                         0      0        0
  SINCE JAN 1    300                       264     36      290
..................................................................


WIND (MPH)
  HIGHEST WIND SPEED    16   HIGHEST WIND DIRECTION    SW (220)
  HIGHEST GUST SPEED    23   HIGHEST GUST DIRECTION     W (280)
  AVERAGE WIND SPEED     5.7


SKY COVER
  AVERAGE SKY COVER 0.7


WEATHER CONDITIONS
 THE FOLLOWING WEATHER WAS RECORDED YESTERDAY.
  SNOW
  LIGHT SNOW
  FOG


RELATIVE HUMIDITY (PERCENT)
 HIGHEST    92          1200 AM
 LOWEST     59          1200 PM
 AVERAGE    76

..........................................................


THE MONTPELIER VT CLIMATE NORMALS FOR TODAY
                         NORMAL    RECORD    YEAR
 MAXIMUM TEMPERATURE (F)   34        60      1966
 MINIMUM TEMPERATURE (F)   17       -16      1989


SUNRISE AND SUNSET
DECEMBER  9 2016......SUNRISE   714 AM EST   SUNSET   411 PM EST
DECEMBER 10 2016......SUNRISE   715 AM EST   SUNSET   411 PM EST


-  INDICATES NEGATIVE NUMBERS.
R  INDICATES RECORD WAS SET OR TIED.
MM INDICATES DATA IS MISSING.
T  INDICATES TRACE AMOUNT.




$$
