000
CDUS41 KBTV 260637
CLIMPV


CLIMATE REPORT
NATIONAL WEATHER SERVICE BURLINGTON VT
234 AM EDT MON SEP 26 2016


...................................

...THE MONTPELIER VT CLIMATE SUMMARY FOR SEPTEMBER 25 2016...

CLIMATE NORMAL PERIOD 1981 TO 2010
CLIMATE RECORD PERIOD 1948 TO 2016


WEATHER ITEM   OBSERVED TIME   RECORD YEAR NORMAL DEPARTURE LAST
                VALUE   (LST)  VALUE       VALUE  FROM      YEAR
                                                  NORMAL
..................................................................
TEMPERATURE (F)
 YESTERDAY
  MAXIMUM         56    258 PM  85    2007  65     -9       64
  MINIMUM         34   1159 PM  24    1963  43     -9       38
  AVERAGE         45                        54     -9       51

PRECIPITATION (IN)
  YESTERDAY        0.00          2.09        0.12  -0.12     0.00
  MONTH TO DATE    1.71                      2.54  -0.83     2.74
  SINCE SEP 1      1.71                      2.54  -0.83     2.74
  SINCE JAN 1     26.27                     27.34  -1.07    28.68

DEGREE DAYS
 HEATING
  YESTERDAY       20                        12      8       14
  MONTH TO DATE  100                       183    -83       86
  SINCE SEP 1    100                       183    -83       86
  SINCE JUL 1    154                       291   -137      163

 COOLING
  YESTERDAY        0                         0      0        0
  MONTH TO DATE   28                        16     12       48
  SINCE SEP 1     28                        16     12       48
  SINCE JAN 1    300                       260     40      289
..................................................................


WIND (MPH)
  HIGHEST WIND SPEED    18   HIGHEST WIND DIRECTION    NW (300)
  HIGHEST GUST SPEED    25   HIGHEST GUST DIRECTION     W (290)
  AVERAGE WIND SPEED     5.3


SKY COVER
  AVERAGE SKY COVER 0.1


WEATHER CONDITIONS
 THE FOLLOWING WEATHER WAS RECORDED YESTERDAY.
  FOG


RELATIVE HUMIDITY (PERCENT)
 HIGHEST    92          1100 PM
 LOWEST     46           400 PM
 AVERAGE    69

..........................................................


THE MONTPELIER VT CLIMATE NORMALS FOR TODAY
                         NORMAL    RECORD    YEAR
 MAXIMUM TEMPERATURE (F)   64        83      2007
 MINIMUM TEMPERATURE (F)   42        28      1950


SUNRISE AND SUNSET
SEPTEMBER 26 2016.....SUNRISE   643 AM EDT   SUNSET   639 PM EDT
SEPTEMBER 27 2016.....SUNRISE   644 AM EDT   SUNSET   638 PM EDT


-  INDICATES NEGATIVE NUMBERS.
R  INDICATES RECORD WAS SET OR TIED.
MM INDICATES DATA IS MISSING.
T  INDICATES TRACE AMOUNT.




$$
