042
CDUS41 KBTV 240539
CLIMPV


CLIMATE REPORT
NATIONAL WEATHER SERVICE BURLINGTON VT
136 AM EDT TUE MAY 24 2016


...................................

...THE MONTPELIER VT CLIMATE SUMMARY FOR MAY 23 2016...

CLIMATE NORMAL PERIOD 1981 TO 2010
CLIMATE RECORD PERIOD 1948 TO 2016


WEATHER ITEM   OBSERVED TIME   RECORD YEAR NORMAL DEPARTURE LAST
                VALUE   (LST)  VALUE       VALUE  FROM      YEAR
                                                  NORMAL
..................................................................
TEMPERATURE (F)
 YESTERDAY
  MAXIMUM         77    459 PM  88    1975  68      9       58
  MINIMUM         46    502 AM  28    1990  44      2       33
  AVERAGE         62                        56      6       46

PRECIPITATION (IN)
  YESTERDAY        0.00          0.62        0.11  -0.11      T
  MONTH TO DATE    2.14                      2.43  -0.29     2.01
  SINCE MAR 1      6.91                      7.48  -0.57     4.91
  SINCE JAN 1     12.08                     11.97   0.11     7.78

DEGREE DAYS
 HEATING
  YESTERDAY        3                         9     -6       19
  MONTH TO DATE  339                       290     49      201
  SINCE MAR 1   2100                      2086     14     2275
  SINCE JUL 1   7254                      7994   -740     8613

 COOLING
  YESTERDAY        0                         0      0        0
  MONTH TO DATE    0                         0      0        9
  SINCE MAR 1      0                         1     -1        9
  SINCE JAN 1      0                         1     -1        9
..................................................................


WIND (MPH)
  HIGHEST WIND SPEED    14   HIGHEST WIND DIRECTION     N (360)
  HIGHEST GUST SPEED    17   HIGHEST GUST DIRECTION     N (360)
  AVERAGE WIND SPEED     2.9


SKY COVER
  AVERAGE SKY COVER 0.4


WEATHER CONDITIONS
 THE FOLLOWING WEATHER WAS RECORDED YESTERDAY.
  FOG W/VISIBILITY <= 1/4 MILE


RELATIVE HUMIDITY (PERCENT)
 HIGHEST   100          1200 AM
 LOWEST     18           400 PM
 AVERAGE    59

..........................................................


THE MONTPELIER VT CLIMATE NORMALS FOR TODAY
                         NORMAL    RECORD    YEAR
 MAXIMUM TEMPERATURE (F)   68        86      2007
                                             1964
 MINIMUM TEMPERATURE (F)   45        27      1956


SUNRISE AND SUNSET
MAY 24 2016...........SUNRISE   515 AM EDT   SUNSET   820 PM EDT
MAY 25 2016...........SUNRISE   514 AM EDT   SUNSET   821 PM EDT


-  INDICATES NEGATIVE NUMBERS.
R  INDICATES RECORD WAS SET OR TIED.
MM INDICATES DATA IS MISSING.
T  INDICATES TRACE AMOUNT.




$$
