000
CDUS41 KBTV 251226
CLIMPV


CLIMATE REPORT
NATIONAL WEATHER SERVICE BURLINGTON VT
826 AM EDT SAT OCT 25 2014


...................................

...THE MONTPELIER VT CLIMATE SUMMARY FOR OCTOBER 24 2014...

CLIMATE NORMAL PERIOD 1981 TO 2010
CLIMATE RECORD PERIOD 1948 TO 2014


WEATHER ITEM   OBSERVED TIME   RECORD YEAR NORMAL DEPARTURE LAST
                VALUE   (LST)  VALUE       VALUE  FROM      YEAR
                                                  NORMAL
..................................................................
TEMPERATURE (F)
 YESTERDAY
  MAXIMUM         44    902 PM  76    1963  53     -9       43
  MINIMUM         35   1150 PM  18    1969  33      2       27
  AVERAGE         40                        43     -3       35

PRECIPITATION (IN)
  YESTERDAY        0.10          1.35        0.10   0.00     0.16
  MONTH TO DATE    4.02                      2.71   1.31     2.27
  SINCE SEP 1      5.57                      5.83  -0.26     6.59
  SINCE JAN 1     30.66                     30.63   0.03    31.88

DEGREE DAYS
 HEATING
  YESTERDAY       25                        22      3       30
  MONTH TO DATE  349                       438    -89      346
  SINCE SEP 1    620                       685    -65      633
  SINCE JUL 1    733                       793    -60      726

 COOLING
  YESTERDAY        0                         0      0        0
  MONTH TO DATE    2                         0      2        0
  SINCE SEP 1     22                        19      3       29
  SINCE JAN 1    188                       263    -75      323
..................................................................


WIND (MPH)
  HIGHEST WIND SPEED    13   HIGHEST WIND DIRECTION     N (340)
  HIGHEST GUST SPEED    18   HIGHEST GUST DIRECTION     N (340)
  AVERAGE WIND SPEED     6.4


SKY COVER
  AVERAGE SKY COVER 0.9


WEATHER CONDITIONS
 THE FOLLOWING WEATHER WAS RECORDED YESTERDAY.
  LIGHT RAIN
  FOG
  HAZE


RELATIVE HUMIDITY (PERCENT)
 HIGHEST   100           100 AM
 LOWEST     76           900 PM
 AVERAGE    88

..........................................................


THE MONTPELIER VT CLIMATE NORMALS FOR TODAY
                         NORMAL    RECORD    YEAR
 MAXIMUM TEMPERATURE (F)   53        79      1963
 MINIMUM TEMPERATURE (F)   33        17      1981


SUNRISE AND SUNSET
OCTOBER 25 2014.......SUNRISE   718 AM EDT   SUNSET   550 PM EDT
OCTOBER 26 2014.......SUNRISE   719 AM EDT   SUNSET   549 PM EDT


-  INDICATES NEGATIVE NUMBERS.
R  INDICATES RECORD WAS SET OR TIED.
MM INDICATES DATA IS MISSING.
T  INDICATES TRACE AMOUNT.




$$
