000
CDUS41 KBTV 190536
CLIMPV


CLIMATE REPORT
NATIONAL WEATHER SERVICE BURLINGTON VT
134 AM EDT SAT APR 19 2014


...................................

...THE MONTPELIER VT CLIMATE SUMMARY FOR APRIL 18 2014...

CLIMATE NORMAL PERIOD 1981 TO 2010
CLIMATE RECORD PERIOD 1948 TO 2014


WEATHER ITEM   OBSERVED TIME   RECORD YEAR NORMAL DEPARTURE LAST
                VALUE   (LST)  VALUE       VALUE  FROM      YEAR
                                                  NORMAL
..................................................................
TEMPERATURE (F)
 YESTERDAY
  MAXIMUM         49    238 PM  90    1976  55     -6       60
  MINIMUM         23    508 AM  21    1962  33    -10       28
  AVERAGE         36                        44     -8       44

PRECIPITATION (IN)
  YESTERDAY        0.00          0.74        0.09  -0.09     0.01
  MONTH TO DATE    1.34                      1.57  -0.23     1.42
  SINCE MAR 1      4.39                      3.96   0.43     2.31
  SINCE JAN 1      8.70                      8.45   0.25     4.55

DEGREE DAYS
 HEATING
  YESTERDAY       29                        21      8       21
  MONTH TO DATE  481                       454     27      499
  SINCE MAR 1   1930                      1571    359     1563
  SINCE JUL 1   8095                      7479    616     7112

 COOLING
  YESTERDAY        0                         0      0        0
  MONTH TO DATE    0                         0      0        0
  SINCE MAR 1      0                         0      0        0
  SINCE JAN 1      0                         0      0        0
..................................................................


WIND (MPH)
  HIGHEST WIND SPEED    18   HIGHEST WIND DIRECTION     S (160)
  HIGHEST GUST SPEED    24   HIGHEST GUST DIRECTION    SE (150)
  AVERAGE WIND SPEED     8.1


SKY COVER
  AVERAGE SKY COVER 0.1


WEATHER CONDITIONS
 THE FOLLOWING WEATHER WAS RECORDED YESTERDAY.
  NO SIGNIFICANT WEATHER WAS OBSERVED.


RELATIVE HUMIDITY (PERCENT)
 HIGHEST    68           300 AM
 LOWEST     25          1200 PM
 AVERAGE    47

..........................................................


THE MONTPELIER VT CLIMATE NORMALS FOR TODAY
                         NORMAL    RECORD    YEAR
 MAXIMUM TEMPERATURE (F)   55        90      1976
 MINIMUM TEMPERATURE (F)   33        22      2001


SUNRISE AND SUNSET
APRIL 19 2014.........SUNRISE   600 AM EDT   SUNSET   739 PM EDT
APRIL 20 2014.........SUNRISE   559 AM EDT   SUNSET   741 PM EDT


-  INDICATES NEGATIVE NUMBERS.
R  INDICATES RECORD WAS SET OR TIED.
MM INDICATES DATA IS MISSING.
T  INDICATES TRACE AMOUNT.




$$
