000
CDUS41 KBTV 240614
CLIMPV


CLIMATE REPORT
NATIONAL WEATHER SERVICE BURLINGTON VT
113 AM EST TUE JAN 24 2017


...................................

...THE MONTPELIER VT CLIMATE SUMMARY FOR JANUARY 23 2017...

CLIMATE NORMAL PERIOD 1981 TO 2010
CLIMATE RECORD PERIOD 1948 TO 2017


WEATHER ITEM   OBSERVED TIME   RECORD YEAR NORMAL DEPARTURE LAST
                VALUE   (LST)  VALUE       VALUE  FROM      YEAR
                                                  NORMAL
..................................................................
TEMPERATURE (F)
 YESTERDAY
  MAXIMUM         33    227 AM  54    1957  26      7       20
  MINIMUM         28   1159 PM -18    2000   7     21       -1
  AVERAGE         31                        16     15       10

PRECIPITATION (IN)
  YESTERDAY        0.00          1.08        0.09  -0.09     0.00
  MONTH TO DATE    0.84                      1.76  -0.92     1.17
  SINCE DEC 1      3.43                      4.50  -1.07     4.86
  SINCE JAN 1      0.84                      1.76  -0.92     1.17

DEGREE DAYS
 HEATING
  YESTERDAY       34                        49    -15       55
  MONTH TO DATE  938                      1115   -177     1062
  SINCE DEC 1   2233                      2417   -184     1990
  SINCE JUL 1   3822                      4263   -441     3633

 COOLING
  YESTERDAY        0                         0      0        0
  MONTH TO DATE    0                         0      0        0
  SINCE DEC 1      0                         0      0        0
  SINCE JAN 1      0                         0      0        0
..................................................................


WIND (MPH)
  HIGHEST WIND SPEED    15   HIGHEST WIND DIRECTION    SE (150)
  HIGHEST GUST SPEED    20   HIGHEST GUST DIRECTION    SE (150)
  AVERAGE WIND SPEED     6.3


SKY COVER
  AVERAGE SKY COVER 0.6


WEATHER CONDITIONS
 THE FOLLOWING WEATHER WAS RECORDED YESTERDAY.
  NO SIGNIFICANT WEATHER WAS OBSERVED.


RELATIVE HUMIDITY (PERCENT)
 HIGHEST    89          1200 AM
 LOWEST     63           200 PM
 AVERAGE    76

..........................................................


THE MONTPELIER VT CLIMATE NORMALS FOR TODAY
                         NORMAL    RECORD    YEAR
 MAXIMUM TEMPERATURE (F)   26        50      1999
 MINIMUM TEMPERATURE (F)    7       -22      2011


SUNRISE AND SUNSET
JANUARY 24 2017.......SUNRISE   716 AM EST   SUNSET   449 PM EST
JANUARY 25 2017.......SUNRISE   715 AM EST   SUNSET   451 PM EST


-  INDICATES NEGATIVE NUMBERS.
R  INDICATES RECORD WAS SET OR TIED.
MM INDICATES DATA IS MISSING.
T  INDICATES TRACE AMOUNT.




$$
