817
CDUS41 KBTV 280527
CLIMPV


CLIMATE REPORT
NATIONAL WEATHER SERVICE BURLINGTON VT
125 AM EDT SUN AUG 28 2016


...................................

...THE MONTPELIER VT CLIMATE SUMMARY FOR AUGUST 27 2016...

CLIMATE NORMAL PERIOD 1981 TO 2010
CLIMATE RECORD PERIOD 1948 TO 2016


WEATHER ITEM   OBSERVED TIME   RECORD YEAR NORMAL DEPARTURE LAST
                VALUE   (LST)  VALUE       VALUE  FROM      YEAR
                                                  NORMAL
..................................................................
TEMPERATURE (F)
 YESTERDAY
  MAXIMUM         80    236 PM  91    1952  75      5       68
  MINIMUM         55    533 AM  36    1989  52      3       52
  AVERAGE         68                        64      4       60

PRECIPITATION (IN)
  YESTERDAY        0.00          1.43        0.10  -0.10     0.01
  MONTH TO DATE    5.35                      3.61   1.74     1.82
  SINCE JUN 1     12.13                     11.49   0.64    15.24
  SINCE JAN 1     24.41                     24.40   0.01    25.94

DEGREE DAYS
 HEATING
  YESTERDAY        0                         3     -3        5
  MONTH TO DATE   18                        55    -37       19
  SINCE JUN 1    182                       216    -34      232
  SINCE JUL 1     50                        95    -45       70

 COOLING
  YESTERDAY        3                         2      1        0
  MONTH TO DATE  101                        70     31       88
  SINCE JUN 1    236                       228      8      199
  SINCE JAN 1    265                       238     27      233
..................................................................


WIND (MPH)
  HIGHEST WIND SPEED     9   HIGHEST WIND DIRECTION    NE (30)
  HIGHEST GUST SPEED    12   HIGHEST GUST DIRECTION    NE (30)
  AVERAGE WIND SPEED     1.9


SKY COVER
  AVERAGE SKY COVER 0.2


WEATHER CONDITIONS
 THE FOLLOWING WEATHER WAS RECORDED YESTERDAY.
  FOG


RELATIVE HUMIDITY (PERCENT)
 HIGHEST    93           300 AM
 LOWEST     48           100 PM
 AVERAGE    71

..........................................................


THE MONTPELIER VT CLIMATE NORMALS FOR TODAY
                         NORMAL    RECORD    YEAR
 MAXIMUM TEMPERATURE (F)   75        92      1952
 MINIMUM TEMPERATURE (F)   52        38      1957


SUNRISE AND SUNSET
AUGUST 28 2016........SUNRISE   609 AM EDT   SUNSET   733 PM EDT
AUGUST 29 2016........SUNRISE   610 AM EDT   SUNSET   731 PM EDT


-  INDICATES NEGATIVE NUMBERS.
R  INDICATES RECORD WAS SET OR TIED.
MM INDICATES DATA IS MISSING.
T  INDICATES TRACE AMOUNT.




$$
