000
CDUS41 KBTV 040635
CLIMPV


CLIMATE REPORT
NATIONAL WEATHER SERVICE BURLINGTON VT
234 AM EDT FRI SEP 4 2015


...................................

...THE MONTPELIER VT CLIMATE SUMMARY FOR SEPTEMBER 3 2015...

CLIMATE NORMAL PERIOD 1981 TO 2010
CLIMATE RECORD PERIOD 1948 TO 2015


WEATHER ITEM   OBSERVED TIME   RECORD YEAR NORMAL DEPARTURE LAST
                VALUE   (LST)  VALUE       VALUE  FROM      YEAR
                                                  NORMAL
..................................................................
TEMPERATURE (F)
 YESTERDAY
  MAXIMUM         81    246 PM  89    1953  74      7       74
  MINIMUM         54   1158 PM  36    1970  50      4       52
  AVERAGE         68                        62      6       63

PRECIPITATION (IN)
  YESTERDAY        0.00          0.83        0.09  -0.09     0.01
  MONTH TO DATE    0.00                      0.28  -0.28     0.76
  SINCE SEP 1      0.00                      0.28  -0.28     0.76
  SINCE JAN 1     25.94                     25.08   0.86    25.85

DEGREE DAYS
 HEATING
  YESTERDAY        0                         4     -4        2
  MONTH TO DATE    0                        12    -12        2
  SINCE SEP 1      0                        12    -12        2
  SINCE JUL 1     77                       120    -43      115

 COOLING
  YESTERDAY        3                         1      2        0
  MONTH TO DATE    9                         3      6       12
  SINCE SEP 1      9                         3      6       12
  SINCE JAN 1    250                       247      3      178
..................................................................


WIND (MPH)
  HIGHEST WIND SPEED    13   HIGHEST WIND DIRECTION    NW (310)
  HIGHEST GUST SPEED    17   HIGHEST GUST DIRECTION    NW (310)
  AVERAGE WIND SPEED     3.3


SKY COVER
  AVERAGE SKY COVER 0.5


WEATHER CONDITIONS
 THE FOLLOWING WEATHER WAS RECORDED YESTERDAY.
  FOG
  FOG W/VISIBILITY <= 1/4 MILE
  HAZE


RELATIVE HUMIDITY (PERCENT)
 HIGHEST   100           300 AM
 LOWEST     54           300 PM
 AVERAGE    77

..........................................................


THE MONTPELIER VT CLIMATE NORMALS FOR TODAY
                         NORMAL    RECORD    YEAR
 MAXIMUM TEMPERATURE (F)   73        90      1953
 MINIMUM TEMPERATURE (F)   50        35      1987


SUNRISE AND SUNSET
SEPTEMBER  4 2015.....SUNRISE   616 AM EDT   SUNSET   721 PM EDT
SEPTEMBER  5 2015.....SUNRISE   617 AM EDT   SUNSET   720 PM EDT


-  INDICATES NEGATIVE NUMBERS.
R  INDICATES RECORD WAS SET OR TIED.
MM INDICATES DATA IS MISSING.
T  INDICATES TRACE AMOUNT.




$$
