000
CDUS41 KBTV 030525
CLIMPV


CLIMATE REPORT
NATIONAL WEATHER SERVICE BURLINGTON VT
123 AM EDT FRI JUL 3 2015


...................................

...THE MONTPELIER VT CLIMATE SUMMARY FOR JULY 2 2015...

CLIMATE NORMAL PERIOD 1981 TO 2010
CLIMATE RECORD PERIOD 1948 TO 2015


WEATHER ITEM   OBSERVED TIME   RECORD YEAR NORMAL DEPARTURE LAST
                VALUE   (LST)  VALUE       VALUE  FROM      YEAR
                                                  NORMAL
..................................................................
TEMPERATURE (F)
 YESTERDAY
  MAXIMUM         70    414 PM  90    1949  78     -8       89
  MINIMUM         47   1141 PM  38    1992  55     -8       68
  AVERAGE         59                        66     -7       79

PRECIPITATION (IN)
  YESTERDAY        0.03          2.25        0.11  -0.08     0.10
  MONTH TO DATE    0.52                      0.22   0.30     0.10
  SINCE JUN 1      9.57                      4.02   5.55     4.12
  SINCE JAN 1     20.27                     16.93   3.34    16.72

DEGREE DAYS
 HEATING
  YESTERDAY        6                         2      4        0
  MONTH TO DATE    6                         4      2        0
  SINCE JUN 1    168                       125     43      100
  SINCE JUL 1      6                         4      2        0

 COOLING
  YESTERDAY        0                         3     -3       14
  MONTH TO DATE    1                         6     -5       25
  SINCE JUN 1     13                        59    -46       55
  SINCE JAN 1     47                        69    -22       56
..................................................................


WIND (MPH)
  HIGHEST WIND SPEED    15   HIGHEST WIND DIRECTION    NW (300)
  HIGHEST GUST SPEED    21   HIGHEST GUST DIRECTION    NW (310)
  AVERAGE WIND SPEED     5.2


SKY COVER
  AVERAGE SKY COVER 0.4


WEATHER CONDITIONS
 THE FOLLOWING WEATHER WAS RECORDED YESTERDAY.
  LIGHT RAIN
  FOG


RELATIVE HUMIDITY (PERCENT)
 HIGHEST    93           400 AM
 LOWEST     39           600 PM
 AVERAGE    66

..........................................................


THE MONTPELIER VT CLIMATE NORMALS FOR TODAY
                         NORMAL    RECORD    YEAR
 MAXIMUM TEMPERATURE (F)   78        91      2002
                                             1966
 MINIMUM TEMPERATURE (F)   55        36      1962


SUNRISE AND SUNSET
JULY  3 2015..........SUNRISE   511 AM EDT   SUNSET   837 PM EDT
JULY  4 2015..........SUNRISE   512 AM EDT   SUNSET   837 PM EDT


-  INDICATES NEGATIVE NUMBERS.
R  INDICATES RECORD WAS SET OR TIED.
MM INDICATES DATA IS MISSING.
T  INDICATES TRACE AMOUNT.




$$
