000
CDUS41 KBTV 230538
CLIMPV

CLIMATE REPORT
NATIONAL WEATHER SERVICE BURLINGTON VT
1236 AM EST FRI FEB 23 2018

...................................

...THE MONTPELIER VT CLIMATE SUMMARY FOR FEBRUARY 22 2018...

CLIMATE NORMAL PERIOD 1981 TO 2010
CLIMATE RECORD PERIOD 1948 TO 2018


WEATHER ITEM   OBSERVED TIME   RECORD YEAR NORMAL DEPARTURE LAST
                VALUE   (LST)  VALUE       VALUE  FROM      YEAR
                                                  NORMAL
..................................................................
TEMPERATURE (F)
 YESTERDAY
  MAXIMUM         32   1223 AM  61    1997  32      0       53
  MINIMUM         20   1150 PM -11    1963  11      9       32
  AVERAGE         26                        22      4       43

PRECIPITATION (IN)
  YESTERDAY        0.00          1.79        0.07  -0.07     0.00
  MONTH TO DATE    1.53                      1.61  -0.08     1.47
  SINCE DEC 1      6.33                      6.80  -0.47     5.83
  SINCE JAN 1      4.06                      4.06   0.00     3.24

DEGREE DAYS
 HEATING
  YESTERDAY       39                        43     -4       22
  MONTH TO DATE  889                      1007   -118      933
  SINCE DEC 1   3837                      3806     31     3480
  SINCE JUL 1   5471                      5652   -181     5069

 COOLING
  YESTERDAY        0                         0      0        0
  MONTH TO DATE    0                         0      0        0
  SINCE DEC 1      0                         0      0        0
  SINCE JAN 1      0                         0      0        0
..................................................................


WIND (MPH)
  HIGHEST WIND SPEED    13   HIGHEST WIND DIRECTION    NW (320)
  HIGHEST GUST SPEED    17   HIGHEST GUST DIRECTION    NW (310)
  AVERAGE WIND SPEED     3.1


SKY COVER
  AVERAGE SKY COVER 0.5


WEATHER CONDITIONS
 THE FOLLOWING WEATHER WAS RECORDED YESTERDAY.
  NO SIGNIFICANT WEATHER WAS OBSERVED.


RELATIVE HUMIDITY (PERCENT)
 HIGHEST    91          1100 PM
 LOWEST     49           200 PM
 AVERAGE    70

..........................................................


THE MONTPELIER VT CLIMATE NORMALS FOR TODAY
                         NORMAL    RECORD    YEAR
 MAXIMUM TEMPERATURE (F)   32        63      2017
 MINIMUM TEMPERATURE (F)   11       -18      2015


SUNRISE AND SUNSET
FEBRUARY 23 2018......SUNRISE   637 AM EST   SUNSET   530 PM EST
FEBRUARY 24 2018......SUNRISE   636 AM EST   SUNSET   532 PM EST


-  INDICATES NEGATIVE NUMBERS.
R  INDICATES RECORD WAS SET OR TIED.
MM INDICATES DATA IS MISSING.
T  INDICATES TRACE AMOUNT.

$$
