000
CDUS41 KBTV 270601
CLIMPV


CLIMATE REPORT
NATIONAL WEATHER SERVICE BURLINGTON VT
1258 AM EST TUE JAN 27 2015


...................................

...THE MONTPELIER VT CLIMATE SUMMARY FOR JANUARY 26 2015...

CLIMATE NORMAL PERIOD 1981 TO 2010
CLIMATE RECORD PERIOD 1948 TO 2015


WEATHER ITEM   OBSERVED TIME   RECORD YEAR NORMAL DEPARTURE LAST
                VALUE   (LST)  VALUE       VALUE  FROM      YEAR
                                                  NORMAL
..................................................................
TEMPERATURE (F)
 YESTERDAY
  MAXIMUM         13    411 PM  60    1950  27    -14       18
  MINIMUM        -12    749 AM -22    1994   7    -19       -6
  AVERAGE          1                        17    -16        6

PRECIPITATION (IN)
  YESTERDAY        0.00          1.19        0.09  -0.09     0.01
  MONTH TO DATE    1.63                      2.02  -0.39     1.83
  SINCE DEC 1      5.20                      4.76   0.44     3.88
  SINCE JAN 1      1.63                      2.02  -0.39     1.83

DEGREE DAYS
 HEATING
  YESTERDAY       64                        48     16       59
  MONTH TO DATE 1360                      1260    100     1291
  SINCE DEC 1   2559                      2562     -3     2645
  SINCE JUL 1   4377                      4408    -31     4549

 COOLING
  YESTERDAY        0                         0      0        0
  MONTH TO DATE    0                         0      0        0
  SINCE DEC 1      0                         0      0        0
  SINCE JAN 1      0                         0      0        0
..................................................................


WIND (MPH)
  HIGHEST WIND SPEED     6   HIGHEST WIND DIRECTION     S (180)
  HIGHEST GUST SPEED    11   HIGHEST GUST DIRECTION     W (280)
  AVERAGE WIND SPEED     1.0


SKY COVER
  AVERAGE SKY COVER 0.2


WEATHER CONDITIONS
 THE FOLLOWING WEATHER WAS RECORDED YESTERDAY.
  FOG
  HAZE


RELATIVE HUMIDITY (PERCENT)
 HIGHEST    92           900 AM
 LOWEST     48           300 PM
 AVERAGE    70

..........................................................


THE MONTPELIER VT CLIMATE NORMALS FOR TODAY
                         NORMAL    RECORD    YEAR
 MAXIMUM TEMPERATURE (F)   27        55      1974
 MINIMUM TEMPERATURE (F)    7       -30      1994


SUNRISE AND SUNSET
JANUARY 27 2015.......SUNRISE   714 AM EST   SUNSET   453 PM EST
JANUARY 28 2015.......SUNRISE   713 AM EST   SUNSET   454 PM EST


-  INDICATES NEGATIVE NUMBERS.
R  INDICATES RECORD WAS SET OR TIED.
MM INDICATES DATA IS MISSING.
T  INDICATES TRACE AMOUNT.




$$
