000
CDUS43 KMPX 290638
CLIMPX


CLIMATE REPORT
NATIONAL WEATHER SERVICE CHANHASSEN MN
1237 AM CST MON DEC 29 2014


...................................

...THE CHANHASSEN MN CLIMATE SUMMARY FOR DECEMBER 28 2014...

CLIMATE NORMAL PERIOD 1981 TO 2010
CLIMATE RECORD PERIOD 1995 TO 2014


WEATHER ITEM   OBSERVED TIME   RECORD YEAR NORMAL DEPARTURE LAST
                VALUE   (LST)  VALUE       VALUE  FROM      YEAR
                                                  NORMAL
..................................................................
TEMPERATURE (F)
 YESTERDAY
  MAXIMUM         23        MM  44    2013  23      0       44
  MINIMUM          3R       MM   3    2008   7     -4       17
  AVERAGE         13                        15     -2       31

PRECIPITATION (IN)
  YESTERDAY        T             0.27 2000   0.03  -0.03      T
  MONTH TO DATE    0.97                      1.13  -0.16     1.20
  SINCE DEC 1      0.97                      1.13  -0.16     1.20
  SINCE JAN 1     36.43                     31.04   5.39    35.02

SNOWFALL (IN)
  YESTERDAY        T             7.5  2000   0.4   -0.4      0.0
  MONTH TO DATE    6.7                      12.6   -5.9     15.8
  SINCE DEC 1      6.7                      12.6   -5.9     15.8
  SINCE JUL 1     14.8                      18.4   -3.6     17.6
  SNOW DEPTH       4

DEGREE DAYS
 HEATING
  YESTERDAY       52                        50      2       34
  MONTH TO DATE 1104                      1302   -198     1497
  SINCE DEC 1   1104                      1302   -198     1497
  SINCE JUL 1   3041                      3009     32     3219

 COOLING
  YESTERDAY        0                         0      0        0
  MONTH TO DATE    0                         0      0        0
  SINCE DEC 1      0                         0      0        0
  SINCE JAN 1    514                       605    -91      667
..................................................................


WIND (MPH)
  HIGHEST WIND SPEED    MM   HIGHEST WIND DIRECTION    MM
  HIGHEST GUST SPEED    MM   HIGHEST GUST DIRECTION    MM
  AVERAGE WIND SPEED    MM


SKY COVER
  POSSIBLE SUNSHINE  MM
  AVERAGE SKY COVER  MM


WEATHER CONDITIONS
 THE FOLLOWING WEATHER WAS RECORDED YESTERDAY.
  NO SIGNIFICANT WEATHER WAS OBSERVED.


RELATIVE HUMIDITY (PERCENT)
 HIGHEST    MM
 LOWEST     MM
 AVERAGE    MM

..........................................................


THE CHANHASSEN MN CLIMATE NORMALS FOR TODAY
                         NORMAL    RECORD    YEAR
 MAXIMUM TEMPERATURE (F)   23        MM        MM
 MINIMUM TEMPERATURE (F)    7        MM        MM


SUNRISE AND SUNSET
DECEMBER 29 2014......SUNRISE   752 AM CST   SUNSET   441 PM CST
DECEMBER 30 2014......SUNRISE   752 AM CST   SUNSET   442 PM CST


-  INDICATES NEGATIVE NUMBERS.
R  INDICATES RECORD WAS SET OR TIED.
MM INDICATES DATA IS MISSING.
T  INDICATES TRACE AMOUNT.




$$
