000
CDUS43 KMPX 300026
CLIMPX


CLIMATE REPORT
NATIONAL WEATHER SERVICE CHANHASSEN MN
726 PM CDT SUN MAR 29 2015


...................................

...THE CHANHASSEN MN CLIMATE SUMMARY FOR MARCH 29 2015...
VALID TODAY AS OF 0700 PM LOCAL TIME.

CLIMATE NORMAL PERIOD 1981 TO 2010
CLIMATE RECORD PERIOD 1995 TO 2015


WEATHER ITEM   OBSERVED TIME   RECORD YEAR NORMAL DEPARTURE LAST
                VALUE   (LST)  VALUE       VALUE  FROM      YEAR
                                                  NORMAL
..................................................................
TEMPERATURE (F)
 TODAY
  MAXIMUM         51        MM  MM      MM  47      4       42
  MINIMUM         34        MM  MM          28      6       16
  AVERAGE         43                        38      5       29

PRECIPITATION (IN)
  TODAY            0.07         MM      MM   0.08  -0.01     0.00
  MONTH TO DATE    0.78                      1.62  -0.84     0.67
  SINCE MAR 1      0.78                      1.62  -0.84     0.67
  SINCE JAN 1      1.54                      3.43  -1.89     3.58

SNOWFALL (IN)
  TODAY            T            MM      MM   0.3   -0.3      0.0
  MONTH TO DATE    8.8                      10.4   -1.6      3.4
  SINCE MAR 1      8.8                      10.4   -1.6      3.4
  SINCE JUL 1     32.9                      50.1  -17.2     58.7
  SNOW DEPTH       T

DEGREE DAYS
 HEATING
  TODAY           22                        27     -5       36
  MONTH TO DATE  927                       991    -64     1231
  SINCE MAR 1    927                       991    -64     1231
  SINCE JUL 1   7185                      7006    179     8114

 COOLING
  TODAY            0                         0      0        0
  MONTH TO DATE    0                         0      0        0
  SINCE MAR 1      0                         0      0        0
  SINCE JAN 1      0                         0      0        0
..................................................................


WIND (MPH)
  HIGHEST WIND SPEED    MM   HIGHEST WIND DIRECTION    MM
  HIGHEST GUST SPEED    MM   HIGHEST GUST DIRECTION    MM
  AVERAGE WIND SPEED    MM


SKY COVER
  POSSIBLE SUNSHINE  MM
  AVERAGE SKY COVER  MM


WEATHER CONDITIONS
 THE FOLLOWING WEATHER WAS RECORDED TODAY.
  NO SIGNIFICANT WEATHER WAS OBSERVED.


RELATIVE HUMIDITY (PERCENT)
 HIGHEST    MM
 LOWEST     MM
 AVERAGE    MM

..........................................................


THE CHANHASSEN MN CLIMATE NORMALS FOR TOMORROW
                         NORMAL    RECORD    YEAR
 MAXIMUM TEMPERATURE (F)   48        MM        MM
 MINIMUM TEMPERATURE (F)   29        MM        MM


SUNRISE AND SUNSET
MARCH 29 2015.........SUNRISE   701 AM CDT   SUNSET   738 PM CDT
MARCH 30 2015.........SUNRISE   659 AM CDT   SUNSET   739 PM CDT


-  INDICATES NEGATIVE NUMBERS.
R  INDICATES RECORD WAS SET OR TIED.
MM INDICATES DATA IS MISSING.
T  INDICATES TRACE AMOUNT.




$$
