560
CDUS43 KMPX 130624
CLIMPX


CLIMATE REPORT
NATIONAL WEATHER SERVICE CHANHASSEN MN
1222 AM CST SAT FEB 13 2016


...................................

...THE CHANHASSEN MN CLIMATE SUMMARY FOR FEBRUARY 12 2016...

CLIMATE NORMAL PERIOD 1981 TO 2010
CLIMATE RECORD PERIOD 1995 TO 2016


WEATHER ITEM   OBSERVED TIME   RECORD YEAR NORMAL DEPARTURE LAST
                VALUE   (LST)  VALUE       VALUE  FROM      YEAR
                                                  NORMAL
..................................................................
TEMPERATURE (F)
 YESTERDAY
  MAXIMUM         14        MM  53    2005  27    -13        8
  MINIMUM         -4        MM  -9    2003   9    -13       -5
  AVERAGE          5                        18    -13        2

PRECIPITATION (IN)
  YESTERDAY        0.00          0.05 2001   0.03  -0.03     0.00
  MONTH TO DATE    0.74                      0.36   0.38     0.27
  SINCE DEC 1      3.02                      2.48   0.54     1.61
  SINCE JAN 1      1.05                      1.23  -0.18     0.64

SNOWFALL (IN)
  YESTERDAY        0.0           0.5  2014   0.4   -0.4      0.0
  MONTH TO DATE   11.4                       4.2    7.2      3.2
  SINCE DEC 1     25.4                      28.4   -3.0     14.4
  SINCE JUL 1     28.4                      34.2   -5.8     22.5
  SNOW DEPTH       3

DEGREE DAYS
 HEATING
  YESTERDAY       60                        47     13       63
  MONTH TO DATE  595                       579     16      602
  SINCE DEC 1   3254                      3603   -349     3384
  SINCE JUL 1   4586                      5310   -724     5321

 COOLING
  YESTERDAY        0                         0      0        0
  MONTH TO DATE    0                         0      0        0
  SINCE DEC 1      0                         0      0        0
  SINCE JAN 1      0                         0      0        0
..................................................................


WIND (MPH)
  HIGHEST WIND SPEED    MM   HIGHEST WIND DIRECTION    MM
  HIGHEST GUST SPEED    MM   HIGHEST GUST DIRECTION    MM
  AVERAGE WIND SPEED    MM


SKY COVER
  POSSIBLE SUNSHINE  MM
  AVERAGE SKY COVER  MM


WEATHER CONDITIONS
 THE FOLLOWING WEATHER WAS RECORDED YESTERDAY.
  NO SIGNIFICANT WEATHER WAS OBSERVED.


RELATIVE HUMIDITY (PERCENT)
 HIGHEST    MM
 LOWEST     MM
 AVERAGE    MM

..........................................................


THE CHANHASSEN MN CLIMATE NORMALS FOR TODAY
                         NORMAL    RECORD    YEAR
 MAXIMUM TEMPERATURE (F)   27        45      2011
 MINIMUM TEMPERATURE (F)   10         2      2014


SUNRISE AND SUNSET
FEBRUARY 13 2016......SUNRISE   718 AM CST   SUNSET   539 PM CST
FEBRUARY 14 2016......SUNRISE   717 AM CST   SUNSET   540 PM CST


-  INDICATES NEGATIVE NUMBERS.
R  INDICATES RECORD WAS SET OR TIED.
MM INDICATES DATA IS MISSING.
T  INDICATES TRACE AMOUNT.




$$
