000
CDUS43 KMPX 260725
CLIMPX


CLIMATE REPORT
NATIONAL WEATHER SERVICE CHANHASSEN MN
224 AM CDT TUE MAY 26 2015


...................................

...THE CHANHASSEN MN CLIMATE SUMMARY FOR MAY 25 2015...

CLIMATE NORMAL PERIOD 1981 TO 2010
CLIMATE RECORD PERIOD 1995 TO 2015


WEATHER ITEM   OBSERVED TIME   RECORD YEAR NORMAL DEPARTURE LAST
                VALUE   (LST)  VALUE       VALUE  FROM      YEAR
                                                  NORMAL
..................................................................
TEMPERATURE (F)
 YESTERDAY
  MAXIMUM         71        MM  MM      MM  71      0       77
  MINIMUM         56        MM  MM      MM  50      6       56
  AVERAGE         64                        61      3       67

PRECIPITATION (IN)
  YESTERDAY        0.15         MM      MM   0.12   0.03      T
  MONTH TO DATE    3.66                      2.94   0.72     3.36
  SINCE MAR 1      6.66                      7.72  -1.06    11.10
  SINCE JAN 1      7.42                      9.53  -2.11    14.01

SNOWFALL (IN)
  YESTERDAY        0.0          MM      MM   0.0    0.0      0.0
  MONTH TO DATE    T                         0.3   -0.3       T
  SINCE MAR 1      9.3                      14.5   -5.2     14.2
  SINCE JUL 1     33.4                      54.2  -20.8     69.5
  SNOW DEPTH       0

DEGREE DAYS
 HEATING
  YESTERDAY        1                         6     -5        0
  MONTH TO DATE  218                       217      1      282
  SINCE MAR 1   1694                      1821   -127     2258
  SINCE JUL 1   7952                      7836    116     9141

 COOLING
  YESTERDAY        0                         1     -1        2
  MONTH TO DATE    1                        19    -18        5
  SINCE MAR 1      1                        22    -21        5
  SINCE JAN 1      1                        22    -21        5
..................................................................


WIND (MPH)
  HIGHEST WIND SPEED    MM   HIGHEST WIND DIRECTION    MM
  HIGHEST GUST SPEED    MM   HIGHEST GUST DIRECTION    MM
  AVERAGE WIND SPEED    MM


SKY COVER
  POSSIBLE SUNSHINE  MM
  AVERAGE SKY COVER  MM


WEATHER CONDITIONS
 THE FOLLOWING WEATHER WAS RECORDED YESTERDAY.
  NO SIGNIFICANT WEATHER WAS OBSERVED.


RELATIVE HUMIDITY (PERCENT)
 HIGHEST    MM
 LOWEST     MM
 AVERAGE    MM

..........................................................


THE CHANHASSEN MN CLIMATE NORMALS FOR TODAY
                         NORMAL    RECORD    YEAR
 MAXIMUM TEMPERATURE (F)   71        MM        MM
 MINIMUM TEMPERATURE (F)   51        MM        MM


SUNRISE AND SUNSET
MAY 26 2015...........SUNRISE   535 AM CDT   SUNSET   848 PM CDT
MAY 27 2015...........SUNRISE   535 AM CDT   SUNSET   849 PM CDT


-  INDICATES NEGATIVE NUMBERS.
R  INDICATES RECORD WAS SET OR TIED.
MM INDICATES DATA IS MISSING.
T  INDICATES TRACE AMOUNT.




$$
