000
CDUS43 KMQT 120517
CLIMQT


CLIMATE REPORT
NATIONAL WEATHER SERVICE MARQUETTE MI
1217 AM EST TUE DEC 12 2017


...................................

...THE MARQUETTE MI CLIMATE SUMMARY FOR DECEMBER 11 2017...

CLIMATE NORMAL PERIOD 1981 TO 2010
CLIMATE RECORD PERIOD 1961 TO 2017


WEATHER ITEM   OBSERVED RECORD YEAR NORMAL DEPARTURE LAST
                VALUE   VALUE       VALUE  FROM      YEAR
                                           NORMAL
...........................................................
TEMPERATURE (F)
 YESTERDAY
  MAXIMUM         22     45    2002  27     -5       22
  MINIMUM          8    -21    1977  13     -5       -1
  AVERAGE         15                 20     -5       11

PRECIPITATION (IN)
  YESTERDAY        0.14   0.85 2010   0.09   0.05     0.14
  MONTH TO DATE    1.30               1.02   0.28     0.76
  SINCE DEC 1      1.30               1.02   0.28     0.76
  SINCE JAN 1     41.87              34.13   7.74    38.84

SNOWFALL (IN)
  YESTERDAY        4.2   10.5  1983   1.4    2.8      2.6
  MONTH TO DATE   13.1               14.8   -1.7     15.3
  SINCE DEC 1     13.1               14.8   -1.7     15.3
  SINCE JUL 1     38.1               45.3   -7.2     29.5
  SNOW DEPTH       2

DEGREE DAYS
 HEATING
  YESTERDAY       50                 45      5       54
  MONTH TO DATE  452                479    -27      461
  SINCE DEC 1    452                479    -27      461
  SINCE JUL 1   2579               2681   -102     2086

 COOLING
  YESTERDAY        0                  0      0        0
  MONTH TO DATE    0                  0      0        0
  SINCE DEC 1      0                  0      0        0
  SINCE JAN 1    145                242    -97      246
...........................................................


WIND (MPH)
  RESULTANT WIND SPEED  MM   RESULTANT WIND DIRECTION  MM
  HIGHEST WIND SPEED    MM   HIGHEST WIND DIRECTION    MM
  HIGHEST GUST SPEED    34   HIGHEST GUST DIRECTION     N (360)
  AVERAGE WIND SPEED    MM


SKY COVER
  POSSIBLE SUNSHINE  MM
  AVERAGE SKY COVER  MM


WEATHER CONDITIONS
 THE FOLLOWING WEATHER WAS RECORDED YESTERDAY.
  SNOW
  LIGHT SNOW
  BLOWING SNOW


RELATIVE HUMIDITY (PERCENT)
 HIGHEST    MM
 LOWEST     MM
 AVERAGE    MM

..........................................................


THE MARQUETTE MI CLIMATE NORMALS FOR TODAY
                         NORMAL    RECORD    YEAR
 MAXIMUM TEMPERATURE (F)   27        48      1998
 MINIMUM TEMPERATURE (F)   12       -10      2013
                                             1989


SUNRISE AND SUNSET
DECEMBER 12 2017......SUNRISE   825 AM EST   SUNSET   503 PM EST
DECEMBER 13 2017......SUNRISE   826 AM EST   SUNSET   503 PM EST


-  INDICATES NEGATIVE NUMBERS.
R  INDICATES RECORD WAS SET OR TIED.
MM INDICATES DATA IS MISSING.
T  INDICATES TRACE AMOUNT.




$$
