000
CDUS43 KMQT 030517
CLIMQT


CLIMATE REPORT
NATIONAL WEATHER SERVICE MARQUETTE MI
1215 AM EST TUE MAR 3 2015


...................................

...THE MARQUETTE MI CLIMATE SUMMARY FOR MARCH 2 2015...

CLIMATE NORMAL PERIOD 1981 TO 2010
CLIMATE RECORD PERIOD 1961 TO 2015


WEATHER ITEM   OBSERVED RECORD YEAR NORMAL DEPARTURE LAST
                VALUE   VALUE       VALUE  FROM      YEAR
                                           NORMAL
...........................................................
TEMPERATURE (F)
 YESTERDAY
  MAXIMUM         26     50    1964  30     -4        5
  MINIMUM          5    -25    2003   8     -3      -16
  AVERAGE         16                 19     -3       -5

PRECIPITATION (IN)
  YESTERDAY        T      1.39 2007   0.10  -0.10     0.00
  MONTH TO DATE    T                  0.19  -0.19      T
  SINCE MAR 1      T                  0.19  -0.19      T
  SINCE JAN 1      2.92               4.74  -1.82     3.52

SNOWFALL (IN)
  YESTERDAY        T     14.3  2007   1.3   -1.3      0.0
  MONTH TO DATE    T                  2.7   -2.7       T
  SINCE MAR 1      T                  2.7   -2.7       T
  SINCE JUL 1    154.0              155.1   -1.1    129.5
  SNOW DEPTH      32

DEGREE DAYS
 HEATING
  YESTERDAY       49                 46      3       70
  MONTH TO DATE   99                 92      7      136
  SINCE MAR 1     99                 92      7      136
  SINCE JUL 1   7410               6716    694     7458

 COOLING
  YESTERDAY        0                  0      0        0
  MONTH TO DATE    0                  0      0        0
  SINCE MAR 1      0                  0      0        0
  SINCE JAN 1      0                  0      0        0
...........................................................


WIND (MPH)
  RESULTANT WIND SPEED  MM   RESULTANT WIND DIRECTION  MM
  HIGHEST WIND SPEED    MM   HIGHEST WIND DIRECTION    MM
  HIGHEST GUST SPEED    28   HIGHEST GUST DIRECTION     W (270)
  AVERAGE WIND SPEED    MM


SKY COVER
  POSSIBLE SUNSHINE  MM
  AVERAGE SKY COVER  MM


WEATHER CONDITIONS
 THE FOLLOWING WEATHER WAS RECORDED YESTERDAY.
  LIGHT SNOW


RELATIVE HUMIDITY (PERCENT)
 HIGHEST    MM
 LOWEST     MM
 AVERAGE    MM

..........................................................


THE MARQUETTE MI CLIMATE NORMALS FOR TODAY
                         NORMAL    RECORD    YEAR
 MAXIMUM TEMPERATURE (F)   30        51      2000
 MINIMUM TEMPERATURE (F)    9       -30      2003


SUNRISE AND SUNSET
MARCH  3 2015.........SUNRISE   726 AM EST   SUNSET   639 PM EST
MARCH  4 2015.........SUNRISE   724 AM EST   SUNSET   640 PM EST


-  INDICATES NEGATIVE NUMBERS.
R  INDICATES RECORD WAS SET OR TIED.
MM INDICATES DATA IS MISSING.
T  INDICATES TRACE AMOUNT.

$$

TITUS
