000
CDUS41 KLWX 050524
CLIMRB


CLIMATE REPORT
NATIONAL WEATHER SERVICE BALTIMORE MD/WASHINGTON DC
122 AM EDT THU MAY 5 2016


...................................

...THE MARTINSBURG WV CLIMATE SUMMARY FOR MAY 4 2016...

CLIMATE NORMAL PERIOD 1981 TO 2010
CLIMATE RECORD PERIOD 1926 TO 2016


WEATHER ITEM   OBSERVED TIME   RECORD YEAR NORMAL DEPARTURE LAST
                VALUE   (LST)  VALUE       VALUE  FROM      YEAR
                                                  NORMAL
..................................................................
TEMPERATURE (F)
 YESTERDAY
  MAXIMUM         65    204 PM  91    1938  70     -5       85
  MINIMUM         53   1159 PM  31    1957  46      7       47
  AVERAGE         59                        58      1       66

PRECIPITATION (IN)
  YESTERDAY        0.33          1.39 2009   0.14   0.19     0.00
  MONTH TO DATE    1.44                      0.52   0.92      T
  SINCE MAR 1      4.28                      7.38  -3.10     5.62
  SINCE JAN 1      8.37                     12.16  -3.79     7.91

DEGREE DAYS
 HEATING
  YESTERDAY        6                         8     -2        0
  MONTH TO DATE   15                        33    -18       14
  SINCE MAR 1    891                      1134   -243     1041
  SINCE JUL 1   4306                      5090   -784     4964

 COOLING
  YESTERDAY        0                         1     -1        1
  MONTH TO DATE    4                         4      0        1
  SINCE MAR 1     16                        13      3        2
  SINCE JAN 1     16                        13      3        2
..................................................................


WIND (MPH)
  HIGHEST WIND SPEED    13   HIGHEST WIND DIRECTION    NW (300)
  HIGHEST GUST SPEED    16   HIGHEST GUST DIRECTION     E (90)
  AVERAGE WIND SPEED     4.3


SKY COVER
  POSSIBLE SUNSHINE  MM
  AVERAGE SKY COVER 0.9


WEATHER CONDITIONS
 THE FOLLOWING WEATHER WAS RECORDED YESTERDAY.
  HEAVY RAIN
  RAIN
  LIGHT RAIN
  FOG
  FOG W/VISIBILITY <= 1/4 MILE


RELATIVE HUMIDITY (PERCENT)
 HIGHEST   100           100 AM
 LOWEST     67           200 PM
 AVERAGE    84

..........................................................


THE MARTINSBURG WV CLIMATE NORMALS FOR TODAY
                         NORMAL    RECORD    YEAR
 MAXIMUM TEMPERATURE (F)   70        90      1980
 MINIMUM TEMPERATURE (F)   46        30      1966


SUNRISE AND SUNSET
MAY  5 2016...........SUNRISE   608 AM EDT   SUNSET   810 PM EDT
MAY  6 2016...........SUNRISE   607 AM EDT   SUNSET   811 PM EDT


-  INDICATES NEGATIVE NUMBERS.
R  INDICATES RECORD WAS SET OR TIED.
MM INDICATES DATA IS MISSING.
T  INDICATES TRACE AMOUNT.




$$
