000
CDUS41 KLWX 260534
CLIMRB


CLIMATE REPORT
NATIONAL WEATHER SERVICE BALTIMORE MD/WASHINGTON DC
133 AM EDT FRI MAY 26 2017


...................................

...THE MARTINSBURG WV CLIMATE SUMMARY FOR MAY 25 2017...

CLIMATE NORMAL PERIOD 1981 TO 2010
CLIMATE RECORD PERIOD 1926 TO 2017


WEATHER ITEM   OBSERVED TIME   RECORD YEAR NORMAL DEPARTURE LAST
                VALUE   (LST)  VALUE       VALUE  FROM      YEAR
                                                  NORMAL
..................................................................
TEMPERATURE (F)
 YESTERDAY
  MAXIMUM         68    220 PM  94    1933  75     -7       85
  MINIMUM         55    643 AM  33    1967  52      3       50
  AVERAGE         62                        64     -2       68

PRECIPITATION (IN)
  YESTERDAY        1.49          1.67 1952   0.13   1.36     0.00
  MONTH TO DATE    6.66                      3.31   3.35     4.48
  SINCE MAR 1     12.16                     10.17   1.99     7.32
  SINCE JAN 1     16.54                     14.95   1.59    11.41

DEGREE DAYS
 HEATING
  YESTERDAY        3                         4     -1        0
  MONTH TO DATE  159                       151      8      182
  SINCE MAR 1   1043                      1252   -209     1058
  SINCE JUL 1   4121                      5208  -1087     4473

 COOLING
  YESTERDAY        0                         2     -2        3
  MONTH TO DATE   38                        34      4        7
  SINCE MAR 1     93                        43     50       19
  SINCE JAN 1     93                        43     50       19
..................................................................


WIND (MPH)
  HIGHEST WIND SPEED    12   HIGHEST WIND DIRECTION    NE (40)
  HIGHEST GUST SPEED    19   HIGHEST GUST DIRECTION    NE (60)
  AVERAGE WIND SPEED     3.9


SKY COVER
  POSSIBLE SUNSHINE  MM
  AVERAGE SKY COVER 0.9


WEATHER CONDITIONS
 THE FOLLOWING WEATHER WAS RECORDED YESTERDAY.
  HEAVY RAIN
  RAIN
  LIGHT RAIN
  FOG
  HAZE


RELATIVE HUMIDITY (PERCENT)
 HIGHEST    97           500 PM
 LOWEST     68           100 PM
 AVERAGE    83

..........................................................


THE MARTINSBURG WV CLIMATE NORMALS FOR TODAY
                         NORMAL    RECORD    YEAR
 MAXIMUM TEMPERATURE (F)   75        92      1991
 MINIMUM TEMPERATURE (F)   53        38      1972


SUNRISE AND SUNSET
MAY 26 2017...........SUNRISE   550 AM EDT   SUNSET   829 PM EDT
MAY 27 2017...........SUNRISE   549 AM EDT   SUNSET   829 PM EDT


-  INDICATES NEGATIVE NUMBERS.
R  INDICATES RECORD WAS SET OR TIED.
MM INDICATES DATA IS MISSING.
T  INDICATES TRACE AMOUNT.




$$
