000
CDUS41 KLWX 072126
CLIMRB


CLIMATE REPORT
NATIONAL WEATHER SERVICE BALTIMORE MD/WASHINGTON DC
426 PM EST SUN FEB 7 2016


...................................

...THE MARTINSBURG WV CLIMATE SUMMARY FOR FEBRUARY 7 2016...
VALID TODAY AS OF 0400 PM LOCAL TIME.

CLIMATE NORMAL PERIOD 1981 TO 2010
CLIMATE RECORD PERIOD 1926 TO 2016


WEATHER ITEM   OBSERVED TIME   RECORD YEAR NORMAL DEPARTURE LAST
                VALUE   (LST)  VALUE       VALUE  FROM      YEAR
                                                  NORMAL
..................................................................
TEMPERATURE (F)
 TODAY
  MAXIMUM         46    330 PM  70    1938  41      5       52
  MINIMUM         19    737 AM  -3    1935  23     -4       26
  AVERAGE         33                        32      1       39

PRECIPITATION (IN)
  TODAY            0.00          1.61 1965   0.08  -0.08     0.00
  MONTH TO DATE    0.78                      0.58   0.20     0.16
  SINCE DEC 1      4.80                      5.73  -0.93     4.99
  SINCE JAN 1      2.14                      3.02  -0.88     2.22

DEGREE DAYS
 HEATING
  TODAY           32                        33     -1       26
  MONTH TO DATE  196                       231    -35      229
  SINCE DEC 1   1880                      2244   -364     2108
  SINCE JUL 1   2738                      3314   -576     3067

 COOLING
  TODAY            0                         0      0        0
  MONTH TO DATE    0                         0      0        0
  SINCE DEC 1      0                         0      0        0
  SINCE JAN 1      0                         0      0        0
..................................................................


WIND (MPH)
  HIGHEST WIND SPEED     8   HIGHEST WIND DIRECTION    SE (150)
  HIGHEST GUST SPEED     9   HIGHEST GUST DIRECTION    SE (150)
  AVERAGE WIND SPEED     2.0


SKY COVER
  POSSIBLE SUNSHINE  MM
  AVERAGE SKY COVER 0.0


WEATHER CONDITIONS
 THE FOLLOWING WEATHER WAS RECORDED TODAY.
  FOG


RELATIVE HUMIDITY (PERCENT)
 HIGHEST    91           400 AM
 LOWEST     39           200 PM
 AVERAGE    65

..........................................................


THE MARTINSBURG WV CLIMATE NORMALS FOR TOMORROW
                         NORMAL    RECORD    YEAR
 MAXIMUM TEMPERATURE (F)   42        66      1965
 MINIMUM TEMPERATURE (F)   23        -9      1967


SUNRISE AND SUNSET
FEBRUARY  7 2016......SUNRISE   714 AM EST   SUNSET   539 PM EST
FEBRUARY  8 2016......SUNRISE   713 AM EST   SUNSET   540 PM EST


-  INDICATES NEGATIVE NUMBERS.
R  INDICATES RECORD WAS SET OR TIED.
MM INDICATES DATA IS MISSING.
T  INDICATES TRACE AMOUNT.




$$
