000
CDUS41 KLWX 050535
CLIMRB


CLIMATE REPORT
NATIONAL WEATHER SERVICE BALTIMORE MD/WASHINGTON DC
1233 AM EST THU MAR 5 2015


...................................

...THE MARTINSBURG WV CLIMATE SUMMARY FOR MARCH 4 2015...

CLIMATE NORMAL PERIOD 1981 TO 2010
CLIMATE RECORD PERIOD 1926 TO 2015


WEATHER ITEM   OBSERVED TIME   RECORD YEAR NORMAL DEPARTURE LAST
                VALUE   (LST)  VALUE       VALUE  FROM      YEAR
                                                  NORMAL
..................................................................
TEMPERATURE (F)
 YESTERDAY
  MAXIMUM         53    241 PM  83    1974  48      5       30
  MINIMUM         36    711 AM  -3    2014  28      8       -3
  AVERAGE         45                        38      7       14

PRECIPITATION (IN)
  YESTERDAY        0.55          2.31 1993   0.10   0.45     0.00
  MONTH TO DATE    0.68                      0.38   0.30     0.33
  SINCE MAR 1      0.68                      0.38   0.30     0.33
  SINCE JAN 1      2.97                      5.16  -2.19     4.08

DEGREE DAYS
 HEATING
  YESTERDAY       20                        27     -7       51
  MONTH TO DATE  125                       110     15      166
  SINCE MAR 1    125                       110     15      166
  SINCE JUL 1   4048                      4066    -18     4259

 COOLING
  YESTERDAY        0                         0      0        0
  MONTH TO DATE    0                         0      0        0
  SINCE MAR 1      0                         0      0        0
  SINCE JAN 1      0                         0      0        0
..................................................................


WIND (MPH)
  HIGHEST WIND SPEED    14   HIGHEST WIND DIRECTION     N (340)
  HIGHEST GUST SPEED    17   HIGHEST GUST DIRECTION     N (340)
  AVERAGE WIND SPEED     3.4


SKY COVER
  POSSIBLE SUNSHINE  MM
  AVERAGE SKY COVER 1.0


WEATHER CONDITIONS
 THE FOLLOWING WEATHER WAS RECORDED YESTERDAY.
  RAIN
  LIGHT RAIN
  FOG
  HAZE


RELATIVE HUMIDITY (PERCENT)
 HIGHEST    93           400 PM
 LOWEST     70          1200 AM
 AVERAGE    82

..........................................................


THE MARTINSBURG WV CLIMATE NORMALS FOR TODAY
                         NORMAL    RECORD    YEAR
 MAXIMUM TEMPERATURE (F)   49        80      1976
 MINIMUM TEMPERATURE (F)   28        11      1943


SUNRISE AND SUNSET
MARCH  5 2015.........SUNRISE   639 AM EST   SUNSET   608 PM EST
MARCH  6 2015.........SUNRISE   638 AM EST   SUNSET   609 PM EST


-  INDICATES NEGATIVE NUMBERS.
R  INDICATES RECORD WAS SET OR TIED.
MM INDICATES DATA IS MISSING.
T  INDICATES TRACE AMOUNT.




$$
