000
CDUS41 KLWX 010536
CLIMRB


CLIMATE REPORT
NATIONAL WEATHER SERVICE BALTIMORE MD/WASHINGTON DC
129 AM EDT SAT OCT 1 2016


...................................

...THE MARTINSBURG WV CLIMATE SUMMARY FOR SEPTEMBER 30 2016...

CLIMATE NORMAL PERIOD 1981 TO 2010
CLIMATE RECORD PERIOD 1926 TO 2016


WEATHER ITEM   OBSERVED TIME   RECORD YEAR NORMAL DEPARTURE LAST
                VALUE   (LST)  VALUE       VALUE  FROM      YEAR
                                                  NORMAL
..................................................................
TEMPERATURE (F)
 YESTERDAY
  MAXIMUM         60   1231 AM  94    1953  71    -11       71
  MINIMUM         56   1009 AM  32    1951  48      8       59
  AVERAGE         58                        60     -2       65

PRECIPITATION (IN)
  YESTERDAY        0.44          3.29 2010   0.13   0.31     0.10
  MONTH TO DATE    4.29                      3.57   0.72     3.37
  SINCE SEP 1      4.29                      3.57   0.72     3.37
  SINCE JAN 1     21.14                     29.81  -8.67    22.32

DEGREE DAYS
 HEATING
  YESTERDAY        7                         7      0        0
  MONTH TO DATE   20                        86    -66       26
  SINCE SEP 1     20                        84    -64       26
  SINCE JUL 1     20                        91    -71       26

 COOLING
  YESTERDAY        0                         1     -1        0
  MONTH TO DATE  199                        93    106      142
  SINCE SEP 1    199                        93    106      142
  SINCE JAN 1   1271                       885    386     1111
..................................................................


WIND (MPH)
  HIGHEST WIND SPEED    15   HIGHEST WIND DIRECTION    NE (30)
  HIGHEST GUST SPEED    18   HIGHEST GUST DIRECTION     N (20)
  AVERAGE WIND SPEED     8.8


SKY COVER
  POSSIBLE SUNSHINE  MM
  AVERAGE SKY COVER 1.0


WEATHER CONDITIONS
 THE FOLLOWING WEATHER WAS RECORDED YESTERDAY.
  HEAVY RAIN
  RAIN
  LIGHT RAIN
  FOG


RELATIVE HUMIDITY (PERCENT)
 HIGHEST   100           400 AM
 LOWEST     87           100 PM
 AVERAGE    94

..........................................................


THE MARTINSBURG WV CLIMATE NORMALS FOR TODAY
                         NORMAL    RECORD    YEAR
 MAXIMUM TEMPERATURE (F)   71        92      1927
 MINIMUM TEMPERATURE (F)   48        27      1947


SUNRISE AND SUNSET
OCTOBER  1 2016.......SUNRISE   708 AM EDT   SUNSET   654 PM EDT
OCTOBER  2 2016.......SUNRISE   709 AM EDT   SUNSET   652 PM EDT


-  INDICATES NEGATIVE NUMBERS.
R  INDICATES RECORD WAS SET OR TIED.
MM INDICATES DATA IS MISSING.
T  INDICATES TRACE AMOUNT.




$$
