000
CDUS41 KLWX 230526
CLIMRB


CLIMATE REPORT
NATIONAL WEATHER SERVICE BALTIMORE MD/WASHINGTON DC
125 AM EDT SUN JUL 23 2017


...................................

...THE MARTINSBURG WV CLIMATE SUMMARY FOR JULY 22 2017...

CLIMATE NORMAL PERIOD 1981 TO 2010
CLIMATE RECORD PERIOD 1926 TO 2017


WEATHER ITEM   OBSERVED TIME   RECORD YEAR NORMAL DEPARTURE LAST
                VALUE   (LST)  VALUE       VALUE  FROM      YEAR
                                                  NORMAL
..................................................................
TEMPERATURE (F)
 YESTERDAY
  MAXIMUM         88   1130 AM 106    1926  86      2       93
  MINIMUM         68    528 AM  48    1966  64      4       63
  AVERAGE         78                        75      3       78

PRECIPITATION (IN)
  YESTERDAY        1.14          2.33 1953   0.12   1.02     0.00
  MONTH TO DATE    3.97                      2.56   1.41     0.84
  SINCE JUN 1      5.08                      6.32  -1.24     2.94
  SINCE JAN 1     22.30                     22.05   0.25    14.53

DEGREE DAYS
 HEATING
  YESTERDAY        0                         0      0        0
  MONTH TO DATE    0                         0      0        0
  SINCE JUN 1     10                        24    -14        5
  SINCE JUL 1      0                         0      0        0

 COOLING
  YESTERDAY       13                        10      3       13
  MONTH TO DATE  285                       216     69      254
  SINCE JUN 1    514                       399    115      470
  SINCE JAN 1    621                       456    165      543
..................................................................


WIND (MPH)
  HIGHEST WIND SPEED    31   HIGHEST WIND DIRECTION     W (270)
  HIGHEST GUST SPEED    46   HIGHEST GUST DIRECTION     W (280)
  AVERAGE WIND SPEED     4.5


SKY COVER
  POSSIBLE SUNSHINE  MM
  AVERAGE SKY COVER 0.3


WEATHER CONDITIONS
 THE FOLLOWING WEATHER WAS RECORDED YESTERDAY.
  HEAVY RAIN
  RAIN
  LIGHT RAIN
  FOG
  HAZE


RELATIVE HUMIDITY (PERCENT)
 HIGHEST    97           400 AM
 LOWEST     57          1100 AM
 AVERAGE    77

..........................................................


THE MARTINSBURG WV CLIMATE NORMALS FOR TODAY
                         NORMAL    RECORD    YEAR
 MAXIMUM TEMPERATURE (F)   86       106      1926
 MINIMUM TEMPERATURE (F)   64        51      1983


SUNRISE AND SUNSET
JULY 23 2017..........SUNRISE   604 AM EDT   SUNSET   832 PM EDT
JULY 24 2017..........SUNRISE   605 AM EDT   SUNSET   831 PM EDT


-  INDICATES NEGATIVE NUMBERS.
R  INDICATES RECORD WAS SET OR TIED.
MM INDICATES DATA IS MISSING.
T  INDICATES TRACE AMOUNT.




$$
