000
CDUS41 KLWX 220535
CLIMRB


CLIMATE REPORT
NATIONAL WEATHER SERVICE BALTIMORE MD/WASHINGTON DC
134 AM EDT MON SEP 22 2014


...................................

...THE MARTINSBURG WV CLIMATE SUMMARY FOR SEPTEMBER 21 2014...

CLIMATE NORMAL PERIOD 1981 TO 2010
CLIMATE RECORD PERIOD 1926 TO 2014


WEATHER ITEM   OBSERVED TIME   RECORD YEAR NORMAL DEPARTURE LAST
                VALUE   (LST)  VALUE       VALUE  FROM      YEAR
                                                  NORMAL
..................................................................
TEMPERATURE (F)
 YESTERDAY
  MAXIMUM         86    210 PM  94    1965  75     11       70
  MINIMUM         53    620 AM  29    1956  52      1       58
  AVERAGE         70                        63      7       64

PRECIPITATION (IN)
  YESTERDAY        T             2.31 1979   0.12  -0.12     0.66
  MONTH TO DATE    1.83                      2.51  -0.68     1.24
  SINCE SEP 1      1.83                      2.51  -0.68     1.24
  SINCE JAN 1     26.30                     28.75  -2.45    23.62

DEGREE DAYS
 HEATING
  YESTERDAY        0                         4     -4        1
  MONTH TO DATE   24                        39    -15       41
  SINCE SEP 1     24                        39    -15       41
  SINCE JUL 1     27                        46    -19       45

 COOLING
  YESTERDAY        5                         2      3        0
  MONTH TO DATE  123                        81     42       99
  SINCE SEP 1    123                        81     42       99
  SINCE JAN 1    951                       873     78     1017
..................................................................


WIND (MPH)
  HIGHEST WIND SPEED    26   HIGHEST WIND DIRECTION     W (290)
  HIGHEST GUST SPEED    35   HIGHEST GUST DIRECTION     W (290)
  AVERAGE WIND SPEED     7.0


SKY COVER
  POSSIBLE SUNSHINE  MM
  AVERAGE SKY COVER 0.3


WEATHER CONDITIONS
 THE FOLLOWING WEATHER WAS RECORDED YESTERDAY.
  FOG
  HAZE


RELATIVE HUMIDITY (PERCENT)
 HIGHEST    86           200 AM
 LOWEST     35          1000 PM
 AVERAGE    61

..........................................................


THE MARTINSBURG WV CLIMATE NORMALS FOR TODAY
                         NORMAL    RECORD    YEAR
 MAXIMUM TEMPERATURE (F)   74        97      1931
 MINIMUM TEMPERATURE (F)   51        32      1962


SUNRISE AND SUNSET
SEPTEMBER 22 2014.....SUNRISE   659 AM EDT   SUNSET   709 PM EDT
SEPTEMBER 23 2014.....SUNRISE   700 AM EDT   SUNSET   707 PM EDT


-  INDICATES NEGATIVE NUMBERS.
R  INDICATES RECORD WAS SET OR TIED.
MM INDICATES DATA IS MISSING.
T  INDICATES TRACE AMOUNT.




$$
