000
CDUS41 KLWX 242123
CLIMRB


CLIMATE REPORT
NATIONAL WEATHER SERVICE BALTIMORE MD/WASHINGTON DC
523 PM EDT SUN JUL 24 2016


...................................

...THE MARTINSBURG WV CLIMATE SUMMARY FOR JULY 24 2016...
VALID TODAY AS OF 0500 PM LOCAL TIME.

CLIMATE NORMAL PERIOD 1981 TO 2010
CLIMATE RECORD PERIOD 1926 TO 2016


WEATHER ITEM   OBSERVED TIME   RECORD YEAR NORMAL DEPARTURE LAST
                VALUE   (LST)  VALUE       VALUE  FROM      YEAR
                                                  NORMAL
..................................................................
TEMPERATURE (F)
 TODAY
  MAXIMUM         96    358 PM 101    2010  86     10       85
  MINIMUM         69    438 AM  49    1947  64      5       56
  AVERAGE         83                        75      8       71

PRECIPITATION (IN)
  TODAY            0.00          3.06 1999   0.12  -0.12     0.00
  MONTH TO DATE    0.84                      2.81  -1.97     2.20
  SINCE JUN 1      2.94                      6.57  -3.63     6.46
  SINCE JAN 1     14.53                     22.30  -7.77    17.40

DEGREE DAYS
 HEATING
  TODAY            0                         0      0        0
  MONTH TO DATE    0                         0      0        0
  SINCE JUN 1      5                        24    -19       15
  SINCE JUL 1      0                         0      0        0

 COOLING
  TODAY           18                        10      8        6
  MONTH TO DATE  293                       236     57      228
  SINCE JUN 1    509                       419     90      477
  SINCE JAN 1    582                       476    106      625
..................................................................


WIND (MPH)
  HIGHEST WIND SPEED    15   HIGHEST WIND DIRECTION    SE (150)
  HIGHEST GUST SPEED    22   HIGHEST GUST DIRECTION     S (160)
  AVERAGE WIND SPEED     3.6


SKY COVER
  POSSIBLE SUNSHINE  MM
  AVERAGE SKY COVER 0.1


WEATHER CONDITIONS
 THE FOLLOWING WEATHER WAS RECORDED TODAY.
  FOG


RELATIVE HUMIDITY (PERCENT)
 HIGHEST    97           500 AM
 LOWEST     35           300 PM
 AVERAGE    66

..........................................................


THE MARTINSBURG WV CLIMATE NORMALS FOR TOMORROW
                         NORMAL    RECORD    YEAR
 MAXIMUM TEMPERATURE (F)   86       101      1933
 MINIMUM TEMPERATURE (F)   64        51      1957


SUNRISE AND SUNSET
JULY 24 2016..........SUNRISE   605 AM EDT   SUNSET   831 PM EDT
JULY 25 2016..........SUNRISE   606 AM EDT   SUNSET   830 PM EDT


-  INDICATES NEGATIVE NUMBERS.
R  INDICATES RECORD WAS SET OR TIED.
MM INDICATES DATA IS MISSING.
T  INDICATES TRACE AMOUNT.




$$
