000
CDUS41 KLWX 290527
CLIMRB


CLIMATE REPORT
NATIONAL WEATHER SERVICE BALTIMORE MD/WASHINGTON DC
126 AM EDT WED JUL 29 2015


...................................

...THE MARTINSBURG WV CLIMATE SUMMARY FOR JULY 28 2015...

CLIMATE NORMAL PERIOD 1981 TO 2010
CLIMATE RECORD PERIOD 1926 TO 2015


WEATHER ITEM   OBSERVED TIME   RECORD YEAR NORMAL DEPARTURE LAST
                VALUE   (LST)  VALUE       VALUE  FROM      YEAR
                                                  NORMAL
..................................................................
TEMPERATURE (F)
 YESTERDAY
  MAXIMUM         90    314 PM 101    1952  85      5       81
  MINIMUM         68    505 AM  48    1962  64      4       66
  AVERAGE         79                        75      4       74

PRECIPITATION (IN)
  YESTERDAY        0.00          2.90 1934   0.12  -0.12     0.00
  MONTH TO DATE    2.20                      3.30  -1.10     4.69
  SINCE JUN 1      6.46                      7.06  -0.60     7.37
  SINCE JAN 1     17.40                     22.79  -5.39    22.24

DEGREE DAYS
 HEATING
  YESTERDAY        0                         0      0        0
  MONTH TO DATE    0                         0      0        0
  SINCE JUN 1     15                        24     -9        2
  SINCE JUL 1      0                         0      0        0

 COOLING
  YESTERDAY       14                        10      4        9
  MONTH TO DATE  276                       276      0      295
  SINCE JUN 1    525                       459     66      531
  SINCE JAN 1    673                       516    157      612
..................................................................


WIND (MPH)
  HIGHEST WIND SPEED    12   HIGHEST WIND DIRECTION     S (160)
  HIGHEST GUST SPEED    15   HIGHEST GUST DIRECTION    SE (150)
  AVERAGE WIND SPEED     3.0


SKY COVER
  POSSIBLE SUNSHINE  MM
  AVERAGE SKY COVER 0.3


WEATHER CONDITIONS
 THE FOLLOWING WEATHER WAS RECORDED YESTERDAY.
  FOG
  HAZE


RELATIVE HUMIDITY (PERCENT)
 HIGHEST    97           200 AM
 LOWEST     50           300 PM
 AVERAGE    74

..........................................................


THE MARTINSBURG WV CLIMATE NORMALS FOR TODAY
                         NORMAL    RECORD    YEAR
 MAXIMUM TEMPERATURE (F)   85       103      1941
 MINIMUM TEMPERATURE (F)   64        53      2014
                                             1989


SUNRISE AND SUNSET
JULY 29 2015..........SUNRISE   609 AM EDT   SUNSET   827 PM EDT
JULY 30 2015..........SUNRISE   610 AM EDT   SUNSET   826 PM EDT


-  INDICATES NEGATIVE NUMBERS.
R  INDICATES RECORD WAS SET OR TIED.
MM INDICATES DATA IS MISSING.
T  INDICATES TRACE AMOUNT.




$$
