000
CDUS41 KLWX 170522
CLIMRB


CLIMATE REPORT
NATIONAL WEATHER SERVICE BALTIMORE MD/WASHINGTON DC
121 AM EDT THU APR 17 2014


...................................

...THE MARTINSBURG WV CLIMATE SUMMARY FOR APRIL 16 2014...

CLIMATE NORMAL PERIOD 1981 TO 2010
CLIMATE RECORD PERIOD 1926 TO 2014


WEATHER ITEM   OBSERVED TIME   RECORD YEAR NORMAL DEPARTURE LAST
                VALUE   (LST)  VALUE       VALUE  FROM      YEAR
                                                  NORMAL
..................................................................
TEMPERATURE (F)
 YESTERDAY
  MAXIMUM         48    514 PM  90    2002  64    -16       75
                                      1976
  MINIMUM         30    624 AM  25    1943  41    -11       55
  AVERAGE         39                        53    -14       65

PRECIPITATION (IN)
  YESTERDAY        0.00          2.04 2011   0.11  -0.11     0.10
  MONTH TO DATE    1.23                      1.78  -0.55     0.77
  SINCE MAR 1      3.35                      5.30  -1.95     2.99
  SINCE JAN 1      7.10                     10.08  -2.98     7.81

DEGREE DAYS
 HEATING
  YESTERDAY       26                        13     13        0
  MONTH TO DATE  190                       239    -49      183
  SINCE MAR 1   1025                       953     72      961
  SINCE JUL 1   5118                      4909    209     4596

 COOLING
  YESTERDAY        0                         0      0        0
  MONTH TO DATE    7                         0      7       28
  SINCE MAR 1      7                         1      6       28
  SINCE JAN 1      7                         1      6       28
..................................................................


WIND (MPH)
  HIGHEST WIND SPEED    21   HIGHEST WIND DIRECTION     N (340)
  HIGHEST GUST SPEED    29   HIGHEST GUST DIRECTION    NW (320)
  AVERAGE WIND SPEED     8.5


SKY COVER
  POSSIBLE SUNSHINE  MM
  AVERAGE SKY COVER 0.2


WEATHER CONDITIONS
 THE FOLLOWING WEATHER WAS RECORDED YESTERDAY.
  NO SIGNIFICANT WEATHER WAS OBSERVED.


RELATIVE HUMIDITY (PERCENT)
 HIGHEST    49           300 AM
 LOWEST     23           300 PM
 AVERAGE    36

..........................................................


THE MARTINSBURG WV CLIMATE NORMALS FOR TODAY
                         NORMAL    RECORD    YEAR
 MAXIMUM TEMPERATURE (F)   65        93      2002
 MINIMUM TEMPERATURE (F)   41        25      1962


SUNRISE AND SUNSET
APRIL 17 2014.........SUNRISE   632 AM EDT   SUNSET   752 PM EDT
APRIL 18 2014.........SUNRISE   630 AM EDT   SUNSET   753 PM EDT


-  INDICATES NEGATIVE NUMBERS.
R  INDICATES RECORD WAS SET OR TIED.
MM INDICATES DATA IS MISSING.
T  INDICATES TRACE AMOUNT.




$$
