000
CDUS41 KLWX 300521
CLIMRB


CLIMATE REPORT
NATIONAL WEATHER SERVICE BALTIMORE MD/WASHINGTON DC
120 AM EDT SAT AUG 30 2014


...................................

...THE MARTINSBURG WV CLIMATE SUMMARY FOR AUGUST 29 2014...

CLIMATE NORMAL PERIOD 1981 TO 2010
CLIMATE RECORD PERIOD 1926 TO 2014


WEATHER ITEM   OBSERVED TIME   RECORD YEAR NORMAL DEPARTURE LAST
                VALUE   (LST)  VALUE       VALUE  FROM      YEAR
                                                  NORMAL
..................................................................
TEMPERATURE (F)
 YESTERDAY
  MAXIMUM         80    307 PM  99    1973  82     -2       85
  MINIMUM         51    606 AM  40    1982  60     -9       67
  AVERAGE         66                        71     -5       76

PRECIPITATION (IN)
  YESTERDAY        0.00          1.12 1988   0.10  -0.10     0.00
  MONTH TO DATE    2.23                      2.89  -0.66     3.62
  SINCE JUN 1      9.60                     10.32  -0.72    10.76
  SINCE JAN 1     24.47                     26.05  -1.58    22.02

DEGREE DAYS
 HEATING
  YESTERDAY        0                         0      0        0
  MONTH TO DATE    0                         0      0        4
  SINCE JUN 1      5                        25    -20        6
  SINCE JUL 1      3                         1      2        4

 COOLING
  YESTERDAY        1                         6     -5       11
  MONTH TO DATE  189                       236    -47      195
  SINCE JUN 1    726                       722      4      782
  SINCE JAN 1    807                       779     28      893
..................................................................


WIND (MPH)
  HIGHEST WIND SPEED     9   HIGHEST WIND DIRECTION    SE (130)
  HIGHEST GUST SPEED    20   HIGHEST GUST DIRECTION    NE (50)
  AVERAGE WIND SPEED     2.5


SKY COVER
  POSSIBLE SUNSHINE  MM
  AVERAGE SKY COVER 0.0


WEATHER CONDITIONS
 THE FOLLOWING WEATHER WAS RECORDED YESTERDAY.
  NO SIGNIFICANT WEATHER WAS OBSERVED.


RELATIVE HUMIDITY (PERCENT)
 HIGHEST    83           500 AM
 LOWEST     38          1200 PM
 AVERAGE    61

..........................................................


THE MARTINSBURG WV CLIMATE NORMALS FOR TODAY
                         NORMAL    RECORD    YEAR
 MAXIMUM TEMPERATURE (F)   82       101      1953
 MINIMUM TEMPERATURE (F)   60        40      1986


SUNRISE AND SUNSET
AUGUST 30 2014........SUNRISE   638 AM EDT   SUNSET   746 PM EDT
AUGUST 31 2014........SUNRISE   639 AM EDT   SUNSET   744 PM EDT


-  INDICATES NEGATIVE NUMBERS.
R  INDICATES RECORD WAS SET OR TIED.
MM INDICATES DATA IS MISSING.
T  INDICATES TRACE AMOUNT.




$$
