000
CDUS41 KLWX 290532
CLIMRB


CLIMATE REPORT
NATIONAL WEATHER SERVICE BALTIMORE MD/WASHINGTON DC
131 AM EDT SUN MAR 29 2015


...................................

...THE MARTINSBURG WV CLIMATE SUMMARY FOR MARCH 28 2015...

CLIMATE NORMAL PERIOD 1981 TO 2010
CLIMATE RECORD PERIOD 1926 TO 2015


WEATHER ITEM   OBSERVED TIME   RECORD YEAR NORMAL DEPARTURE LAST
                VALUE   (LST)  VALUE       VALUE  FROM      YEAR
                                                  NORMAL
..................................................................
TEMPERATURE (F)
 YESTERDAY
  MAXIMUM         35    226 PM  86    1989  57    -22       68
  MINIMUM         25    640 AM  20    1982  35    -10       39
  AVERAGE         30                        46    -16       54

PRECIPITATION (IN)
  YESTERDAY        0.00          2.22 1984   0.13  -0.13     0.08
  MONTH TO DATE    2.28                      3.15  -0.87     0.87
  SINCE MAR 1      2.28                      3.15  -0.87     0.87
  SINCE JAN 1      4.57                      7.93  -3.36     4.62

DEGREE DAYS
 HEATING
  YESTERDAY       35                        19     16       11
  MONTH TO DATE  689                       660     29      784
  SINCE MAR 1    689                       660     29      784
  SINCE JUL 1   4612                      4616     -4     4877

 COOLING
  YESTERDAY        0                         0      0        0
  MONTH TO DATE    0                         0      0        0
  SINCE MAR 1      0                         0      0        0
  SINCE JAN 1      0                         0      0        0
..................................................................


WIND (MPH)
  HIGHEST WIND SPEED    24   HIGHEST WIND DIRECTION    NW (310)
  HIGHEST GUST SPEED    34   HIGHEST GUST DIRECTION     W (290)
  AVERAGE WIND SPEED    16.1


SKY COVER
  POSSIBLE SUNSHINE  MM
  AVERAGE SKY COVER 0.3


WEATHER CONDITIONS
 THE FOLLOWING WEATHER WAS RECORDED YESTERDAY.
  NO SIGNIFICANT WEATHER WAS OBSERVED.


RELATIVE HUMIDITY (PERCENT)
 HIGHEST    51          1200 AM
 LOWEST     31           600 PM
 AVERAGE    41

..........................................................


THE MARTINSBURG WV CLIMATE NORMALS FOR TODAY
                         NORMAL    RECORD    YEAR
 MAXIMUM TEMPERATURE (F)   58        87      1945
 MINIMUM TEMPERATURE (F)   36        17      1959


SUNRISE AND SUNSET
MARCH 29 2015.........SUNRISE   701 AM EDT   SUNSET   733 PM EDT
MARCH 30 2015.........SUNRISE   700 AM EDT   SUNSET   734 PM EDT


-  INDICATES NEGATIVE NUMBERS.
R  INDICATES RECORD WAS SET OR TIED.
MM INDICATES DATA IS MISSING.
T  INDICATES TRACE AMOUNT.




$$
