000
CDUS44 KHUN 230826
CLIMSL


CLIMATE REPORT
NATIONAL WEATHER SERVICE HUNTSVILLE AL
224 AM CST FRI FEB 23 2018


...................................

...THE MUSCLE SHOALS CLIMATE SUMMARY FOR FEBRUARY 22 2018...

CLIMATE NORMAL PERIOD 1981 TO 2010
CLIMATE RECORD PERIOD 1893 TO 2018


WEATHER ITEM   OBSERVED TIME   RECORD YEAR NORMAL DEPARTURE LAST
                VALUE   (LST)  VALUE       VALUE  FROM      YEAR
                                                  NORMAL
..................................................................
TEMPERATURE (F)
 YESTERDAY
  MAXIMUM         73    442 PM  79    1909  57     16       71
  MINIMUM         57   1215 AM   6    1963  37     20       55
  AVERAGE         65                        47     18       63

PRECIPITATION (IN)
  YESTERDAY        2.33R         1.82 1920   0.17   2.16     0.00
  MONTH TO DATE    9.07                      3.63   5.44     1.56
  SINCE DEC 1     16.21                     13.92   2.29    11.62
  SINCE JAN 1     10.85                      8.24   2.61     6.28

SNOWFALL (IN)
  YESTERDAY        0.0
  MONTH TO DATE    0.0
  SINCE DEC 1      0.6
  SINCE JUL 1      0.6
  SNOW DEPTH       0

DEGREE DAYS
 HEATING
  YESTERDAY        0                        18    -18        2
  MONTH TO DATE  307                       453   -146      271
  SINCE DEC 1   1815                      1871    -56     1299
  SINCE JUL 1   2322                      2433   -111     1627

 COOLING
  YESTERDAY        0                         0      0        0
  MONTH TO DATE   16                         0     16        0
  SINCE DEC 1     16                         1     15        6
  SINCE JAN 1     16                         0     16        4
..................................................................


WIND (MPH)
  HIGHEST WIND SPEED    24   HIGHEST WIND DIRECTION     W (270)
  HIGHEST GUST SPEED    31   HIGHEST GUST DIRECTION     W (260)
  AVERAGE WIND SPEED     7.4


SKY COVER
  POSSIBLE SUNSHINE  MM
  AVERAGE SKY COVER 0.6


WEATHER CONDITIONS
 THE FOLLOWING WEATHER WAS RECORDED YESTERDAY.
  THUNDERSTORM
  HEAVY RAIN
  RAIN
  LIGHT RAIN
  FOG


RELATIVE HUMIDITY (PERCENT)
 HIGHEST    93          1200 AM
 LOWEST     68           400 PM
 AVERAGE    81

..........................................................


THE MUSCLE SHOALS CLIMATE NORMALS FOR TODAY
                         NORMAL    RECORD    YEAR
 MAXIMUM TEMPERATURE (F)   58        83      2012
 MINIMUM TEMPERATURE (F)   37        17      1963
                                             1939


SUNRISE AND SUNSET
FEBRUARY 23 2018......SUNRISE   627 AM CST   SUNSET   541 PM CST
FEBRUARY 24 2018......SUNRISE   626 AM CST   SUNSET   542 PM CST


-  INDICATES NEGATIVE NUMBERS.
R  INDICATES RECORD WAS SET OR TIED.
MM INDICATES DATA IS MISSING.
T  INDICATES TRACE AMOUNT.




$$
