000
CDUS44 KHUN 250707
CLIMSL


CLIMATE REPORT
NATIONAL WEATHER SERVICE HUNTSVILLE AL
206 AM CDT SAT MAR 25 2017


...................................

...THE MUSCLE SHOALS CLIMATE SUMMARY FOR MARCH 24 2017...

CLIMATE NORMAL PERIOD 1981 TO 2010
CLIMATE RECORD PERIOD 1893 TO 2017


WEATHER ITEM   OBSERVED TIME   RECORD YEAR NORMAL DEPARTURE LAST
                VALUE   (LST)  VALUE       VALUE  FROM      YEAR
                                                  NORMAL
..................................................................
TEMPERATURE (F)
 YESTERDAY
  MAXIMUM         76    119 PM  90    1910  67      9       66
  MINIMUM         62    136 AM  23    1968  44     18       50
  AVERAGE         69                        55     14       58

PRECIPITATION (IN)
  YESTERDAY        0.00          2.26 1912   0.16  -0.16     0.45
  MONTH TO DATE    3.36                      3.68  -0.32     2.66
  SINCE MAR 1      3.36                      3.68  -0.32     2.66
  SINCE JAN 1     10.60                     12.95  -2.35     9.79

SNOWFALL (IN)
  YESTERDAY        0.0
  MONTH TO DATE    T
  SINCE MAR 1      T
  SINCE JUL 1      T
  SNOW DEPTH       0

DEGREE DAYS
 HEATING
  YESTERDAY        0                        10    -10        7
  MONTH TO DATE  315                       313      2      192
  SINCE MAR 1    315                       313      2      192
  SINCE JUL 1   1995                      2848   -853     2193

 COOLING
  YESTERDAY        4                         1      3        0
  MONTH TO DATE   11                         1     10       21
  SINCE MAR 1     11                         1     10       21
  SINCE JAN 1     19                         2     17       21
..................................................................


WIND (MPH)
  HIGHEST WIND SPEED    22   HIGHEST WIND DIRECTION     S (160)
  HIGHEST GUST SPEED    29   HIGHEST GUST DIRECTION     S (170)
  AVERAGE WIND SPEED    11.9


SKY COVER
  POSSIBLE SUNSHINE  MM
  AVERAGE SKY COVER 0.5


WEATHER CONDITIONS
 THE FOLLOWING WEATHER WAS RECORDED YESTERDAY.
  NO SIGNIFICANT WEATHER WAS OBSERVED.


RELATIVE HUMIDITY (PERCENT)
 HIGHEST    67          1200 AM
 LOWEST     46          1200 PM
 AVERAGE    57

..........................................................


THE MUSCLE SHOALS CLIMATE NORMALS FOR TODAY
                         NORMAL    RECORD    YEAR
 MAXIMUM TEMPERATURE (F)   67        92      1929
 MINIMUM TEMPERATURE (F)   44        23      1966
                                             1940


SUNRISE AND SUNSET
MARCH 25 2017.........SUNRISE   647 AM CDT   SUNSET   706 PM CDT
MARCH 26 2017.........SUNRISE   645 AM CDT   SUNSET   707 PM CDT


-  INDICATES NEGATIVE NUMBERS.
R  INDICATES RECORD WAS SET OR TIED.
MM INDICATES DATA IS MISSING.
T  INDICATES TRACE AMOUNT.




$$
