000
CDUS44 KHUN 240706
CLIMSL


CLIMATE REPORT
NATIONAL WEATHER SERVICE HUNTSVILLE AL
205 AM CDT FRI OCT 24 2014


...................................

...THE MUSCLE SHOALS CLIMATE SUMMARY FOR OCTOBER 23 2014...

CLIMATE NORMAL PERIOD 1981 TO 2010
CLIMATE RECORD PERIOD 1893 TO 2014


WEATHER ITEM   OBSERVED TIME   RECORD YEAR NORMAL DEPARTURE LAST
                VALUE   (LST)  VALUE       VALUE  FROM      YEAR
                                                  NORMAL
..................................................................
TEMPERATURE (F)
 YESTERDAY
  MAXIMUM         70    221 PM  89    1939  72     -2       60
                                      1903
  MINIMUM         41    357 AM  28    1916  47     -6       40
  AVERAGE         56                        60     -4       50

PRECIPITATION (IN)
  YESTERDAY        0.00          2.07 1935   0.12  -0.12     0.00
  MONTH TO DATE    6.54                      2.46   4.08     1.38
  SINCE SEP 1      9.25                      6.18   3.07     3.84
  SINCE JAN 1     42.45                     41.89   0.56    46.73

SNOWFALL (IN)
  YESTERDAY        0.0
  MONTH TO DATE    0.0
  SINCE SEP 1      0.0
  SINCE JUL 1      0.0
  SNOW DEPTH       0

DEGREE DAYS
 HEATING
  YESTERDAY        9                         7      2       15
  MONTH TO DATE   68                        94    -26       75
  SINCE SEP 1     68                       109    -41       75
  SINCE JUL 1     68                       109    -41       75

 COOLING
  YESTERDAY        0                         1     -1        0
  MONTH TO DATE   84                        53     31       96
  SINCE SEP 1    391                       312     79      405
  SINCE JAN 1   1844                      1855    -11     1886
..................................................................


WIND (MPH)
  HIGHEST WIND SPEED     9   HIGHEST WIND DIRECTION     E (90)
  HIGHEST GUST SPEED    14   HIGHEST GUST DIRECTION     E (90)
  AVERAGE WIND SPEED     3.6


SKY COVER
  POSSIBLE SUNSHINE  MM
  AVERAGE SKY COVER 0.0


WEATHER CONDITIONS
 THE FOLLOWING WEATHER WAS RECORDED YESTERDAY.
  NO SIGNIFICANT WEATHER WAS OBSERVED.


RELATIVE HUMIDITY (PERCENT)
 HIGHEST    83          1200 AM
 LOWEST     31           200 PM
 AVERAGE    57

..........................................................


THE MUSCLE SHOALS CLIMATE NORMALS FOR TODAY
                         NORMAL    RECORD    YEAR
 MAXIMUM TEMPERATURE (F)   72        88      1939
 MINIMUM TEMPERATURE (F)   47        25      1937


SUNRISE AND SUNSET
OCTOBER 24 2014.......SUNRISE   704 AM CDT   SUNSET   605 PM CDT
OCTOBER 25 2014.......SUNRISE   705 AM CDT   SUNSET   604 PM CDT


-  INDICATES NEGATIVE NUMBERS.
R  INDICATES RECORD WAS SET OR TIED.
MM INDICATES DATA IS MISSING.
T  INDICATES TRACE AMOUNT.




$$
