000
CDUS44 KHUN 290804
CLIMSL


CLIMATE REPORT
NATIONAL WEATHER SERVICE HUNTSVILLE AL
204 AM CST THU JAN 29 2015


...................................

...THE MUSCLE SHOALS CLIMATE SUMMARY FOR JANUARY 28 2015...

CLIMATE NORMAL PERIOD 1981 TO 2010
CLIMATE RECORD PERIOD 1893 TO 2015


WEATHER ITEM   OBSERVED TIME   RECORD YEAR NORMAL DEPARTURE LAST
                VALUE   (LST)  VALUE       VALUE  FROM      YEAR
                                                  NORMAL
..................................................................
TEMPERATURE (F)
 YESTERDAY
  MAXIMUM         54    413 PM  76    1975  52      2       22
  MINIMUM         29    625 AM  -6    1940  32     -3       14
  AVERAGE         42                        42      0       18

PRECIPITATION (IN)
  YESTERDAY        0.00          1.93 1957   0.16  -0.16      T
  MONTH TO DATE    3.08                      4.13  -1.05     1.70
  SINCE DEC 1      8.21                      9.81  -1.60     6.47
  SINCE JAN 1      3.08                      4.13  -1.05     1.70

SNOWFALL (IN)
  YESTERDAY        0.0
  MONTH TO DATE    0.0
  SINCE DEC 1      0.0
  SINCE JUL 1      0.0
  SNOW DEPTH       0

DEGREE DAYS
 HEATING
  YESTERDAY       23                        23      0       47
  MONTH TO DATE  699                       670     29      809
  SINCE DEC 1   1263                      1344    -81     1451
  SINCE JUL 1   1915                      1906      9     2068

 COOLING
  YESTERDAY        0                         0      0        0
  MONTH TO DATE    0                         0      0        0
  SINCE DEC 1      0                         1     -1        8
  SINCE JAN 1      0                         0      0        0
..................................................................


WIND (MPH)
  HIGHEST WIND SPEED    14   HIGHEST WIND DIRECTION    SE (120)
  HIGHEST GUST SPEED    16   HIGHEST GUST DIRECTION    SE (140)
  AVERAGE WIND SPEED     5.2


SKY COVER
  POSSIBLE SUNSHINE  MM
  AVERAGE SKY COVER 0.0


WEATHER CONDITIONS
 THE FOLLOWING WEATHER WAS RECORDED YESTERDAY.
  HAZE


RELATIVE HUMIDITY (PERCENT)
 HIGHEST    78           600 AM
 LOWEST     35           400 PM
 AVERAGE    57

..........................................................


THE MUSCLE SHOALS CLIMATE NORMALS FOR TODAY
                         NORMAL    RECORD    YEAR
 MAXIMUM TEMPERATURE (F)   52        76      1903
 MINIMUM TEMPERATURE (F)   32        -3      1966


SUNRISE AND SUNSET
JANUARY 29 2015.......SUNRISE   651 AM CST   SUNSET   516 PM CST
JANUARY 30 2015.......SUNRISE   650 AM CST   SUNSET   517 PM CST


-  INDICATES NEGATIVE NUMBERS.
R  INDICATES RECORD WAS SET OR TIED.
MM INDICATES DATA IS MISSING.
T  INDICATES TRACE AMOUNT.




$$
