393
CDUS44 KHUN 010706
CLIMSL


CLIMATE REPORT
NATIONAL WEATHER SERVICE HUNTSVILLE AL
204 AM CDT SUN MAY 1 2016


...................................

...THE MUSCLE SHOALS CLIMATE SUMMARY FOR APRIL 30 2016...

CLIMATE NORMAL PERIOD 1981 TO 2010
CLIMATE RECORD PERIOD 1893 TO 2016


WEATHER ITEM   OBSERVED TIME   RECORD YEAR NORMAL DEPARTURE LAST
                VALUE   (LST)  VALUE       VALUE  FROM      YEAR
                                                  NORMAL
..................................................................
TEMPERATURE (F)
 YESTERDAY
  MAXIMUM         76   1258 PM  92    1987  77     -1       76
  MINIMUM         63    606 AM  38    1921  54      9       45
  AVERAGE         70                        66      4       61

PRECIPITATION (IN)
  YESTERDAY        0.00          3.14 1932   0.14  -0.14     0.00
  MONTH TO DATE    3.66                      4.35  -0.69     5.02
  SINCE MAR 1      8.18                      9.11  -0.93    11.60
  SINCE JAN 1     15.31                     18.38  -3.07    18.88

SNOWFALL (IN)
  YESTERDAY        0.0
  MONTH TO DATE    0.0
  SINCE MAR 1      0.0
  SINCE JUL 1      T
  SNOW DEPTH      MM

DEGREE DAYS
 HEATING
  YESTERDAY        0                         2     -2        4
  MONTH TO DATE   97                       161    -64       95
  SINCE MAR 1    333                       538   -205      443
  SINCE JUL 1   2334                      3073   -739     3214

 COOLING
  YESTERDAY        5                         3      2        0
  MONTH TO DATE   60                        52      8       54
  SINCE MAR 1     84                        64     20       56
  SINCE JAN 1     84                        65     19       56
..................................................................


WIND (MPH)
  HIGHEST WIND SPEED    12   HIGHEST WIND DIRECTION     S (200)
  HIGHEST GUST SPEED    14   HIGHEST GUST DIRECTION     S (190)
  AVERAGE WIND SPEED    MM


SKY COVER
  POSSIBLE SUNSHINE  MM
  AVERAGE SKY COVER  MM


WEATHER CONDITIONS
 THE FOLLOWING WEATHER WAS RECORDED YESTERDAY.
  LIGHT RAIN


RELATIVE HUMIDITY (PERCENT)
 HIGHEST    MM
 LOWEST     MM
 AVERAGE    MM

..........................................................


THE MUSCLE SHOALS CLIMATE NORMALS FOR TODAY
                         NORMAL    RECORD    YEAR
 MAXIMUM TEMPERATURE (F)   77        92      1901
 MINIMUM TEMPERATURE (F)   54        36      1918


SUNRISE AND SUNSET
MAY  1 2016...........SUNRISE   600 AM CDT   SUNSET   736 PM CDT
MAY  2 2016...........SUNRISE   559 AM CDT   SUNSET   737 PM CDT


-  INDICATES NEGATIVE NUMBERS.
R  INDICATES RECORD WAS SET OR TIED.
MM INDICATES DATA IS MISSING.
T  INDICATES TRACE AMOUNT.




$$
