000
CDUS44 KHUN 310704
CLIMSL


CLIMATE REPORT
NATIONAL WEATHER SERVICE HUNTSVILLE AL
203 AM CDT MON AUG 31 2015


...................................

...THE MUSCLE SHOALS CLIMATE SUMMARY FOR AUGUST 30 2015...

CLIMATE NORMAL PERIOD 1981 TO 2010
CLIMATE RECORD PERIOD 1893 TO 2015


WEATHER ITEM   OBSERVED TIME   RECORD YEAR NORMAL DEPARTURE LAST
                VALUE   (LST)  VALUE       VALUE  FROM      YEAR
                                                  NORMAL
..................................................................
TEMPERATURE (F)
 YESTERDAY
  MAXIMUM         79    356 PM 104    1951  90    -11       92
                                      1924
  MINIMUM         66   1100 PM  55    1931  67     -1       69
                                      1913
  AVERAGE         73                        78     -5       81

PRECIPITATION (IN)
  YESTERDAY        T             0.76 1917   0.10  -0.10     0.29
  MONTH TO DATE    4.71                      3.05   1.66     3.91
  SINCE JUN 1     11.80                     12.11  -0.31    16.40
  SINCE JAN 1     35.69                     35.61   0.08    33.19

SNOWFALL (IN)
  YESTERDAY        0.0
  MONTH TO DATE    0.0
  SINCE JUN 1      0.0
  SINCE JUL 1      0.0
  SNOW DEPTH       0

DEGREE DAYS
 HEATING
  YESTERDAY        0                         0      0        0
  MONTH TO DATE    0                         0      0        0
  SINCE JUN 1      0                         1     -1        0
  SINCE JUL 1      0                         0      0        0

 COOLING
  YESTERDAY        8                        13     -5       16
  MONTH TO DATE  392                       447    -55      416
  SINCE JUN 1   1392                      1286    106     1184
  SINCE JAN 1   1646                      1530    116     1441
..................................................................


WIND (MPH)
  HIGHEST WIND SPEED    12   HIGHEST WIND DIRECTION     E (110)
  HIGHEST GUST SPEED    15   HIGHEST GUST DIRECTION    SE (140)
  AVERAGE WIND SPEED     3.6


SKY COVER
  POSSIBLE SUNSHINE  MM
  AVERAGE SKY COVER 0.4


WEATHER CONDITIONS
 THE FOLLOWING WEATHER WAS RECORDED YESTERDAY.
  LIGHT RAIN
  FOG


RELATIVE HUMIDITY (PERCENT)
 HIGHEST    93          1000 PM
 LOWEST     60           500 PM
 AVERAGE    77

..........................................................


THE MUSCLE SHOALS CLIMATE NORMALS FOR TODAY
                         NORMAL    RECORD    YEAR
 MAXIMUM TEMPERATURE (F)   89       105      1951
 MINIMUM TEMPERATURE (F)   67        49      1915


SUNRISE AND SUNSET
AUGUST 31 2015........SUNRISE   622 AM CDT   SUNSET   719 PM CDT
SEPTEMBER  1 2015.....SUNRISE   623 AM CDT   SUNSET   717 PM CDT


-  INDICATES NEGATIVE NUMBERS.
R  INDICATES RECORD WAS SET OR TIED.
MM INDICATES DATA IS MISSING.
T  INDICATES TRACE AMOUNT.




$$
