000
CDUS44 KHUN 212122
CLIMSL


CLIMATE REPORT
NATIONAL WEATHER SERVICE HUNTSVILLE AL
421 PM CDT TUE OCT 21 2014


...................................

...THE MUSCLE SHOALS CLIMATE SUMMARY FOR OCTOBER 21 2014...
VALID TODAY AS OF 0400 PM LOCAL TIME.

CLIMATE NORMAL PERIOD 1981 TO 2010
CLIMATE RECORD PERIOD 1893 TO 2014


WEATHER ITEM   OBSERVED TIME   RECORD YEAR NORMAL DEPARTURE LAST
                VALUE   (LST)  VALUE       VALUE  FROM      YEAR
                                                  NORMAL
..................................................................
TEMPERATURE (F)
 TODAY
  MAXIMUM         77    258 PM  89    1963  73      4       72
                                      1924
  MINIMUM         46    402 AM  27    1913  48     -2       38
  AVERAGE         62                        60      2       55

PRECIPITATION (IN)
  TODAY            0.00          1.42 1984   0.12  -0.12     0.00
  MONTH TO DATE    6.54                      2.23   4.31     1.38
  SINCE SEP 1      9.25                      5.95   3.30     3.84
  SINCE JAN 1     42.45                     41.66   0.79    46.73

SNOWFALL (IN)
  TODAY            0.0
  MONTH TO DATE    0.0
  SINCE SEP 1      0.0
  SINCE JUL 1      0.0
  SNOW DEPTH       0

DEGREE DAYS
 HEATING
  TODAY            3                         6     -3       10
  MONTH TO DATE   50                        81    -31       52
  SINCE SEP 1     50                        96    -46       52
  SINCE JUL 1     50                        96    -46       52

 COOLING
  TODAY            0                         1     -1        0
  MONTH TO DATE   84                        51     33       96
  SINCE SEP 1    391                       310     81      405
  SINCE JAN 1   1844                      1853     -9     1886
..................................................................


WIND (MPH)
  HIGHEST WIND SPEED    10   HIGHEST WIND DIRECTION     N (340)
  HIGHEST GUST SPEED    16   HIGHEST GUST DIRECTION     N (340)
  AVERAGE WIND SPEED     2.1


SKY COVER
  POSSIBLE SUNSHINE  MM
  AVERAGE SKY COVER 0.0


WEATHER CONDITIONS
 THE FOLLOWING WEATHER WAS RECORDED TODAY.
  FOG


RELATIVE HUMIDITY (PERCENT)
 HIGHEST    93          1200 AM
 LOWEST     31           200 PM
 AVERAGE    62

..........................................................


THE MUSCLE SHOALS CLIMATE NORMALS FOR TOMORROW
                         NORMAL    RECORD    YEAR
 MAXIMUM TEMPERATURE (F)   72        90      1963
 MINIMUM TEMPERATURE (F)   48        26      1916


SUNRISE AND SUNSET
OCTOBER 21 2014.......SUNRISE   701 AM CDT   SUNSET   608 PM CDT
OCTOBER 22 2014.......SUNRISE   702 AM CDT   SUNSET   607 PM CDT


-  INDICATES NEGATIVE NUMBERS.
R  INDICATES RECORD WAS SET OR TIED.
MM INDICATES DATA IS MISSING.
T  INDICATES TRACE AMOUNT.




$$
