000
CDUS44 KHUN 270702
CLIMSL


CLIMATE REPORT
NATIONAL WEATHER SERVICE HUNTSVILLE AL
202 AM CDT FRI MAY 27 2016


...................................

...THE MUSCLE SHOALS CLIMATE SUMMARY FOR MAY 26 2016...

CLIMATE NORMAL PERIOD 1981 TO 2010
CLIMATE RECORD PERIOD 1893 TO 2016


WEATHER ITEM   OBSERVED TIME   RECORD YEAR NORMAL DEPARTURE LAST
                VALUE   (LST)  VALUE       VALUE  FROM      YEAR
                                                  NORMAL
..................................................................
TEMPERATURE (F)
 YESTERDAY
  MAXIMUM         92    233 PM  97    2012  83      9       81
  MINIMUM         63    433 AM  42    1925  62      1       65
  AVERAGE         78                        72      6       73

PRECIPITATION (IN)
  YESTERDAY        0.00          3.09 1994   0.16  -0.16     0.03
  MONTH TO DATE    1.16                      4.28  -3.12     3.02
  SINCE MAR 1      9.35                     13.39  -4.04    14.62
  SINCE JAN 1     16.48                     22.66  -6.18    21.90

SNOWFALL (IN)
  YESTERDAY        0.0
  MONTH TO DATE    0.0
  SINCE MAR 1      0.0
  SINCE JUL 1      T
  SNOW DEPTH       0

DEGREE DAYS
 HEATING
  YESTERDAY        0                         0      0        0
  MONTH TO DATE   26                        29     -3       19
  SINCE MAR 1    359                       567   -208      462
  SINCE JUL 1   2360                      3102   -742     3233

 COOLING
  YESTERDAY       13                         8      5        8
  MONTH TO DATE  116                       138    -22      148
  SINCE MAR 1    200                       202     -2      204
  SINCE JAN 1    200                       203     -3      204
..................................................................


WIND (MPH)
  HIGHEST WIND SPEED    15   HIGHEST WIND DIRECTION    SW (210)
  HIGHEST GUST SPEED    23   HIGHEST GUST DIRECTION    SW (220)
  AVERAGE WIND SPEED     5.3


SKY COVER
  POSSIBLE SUNSHINE  MM
  AVERAGE SKY COVER 0.1


WEATHER CONDITIONS
 THE FOLLOWING WEATHER WAS RECORDED YESTERDAY.
  NO SIGNIFICANT WEATHER WAS OBSERVED.


RELATIVE HUMIDITY (PERCENT)
 HIGHEST    87          1200 AM
 LOWEST     30           100 PM
 AVERAGE    59

..........................................................


THE MUSCLE SHOALS CLIMATE NORMALS FOR TODAY
                         NORMAL    RECORD    YEAR
 MAXIMUM TEMPERATURE (F)   84        97      2012
 MINIMUM TEMPERATURE (F)   62        39      1961


SUNRISE AND SUNSET
MAY 27 2016...........SUNRISE   540 AM CDT   SUNSET   756 PM CDT
MAY 28 2016...........SUNRISE   540 AM CDT   SUNSET   756 PM CDT


-  INDICATES NEGATIVE NUMBERS.
R  INDICATES RECORD WAS SET OR TIED.
MM INDICATES DATA IS MISSING.
T  INDICATES TRACE AMOUNT.




$$
