043
CDUS44 KHUN 250705
CLIMSL


CLIMATE REPORT
NATIONAL WEATHER SERVICE HUNTSVILLE AL
205 AM CDT MON SEP 25 2017


...................................

...THE MUSCLE SHOALS CLIMATE SUMMARY FOR SEPTEMBER 24 2017...

CLIMATE NORMAL PERIOD 1981 TO 2010
CLIMATE RECORD PERIOD 1893 TO 2017


WEATHER ITEM   OBSERVED TIME   RECORD YEAR NORMAL DEPARTURE LAST
                VALUE   (LST)  VALUE       VALUE  FROM      YEAR
                                                  NORMAL
..................................................................
TEMPERATURE (F)
 YESTERDAY
  MAXIMUM         89    158 PM 100    1931  82      7       98
  MINIMUM         65    540 AM  40    1928  58      7       65
                                      1918
  AVERAGE         77                        70      7       82

PRECIPITATION (IN)
  YESTERDAY        0.00          5.30 1997   0.13  -0.13     0.00
  MONTH TO DATE    3.51                      2.96   0.55     0.50
  SINCE SEP 1      3.51                      2.96   0.55     0.50
  SINCE JAN 1     37.33                     38.67  -1.34    32.13

SNOWFALL (IN)
  YESTERDAY        0.0
  MONTH TO DATE    0.0
  SINCE SEP 1      0.0
  SINCE JUL 1      0.0
  SNOW DEPTH       0

DEGREE DAYS
 HEATING
  YESTERDAY        0                         1     -1        0
  MONTH TO DATE   12                         6      6        0
  SINCE SEP 1     12                         6      6        0
  SINCE JUL 1     12                         6      6        0

 COOLING
  YESTERDAY       12                         6      6       17
  MONTH TO DATE  166                       230    -64      365
  SINCE SEP 1    166                       230    -64      365
  SINCE JAN 1   1791                      1773     18     2168
..................................................................


WIND (MPH)
  HIGHEST WIND SPEED    10   HIGHEST WIND DIRECTION     E (80)
  HIGHEST GUST SPEED    14   HIGHEST GUST DIRECTION     S (200)
  AVERAGE WIND SPEED     2.3


SKY COVER
  POSSIBLE SUNSHINE  MM
  AVERAGE SKY COVER 0.0


WEATHER CONDITIONS
 THE FOLLOWING WEATHER WAS RECORDED YESTERDAY.
  FOG
  HAZE


RELATIVE HUMIDITY (PERCENT)
 HIGHEST    93           200 AM
 LOWEST     38           200 PM
 AVERAGE    66

..........................................................


THE MUSCLE SHOALS CLIMATE NORMALS FOR TODAY
                         NORMAL    RECORD    YEAR
 MAXIMUM TEMPERATURE (F)   81        99      2016
 MINIMUM TEMPERATURE (F)   58        40      1928


SUNRISE AND SUNSET
SEPTEMBER 25 2017.....SUNRISE   641 AM CDT   SUNSET   643 PM CDT
SEPTEMBER 26 2017.....SUNRISE   642 AM CDT   SUNSET   641 PM CDT


-  INDICATES NEGATIVE NUMBERS.
R  INDICATES RECORD WAS SET OR TIED.
MM INDICATES DATA IS MISSING.
T  INDICATES TRACE AMOUNT.




$$
