000
CDUS43 KMKX 110642
CLIMSN


CLIMATE REPORT
NATIONAL WEATHER SERVICE IN MILWAUKEE
1241 AM CST THU FEB 11 2016


...................................

...THE MADISON WI CLIMATE SUMMARY FOR FEBRUARY 10 2016...

CLIMATE NORMAL PERIOD 1981 TO 2010
CLIMATE RECORD PERIOD 1871 TO 2016


WEATHER ITEM   OBSERVED TIME   RECORD YEAR NORMAL DEPARTURE LAST
                VALUE   (LST)  VALUE       VALUE  FROM      YEAR
                                                  NORMAL
..................................................................
TEMPERATURE (F)
 YESTERDAY
  MAXIMUM         14    428 PM  54    2009  30    -16       29
  MINIMUM          3    807 AM -25    1899  14    -11        2
  AVERAGE          9                        22    -13       16

PRECIPITATION (IN)
  YESTERDAY        T             0.65 2013   0.05  -0.05     0.01
  MONTH TO DATE    0.40                      0.45  -0.05     0.47
  SINCE DEC 1      4.71                      3.42   1.29     2.16
  SINCE JAN 1      1.38                      1.68  -0.30     1.13

SNOWFALL (IN)
  YESTERDAY        T             6.1  1959   0.3   -0.3      0.1
  MONTH TO DATE    3.7                       4.0   -0.3      8.0
  SINCE DEC 1     18.0                      30.4  -12.4     18.3
  SINCE JUL 1     22.1                      34.5  -12.4     26.8
  SNOW DEPTH       3

DEGREE DAYS
 HEATING
  YESTERDAY       56                        43     13       49
  MONTH TO DATE  403                       444    -41      503
  SINCE DEC 1   2714                      3178   -464     3023
  SINCE JUL 1   3905                      4757   -852     4707

 COOLING
  YESTERDAY        0                         0      0        0
  MONTH TO DATE    0                         0      0        0
  SINCE DEC 1      0                         0      0        0
  SINCE JAN 1      0                         0      0        0
..................................................................


WIND (MPH)
  HIGHEST WIND SPEED    16   HIGHEST WIND DIRECTION     N (340)
  HIGHEST GUST SPEED    24   HIGHEST GUST DIRECTION     N (340)
  AVERAGE WIND SPEED     8.0


SKY COVER
  POSSIBLE SUNSHINE  MM
  AVERAGE SKY COVER 0.6


WEATHER CONDITIONS
 THE FOLLOWING WEATHER WAS RECORDED YESTERDAY.
  NO SIGNIFICANT WEATHER WAS OBSERVED.


RELATIVE HUMIDITY (PERCENT)
 HIGHEST    79           700 AM
 LOWEST     51           400 PM
 AVERAGE    65

..........................................................


THE MADISON WI CLIMATE NORMALS FOR TODAY
                         NORMAL    RECORD    YEAR
 MAXIMUM TEMPERATURE (F)   30        61      1999
 MINIMUM TEMPERATURE (F)   14       -22      1885


SUNRISE AND SUNSET
FEBRUARY 11 2016......SUNRISE   701 AM CST   SUNSET   522 PM CST
FEBRUARY 12 2016......SUNRISE   700 AM CST   SUNSET   524 PM CST


-  INDICATES NEGATIVE NUMBERS.
R  INDICATES RECORD WAS SET OR TIED.
MM INDICATES DATA IS MISSING.
T  INDICATES TRACE AMOUNT.




$$
