000
CDUS43 KMKX 270700
CLIMSN


CLIMATE REPORT
NATIONAL WEATHER SERVICE IN MILWAUKEE
200 AM CDT TUE JUN 27 2017


...................................

...THE MADISON WI CLIMATE SUMMARY FOR JUNE 26 2017...

CLIMATE NORMAL PERIOD 1981 TO 2010
CLIMATE RECORD PERIOD 1871 TO 2017


WEATHER ITEM   OBSERVED TIME   RECORD YEAR NORMAL DEPARTURE LAST
                VALUE   (LST)  VALUE       VALUE  FROM      YEAR
                                                  NORMAL
..................................................................
TEMPERATURE (F)
 YESTERDAY
  MAXIMUM         65    432 PM  96    1980  81    -16       86
                                      1931
  MINIMUM         50   1159 PM  45    1974  59     -9       70
  AVERAGE         58                        70    -12       78

PRECIPITATION (IN)
  YESTERDAY        T             3.19 2013   0.15  -0.15     1.39
  MONTH TO DATE    5.18                      3.94   1.24     4.96
  SINCE JUN 1      5.18                      3.94   1.24     4.96
  SINCE JAN 1     20.84                     15.77   5.07    14.75

SNOWFALL (IN)
  YESTERDAY        0.0           0.0    MM   0.0    0.0      0.0
  MONTH TO DATE    0.0                       0.0    0.0      0.0
  SINCE JUN 1      0.0                       0.0    0.0      0.0
  SINCE JUL 1     44.0                      50.9   -6.9     32.7
  SNOW DEPTH       0

DEGREE DAYS
 HEATING
  YESTERDAY        7                         1      6        0
  MONTH TO DATE   26                        59    -33       13
  SINCE JUN 1     26                        59    -33       13
  SINCE JUL 1   6214                      7332  -1118     6197

 COOLING
  YESTERDAY        0                         6     -6       13
  MONTH TO DATE  142                        96     46      141
  SINCE JUN 1    142                        96     46      141
  SINCE JAN 1    157                       126     31      193
..................................................................


WIND (MPH)
  HIGHEST WIND SPEED    20   HIGHEST WIND DIRECTION     W (290)
  HIGHEST GUST SPEED    29   HIGHEST GUST DIRECTION    NW (330)
  AVERAGE WIND SPEED     7.1


SKY COVER
  POSSIBLE SUNSHINE  MM
  AVERAGE SKY COVER 0.4


WEATHER CONDITIONS
 THE FOLLOWING WEATHER WAS RECORDED YESTERDAY.
  NO SIGNIFICANT WEATHER WAS OBSERVED.


RELATIVE HUMIDITY (PERCENT)
 HIGHEST    93          1200 AM
 LOWEST     44          1200 PM
 AVERAGE    69

..........................................................


THE MADISON WI CLIMATE NORMALS FOR TODAY
                         NORMAL    RECORD    YEAR
 MAXIMUM TEMPERATURE (F)   81        97      1933
 MINIMUM TEMPERATURE (F)   60        42      1992


SUNRISE AND SUNSET
JUNE 27 2017..........SUNRISE   520 AM CDT   SUNSET   841 PM CDT
JUNE 28 2017..........SUNRISE   520 AM CDT   SUNSET   841 PM CDT


-  INDICATES NEGATIVE NUMBERS.
R  INDICATES RECORD WAS SET OR TIED.
MM INDICATES DATA IS MISSING.
T  INDICATES TRACE AMOUNT.




$$
