000
CDUS43 KMKX 030647
CLIMSN


CLIMATE REPORT
NATIONAL WEATHER SERVICE IN MILWAUKEE
146 AM CDT THU SEP 3 2015


...................................

...THE MADISON WI CLIMATE SUMMARY FOR SEPTEMBER 2 2015...

CLIMATE NORMAL PERIOD 1981 TO 2010
CLIMATE RECORD PERIOD 1871 TO 2015


WEATHER ITEM   OBSERVED TIME   RECORD YEAR NORMAL DEPARTURE LAST
                VALUE   (LST)  VALUE       VALUE  FROM      YEAR
                                                  NORMAL
..................................................................
TEMPERATURE (F)
 YESTERDAY
  MAXIMUM         85    323 PM  98    1953  77      8       79
  MINIMUM         69    539 AM  37    1976  56     13       56
  AVERAGE         77                        66     11       68

PRECIPITATION (IN)
  YESTERDAY        0.00          1.43 1887   0.11  -0.11     0.00
  MONTH TO DATE    0.00                      0.23  -0.23     0.07
  SINCE SEP 1      0.00                      0.23  -0.23     0.07
  SINCE JAN 1     22.79                     25.05  -2.26    27.88

SNOWFALL (IN)
  YESTERDAY        0.0           0.0    MM   0.0    0.0      0.0
  MONTH TO DATE    0.0                       0.0    0.0      0.0
  SINCE SEP 1      0.0                       0.0    0.0      0.0
  SINCE JUL 1      0.0                       0.0    0.0      0.0
  SNOW DEPTH       0

DEGREE DAYS
 HEATING
  YESTERDAY        0                         2     -2        0
  MONTH TO DATE    0                         4     -4        0
  SINCE SEP 1      0                         4     -4        0
  SINCE JUL 1     32                        41     -9       17

 COOLING
  YESTERDAY       12                         3      9        3
  MONTH TO DATE   26                         6     20        9
  SINCE SEP 1     26                         6     20        9
  SINCE JAN 1    555                       519     36      585
..................................................................


WIND (MPH)
  HIGHEST WIND SPEED    14   HIGHEST WIND DIRECTION     S (190)
  HIGHEST GUST SPEED    17   HIGHEST GUST DIRECTION     S (200)
  AVERAGE WIND SPEED     5.8


SKY COVER
  POSSIBLE SUNSHINE  MM
  AVERAGE SKY COVER 0.7


WEATHER CONDITIONS
 THE FOLLOWING WEATHER WAS RECORDED YESTERDAY.
  FOG
  HAZE


RELATIVE HUMIDITY (PERCENT)
 HIGHEST    90           600 AM
 LOWEST     55          1200 PM
 AVERAGE    73

..........................................................


THE MADISON WI CLIMATE NORMALS FOR TODAY
                         NORMAL    RECORD    YEAR
 MAXIMUM TEMPERATURE (F)   77        92      1960
                                             1939
 MINIMUM TEMPERATURE (F)   55        38      1974


SUNRISE AND SUNSET
SEPTEMBER  3 2015.....SUNRISE   623 AM CDT   SUNSET   729 PM CDT
SEPTEMBER  4 2015.....SUNRISE   625 AM CDT   SUNSET   727 PM CDT


-  INDICATES NEGATIVE NUMBERS.
R  INDICATES RECORD WAS SET OR TIED.
MM INDICATES DATA IS MISSING.
T  INDICATES TRACE AMOUNT.




$$
