340
CDUS45 KMSO 282231
CLIMSO


CLIMATE REPORT
NATIONAL WEATHER SERVICE MISSOULA, MT
431 PM MDT WED SEP 28 2016


...................................

...THE MISSOULA MT CLIMATE SUMMARY FOR SEPTEMBER 28 2016...
VALID TODAY AS OF 0400 PM LOCAL TIME.

CLIMATE NORMAL PERIOD 1981 TO 2010
CLIMATE RECORD PERIOD 1893 TO 2016


WEATHER ITEM   OBSERVED TIME   RECORD YEAR NORMAL DEPARTURE LAST
                VALUE   (LST)  VALUE       VALUE  FROM      YEAR
                                                  NORMAL
..................................................................
TEMPERATURE (F)
 TODAY
  MAXIMUM         81    252 PM  88    1967  67     14       71
  MINIMUM         47    554 AM  22    1984  38      9       29
  AVERAGE         64                        52     12       50

PRECIPITATION (IN)
  TODAY            0.00          0.34 1982   0.03  -0.03     0.00
  MONTH TO DATE    1.13                      1.10   0.03     0.52
  SINCE OCT 1     12.72                     14.06  -1.34    11.98
  SINCE JAN 1      9.33                     11.13  -1.80     6.67

SNOWFALL (IN)
  TODAY            0.0
  MONTH TO DATE    0.0
  SINCE JAN 1     13.1
  SINCE JUL 1      0.0
  SNOW DEPTH       0

DEGREE DAYS
 HEATING
  TODAY            1                        13    -12       15
  MONTH TO DATE  259                       216     43      217
  SINCE SEP 1    259                       216     43      217
  SINCE JUL 1    357                       300     57      277

 COOLING
  TODAY            0                         0      0        0
  MONTH TO DATE    4                        13     -9        1
  SINCE SEP 1      4                        13     -9        1
  SINCE JAN 1    286                       330    -44      401
..................................................................


WIND (MPH)
  HIGHEST WIND SPEED    16   HIGHEST WIND DIRECTION    SE (120)
  HIGHEST GUST SPEED    20   HIGHEST GUST DIRECTION    SE (120)
  AVERAGE WIND SPEED     3.9


SKY COVER
  POSSIBLE SUNSHINE  MM
  AVERAGE SKY COVER 0.0


WEATHER CONDITIONS
 THE FOLLOWING WEATHER WAS RECORDED TODAY.
  NO SIGNIFICANT WEATHER WAS OBSERVED.


RELATIVE HUMIDITY (PERCENT)
 HIGHEST    86           300 AM
 LOWEST     28           300 PM
 AVERAGE    57

..........................................................


THE MISSOULA MT CLIMATE NORMALS FOR TOMORROW
                         NORMAL    RECORD    YEAR
 MAXIMUM TEMPERATURE (F)   67        87      1938
 MINIMUM TEMPERATURE (F)   37        20      1985


SUNRISE AND SUNSET
SEPTEMBER 28 2016.....SUNRISE   732 AM MDT   SUNSET   721 PM MDT
SEPTEMBER 29 2016.....SUNRISE   733 AM MDT   SUNSET   719 PM MDT


-  INDICATES NEGATIVE NUMBERS.
R  INDICATES RECORD WAS SET OR TIED.
MM INDICATES DATA IS MISSING.
T  INDICATES TRACE AMOUNT.




$$
