000
CDUS45 KMSO 300737
CLIMSO


CLIMATE REPORT
NATIONAL WEATHER SERVICE MISSOULA, MT
137 AM MDT WED JUL 30 2014


...................................

...THE MISSOULA MT CLIMATE SUMMARY FOR JULY 29 2014...

CLIMATE NORMAL PERIOD 1981 TO 2010
CLIMATE RECORD PERIOD 1893 TO 2014


WEATHER ITEM   OBSERVED TIME   RECORD YEAR NORMAL DEPARTURE LAST
                VALUE   (LST)  VALUE       VALUE  FROM      YEAR
                                                  NORMAL
..................................................................
TEMPERATURE (F)
 YESTERDAY
  MAXIMUM         96    436 PM 101    2007  89      7       86
  MINIMUM         56    525 AM  37    1894  53      3       52
  AVERAGE         76                        70      6       69

PRECIPITATION (IN)
  YESTERDAY        0.00          0.44 1975   0.03  -0.03     0.00
  MONTH TO DATE    0.24                      0.93  -0.69     0.09
  SINCE OCT 1     10.79                     11.71  -0.92    10.69
  SINCE JAN 1      9.08                      8.78   0.30     5.90

SNOWFALL (IN)
  YESTERDAY        0.0
  MONTH TO DATE    0.0
  SINCE JAN 1     51.9
  SINCE JUL 1      0.0
  SNOW DEPTH       0

DEGREE DAYS
 HEATING
  YESTERDAY        0                         1     -1        0
  MONTH TO DATE    6                        40    -34        0
  SINCE JUN 1    183                       200    -17      141
  SINCE JUL 1      6                        40    -34        0

 COOLING
  YESTERDAY       11                         6      5        4
  MONTH TO DATE  211                       140     71      239
  SINCE JUN 1    219                       177     42      282
  SINCE JAN 1    219                       183     36      286
..................................................................


WIND (MPH)
  HIGHEST WIND SPEED    18   HIGHEST WIND DIRECTION     N (20)
  HIGHEST GUST SPEED    23   HIGHEST GUST DIRECTION     N (10)
  AVERAGE WIND SPEED     5.2


SKY COVER
  POSSIBLE SUNSHINE  MM
  AVERAGE SKY COVER 0.0


WEATHER CONDITIONS
 THE FOLLOWING WEATHER WAS RECORDED YESTERDAY.
  NO SIGNIFICANT WEATHER WAS OBSERVED.


RELATIVE HUMIDITY (PERCENT)
 HIGHEST    57           500 AM
 LOWEST      9           600 PM
 AVERAGE    33

..........................................................


THE MISSOULA MT CLIMATE NORMALS FOR TODAY
                         NORMAL    RECORD    YEAR
 MAXIMUM TEMPERATURE (F)   89       100      2003
                                             2000
 MINIMUM TEMPERATURE (F)   52        38      1913


SUNRISE AND SUNSET
JULY 30 2014..........SUNRISE   614 AM MDT   SUNSET   911 PM MDT
JULY 31 2014..........SUNRISE   615 AM MDT   SUNSET   910 PM MDT


-  INDICATES NEGATIVE NUMBERS.
R  INDICATES RECORD WAS SET OR TIED.
MM INDICATES DATA IS MISSING.
T  INDICATES TRACE AMOUNT.




$$
