000
CDUS45 KMSO 172332
CLIMSO


CLIMATE REPORT
NATIONAL WEATHER SERVICE MISSOULA, MT
432 PM MST WED JAN 17 2018


...................................

...THE MISSOULA MT CLIMATE SUMMARY FOR JANUARY 17 2018...
VALID TODAY AS OF 0400 PM LOCAL TIME.

CLIMATE NORMAL PERIOD 1981 TO 2010
CLIMATE RECORD PERIOD 1893 TO 2018


WEATHER ITEM   OBSERVED TIME   RECORD YEAR NORMAL DEPARTURE LAST
                VALUE   (LST)  VALUE       VALUE  FROM      YEAR
                                                  NORMAL
..................................................................
TEMPERATURE (F)
 TODAY
  MAXIMUM         32   1207 AM  48    1919  33     -1       18
  MINIMUM         14    907 AM -22    1950  19     -5       -5
                                      1930
                                      1916
  AVERAGE         23                        26     -3        7

PRECIPITATION (IN)
  TODAY            T             0.37 1963   0.03  -0.03     0.00
  MONTH TO DATE    0.32                      0.50  -0.18     0.79
  SINCE OCT 1      4.14                      3.43   0.71     5.45
  SINCE JAN 1      0.32                      0.50  -0.18     0.79

SNOWFALL (IN)
  TODAY            T
  MONTH TO DATE    3.3
  SINCE JAN 1      3.3
  SINCE JUL 1     30.6
  SNOW DEPTH       5

DEGREE DAYS
 HEATING
  TODAY           42                        39      3       58
  MONTH TO DATE  651                       683    -32     1006
  SINCE DEC 1   1935                      1959    -24     2424
  SINCE JUL 1   3825                      3855    -30     4178

 COOLING
  TODAY            0                         0      0        0
  MONTH TO DATE    0                         0      0        0
  SINCE DEC 1      0                         0      0        0
  SINCE JAN 1      0                         0      0        0
..................................................................


WIND (MPH)
  HIGHEST WIND SPEED     9   HIGHEST WIND DIRECTION    SW (230)
  HIGHEST GUST SPEED    10   HIGHEST GUST DIRECTION    SW (230)
  AVERAGE WIND SPEED     1.9


SKY COVER
  POSSIBLE SUNSHINE  MM
  AVERAGE SKY COVER 0.6


WEATHER CONDITIONS
 THE FOLLOWING WEATHER WAS RECORDED TODAY.
  FOG
  FOG W/VISIBILITY <= 1/4 MILE


RELATIVE HUMIDITY (PERCENT)
 HIGHEST    96           900 AM
 LOWEST     78          1200 AM
 AVERAGE    87

..........................................................


THE MISSOULA MT CLIMATE NORMALS FOR TOMORROW
                         NORMAL    RECORD    YEAR
 MAXIMUM TEMPERATURE (F)   34        56      1994
 MINIMUM TEMPERATURE (F)   19       -26      1963


SUNRISE AND SUNSET
JANUARY 17 2018.......SUNRISE   816 AM MST   SUNSET   517 PM MST
JANUARY 18 2018.......SUNRISE   815 AM MST   SUNSET   519 PM MST


-  INDICATES NEGATIVE NUMBERS.
R  INDICATES RECORD WAS SET OR TIED.
MM INDICATES DATA IS MISSING.
T  INDICATES TRACE AMOUNT.




$$
