000
CDUS45 KMSO 250737
CLIMSO


CLIMATE REPORT
NATIONAL WEATHER SERVICE MISSOULA, MT
137 AM MDT MON JUL 25 2016


...................................

...THE MISSOULA MT CLIMATE SUMMARY FOR JULY 24 2016...

CLIMATE NORMAL PERIOD 1981 TO 2010
CLIMATE RECORD PERIOD 1893 TO 2016


WEATHER ITEM   OBSERVED TIME   RECORD YEAR NORMAL DEPARTURE LAST
                VALUE   (LST)  VALUE       VALUE  FROM      YEAR
                                                  NORMAL
..................................................................
TEMPERATURE (F)
 YESTERDAY
  MAXIMUM         88    558 PM 100    2006  88      0       87
                                      1933
  MINIMUM         48    542 AM  40    1964  52     -4       48
                                      1960
  AVERAGE         68                        70     -2       68

PRECIPITATION (IN)
  YESTERDAY        0.00          0.45 1947   0.02  -0.02     0.00
  MONTH TO DATE    2.06                      0.79   1.27     0.90
  SINCE OCT 1     11.31                     11.57  -0.26    10.64
  SINCE JAN 1      7.92                      8.64  -0.72     5.33

SNOWFALL (IN)
  YESTERDAY        0.0
  MONTH TO DATE    0.0
  SINCE JAN 1     13.1
  SINCE JUL 1      0.0
  SNOW DEPTH       0

DEGREE DAYS
 HEATING
  YESTERDAY        0                         1     -1        0
  MONTH TO DATE   57                        35     22        8
  SINCE JUN 1    176                       195    -19       55
  SINCE JUL 1     57                        35     22        8

 COOLING
  YESTERDAY        3                         6     -3        3
  MONTH TO DATE   57                       110    -53      127
  SINCE JUN 1    128                       147    -19      269
  SINCE JAN 1    128                       153    -25      269
..................................................................


WIND (MPH)
  HIGHEST WIND SPEED    12   HIGHEST WIND DIRECTION     N (350)
  HIGHEST GUST SPEED    16   HIGHEST GUST DIRECTION     N (360)
  AVERAGE WIND SPEED     3.5


SKY COVER
  POSSIBLE SUNSHINE  MM
  AVERAGE SKY COVER 0.0


WEATHER CONDITIONS
 THE FOLLOWING WEATHER WAS RECORDED YESTERDAY.
  NO SIGNIFICANT WEATHER WAS OBSERVED.


RELATIVE HUMIDITY (PERCENT)
 HIGHEST    77           500 AM
 LOWEST     18           500 PM
 AVERAGE    48

..........................................................


THE MISSOULA MT CLIMATE NORMALS FOR TODAY
                         NORMAL    RECORD    YEAR
 MAXIMUM TEMPERATURE (F)   88       101      1933
 MINIMUM TEMPERATURE (F)   52        40      1960
                                             1893


SUNRISE AND SUNSET
JULY 25 2016..........SUNRISE   608 AM MDT   SUNSET   917 PM MDT
JULY 26 2016..........SUNRISE   609 AM MDT   SUNSET   916 PM MDT


-  INDICATES NEGATIVE NUMBERS.
R  INDICATES RECORD WAS SET OR TIED.
MM INDICATES DATA IS MISSING.
T  INDICATES TRACE AMOUNT.




$$
