000
CDUS45 KMSO 310738
CLIMSO


CLIMATE REPORT
NATIONAL WEATHER SERVICE MISSOULA, MT
137 AM MDT SUN AUG 31 2014


...................................

...THE MISSOULA MT CLIMATE SUMMARY FOR AUGUST 30 2014...

CLIMATE NORMAL PERIOD 1981 TO 2010
CLIMATE RECORD PERIOD 1893 TO 2014


WEATHER ITEM   OBSERVED TIME   RECORD YEAR NORMAL DEPARTURE LAST
                VALUE   (LST)  VALUE       VALUE  FROM      YEAR
                                                  NORMAL
..................................................................
TEMPERATURE (F)
 YESTERDAY
  MAXIMUM         76    358 PM  96    1955  80     -4       85
                                      1940
  MINIMUM         59   1156 PM  33    1965  47     12       50
                                      1910
  AVERAGE         68                        64      4       68

PRECIPITATION (IN)
  YESTERDAY        T             0.81 1977   0.04  -0.04     0.00
  MONTH TO DATE    0.93                      1.15  -0.22     0.41
  SINCE OCT 1     11.72                     12.92  -1.20    11.10
  SINCE JAN 1     10.01                      9.99   0.02     6.31

SNOWFALL (IN)
  YESTERDAY        0.0
  MONTH TO DATE    0.0
  SINCE JAN 1     51.9
  SINCE JUL 1      0.0
  SNOW DEPTH       0

DEGREE DAYS
 HEATING
  YESTERDAY        0                         3     -3        0
  MONTH TO DATE   32                        44    -12        8
  SINCE JUN 1    215                       242    -27      149
  SINCE JUL 1     38                        82    -44        8

 COOLING
  YESTERDAY        3                         2      1        3
  MONTH TO DATE  138                       122     16      188
  SINCE JUN 1    378                       310     68      485
  SINCE JAN 1    378                       316     62      489
..................................................................


WIND (MPH)
  HIGHEST WIND SPEED    24   HIGHEST WIND DIRECTION     W (280)
  HIGHEST GUST SPEED    31   HIGHEST GUST DIRECTION     W (280)
  AVERAGE WIND SPEED     9.8


SKY COVER
  POSSIBLE SUNSHINE  MM
  AVERAGE SKY COVER 0.6


WEATHER CONDITIONS
 THE FOLLOWING WEATHER WAS RECORDED YESTERDAY.
  NO SIGNIFICANT WEATHER WAS OBSERVED.


RELATIVE HUMIDITY (PERCENT)
 HIGHEST    60           600 AM
 LOWEST     23           400 PM
 AVERAGE    42

..........................................................


THE MISSOULA MT CLIMATE NORMALS FOR TODAY
                         NORMAL    RECORD    YEAR
 MAXIMUM TEMPERATURE (F)   80        94      1991
                                             1940
                                             1929
 MINIMUM TEMPERATURE (F)   47        36      1993
                                             1924


SUNRISE AND SUNSET
AUGUST 31 2014........SUNRISE   655 AM MDT   SUNSET   818 PM MDT
SEPTEMBER  1 2014.....SUNRISE   656 AM MDT   SUNSET   816 PM MDT


-  INDICATES NEGATIVE NUMBERS.
R  INDICATES RECORD WAS SET OR TIED.
MM INDICATES DATA IS MISSING.
T  INDICATES TRACE AMOUNT.




$$
