000
CDUS45 KMSO 220842
CLIMSO


CLIMATE REPORT
NATIONAL WEATHER SERVICE MISSOULA, MT
142 AM MST SUN JAN 22 2017


...................................

...THE MISSOULA MT CLIMATE SUMMARY FOR JANUARY 21 2017...

CLIMATE NORMAL PERIOD 1981 TO 2010
CLIMATE RECORD PERIOD 1893 TO 2017


WEATHER ITEM   OBSERVED TIME   RECORD YEAR NORMAL DEPARTURE LAST
                VALUE   (LST)  VALUE       VALUE  FROM      YEAR
                                                  NORMAL
..................................................................
TEMPERATURE (F)
 YESTERDAY
  MAXIMUM         26    457 PM  55    1919  34     -8       34
  MINIMUM         15    532 AM -24    1937  19     -4       23
  AVERAGE         21                        26     -5       29

PRECIPITATION (IN)
  YESTERDAY        0.03          0.61 1943   0.03   0.00      T
  MONTH TO DATE    0.87                      0.60   0.27     0.35
  SINCE OCT 1      5.53                      3.53   2.00     3.74
  SINCE JAN 1      0.87                      0.60   0.27     0.35

SNOWFALL (IN)
  YESTERDAY        0.5
  MONTH TO DATE   11.3
  SINCE JAN 1     11.3
  SINCE JUL 1     40.4
  SNOW DEPTH      12

DEGREE DAYS
 HEATING
  YESTERDAY       44                        38      6       36
  MONTH TO DATE 1163                       838    325      904
  SINCE DEC 1   2581                      2114    467     2127
  SINCE JUL 1   4335                      4010    325     3980

 COOLING
  YESTERDAY        0                         0      0        0
  MONTH TO DATE    0                         0      0        0
  SINCE DEC 1      0                         0      0        0
  SINCE JAN 1      0                         0      0        0
..................................................................


WIND (MPH)
  HIGHEST WIND SPEED     9   HIGHEST WIND DIRECTION    SE (120)
  HIGHEST GUST SPEED    10   HIGHEST GUST DIRECTION    SE (120)
  AVERAGE WIND SPEED     1.3


SKY COVER
  POSSIBLE SUNSHINE  MM
  AVERAGE SKY COVER 0.9


WEATHER CONDITIONS
 THE FOLLOWING WEATHER WAS RECORDED YESTERDAY.
  LIGHT SNOW
  FOG
  FOG W/VISIBILITY <= 1/4 MILE


RELATIVE HUMIDITY (PERCENT)
 HIGHEST   100           500 AM
 LOWEST     84           800 AM
 AVERAGE    92

..........................................................


THE MISSOULA MT CLIMATE NORMALS FOR TODAY
                         NORMAL    RECORD    YEAR
 MAXIMUM TEMPERATURE (F)   34        53      1910
 MINIMUM TEMPERATURE (F)   19       -23      1962


SUNRISE AND SUNSET
JANUARY 22 2017.......SUNRISE   812 AM MST   SUNSET   525 PM MST
JANUARY 23 2017.......SUNRISE   811 AM MST   SUNSET   526 PM MST


-  INDICATES NEGATIVE NUMBERS.
R  INDICATES RECORD WAS SET OR TIED.
MM INDICATES DATA IS MISSING.
T  INDICATES TRACE AMOUNT.




$$
