000
CDUS45 KMSO 160740
CLIMSO


CLIMATE REPORT
NATIONAL WEATHER SERVICE MISSOULA, MT
139 AM MDT WED AUG 16 2017


...................................

...THE MISSOULA MT CLIMATE SUMMARY FOR AUGUST 15 2017...

CLIMATE NORMAL PERIOD 1981 TO 2010
CLIMATE RECORD PERIOD 1893 TO 2017


WEATHER ITEM   OBSERVED TIME   RECORD YEAR NORMAL DEPARTURE LAST
                VALUE   (LST)  VALUE       VALUE  FROM      YEAR
                                                  NORMAL
..................................................................
TEMPERATURE (F)
 YESTERDAY
  MAXIMUM         84    341 PM  98    2013  86     -2       93
                                      2004
  MINIMUM         45    542 AM  33    1893  51     -6       51
  AVERAGE         65                        68     -3       72

PRECIPITATION (IN)
  YESTERDAY        0.00          0.55 1968   0.04  -0.04     0.00
  MONTH TO DATE    0.14                      0.54  -0.40     0.13
  SINCE OCT 1     14.85                     12.31   2.54    11.44
  SINCE JAN 1     10.19                      9.38   0.81     8.05

SNOWFALL (IN)
  YESTERDAY        0.0
  MONTH TO DATE    0.0
  SINCE JAN 1     38.2
  SINCE JUL 1      0.0
  SNOW DEPTH       0

DEGREE DAYS
 HEATING
  YESTERDAY        0                         1     -1        0
  MONTH TO DATE    0                        15    -15       17
  SINCE JUN 1    115                       213    -98      193
  SINCE JUL 1      0                        53    -53       74

 COOLING
  YESTERDAY        0                         4     -4        7
  MONTH TO DATE   95                        79     16       41
  SINCE JUN 1    410                       267    143      229
  SINCE JAN 1    419                       273    146      229
..................................................................


WIND (MPH)
  HIGHEST WIND SPEED    18   HIGHEST WIND DIRECTION    NW (320)
  HIGHEST GUST SPEED    22   HIGHEST GUST DIRECTION    NW (320)
  AVERAGE WIND SPEED     3.8


SKY COVER
  POSSIBLE SUNSHINE  MM
  AVERAGE SKY COVER 0.0


WEATHER CONDITIONS
 THE FOLLOWING WEATHER WAS RECORDED YESTERDAY.
  HAZE


RELATIVE HUMIDITY (PERCENT)
 HIGHEST    76           600 AM
 LOWEST     15           300 PM
 AVERAGE    46

..........................................................


THE MISSOULA MT CLIMATE NORMALS FOR TODAY
                         NORMAL    RECORD    YEAR
 MAXIMUM TEMPERATURE (F)   85        97      1933
 MINIMUM TEMPERATURE (F)   50        35      1893


SUNRISE AND SUNSET
AUGUST 16 2017........SUNRISE   635 AM MDT   SUNSET   845 PM MDT
AUGUST 17 2017........SUNRISE   637 AM MDT   SUNSET   843 PM MDT


-  INDICATES NEGATIVE NUMBERS.
R  INDICATES RECORD WAS SET OR TIED.
MM INDICATES DATA IS MISSING.
T  INDICATES TRACE AMOUNT.




$$
