000
CDUS45 KMSO 230740
CLIMSO


CLIMATE REPORT
NATIONAL WEATHER SERVICE MISSOULA, MT
140 AM MDT THU OCT 23 2014


...................................

...THE MISSOULA MT CLIMATE SUMMARY FOR OCTOBER 22 2014...

CLIMATE NORMAL PERIOD 1981 TO 2010
CLIMATE RECORD PERIOD 1893 TO 2014


WEATHER ITEM   OBSERVED TIME   RECORD YEAR NORMAL DEPARTURE LAST
                VALUE   (LST)  VALUE       VALUE  FROM      YEAR
                                                  NORMAL
..................................................................
TEMPERATURE (F)
 YESTERDAY
  MAXIMUM         62    425 PM  72    2003  55      7       63
  MINIMUM         33    813 AM  17    1895  31      2       25
  AVERAGE         48                        43      5       44

PRECIPITATION (IN)
  YESTERDAY        0.00          0.33 1893   0.03  -0.03     0.00
  MONTH TO DATE    0.95                      0.62   0.33     0.04
  SINCE OCT 1      0.95                      0.62   0.33     0.04
  SINCE JAN 1     11.25                     11.82  -0.57     7.77

SNOWFALL (IN)
  YESTERDAY        0.0
  MONTH TO DATE    0.0
  SINCE JAN 1     51.9
  SINCE JUL 1      0.0
  SNOW DEPTH       0

DEGREE DAYS
 HEATING
  YESTERDAY       17                        22     -5       21
  MONTH TO DATE  279                       400   -121      477
  SINCE SEP 1    470                       641   -171      670
  SINCE JUL 1    512                       725   -213      678

 COOLING
  YESTERDAY        0                         0      0        0
  MONTH TO DATE    0                         0      0        0
  SINCE SEP 1     12                        15     -3       87
  SINCE JAN 1    390                       332     58      579
..................................................................


WIND (MPH)
  HIGHEST WIND SPEED    16   HIGHEST WIND DIRECTION     S (160)
  HIGHEST GUST SPEED    20   HIGHEST GUST DIRECTION    SE (140)
  AVERAGE WIND SPEED     5.3


SKY COVER
  POSSIBLE SUNSHINE  MM
  AVERAGE SKY COVER 0.4


WEATHER CONDITIONS
 THE FOLLOWING WEATHER WAS RECORDED YESTERDAY.
  FOG
  FOG W/VISIBILITY <= 1/4 MILE


RELATIVE HUMIDITY (PERCENT)
 HIGHEST   100           400 AM
 LOWEST     36           400 PM
 AVERAGE    68

..........................................................


THE MISSOULA MT CLIMATE NORMALS FOR TODAY
                         NORMAL    RECORD    YEAR
 MAXIMUM TEMPERATURE (F)   54        75      1944
 MINIMUM TEMPERATURE (F)   31        15      1895


SUNRISE AND SUNSET
OCTOBER 23 2014.......SUNRISE   806 AM MDT   SUNSET   635 PM MDT
OCTOBER 24 2014.......SUNRISE   807 AM MDT   SUNSET   633 PM MDT


-  INDICATES NEGATIVE NUMBERS.
R  INDICATES RECORD WAS SET OR TIED.
MM INDICATES DATA IS MISSING.
T  INDICATES TRACE AMOUNT.




$$
