000
CDUS45 KMSO 172230
CLIMSO


CLIMATE REPORT
NATIONAL WEATHER SERVICE MISSOULA, MT
430 PM MDT WED SEP 17 2014


...................................

...THE MISSOULA MT CLIMATE SUMMARY FOR SEPTEMBER 17 2014...
VALID TODAY AS OF 0400 PM LOCAL TIME.

CLIMATE NORMAL PERIOD 1981 TO 2010
CLIMATE RECORD PERIOD 1893 TO 2014


WEATHER ITEM   OBSERVED TIME   RECORD YEAR NORMAL DEPARTURE LAST
                VALUE   (LST)  VALUE       VALUE  FROM      YEAR
                                                  NORMAL
..................................................................
TEMPERATURE (F)
 TODAY
  MAXIMUM         81    259 PM  91    1981  73      8       72
  MINIMUM         46    707 AM  24    1965  41      5       47
  AVERAGE         64                        57      7       60

PRECIPITATION (IN)
  TODAY            0.00          0.80 1900   0.04  -0.04     0.02
  MONTH TO DATE    0.04                      0.71  -0.67     0.31
  SINCE OCT 1     11.77                     13.67  -1.90    11.41
  SINCE JAN 1     10.06                     10.74  -0.68     6.62

SNOWFALL (IN)
  TODAY            0.0
  MONTH TO DATE    0.0
  SINCE JAN 1     51.9
  SINCE JUL 1      0.0
  SNOW DEPTH       0

DEGREE DAYS
 HEATING
  TODAY            1                         8     -7        5
  MONTH TO DATE  143                        99     44        9
  SINCE SEP 1    143                        99     44        9
  SINCE JUL 1    185                       183      2       17

 COOLING
  TODAY            0                         0      0        0
  MONTH TO DATE    0                        13    -13       87
  SINCE SEP 1      0                        13    -13       87
  SINCE JAN 1    378                       330     48      579
..................................................................


WIND (MPH)
  HIGHEST WIND SPEED     7   HIGHEST WIND DIRECTION    SE (120)
  HIGHEST GUST SPEED     8   HIGHEST GUST DIRECTION    SE (120)
  AVERAGE WIND SPEED     1.2


SKY COVER
  POSSIBLE SUNSHINE  MM
  AVERAGE SKY COVER 0.0


WEATHER CONDITIONS
 THE FOLLOWING WEATHER WAS RECORDED TODAY.
  NO SIGNIFICANT WEATHER WAS OBSERVED.


RELATIVE HUMIDITY (PERCENT)
 HIGHEST    86           600 AM
 LOWEST     30           300 PM
 AVERAGE    58

..........................................................


THE MISSOULA MT CLIMATE NORMALS FOR TOMORROW
                         NORMAL    RECORD    YEAR
 MAXIMUM TEMPERATURE (F)   72        92      1938
 MINIMUM TEMPERATURE (F)   41        24      1971


SUNRISE AND SUNSET
SEPTEMBER 17 2014.....SUNRISE   717 AM MDT   SUNSET   744 PM MDT
SEPTEMBER 18 2014.....SUNRISE   718 AM MDT   SUNSET   742 PM MDT


-  INDICATES NEGATIVE NUMBERS.
R  INDICATES RECORD WAS SET OR TIED.
MM INDICATES DATA IS MISSING.
T  INDICATES TRACE AMOUNT.




$$
