000
CDUS43 KMPX 280855
CLIMSP


CLIMATE REPORT
NATIONAL WEATHER SERVICE CHANHASSEN MN
254 AM CST FRI NOV 28 2014


...................................

...THE TWIN CITIES MN CLIMATE SUMMARY FOR NOVEMBER 27 2014...

CLIMATE NORMAL PERIOD 1981 TO 2010
CLIMATE RECORD PERIOD 1871 TO 2014


WEATHER ITEM   OBSERVED TIME   RECORD YEAR NORMAL DEPARTURE LAST
                VALUE   (LST)  VALUE       VALUE  FROM      YEAR
                                                  NORMAL
..................................................................
TEMPERATURE (F)
 YESTERDAY
  MAXIMUM         10   1219 AM  64    1998  34    -24       25
  MINIMUM         -4    725 AM -13    1872  20    -24        9
  AVERAGE          3                        27    -24       17

PRECIPITATION (IN)
  YESTERDAY        0.02          0.90 1905   0.05  -0.03     0.00
  MONTH TO DATE    0.80                      1.61  -0.81     0.52
  SINCE SEP 1      3.47                      7.12  -3.65     4.87
  SINCE JAN 1     34.47                     29.29   5.18    31.31

SNOWFALL (IN)
  YESTERDAY        0.3           4.9  1983   0.4   -0.1      0.0
  MONTH TO DATE    8.5                       8.0    0.5      1.1
  SINCE SEP 1      8.5                       8.6   -0.1      1.1
  SINCE JUL 1      8.5                       8.6   -0.1      1.1
  SNOW DEPTH       2

DEGREE DAYS
 HEATING
  YESTERDAY       62                        38     24       48
  MONTH TO DATE 1043                       823    220      833
  SINCE SEP 1   1650                      1484    166     1378
  SINCE JUL 1   1657                      1503    154     1386

 COOLING
  YESTERDAY        0                         0      0        0
  MONTH TO DATE    0                         0      0        0
  SINCE SEP 1     63                        72     -9      134
  SINCE JAN 1    759                       753      6      983
..................................................................


WIND (MPH)
  HIGHEST WIND SPEED    16   HIGHEST WIND DIRECTION     N (340)
  HIGHEST GUST SPEED    20   HIGHEST GUST DIRECTION    NW (330)
  AVERAGE WIND SPEED     6.4


SKY COVER
  POSSIBLE SUNSHINE  MM
  AVERAGE SKY COVER 0.2


WEATHER CONDITIONS
 THE FOLLOWING WEATHER WAS RECORDED YESTERDAY.
  LIGHT SNOW
  FOG


RELATIVE HUMIDITY (PERCENT)
 HIGHEST    79           700 AM
 LOWEST     55           300 PM
 AVERAGE    67

..........................................................


THE TWIN CITIES MN CLIMATE NORMALS FOR TODAY
                         NORMAL    RECORD    YEAR
 MAXIMUM TEMPERATURE (F)   34        58      1941
 MINIMUM TEMPERATURE (F)   19       -21      1887


SUNRISE AND SUNSET
NOVEMBER 28 2014......SUNRISE   727 AM CST   SUNSET   434 PM CST
NOVEMBER 29 2014......SUNRISE   728 AM CST   SUNSET   434 PM CST


-  INDICATES NEGATIVE NUMBERS.
R  INDICATES RECORD WAS SET OR TIED.
MM INDICATES DATA IS MISSING.
T  INDICATES TRACE AMOUNT.




$$
