000
CDUS43 KMPX 250740
CLIMSP


CLIMATE REPORT
NATIONAL WEATHER SERVICE CHANHASSEN MN
239 AM CDT MON MAY 25 2015


...................................

...THE TWIN CITIES MN CLIMATE SUMMARY FOR MAY 24 2015...

CLIMATE NORMAL PERIOD 1981 TO 2010
CLIMATE RECORD PERIOD 1871 TO 2015


WEATHER ITEM   OBSERVED TIME   RECORD YEAR NORMAL DEPARTURE LAST
                VALUE   (LST)  VALUE       VALUE  FROM      YEAR
                                                  NORMAL
..................................................................
TEMPERATURE (F)
 YESTERDAY
  MAXIMUM         64   1143 AM  95    2010  72     -8       80
  MINIMUM         58   1159 PM  32    1925  51      7       58
  AVERAGE         61                        62     -1       69

PRECIPITATION (IN)
  YESTERDAY        0.52          2.58 2012   0.11   0.41     0.00
  MONTH TO DATE    2.26                      2.60  -0.34     3.88
  SINCE MAR 1      5.35                      7.15  -1.80    10.97
  SINCE JAN 1      6.04                      8.82  -2.78    13.80

SNOWFALL (IN)
  YESTERDAY        0.0           T    1924   0.0    0.0      0.0
  MONTH TO DATE    0.0                       0.0    0.0      0.0
  SINCE MAR 1      7.1                      12.7   -5.6     11.7
  SINCE JUL 1     32.4                      54.4  -22.0     69.8
  SNOW DEPTH       0

DEGREE DAYS
 HEATING
  YESTERDAY        4                         5     -1        0
  MONTH TO DATE  172                       188    -16      244
  SINCE MAR 1   1529                      1716   -187     2123
  SINCE JUL 1   7494                      7506    -12     8576

 COOLING
  YESTERDAY        0                         2     -2        4
  MONTH TO DATE   14                        24    -10        4
  SINCE MAR 1     14                        29    -15        4
  SINCE JAN 1     14                        29    -15        4
..................................................................


WIND (MPH)
  HIGHEST WIND SPEED    20   HIGHEST WIND DIRECTION     E (110)
  HIGHEST GUST SPEED    22   HIGHEST GUST DIRECTION     E (110)
  AVERAGE WIND SPEED     9.4


SKY COVER
  POSSIBLE SUNSHINE  MM
  AVERAGE SKY COVER 1.0


WEATHER CONDITIONS
 THE FOLLOWING WEATHER WAS RECORDED YESTERDAY.
  RAIN
  LIGHT RAIN
  FOG


RELATIVE HUMIDITY (PERCENT)
 HIGHEST   100          1000 PM
 LOWEST     56          1200 AM
 AVERAGE    78

..........................................................


THE TWIN CITIES MN CLIMATE NORMALS FOR TODAY
                         NORMAL    RECORD    YEAR
 MAXIMUM TEMPERATURE (F)   72        94      1978
 MINIMUM TEMPERATURE (F)   52        33      1901


SUNRISE AND SUNSET
MAY 25 2015...........SUNRISE   535 AM CDT   SUNSET   845 PM CDT
MAY 26 2015...........SUNRISE   534 AM CDT   SUNSET   846 PM CDT


-  INDICATES NEGATIVE NUMBERS.
R  INDICATES RECORD WAS SET OR TIED.
MM INDICATES DATA IS MISSING.
T  INDICATES TRACE AMOUNT.




$$
