000
CDUS43 KMPX 240739
CLIMSP


CLIMATE REPORT
NATIONAL WEATHER SERVICE CHANHASSEN MN
239 AM CDT FRI OCT 24 2014


...................................

...THE TWIN CITIES MN CLIMATE SUMMARY FOR OCTOBER 23 2014...

CLIMATE NORMAL PERIOD 1981 TO 2010
CLIMATE RECORD PERIOD 1871 TO 2014


WEATHER ITEM   OBSERVED TIME   RECORD YEAR NORMAL DEPARTURE LAST
                VALUE   (LST)  VALUE       VALUE  FROM      YEAR
                                                  NORMAL
..................................................................
TEMPERATURE (F)
 YESTERDAY
  MAXIMUM         68    400 PM  82    1899  55     13       39
  MINIMUM         48   1159 PM  17    1936  37     11       33
  AVERAGE         58                        46     12       36

PRECIPITATION (IN)
  YESTERDAY        0.14          1.01 1995   0.07   0.07     0.00
  MONTH TO DATE    1.75                      1.93  -0.18     2.84
  SINCE SEP 1      2.67                      5.01  -2.34     4.19
  SINCE JAN 1     33.67                     27.18   6.49    30.63

SNOWFALL (IN)
  YESTERDAY        0.0           1.4  1938   0.0    0.0      0.0
  MONTH TO DATE    0.0                       0.2   -0.2       T
  SINCE SEP 1      0.0                       0.2   -0.2       T
  SINCE JUL 1      0.0                       0.2   -0.2       T
  SNOW DEPTH       0

DEGREE DAYS
 HEATING
  YESTERDAY        7                        19    -12       29
  MONTH TO DATE  337                       338     -1      302
  SINCE SEP 1    461                       492    -31      360
  SINCE JUL 1    468                       511    -43      368

 COOLING
  YESTERDAY        0                         0      0        0
  MONTH TO DATE    0                         3     -3        2
  SINCE SEP 1     63                        69     -6      134
  SINCE JAN 1    759                       750      9      983
..................................................................


WIND (MPH)
  HIGHEST WIND SPEED    15   HIGHEST WIND DIRECTION     S (170)
  HIGHEST GUST SPEED    19   HIGHEST GUST DIRECTION     S (160)
  AVERAGE WIND SPEED     5.7


SKY COVER
  POSSIBLE SUNSHINE  MM
  AVERAGE SKY COVER 0.5


WEATHER CONDITIONS
 THE FOLLOWING WEATHER WAS RECORDED YESTERDAY.
  LIGHT RAIN
  FOG


RELATIVE HUMIDITY (PERCENT)
 HIGHEST    96           600 AM
 LOWEST     45           400 PM
 AVERAGE    71

..........................................................


THE TWIN CITIES MN CLIMATE NORMALS FOR TODAY
                         NORMAL    RECORD    YEAR
 MAXIMUM TEMPERATURE (F)   54        80      1989
 MINIMUM TEMPERATURE (F)   37        15      1887


SUNRISE AND SUNSET
OCTOBER 24 2014.......SUNRISE   740 AM CDT   SUNSET   613 PM CDT
OCTOBER 25 2014.......SUNRISE   742 AM CDT   SUNSET   612 PM CDT


-  INDICATES NEGATIVE NUMBERS.
R  INDICATES RECORD WAS SET OR TIED.
MM INDICATES DATA IS MISSING.
T  INDICATES TRACE AMOUNT.




$$
