990
CDUS43 KMPX 220632
CLIMSP


CLIMATE REPORT
NATIONAL WEATHER SERVICE CHANHASSEN MN
128 AM CDT FRI SEP 22 2017


...................................

...THE TWIN CITIES MN CLIMATE SUMMARY FOR SEPTEMBER 21 2017...

CLIMATE NORMAL PERIOD 1981 TO 2010
CLIMATE RECORD PERIOD 1871 TO 2017


WEATHER ITEM   OBSERVED TIME   RECORD YEAR NORMAL DEPARTURE LAST
                VALUE   (LST)  VALUE       VALUE  FROM      YEAR
                                                  NORMAL
..................................................................
TEMPERATURE (F)
 YESTERDAY
  MAXIMUM         84    415 PM  94    1937  70     14       73
  MINIMUM         53    513 AM  32    1974  50      3       65
  AVERAGE         69                        60      9       69

PRECIPITATION (IN)
  YESTERDAY        0.00          2.07 1986   0.10  -0.10     1.88
  MONTH TO DATE    0.52                      2.18  -1.66     4.49
  SINCE SEP 1      0.52                      2.18  -1.66     4.49
  SINCE JAN 1     26.17                     24.35   1.82    30.81

SNOWFALL (IN)
  YESTERDAY        0.0           T    2016   0.0    0.0       T
                                      2010
                                      1995
  MONTH TO DATE    0.0                       0.0    0.0       T
  SINCE SEP 1      0.0                       0.0    0.0       T
  SINCE JUL 1      0.0                       0.0    0.0       T
  SNOW DEPTH       0

DEGREE DAYS
 HEATING
  YESTERDAY        0                         7     -7        0
  MONTH TO DATE   35                        79    -44       10
  SINCE SEP 1     35                        79    -44       10
  SINCE JUL 1     42                        98    -56       13

 COOLING
  YESTERDAY        4                         1      3        4
  MONTH TO DATE   90                        58     32       85
  SINCE SEP 1     90                        58     32       85
  SINCE JAN 1    778                       739     39      956
..................................................................


WIND (MPH)
  HIGHEST WIND SPEED    21   HIGHEST WIND DIRECTION    SE (140)
  HIGHEST GUST SPEED    26   HIGHEST GUST DIRECTION    SE (150)
  AVERAGE WIND SPEED     9.8


SKY COVER
  POSSIBLE SUNSHINE  MM
  AVERAGE SKY COVER 0.2


WEATHER CONDITIONS
 THE FOLLOWING WEATHER WAS RECORDED YESTERDAY.
  NO SIGNIFICANT WEATHER WAS OBSERVED.


RELATIVE HUMIDITY (PERCENT)
 HIGHEST   100           300 AM
 LOWEST     57          1100 AM
 AVERAGE    79

..........................................................


THE TWIN CITIES MN CLIMATE NORMALS FOR TODAY
                         NORMAL    RECORD    YEAR
 MAXIMUM TEMPERATURE (F)   69        95      1936
 MINIMUM TEMPERATURE (F)   49        26      1974


SUNRISE AND SUNSET
SEPTEMBER 22 2017.....SUNRISE   700 AM CDT   SUNSET   710 PM CDT
SEPTEMBER 23 2017.....SUNRISE   701 AM CDT   SUNSET   708 PM CDT


-  INDICATES NEGATIVE NUMBERS.
R  INDICATES RECORD WAS SET OR TIED.
MM INDICATES DATA IS MISSING.
T  INDICATES TRACE AMOUNT.




$$
