000
CDUS41 KBTV 280717
CLIMSS


CLIMATE REPORT
NATIONAL WEATHER SERVICE BURLINGTON VT
316 AM EDT FRI JUL 28 2017


...................................

...THE MASSENA NY CLIMATE SUMMARY FOR JULY 27 2017...

CLIMATE NORMAL PERIOD 1981 TO 2010
CLIMATE RECORD PERIOD 1948 TO 2017


WEATHER ITEM   OBSERVED TIME   RECORD YEAR NORMAL DEPARTURE LAST
                VALUE   (LST)  VALUE       VALUE  FROM      YEAR
                                                  NORMAL
..................................................................
TEMPERATURE (F)
 YESTERDAY
  MAXIMUM         80    416 PM  96    1949  80      0       87
  MINIMUM         64    315 AM  40    2001  58      6       61
  AVERAGE         72                        69      3       74

PRECIPITATION (IN)
  YESTERDAY        0.06          0.64        0.12  -0.06     0.00
  MONTH TO DATE    5.24                      3.10   2.14     2.97
  SINCE JUN 1     11.34                      6.62   4.72     7.66
  SINCE JAN 1     25.99                     18.55   7.44    17.00

DEGREE DAYS
 HEATING
  YESTERDAY        0                         1     -1        0
  MONTH TO DATE    8                        27    -19        9
  SINCE JUN 1    102                       123    -21       74
  SINCE JUL 1      8                        27    -19        9

 COOLING
  YESTERDAY        7                         5      2        9
  MONTH TO DATE  117                       132    -15      144
  SINCE JUN 1    195                       207    -12      211
  SINCE JAN 1    211                       221    -10      257
..................................................................


WIND (MPH)
  HIGHEST WIND SPEED    23   HIGHEST WIND DIRECTION    NW (310)
  HIGHEST GUST SPEED    33   HIGHEST GUST DIRECTION     N (340)
  AVERAGE WIND SPEED     8.0


SKY COVER
  AVERAGE SKY COVER 0.7


WEATHER CONDITIONS
 THE FOLLOWING WEATHER WAS RECORDED YESTERDAY.
  LIGHT RAIN
  FOG


RELATIVE HUMIDITY (PERCENT)
 HIGHEST   100           400 AM
 LOWEST     58           400 PM
 AVERAGE    79

..........................................................


THE MASSENA NY CLIMATE NORMALS FOR TODAY
                         NORMAL    RECORD    YEAR
 MAXIMUM TEMPERATURE (F)   80        95      1949
 MINIMUM TEMPERATURE (F)   58        42      2001


SUNRISE AND SUNSET
JULY 28 2017..........SUNRISE   541 AM EDT   SUNSET   830 PM EDT
JULY 29 2017..........SUNRISE   542 AM EDT   SUNSET   829 PM EDT


-  INDICATES NEGATIVE NUMBERS.
R  INDICATES RECORD WAS SET OR TIED.
MM INDICATES DATA IS MISSING.
T  INDICATES TRACE AMOUNT.




$$
