000
CDUS41 KBTV 300557
CLIMSS


CLIMATE REPORT
NATIONAL WEATHER SERVICE BURLINGTON VT
1251 AM EST FRI JAN 30 2015


...................................

...THE MASSENA NY CLIMATE SUMMARY FOR JANUARY 29 2015...

CLIMATE NORMAL PERIOD 1981 TO 2010
CLIMATE RECORD PERIOD 1948 TO 2015


WEATHER ITEM   OBSERVED TIME   RECORD YEAR NORMAL DEPARTURE LAST
                VALUE   (LST)  VALUE       VALUE  FROM      YEAR
                                                  NORMAL
..................................................................
TEMPERATURE (F)
 YESTERDAY
  MAXIMUM         35    708 PM  50    1950  25     10       15
  MINIMUM         -6    458 AM -25    1971   5    -11        6
  AVERAGE         15                        14      1       11

PRECIPITATION (IN)
  YESTERDAY        0.01          0.65        0.06  -0.05      T
  MONTH TO DATE    1.17                      2.06  -0.89     1.46
  SINCE DEC 1      2.15                      4.49  -2.34     3.09
  SINCE JAN 1      1.17                      2.06  -0.89     1.46

DEGREE DAYS
 HEATING
  YESTERDAY       50                        50      0       54
  MONTH TO DATE 1561                      1465     96     1488
  SINCE DEC 1   2741                      2795    -54     2948
  SINCE JUL 1   4302                      4564   -262     4699

 COOLING
  YESTERDAY        0                         0      0        0
  MONTH TO DATE    0                         0      0        0
  SINCE DEC 1      0                         0      0        0
  SINCE JAN 1      0                         0      0        0
..................................................................


WIND (MPH)
  HIGHEST WIND SPEED    21   HIGHEST WIND DIRECTION    NE (60)
  HIGHEST GUST SPEED    23   HIGHEST GUST DIRECTION    NE (60)
  AVERAGE WIND SPEED     4.3


SKY COVER
  AVERAGE SKY COVER 0.4


WEATHER CONDITIONS
 THE FOLLOWING WEATHER WAS RECORDED YESTERDAY.
  LIGHT SNOW
  FOG
  HAZE


RELATIVE HUMIDITY (PERCENT)
 HIGHEST    92           800 PM
 LOWEST     35           100 PM
 AVERAGE    64

..........................................................


THE MASSENA NY CLIMATE NORMALS FOR TODAY
                         NORMAL    RECORD    YEAR
 MAXIMUM TEMPERATURE (F)   25        63      2013
 MINIMUM TEMPERATURE (F)    5       -22      2007


SUNRISE AND SUNSET
JANUARY 30 2015.......SUNRISE   722 AM EST   SUNSET   504 PM EST
JANUARY 31 2015.......SUNRISE   720 AM EST   SUNSET   506 PM EST


-  INDICATES NEGATIVE NUMBERS.
R  INDICATES RECORD WAS SET OR TIED.
MM INDICATES DATA IS MISSING.
T  INDICATES TRACE AMOUNT.




$$
