000
CDUS41 KBTV 240540
CLIMSS


CLIMATE REPORT
NATIONAL WEATHER SERVICE BURLINGTON VT
136 AM EDT MON APR 24 2017


...................................

...THE MASSENA NY CLIMATE SUMMARY FOR APRIL 23 2017...

CLIMATE NORMAL PERIOD 1981 TO 2010
CLIMATE RECORD PERIOD 1948 TO 2017


WEATHER ITEM   OBSERVED TIME   RECORD YEAR NORMAL DEPARTURE LAST
                VALUE   (LST)  VALUE       VALUE  FROM      YEAR
                                                  NORMAL
..................................................................
TEMPERATURE (F)
 YESTERDAY
  MAXIMUM         65    309 PM  80    2007  58      7       54
  MINIMUM         27    447 AM  25    1956  36     -9       37
  AVERAGE         46                        47     -1       46

PRECIPITATION (IN)
  YESTERDAY        0.00          0.83        0.09  -0.09     0.00
  MONTH TO DATE    3.31                      2.15   1.16     1.63
  SINCE MAR 1      5.43                      4.24   1.19     3.86
  SINCE JAN 1      8.86                      8.19   0.67     8.52

DEGREE DAYS
 HEATING
  YESTERDAY       19                        18      1       19
  MONTH TO DATE  432                       535   -103      584
  SINCE MAR 1   1688                      1679      9     1590
  SINCE JUL 1   6614                      7666  -1052     6636

 COOLING
  YESTERDAY        0                         0      0        0
  MONTH TO DATE    0                         0      0        0
  SINCE MAR 1      0                         0      0        0
  SINCE JAN 1      0                         0      0        0
..................................................................


WIND (MPH)
  HIGHEST WIND SPEED    25   HIGHEST WIND DIRECTION     S (200)
  HIGHEST GUST SPEED    31   HIGHEST GUST DIRECTION    SW (210)
  AVERAGE WIND SPEED     9.7


SKY COVER
  AVERAGE SKY COVER 0.3


WEATHER CONDITIONS
 THE FOLLOWING WEATHER WAS RECORDED YESTERDAY.
  FOG
  FOG W/VISIBILITY <= 1/4 MILE


RELATIVE HUMIDITY (PERCENT)
 HIGHEST   100           100 AM
 LOWEST     30           500 PM
 AVERAGE    65

..........................................................


THE MASSENA NY CLIMATE NORMALS FOR TODAY
                         NORMAL    RECORD    YEAR
 MAXIMUM TEMPERATURE (F)   59        80      1958
 MINIMUM TEMPERATURE (F)   36        25      1986


SUNRISE AND SUNSET
APRIL 24 2017.........SUNRISE   559 AM EDT   SUNSET   756 PM EDT
APRIL 25 2017.........SUNRISE   558 AM EDT   SUNSET   758 PM EDT


-  INDICATES NEGATIVE NUMBERS.
R  INDICATES RECORD WAS SET OR TIED.
MM INDICATES DATA IS MISSING.
T  INDICATES TRACE AMOUNT.




$$
