000
CDUS41 KBTV 190601
CLIMSS


CLIMATE REPORT
NATIONAL WEATHER SERVICE BURLINGTON VT
1259 AM EST SUN NOV 19 2017


...................................

...THE MASSENA NY CLIMATE SUMMARY FOR NOVEMBER 18 2017...

CLIMATE NORMAL PERIOD 1981 TO 2010
CLIMATE RECORD PERIOD 1948 TO 2017


WEATHER ITEM   OBSERVED TIME   RECORD YEAR NORMAL DEPARTURE LAST
                VALUE   (LST)  VALUE       VALUE  FROM      YEAR
                                                  NORMAL
..................................................................
TEMPERATURE (F)
 YESTERDAY
  MAXIMUM         36    323 PM  68    1994  43     -7       54
  MINIMUM         18    130 AM  13    1983  27     -9       27
  AVERAGE         27                        35     -8       41

PRECIPITATION (IN)
  YESTERDAY        0.09          1.54        0.11  -0.02     0.00
  MONTH TO DATE    1.94                      1.88   0.06      T
  SINCE SEP 1      7.54                      8.84  -1.30     6.12
  SINCE JAN 1     36.91                     31.38   5.53    27.23

DEGREE DAYS
 HEATING
  YESTERDAY       38                        30      8       24
  MONTH TO DATE  512                       490     22      396
  SINCE SEP 1    953                      1296   -343     1016
  SINCE JUL 1   1005                      1371   -366     1027

 COOLING
  YESTERDAY        0                         0      0        0
  MONTH TO DATE    0                         0      0        0
  SINCE SEP 1     73                        27     46       47
  SINCE JAN 1    399                       363     36      527
..................................................................


WIND (MPH)
  HIGHEST WIND SPEED    16   HIGHEST WIND DIRECTION    NE (40)
  HIGHEST GUST SPEED    18   HIGHEST GUST DIRECTION    NE (40)
  AVERAGE WIND SPEED     7.0


SKY COVER
  AVERAGE SKY COVER 0.6


WEATHER CONDITIONS
 THE FOLLOWING WEATHER WAS RECORDED YESTERDAY.
  LIGHT RAIN
  FOG


RELATIVE HUMIDITY (PERCENT)
 HIGHEST    96          1000 PM
 LOWEST     68           800 AM
 AVERAGE    82

..........................................................


THE MASSENA NY CLIMATE NORMALS FOR TODAY
                         NORMAL    RECORD    YEAR
 MAXIMUM TEMPERATURE (F)   42        67      1985
 MINIMUM TEMPERATURE (F)   26         7      2002


SUNRISE AND SUNSET
NOVEMBER 19 2017......SUNRISE   702 AM EST   SUNSET   427 PM EST
NOVEMBER 20 2017......SUNRISE   704 AM EST   SUNSET   426 PM EST


-  INDICATES NEGATIVE NUMBERS.
R  INDICATES RECORD WAS SET OR TIED.
MM INDICATES DATA IS MISSING.
T  INDICATES TRACE AMOUNT.




$$
