000
CDUS41 KBTV 290520
CLIMSS


CLIMATE REPORT
NATIONAL WEATHER SERVICE BURLINGTON VT
119 AM EDT WED JUL 29 2015


...................................

...THE MASSENA NY CLIMATE SUMMARY FOR JULY 28 2015...

CLIMATE NORMAL PERIOD 1981 TO 2010
CLIMATE RECORD PERIOD 1948 TO 2015


WEATHER ITEM   OBSERVED TIME   RECORD YEAR NORMAL DEPARTURE LAST
                VALUE   (LST)  VALUE       VALUE  FROM      YEAR
                                                  NORMAL
..................................................................
TEMPERATURE (F)
 YESTERDAY
  MAXIMUM         89    413 PM  95    1949  80      9       64
  MINIMUM         62    448 AM  42    2001  58      4       58
  AVERAGE         76                        69      7       61

PRECIPITATION (IN)
  YESTERDAY        0.00          1.08        0.12  -0.12     0.88
  MONTH TO DATE    3.11                      3.22  -0.11     5.09
  SINCE JUN 1      8.23                      6.74   1.49    10.02
  SINCE JAN 1     14.22                     18.67  -4.45    19.95

DEGREE DAYS
 HEATING
  YESTERDAY        0                         1     -1        4
  MONTH TO DATE   22                        28     -6       13
  SINCE JUN 1    123                       124     -1       51
  SINCE JUL 1     22                        28     -6       13

 COOLING
  YESTERDAY       11                         5      6        0
  MONTH TO DATE  126                       137    -11      107
  SINCE JUN 1    173                       212    -39      191
  SINCE JAN 1    218                       226     -8      206
..................................................................


WIND (MPH)
  HIGHEST WIND SPEED    13   HIGHEST WIND DIRECTION    SW (240)
  HIGHEST GUST SPEED    17   HIGHEST GUST DIRECTION    SW (220)
  AVERAGE WIND SPEED     5.0


SKY COVER
  AVERAGE SKY COVER 0.0


WEATHER CONDITIONS
 THE FOLLOWING WEATHER WAS RECORDED YESTERDAY.
  NO SIGNIFICANT WEATHER WAS OBSERVED.


RELATIVE HUMIDITY (PERCENT)
 HIGHEST    93           400 AM
 LOWEST     44           200 PM
 AVERAGE    69

..........................................................


THE MASSENA NY CLIMATE NORMALS FOR TODAY
                         NORMAL    RECORD    YEAR
 MAXIMUM TEMPERATURE (F)   80        95      1949
 MINIMUM TEMPERATURE (F)   58        43      1987


SUNRISE AND SUNSET
JULY 29 2015..........SUNRISE   541 AM EDT   SUNSET   830 PM EDT
JULY 30 2015..........SUNRISE   542 AM EDT   SUNSET   829 PM EDT


-  INDICATES NEGATIVE NUMBERS.
R  INDICATES RECORD WAS SET OR TIED.
MM INDICATES DATA IS MISSING.
T  INDICATES TRACE AMOUNT.




$$
