000
CDUS41 KBTV 290543
CLIMSS


CLIMATE REPORT
NATIONAL WEATHER SERVICE BURLINGTON VT
140 AM EDT SUN MAY 29 2016


...................................

...THE MASSENA NY CLIMATE SUMMARY FOR MAY 28 2016...

CLIMATE NORMAL PERIOD 1981 TO 2010
CLIMATE RECORD PERIOD 1948 TO 2016


WEATHER ITEM   OBSERVED TIME   RECORD YEAR NORMAL DEPARTURE LAST
                VALUE   (LST)  VALUE       VALUE  FROM      YEAR
                                                  NORMAL
..................................................................
TEMPERATURE (F)
 YESTERDAY
  MAXIMUM         90R   425 PM  89    1978  70     20       72
  MINIMUM         63   1146 PM  33    1970  48     15       50
  AVERAGE         77                        59     18       61

PRECIPITATION (IN)
  YESTERDAY        0.00          0.90        0.10  -0.10     0.06
  MONTH TO DATE    0.79                      2.76  -1.97     0.96
  SINCE MAR 1      4.68                      7.67  -2.99     3.98
  SINCE JAN 1      9.34                     11.62  -2.28     5.40

DEGREE DAYS
 HEATING
  YESTERDAY        0                         7     -7        4
  MONTH TO DATE  286                       299    -13      164
  SINCE MAR 1   2052                      2094    -42     2099
  SINCE JUL 1   7098                      8081   -983     8265

 COOLING
  YESTERDAY       12                         1     11        0
  MONTH TO DATE   25                         9     16       40
  SINCE MAR 1     25                        10     15       40
  SINCE JAN 1     25                        10     15       40
..................................................................


WIND (MPH)
  HIGHEST WIND SPEED    12   HIGHEST WIND DIRECTION     W (270)
  HIGHEST GUST SPEED    14   HIGHEST GUST DIRECTION     W (270)
  AVERAGE WIND SPEED     3.8


SKY COVER
  AVERAGE SKY COVER 0.0


WEATHER CONDITIONS
 THE FOLLOWING WEATHER WAS RECORDED YESTERDAY.
  FOG
  HAZE


RELATIVE HUMIDITY (PERCENT)
 HIGHEST   100           400 AM
 LOWEST     38           200 PM
 AVERAGE    69

..........................................................


THE MASSENA NY CLIMATE NORMALS FOR TODAY
                         NORMAL    RECORD    YEAR
 MAXIMUM TEMPERATURE (F)   71        90      1978
 MINIMUM TEMPERATURE (F)   48        33      1977


SUNRISE AND SUNSET
MAY 29 2016...........SUNRISE   518 AM EDT   SUNSET   837 PM EDT
MAY 30 2016...........SUNRISE   517 AM EDT   SUNSET   837 PM EDT


-  INDICATES NEGATIVE NUMBERS.
R  INDICATES RECORD WAS SET OR TIED.
MM INDICATES DATA IS MISSING.
T  INDICATES TRACE AMOUNT.




$$
