000
CDUS41 KBTV 210526
CLIMSS


CLIMATE REPORT
NATIONAL WEATHER SERVICE BURLINGTON VT
125 AM EDT SUN SEP 21 2014


...................................

...THE MASSENA NY CLIMATE SUMMARY FOR SEPTEMBER 20 2014...

CLIMATE NORMAL PERIOD 1981 TO 2010
CLIMATE RECORD PERIOD 1948 TO 2014


WEATHER ITEM   OBSERVED TIME   RECORD YEAR NORMAL DEPARTURE LAST
                VALUE   (LST)  VALUE       VALUE  FROM      YEAR
                                                  NORMAL
..................................................................
TEMPERATURE (F)
 YESTERDAY
  MAXIMUM         74    339 PM  88    1983  68      6       81
  MINIMUM         38   1222 AM  29    1969  46     -8       46
  AVERAGE         56                        57     -1       64

PRECIPITATION (IN)
  YESTERDAY        0.00          0.74        0.13  -0.13     0.00
  MONTH TO DATE    1.04                      2.37  -1.33     3.73
  SINCE SEP 1      1.04                      2.37  -1.33     3.73
  SINCE JAN 1     26.50                     24.91   1.59    26.85

DEGREE DAYS
 HEATING
  YESTERDAY        9                         9      0        1
  MONTH TO DATE  148                       115     33      142
  SINCE SEP 1    148                       115     33      142
  SINCE JUL 1    208                       190     18      198

 COOLING
  YESTERDAY        0                         0      0        0
  MONTH TO DATE   39                        24     15       30
  SINCE SEP 1     39                        24     15       30
  SINCE JAN 1    327                       360    -33      417
..................................................................


WIND (MPH)
  HIGHEST WIND SPEED    28   HIGHEST WIND DIRECTION    SW (210)
  HIGHEST GUST SPEED    37   HIGHEST GUST DIRECTION    SW (210)
  AVERAGE WIND SPEED    12.2


SKY COVER
  AVERAGE SKY COVER 0.4


WEATHER CONDITIONS
 THE FOLLOWING WEATHER WAS RECORDED YESTERDAY.
  NO SIGNIFICANT WEATHER WAS OBSERVED.


RELATIVE HUMIDITY (PERCENT)
 HIGHEST   100          1200 AM
 LOWEST     61           400 PM
 AVERAGE    81

..........................................................


THE MASSENA NY CLIMATE NORMALS FOR TODAY
                         NORMAL    RECORD    YEAR
 MAXIMUM TEMPERATURE (F)   67        85      1965
 MINIMUM TEMPERATURE (F)   45        30      1962


SUNRISE AND SUNSET
SEPTEMBER 21 2014.....SUNRISE   645 AM EDT   SUNSET   659 PM EDT
SEPTEMBER 22 2014.....SUNRISE   646 AM EDT   SUNSET   657 PM EDT


-  INDICATES NEGATIVE NUMBERS.
R  INDICATES RECORD WAS SET OR TIED.
MM INDICATES DATA IS MISSING.
T  INDICATES TRACE AMOUNT.




$$
