307
CDUS41 KBTV 090605
CLIMSS


CLIMATE REPORT
NATIONAL WEATHER SERVICE BURLINGTON VT
105 AM EST FRI DEC 9 2016


...................................

...THE MASSENA NY CLIMATE SUMMARY FOR DECEMBER 8 2016...

CLIMATE NORMAL PERIOD 1981 TO 2010
CLIMATE RECORD PERIOD 1948 TO 2016


WEATHER ITEM   OBSERVED TIME   RECORD YEAR NORMAL DEPARTURE LAST
                VALUE   (LST)  VALUE       VALUE  FROM      YEAR
                                                  NORMAL
..................................................................
TEMPERATURE (F)
 YESTERDAY
  MAXIMUM         37    220 PM  59    1966  33      4       42
  MINIMUM         28   1159 PM -17    2000  18     10       26
  AVERAGE         33                        26      7       34

PRECIPITATION (IN)
  YESTERDAY        T             0.73        0.09  -0.09     0.00
  MONTH TO DATE    0.65                      0.69  -0.04     0.37
  SINCE DEC 1      0.65                      0.69  -0.04     0.37
  SINCE JAN 1     28.53                     33.22  -4.69    27.11

DEGREE DAYS
 HEATING
  YESTERDAY       32                        40     -8       31
  MONTH TO DATE  243                       304    -61      228
  SINCE DEC 1    243                       304    -61      228
  SINCE JUL 1   1649                      2073   -424     1702

 COOLING
  YESTERDAY        0                         0      0        0
  MONTH TO DATE    0                         0      0        0
  SINCE DEC 1      0                         0      0        0
  SINCE JAN 1    527                       363    164      453
..................................................................


WIND (MPH)
  HIGHEST WIND SPEED    22   HIGHEST WIND DIRECTION     W (280)
  HIGHEST GUST SPEED    29   HIGHEST GUST DIRECTION     W (250)
  AVERAGE WIND SPEED    12.6


SKY COVER
  AVERAGE SKY COVER 0.6


WEATHER CONDITIONS
 THE FOLLOWING WEATHER WAS RECORDED YESTERDAY.
  LIGHT SNOW


RELATIVE HUMIDITY (PERCENT)
 HIGHEST    78           800 AM
 LOWEST     56           300 PM
 AVERAGE    67

..........................................................


THE MASSENA NY CLIMATE NORMALS FOR TODAY
                         NORMAL    RECORD    YEAR
 MAXIMUM TEMPERATURE (F)   33        63      1966
 MINIMUM TEMPERATURE (F)   17       -14      1989


SUNRISE AND SUNSET
DECEMBER  9 2016......SUNRISE   726 AM EST   SUNSET   418 PM EST
DECEMBER 10 2016......SUNRISE   727 AM EST   SUNSET   418 PM EST


-  INDICATES NEGATIVE NUMBERS.
R  INDICATES RECORD WAS SET OR TIED.
MM INDICATES DATA IS MISSING.
T  INDICATES TRACE AMOUNT.




$$
