000
CDUS41 KBTV 170530
CLIMSS


CLIMATE REPORT
NATIONAL WEATHER SERVICE BURLINGTON VT
127 AM EDT THU APR 17 2014


...................................

...THE MASSENA NY CLIMATE SUMMARY FOR APRIL 16 2014...

CLIMATE NORMAL PERIOD 1981 TO 2010
CLIMATE RECORD PERIOD 1948 TO 2014


WEATHER ITEM   OBSERVED TIME   RECORD YEAR NORMAL DEPARTURE LAST
                VALUE   (LST)  VALUE       VALUE  FROM      YEAR
                                                  NORMAL
..................................................................
TEMPERATURE (F)
 YESTERDAY
  MAXIMUM         34    505 PM  86    2012  54    -20       62
  MINIMUM         19R   539 AM  23    2005  33    -14       41
  AVERAGE         27                        44    -17       52

PRECIPITATION (IN)
  YESTERDAY        T             0.94        0.10  -0.10     0.19
  MONTH TO DATE    2.30                      1.50   0.80     1.29
  SINCE MAR 1      3.21                      3.59  -0.38     1.76
  SINCE JAN 1      5.95                      7.54  -1.59     4.01

DEGREE DAYS
 HEATING
  YESTERDAY       38                        21     17       13
  MONTH TO DATE  415                       400     15      425
  SINCE MAR 1   1843                      1544    299     1507
  SINCE JUL 1   8012                      7531    481     6957

 COOLING
  YESTERDAY        0                         0      0        0
  MONTH TO DATE    0                         0      0        0
  SINCE MAR 1      0                         0      0        0
  SINCE JAN 1      0                         0      0        0
..................................................................


WIND (MPH)
  HIGHEST WIND SPEED    20   HIGHEST WIND DIRECTION     W (290)
  HIGHEST GUST SPEED    26   HIGHEST GUST DIRECTION    NW (300)
  AVERAGE WIND SPEED     9.7


SKY COVER
  AVERAGE SKY COVER 0.3


WEATHER CONDITIONS
 THE FOLLOWING WEATHER WAS RECORDED YESTERDAY.
  LIGHT SNOW


RELATIVE HUMIDITY (PERCENT)
 HIGHEST    74          1100 PM
 LOWEST     41           500 PM
 AVERAGE    58

..........................................................


THE MASSENA NY CLIMATE NORMALS FOR TODAY
                         NORMAL    RECORD    YEAR
 MAXIMUM TEMPERATURE (F)   55        84      2002
                                             1976
 MINIMUM TEMPERATURE (F)   34        20      2003
                                             1985


SUNRISE AND SUNSET
APRIL 17 2014.........SUNRISE   611 AM EDT   SUNSET   747 PM EDT
APRIL 18 2014.........SUNRISE   610 AM EDT   SUNSET   748 PM EDT


-  INDICATES NEGATIVE NUMBERS.
R  INDICATES RECORD WAS SET OR TIED.
MM INDICATES DATA IS MISSING.
T  INDICATES TRACE AMOUNT.




$$
