000
CDUS41 KBTV 290533
CLIMSS


CLIMATE REPORT
NATIONAL WEATHER SERVICE BURLINGTON VT
131 AM EDT MON MAY 29 2017


...................................

...THE MASSENA NY CLIMATE SUMMARY FOR MAY 28 2017...

CLIMATE NORMAL PERIOD 1981 TO 2010
CLIMATE RECORD PERIOD 1948 TO 2017


WEATHER ITEM   OBSERVED TIME   RECORD YEAR NORMAL DEPARTURE LAST
                VALUE   (LST)  VALUE       VALUE  FROM      YEAR
                                                  NORMAL
..................................................................
TEMPERATURE (F)
 YESTERDAY
  MAXIMUM         79    212 PM  90    2016  70      9       90
  MINIMUM         49    313 AM  33    1970  48      1       63
  AVERAGE         64                        59      5       77

PRECIPITATION (IN)
  YESTERDAY        0.00          0.90        0.10  -0.10     0.00
  MONTH TO DATE    4.43                      2.76   1.67     0.79
  SINCE MAR 1     10.21                      7.67   2.54     4.68
  SINCE JAN 1     13.64                     11.62   2.02     9.34

DEGREE DAYS
 HEATING
  YESTERDAY        1                         7     -6        0
  MONTH TO DATE  310                       299     11      286
  SINCE MAR 1   2081                      2094    -13     2052
  SINCE JUL 1   7007                      8081  -1074     7098

 COOLING
  YESTERDAY        0                         1     -1       12
  MONTH TO DATE   14                         9      5       25
  SINCE MAR 1     16                        10      6       25
  SINCE JAN 1     16                        10      6       25
..................................................................


WIND (MPH)
  HIGHEST WIND SPEED    10   HIGHEST WIND DIRECTION     S (190)
  HIGHEST GUST SPEED    14   HIGHEST GUST DIRECTION     S (190)
  AVERAGE WIND SPEED     4.0


SKY COVER
  AVERAGE SKY COVER 0.3


WEATHER CONDITIONS
 THE FOLLOWING WEATHER WAS RECORDED YESTERDAY.
  NO SIGNIFICANT WEATHER WAS OBSERVED.


RELATIVE HUMIDITY (PERCENT)
 HIGHEST   100          1200 AM
 LOWEST     42           300 PM
 AVERAGE    71

..........................................................


THE MASSENA NY CLIMATE NORMALS FOR TODAY
                         NORMAL    RECORD    YEAR
 MAXIMUM TEMPERATURE (F)   71        90      1978
 MINIMUM TEMPERATURE (F)   48        33      1977


SUNRISE AND SUNSET
MAY 29 2017...........SUNRISE   518 AM EDT   SUNSET   836 PM EDT
MAY 30 2017...........SUNRISE   517 AM EDT   SUNSET   837 PM EDT


-  INDICATES NEGATIVE NUMBERS.
R  INDICATES RECORD WAS SET OR TIED.
MM INDICATES DATA IS MISSING.
T  INDICATES TRACE AMOUNT.




$$
