000
CDUS41 KBTV 160532
CLIMSS


CLIMATE REPORT
NATIONAL WEATHER SERVICE BURLINGTON VT
1231 AM EST TUE JAN 16 2018


...................................

...THE MASSENA NY CLIMATE SUMMARY FOR JANUARY 15 2018...

CLIMATE NORMAL PERIOD 1981 TO 2010
CLIMATE RECORD PERIOD 1948 TO 2018


WEATHER ITEM   OBSERVED TIME   RECORD YEAR NORMAL DEPARTURE LAST
                VALUE   (LST)  VALUE       VALUE  FROM      YEAR
                                                  NORMAL
..................................................................
TEMPERATURE (F)
 YESTERDAY
  MAXIMUM          4   1159 PM  67    1995  24    -20       26
  MINIMUM        -20    320 AM -44    1957   4    -24       12
  AVERAGE         -8                        14    -22       19

PRECIPITATION (IN)
  YESTERDAY        T             1.11        0.07  -0.07     0.00
  MONTH TO DATE    1.25                      1.12   0.13     1.31
  SINCE DEC 1      2.22                      3.55  -1.33     3.64
  SINCE JAN 1      1.25                      1.12   0.13     1.31

DEGREE DAYS
 HEATING
  YESTERDAY       73                        51     22       46
  MONTH TO DATE  841                       752     89      634
  SINCE DEC 1   2008                      2082    -74     1857
  SINCE JUL 1   3407                      3851   -444     3263

 COOLING
  YESTERDAY        0                         0      0        0
  MONTH TO DATE    0                         0      0        0
  SINCE DEC 1      0                         0      0        0
  SINCE JAN 1      0                         0      0        0
..................................................................


WIND (MPH)
  HIGHEST WIND SPEED    18   HIGHEST WIND DIRECTION    NE (60)
  HIGHEST GUST SPEED    22   HIGHEST GUST DIRECTION    NE (50)
  AVERAGE WIND SPEED    10.1


SKY COVER
  AVERAGE SKY COVER 0.2


WEATHER CONDITIONS
 THE FOLLOWING WEATHER WAS RECORDED YESTERDAY.
  FOG
  HAZE


RELATIVE HUMIDITY (PERCENT)
 HIGHEST    95          1000 PM
 LOWEST     71          1000 AM
 AVERAGE    83

..........................................................


THE MASSENA NY CLIMATE NORMALS FOR TODAY
                         NORMAL    RECORD    YEAR
 MAXIMUM TEMPERATURE (F)   24        51      1953
 MINIMUM TEMPERATURE (F)    4       -27      1994


SUNRISE AND SUNSET
JANUARY 16 2018.......SUNRISE   733 AM EST   SUNSET   446 PM EST
JANUARY 17 2018.......SUNRISE   733 AM EST   SUNSET   447 PM EST


-  INDICATES NEGATIVE NUMBERS.
R  INDICATES RECORD WAS SET OR TIED.
MM INDICATES DATA IS MISSING.
T  INDICATES TRACE AMOUNT.




$$
