000
CDUS41 KBTV 230532
CLIMSS


CLIMATE REPORT
NATIONAL WEATHER SERVICE BURLINGTON VT
125 AM EDT SAT SEP 23 2017


...................................

...THE MASSENA NY CLIMATE SUMMARY FOR SEPTEMBER 22 2017...

CLIMATE NORMAL PERIOD 1981 TO 2010
CLIMATE RECORD PERIOD 1948 TO 2017


WEATHER ITEM   OBSERVED TIME   RECORD YEAR NORMAL DEPARTURE LAST
                VALUE   (LST)  VALUE       VALUE  FROM      YEAR
                                                  NORMAL
..................................................................
TEMPERATURE (F)
 YESTERDAY
  MAXIMUM         79    216 PM  88    1965  67     12       79
  MINIMUM         48    616 AM  31    1962  45      3       53
  AVERAGE         64                        56      8       66

PRECIPITATION (IN)
  YESTERDAY        0.00          1.02        0.13  -0.13     0.08
  MONTH TO DATE    0.77                      2.63  -1.86     1.04
  SINCE SEP 1      0.77                      2.63  -1.86     1.04
  SINCE JAN 1     30.14                     25.17   4.97    22.15

DEGREE DAYS
 HEATING
  YESTERDAY        1                         9     -8        0
  MONTH TO DATE   86                       133    -47       58
  SINCE SEP 1     86                       133    -47       58
  SINCE JUL 1    138                       208    -70       69

 COOLING
  YESTERDAY        0                         0      0        1
  MONTH TO DATE   24                        24      0       47
  SINCE SEP 1     24                        24      0       47
  SINCE JAN 1    350                       360    -10      527
..................................................................


WIND (MPH)
  HIGHEST WIND SPEED    14   HIGHEST WIND DIRECTION    NE (60)
  HIGHEST GUST SPEED    17   HIGHEST GUST DIRECTION    NE (40)
  AVERAGE WIND SPEED     3.1


SKY COVER
  AVERAGE SKY COVER 0.1


WEATHER CONDITIONS
 THE FOLLOWING WEATHER WAS RECORDED YESTERDAY.
  FOG
  FOG W/VISIBILITY <= 1/4 MILE


RELATIVE HUMIDITY (PERCENT)
 HIGHEST   100           100 AM
 LOWEST     42           200 PM
 AVERAGE    71

..........................................................


THE MASSENA NY CLIMATE NORMALS FOR TODAY
                         NORMAL    RECORD    YEAR
 MAXIMUM TEMPERATURE (F)   66        84      1964
 MINIMUM TEMPERATURE (F)   45        27      1955


SUNRISE AND SUNSET
SEPTEMBER 23 2017.....SUNRISE   648 AM EDT   SUNSET   655 PM EDT
SEPTEMBER 24 2017.....SUNRISE   649 AM EDT   SUNSET   653 PM EDT


-  INDICATES NEGATIVE NUMBERS.
R  INDICATES RECORD WAS SET OR TIED.
MM INDICATES DATA IS MISSING.
T  INDICATES TRACE AMOUNT.




$$
