000
CDUS41 KBTV 290523
CLIMSS


CLIMATE REPORT
NATIONAL WEATHER SERVICE BURLINGTON VT
121 AM EDT THU SEP 29 2016


...................................

...THE MASSENA NY CLIMATE SUMMARY FOR SEPTEMBER 28 2016...

CLIMATE NORMAL PERIOD 1981 TO 2010
CLIMATE RECORD PERIOD 1948 TO 2016


WEATHER ITEM   OBSERVED TIME   RECORD YEAR NORMAL DEPARTURE LAST
                VALUE   (LST)  VALUE       VALUE  FROM      YEAR
                                                  NORMAL
..................................................................
TEMPERATURE (F)
 YESTERDAY
  MAXIMUM         70    311 PM  85    1959  64      6       72
  MINIMUM         45    503 AM  24    1956  43      2       51
  AVERAGE         58                        53      5       62

PRECIPITATION (IN)
  YESTERDAY        0.00          1.22        0.12  -0.12     0.10
  MONTH TO DATE    1.38                      3.40  -2.02     3.01
  SINCE SEP 1      1.38                      3.40  -2.02     3.01
  SINCE JAN 1     22.49                     25.94  -3.45    20.78

DEGREE DAYS
 HEATING
  YESTERDAY        7                        12     -5        3
  MONTH TO DATE  124                       198    -74       89
  SINCE SEP 1    124                       198    -74       89
  SINCE JUL 1    135                       273   -138      123

 COOLING
  YESTERDAY        0                         0      0        0
  MONTH TO DATE   47                        24     23       79
  SINCE SEP 1     47                        24     23       79
  SINCE JAN 1    527                       360    167      452
..................................................................


WIND (MPH)
  HIGHEST WIND SPEED    23   HIGHEST WIND DIRECTION    NE (50)
  HIGHEST GUST SPEED    28   HIGHEST GUST DIRECTION    NE (50)
  AVERAGE WIND SPEED    11.5


SKY COVER
  AVERAGE SKY COVER 0.3


WEATHER CONDITIONS
 THE FOLLOWING WEATHER WAS RECORDED YESTERDAY.
  FOG
  HAZE


RELATIVE HUMIDITY (PERCENT)
 HIGHEST    93           600 AM
 LOWEST     59           200 PM
 AVERAGE    76

..........................................................


THE MASSENA NY CLIMATE NORMALS FOR TODAY
                         NORMAL    RECORD    YEAR
 MAXIMUM TEMPERATURE (F)   64        84      1959
 MINIMUM TEMPERATURE (F)   42        26      1995


SUNRISE AND SUNSET
SEPTEMBER 29 2016.....SUNRISE   655 AM EDT   SUNSET   643 PM EDT
SEPTEMBER 30 2016.....SUNRISE   657 AM EDT   SUNSET   641 PM EDT


-  INDICATES NEGATIVE NUMBERS.
R  INDICATES RECORD WAS SET OR TIED.
MM INDICATES DATA IS MISSING.
T  INDICATES TRACE AMOUNT.




$$
