000
CDUS41 KBTV 220557
CLIMSS


CLIMATE REPORT
NATIONAL WEATHER SERVICE BURLINGTON VT
156 AM EDT FRI AUG 22 2014


...................................

...THE MASSENA NY CLIMATE SUMMARY FOR AUGUST 21 2014...

CLIMATE NORMAL PERIOD 1981 TO 2010
CLIMATE RECORD PERIOD 1948 TO 2014


WEATHER ITEM   OBSERVED TIME   RECORD YEAR NORMAL DEPARTURE LAST
                VALUE   (LST)  VALUE       VALUE  FROM      YEAR
                                                  NORMAL
..................................................................
TEMPERATURE (F)
 YESTERDAY
  MAXIMUM         77    129 PM  91    1995  77      0       85
  MINIMUM         64   1159 PM  41    1957  55      9       63
  AVERAGE         71                        66      5       74

PRECIPITATION (IN)
  YESTERDAY        0.83          1.20        0.11   0.72     0.00
  MONTH TO DATE    3.35                      2.45   0.90     1.57
  SINCE JUN 1     13.75                      9.54   4.21    12.78
  SINCE JAN 1     23.68                     21.47   2.21    21.08

DEGREE DAYS
 HEATING
  YESTERDAY        0                         2     -2        0
  MONTH TO DATE   30                        26      4       24
  SINCE JUN 1     90                       145    -55      162
  SINCE JUL 1     52                        49      3       46

 COOLING
  YESTERDAY        6                         3      3        9
  MONTH TO DATE   45                        77    -32       55
  SINCE JUN 1    236                       297    -61      327
  SINCE JAN 1    251                       311    -60      350
..................................................................


WIND (MPH)
  HIGHEST WIND SPEED    17   HIGHEST WIND DIRECTION     S (190)
  HIGHEST GUST SPEED    21   HIGHEST GUST DIRECTION     S (190)
  AVERAGE WIND SPEED     6.9


SKY COVER
  AVERAGE SKY COVER 0.9


WEATHER CONDITIONS
 THE FOLLOWING WEATHER WAS RECORDED YESTERDAY.
  THUNDERSTORM
  HEAVY RAIN
  RAIN
  LIGHT RAIN
  FOG


RELATIVE HUMIDITY (PERCENT)
 HIGHEST   100           100 AM
 LOWEST     84          1000 AM
 AVERAGE    92

..........................................................


THE MASSENA NY CLIMATE NORMALS FOR TODAY
                         NORMAL    RECORD    YEAR
 MAXIMUM TEMPERATURE (F)   77        87      2008
                                             1974
 MINIMUM TEMPERATURE (F)   55        36      1957


SUNRISE AND SUNSET
AUGUST 22 2014........SUNRISE   610 AM EDT   SUNSET   754 PM EDT
AUGUST 23 2014........SUNRISE   611 AM EDT   SUNSET   752 PM EDT


-  INDICATES NEGATIVE NUMBERS.
R  INDICATES RECORD WAS SET OR TIED.
MM INDICATES DATA IS MISSING.
T  INDICATES TRACE AMOUNT.




$$
