000
CDUS41 KBTV 230530
CLIMSS


CLIMATE REPORT
NATIONAL WEATHER SERVICE BURLINGTON VT
127 AM EDT THU MAR 23 2017


...................................

...THE MASSENA NY CLIMATE SUMMARY FOR MARCH 22 2017...

CLIMATE NORMAL PERIOD 1981 TO 2010
CLIMATE RECORD PERIOD 1948 TO 2017


WEATHER ITEM   OBSERVED TIME   RECORD YEAR NORMAL DEPARTURE LAST
                VALUE   (LST)  VALUE       VALUE  FROM      YEAR
                                                  NORMAL
..................................................................
TEMPERATURE (F)
 YESTERDAY
  MAXIMUM         27   1201 AM  78    2012  40    -13       45
  MINIMUM          7    744 AM  -5    1992  21    -14       17
  AVERAGE         17                        31    -14       31

PRECIPITATION (IN)
  YESTERDAY        0.00          1.20        0.07  -0.07     0.18
  MONTH TO DATE    1.01                      1.44  -0.43     1.13
  SINCE MAR 1      1.01                      1.44  -0.43     1.13
  SINCE JAN 1      4.44                      5.39  -0.95     5.79

DEGREE DAYS
 HEATING
  YESTERDAY       48                        34     14       34
  MONTH TO DATE  954                       859     95      753
  SINCE MAR 1    954                       859     95      753
  SINCE JUL 1   5880                      6846   -966     5799

 COOLING
  YESTERDAY        0                         0      0        0
  MONTH TO DATE    0                         0      0        0
  SINCE MAR 1      0                         0      0        0
  SINCE JAN 1      0                         0      0        0
..................................................................


WIND (MPH)
  HIGHEST WIND SPEED    29   HIGHEST WIND DIRECTION    NW (310)
  HIGHEST GUST SPEED    39   HIGHEST GUST DIRECTION    NW (300)
  AVERAGE WIND SPEED    13.8


SKY COVER
  AVERAGE SKY COVER 0.4


WEATHER CONDITIONS
 THE FOLLOWING WEATHER WAS RECORDED YESTERDAY.
  NO SIGNIFICANT WEATHER WAS OBSERVED.


RELATIVE HUMIDITY (PERCENT)
 HIGHEST    69          1200 AM
 LOWEST     43           400 PM
 AVERAGE    56

..........................................................


THE MASSENA NY CLIMATE NORMALS FOR TODAY
                         NORMAL    RECORD    YEAR
 MAXIMUM TEMPERATURE (F)   41        73      1979
 MINIMUM TEMPERATURE (F)   22        -2      2014


SUNRISE AND SUNSET
MARCH 23 2017.........SUNRISE   657 AM EDT   SUNSET   716 PM EDT
MARCH 24 2017.........SUNRISE   655 AM EDT   SUNSET   717 PM EDT


-  INDICATES NEGATIVE NUMBERS.
R  INDICATES RECORD WAS SET OR TIED.
MM INDICATES DATA IS MISSING.
T  INDICATES TRACE AMOUNT.




$$
