000
CDUS41 KBTV 020607
CLIMSS


CLIMATE REPORT
NATIONAL WEATHER SERVICE BURLINGTON VT
205 AM EDT TUE JUN 2 2015


...................................

...THE MASSENA NY CLIMATE SUMMARY FOR JUNE 1 2015...

CLIMATE NORMAL PERIOD 1981 TO 2010
CLIMATE RECORD PERIOD 1948 TO 2015


WEATHER ITEM   OBSERVED TIME   RECORD YEAR NORMAL DEPARTURE LAST
                VALUE   (LST)  VALUE       VALUE  FROM      YEAR
                                                  NORMAL
..................................................................
TEMPERATURE (F)
 YESTERDAY
  MAXIMUM         57    250 PM  86    1982  71    -14       79
  MINIMUM         48    428 AM  33    2001  49     -1       39
  AVERAGE         53                        60     -7       59

PRECIPITATION (IN)
  YESTERDAY        0.39          1.07        0.11   0.28     0.00
  MONTH TO DATE    0.39                      0.11   0.28     0.00
  SINCE JUN 1      0.39                      0.11   0.28     0.00
  SINCE JAN 1      6.38                     12.04  -5.66     9.93

DEGREE DAYS
 HEATING
  YESTERDAY       12                         6      6        6
  MONTH TO DATE   12                         6      6        6
  SINCE JUN 1     12                         6      6        6
  SINCE JUL 1   8293                      8107    186     8569

 COOLING
  YESTERDAY        0                         1     -1        0
  MONTH TO DATE    0                         1     -1        0
  SINCE JUN 1      0                         1     -1        0
  SINCE JAN 1     45                        15     30       15
..................................................................


WIND (MPH)
  HIGHEST WIND SPEED    23   HIGHEST WIND DIRECTION    NE (60)
  HIGHEST GUST SPEED    28   HIGHEST GUST DIRECTION    NE (60)
  AVERAGE WIND SPEED    14.6


SKY COVER
  AVERAGE SKY COVER 1.0


WEATHER CONDITIONS
 THE FOLLOWING WEATHER WAS RECORDED YESTERDAY.
  RAIN
  LIGHT RAIN


RELATIVE HUMIDITY (PERCENT)
 HIGHEST    93           600 AM
 LOWEST     72          1200 PM
 AVERAGE    83

..........................................................


THE MASSENA NY CLIMATE NORMALS FOR TODAY
                         NORMAL    RECORD    YEAR
 MAXIMUM TEMPERATURE (F)   72        87      1996
 MINIMUM TEMPERATURE (F)   49        35      1965


SUNRISE AND SUNSET
JUNE  2 2015..........SUNRISE   516 AM EDT   SUNSET   839 PM EDT
JUNE  3 2015..........SUNRISE   515 AM EDT   SUNSET   840 PM EDT


-  INDICATES NEGATIVE NUMBERS.
R  INDICATES RECORD WAS SET OR TIED.
MM INDICATES DATA IS MISSING.
T  INDICATES TRACE AMOUNT.




$$
