403
CDUS42 KKEY 090540
CLIMTH

CLIMATE REPORT
NATIONAL WEATHER SERVICE KEY WEST, FL
1238 AM EST TUE FEB 9 2016


...................................

...THE MARATHON CLIMATE SUMMARY FOR FEBRUARY 8 2016...

CLIMATE NORMAL PERIOD 1981 TO 2010


WEATHER ITEM   OBSERVED TIME   NORMAL DEPARTURE LAST
                VALUE   (LST)  VALUE  FROM      YEAR
                                      NORMAL
......................................................
TEMPERATURE (F)
 YESTERDAY
  MAXIMUM         67    335 PM  77    -10       79
  MINIMUM         54    657 AM  66    -12       67
  AVERAGE         61            71    -10       73

PRECIPITATION (IN)
  YESTERDAY        0.00          0.07  -0.07     0.00
  MONTH TO DATE    2.59          0.51   2.08     0.61
  SINCE DEC 1     15.76          4.14  11.62     2.35
  SINCE JAN 1      7.82          2.12   5.70     0.81

SNOWFALL (IN)
  YESTERDAY        0.0
  MONTH TO DATE    0.0
  SINCE DEC 1      0.0
  SINCE JUL 1      0.0
  SNOW DEPTH       0

DEGREE DAYS
 HEATING
  YESTERDAY        4             1      3        0
  MONTH TO DATE    8             4      4        0
  SINCE DEC 1     35            62    -27       18
  SINCE JUL 1     35            63    -28       24

 COOLING
  YESTERDAY        0             7     -7        8
  MONTH TO DATE   57            51      6       54
  SINCE DEC 1    587           460    127      525
  SINCE JAN 1    191           232    -41      286
......................................................


WIND (MPH)
  HIGHEST WIND SPEED    16   HIGHEST WIND DIRECTION    NW (330)
  HIGHEST GUST SPEED    22   HIGHEST GUST DIRECTION    NW (330)
  AVERAGE WIND SPEED     6.9


SKY COVER
  POSSIBLE SUNSHINE  MM
  AVERAGE SKY COVER 0.0


WEATHER CONDITIONS
 THE FOLLOWING WEATHER WAS RECORDED YESTERDAY.
  NO SIGNIFICANT WEATHER WAS OBSERVED.


RELATIVE HUMIDITY (PERCENT)
 HIGHEST    72
 LOWEST     44
 AVERAGE    58

..........................................................


THE MARATHON CLIMATE NORMALS FOR TODAY
                         NORMAL
 MAXIMUM TEMPERATURE (F)   77
 MINIMUM TEMPERATURE (F)   66


SUNRISE AND SUNSET
FEBRUARY  9 2016......SUNRISE   703 AM EST   SUNSET   615 PM EST
FEBRUARY 10 2016......SUNRISE   702 AM EST   SUNSET   615 PM EST


-  INDICATES NEGATIVE NUMBERS.
R  INDICATES RECORD WAS SET OR TIED.
MM INDICATES DATA IS MISSING.
T  INDICATES TRACE AMOUNT.




$$
