000
CDUS45 KGJT 282342
CLIMTJ


CLIMATE REPORT
NATIONAL WEATHER SERVICE GRAND JUNCTION CO
530 PM MDT THU MAY 28 2015


...................................

...THE MONTROSE CO CLIMATE SUMMARY FOR MAY 28 2015...
VALID TODAY AS OF 0500 PM LOCAL TIME.

CLIMATE NORMAL PERIOD 1981 TO 2010
CLIMATE RECORD PERIOD 9999 TO 9999


WEATHER ITEM   OBSERVED TIME   RECORD YEAR NORMAL DEPARTURE LAST
                VALUE   (LST)  VALUE       VALUE  FROM      YEAR
                                                  NORMAL
..................................................................
TEMPERATURE (F)
 TODAY
  MAXIMUM         73    201 PM  MM      MM  78     -5       88
  MINIMUM         45    527 AM  MM      MM  46     -1       50
  AVERAGE         59                        62     -3       69

PRECIPITATION (IN)
  TODAY            0.03         MM      MM   0.02   0.01      T
  MONTH TO DATE    1.84                      1.03   0.81     1.09
  SINCE MAR 1      3.18                      3.02   0.16     2.17
  SINCE JAN 1      4.43                      4.25   0.18     3.22

SNOWFALL (IN)
  TODAY           MM            MM      MM  MM     MM       MM
  MONTH TO DATE   MM                        MM     MM       MM
  SINCE MAR 1     MM                        MM     MM       MM
  SINCE JUL 1     MM                        MM     MM       MM
  SNOW DEPTH      MM

DEGREE DAYS
 HEATING
  TODAY            6                         4      2        0
  MONTH TO DATE  281                       215     66      223
  SINCE MAR 1   1295                      1438   -143     1387
  SINCE JUL 1   5383                      6153   -770     6119

 COOLING
  TODAY            0                         1     -1        4
  MONTH TO DATE    0                        10    -10       23
  SINCE MAR 1      0                        10    -10       23
  SINCE JAN 1      0                        10    -10       23
..................................................................


WIND (MPH)
  HIGHEST WIND SPEED    35   HIGHEST WIND DIRECTION     W (290)
  HIGHEST GUST SPEED    40   HIGHEST GUST DIRECTION    NW (300)
  AVERAGE WIND SPEED     5.0


SKY COVER
  POSSIBLE SUNSHINE  MM
  AVERAGE SKY COVER 0.2


WEATHER CONDITIONS
 THE FOLLOWING WEATHER WAS RECORDED TODAY.
  LIGHT RAIN


RELATIVE HUMIDITY (PERCENT)
 HIGHEST    92           500 AM
 LOWEST     29           200 PM
 AVERAGE    61

..........................................................


THE MONTROSE CO CLIMATE NORMALS FOR TOMORROW
                         NORMAL    RECORD    YEAR
 MAXIMUM TEMPERATURE (F)   79        MM        MM
 MINIMUM TEMPERATURE (F)   47        MM        MM


SUNRISE AND SUNSET
MAY 28 2015...........SUNRISE   551 AM MDT   SUNSET   827 PM MDT
MAY 29 2015...........SUNRISE   551 AM MDT   SUNSET   828 PM MDT


-  INDICATES NEGATIVE NUMBERS.
R  INDICATES RECORD WAS SET OR TIED.
MM INDICATES DATA IS MISSING.
T  INDICATES TRACE AMOUNT.




$$
