000
CDUS43 KILX 290640
CLIMTO


CLIMATE REPORT
NATIONAL WEATHER SERVICE LINCOLN IL
1234 AM CST THU JAN 29 2015


...................................

...THE MATTOON IL AIRPORT CLIMATE SUMMARY FOR JANUARY 28 2015...

CLIMATE NORMAL PERIOD 1981 TO 2010
CLIMATE RECORD PERIOD 9999 TO 9999


WEATHER ITEM   OBSERVED TIME   RECORD YEAR NORMAL DEPARTURE LAST
                VALUE   (LST)  VALUE       VALUE  FROM      YEAR
                                                  NORMAL
..................................................................
TEMPERATURE (F)
 YESTERDAY
  MAXIMUM         39    317 PM  MM      MM  35      4       14
  MINIMUM         20    309 AM  MM      MM  20      0       -3
  AVERAGE         30                        28      2        6

PRECIPITATION (IN)
  YESTERDAY        T            MM      MM   0.06  -0.06     0.00
  MONTH TO DATE    0.52                      2.03  -1.51     0.28
  SINCE DEC 1      1.60                      4.80  -3.20     1.87
  SINCE JAN 1      0.52                      2.03  -1.51     0.28

DEGREE DAYS
 HEATING
  YESTERDAY       35                        38     -3       59
  MONTH TO DATE 1069                      1061      8     1240
  SINCE DEC 1   2030                      2105    -75     2364
  SINCE JUL 1   3326                      3164    162     3481

 COOLING
  YESTERDAY        0                         0      0        0
  MONTH TO DATE    0                         0      0        0
  SINCE DEC 1      0                         0      0        0
  SINCE JAN 1      0                         0      0        0
..................................................................


WIND (MPH)
  HIGHEST WIND SPEED    26   HIGHEST WIND DIRECTION     S (160)
  HIGHEST GUST SPEED    35   HIGHEST GUST DIRECTION     S (170)
  AVERAGE WIND SPEED    14.2


SKY COVER
  POSSIBLE SUNSHINE  MM
  AVERAGE SKY COVER 0.1


WEATHER CONDITIONS
 THE FOLLOWING WEATHER WAS RECORDED YESTERDAY.
  LIGHT RAIN
  FOG


RELATIVE HUMIDITY (PERCENT)
 HIGHEST    92          1200 AM
 LOWEST     59           200 PM
 AVERAGE    76

..........................................................


THE MATTOON IL AIRPORT CLIMATE NORMALS FOR TODAY
                         NORMAL    RECORD    YEAR
 MAXIMUM TEMPERATURE (F)   35        MM        MM
 MINIMUM TEMPERATURE (F)   20        MM        MM


SUNRISE AND SUNSET
JANUARY 29 2015.......SUNRISE   703 AM CST   SUNSET   510 PM CST
JANUARY 30 2015.......SUNRISE   702 AM CST   SUNSET   511 PM CST


-  INDICATES NEGATIVE NUMBERS.
R  INDICATES RECORD WAS SET OR TIED.
MM INDICATES DATA IS MISSING.
T  INDICATES TRACE AMOUNT.




$$
