000
CDUS43 KILX 300627
CLIMTO


CLIMATE REPORT
NATIONAL WEATHER SERVICE LINCOLN IL
127 AM CDT THU OCT 30 2014


...................................

...THE MATTOON IL AIRPORT CLIMATE SUMMARY FOR OCTOBER 29 2014...

CLIMATE NORMAL PERIOD 1981 TO 2010
CLIMATE RECORD PERIOD 9999 TO 9999


WEATHER ITEM   OBSERVED TIME   RECORD YEAR NORMAL DEPARTURE LAST
                VALUE   (LST)  VALUE       VALUE  FROM      YEAR
                                                  NORMAL
..................................................................
TEMPERATURE (F)
 YESTERDAY
  MAXIMUM         55    213 PM  MM      MM  60     -5       56
  MINIMUM         36   1157 PM  MM      MM  41     -5       37
  AVERAGE         46                        50     -4       47

PRECIPITATION (IN)
  YESTERDAY        0.00         MM      MM   0.09  -0.09     0.05
  MONTH TO DATE    4.62                      2.67   1.95     1.16
  SINCE SEP 1      8.39                      5.74   2.65     1.64
  SINCE JAN 1     29.83                     31.64  -1.81    39.89

DEGREE DAYS
 HEATING
  YESTERDAY       19                        15      4       18
  MONTH TO DATE  274                       304    -30      296
  SINCE SEP 1    370                       370      0      326
  SINCE JUL 1    375                       375      0      336

 COOLING
  YESTERDAY        0                         0      0        0
  MONTH TO DATE   14                        15     -1       31
  SINCE SEP 1     98                       133    -35      203
  SINCE JAN 1    932                      1053   -121     1007
..................................................................


WIND (MPH)
  HIGHEST WIND SPEED    22   HIGHEST WIND DIRECTION    NW (310)
  HIGHEST GUST SPEED    30   HIGHEST GUST DIRECTION    NW (300)
  AVERAGE WIND SPEED     8.4


SKY COVER
  POSSIBLE SUNSHINE  MM
  AVERAGE SKY COVER 0.2


WEATHER CONDITIONS
 THE FOLLOWING WEATHER WAS RECORDED YESTERDAY.
  NO SIGNIFICANT WEATHER WAS OBSERVED.


RELATIVE HUMIDITY (PERCENT)
 HIGHEST    92          1100 PM
 LOWEST     50          1200 PM
 AVERAGE    71

..........................................................


THE MATTOON IL AIRPORT CLIMATE NORMALS FOR TODAY
                         NORMAL    RECORD    YEAR
 MAXIMUM TEMPERATURE (F)   60        MM        MM
 MINIMUM TEMPERATURE (F)   40        MM        MM


SUNRISE AND SUNSET
OCTOBER 30 2014.......SUNRISE   719 AM CDT   SUNSET   554 PM CDT
OCTOBER 31 2014.......SUNRISE   720 AM CDT   SUNSET   553 PM CDT


-  INDICATES NEGATIVE NUMBERS.
R  INDICATES RECORD WAS SET OR TIED.
MM INDICATES DATA IS MISSING.
T  INDICATES TRACE AMOUNT.




$$
