000
CDUS43 KILX 280645
CLIMTO


CLIMATE REPORT
NATIONAL WEATHER SERVICE LINCOLN IL
144 AM CDT FRI AUG 28 2015


...................................

...THE MATTOON IL AIRPORT CLIMATE SUMMARY FOR AUGUST 27 2015...

CLIMATE NORMAL PERIOD 1981 TO 2010
CLIMATE RECORD PERIOD 9999 TO 9999


WEATHER ITEM   OBSERVED TIME   RECORD YEAR NORMAL DEPARTURE LAST
                VALUE   (LST)  VALUE       VALUE  FROM      YEAR
                                                  NORMAL
..................................................................
TEMPERATURE (F)
 YESTERDAY
  MAXIMUM         80    234 PM  MM      MM  84     -4       88
  MINIMUM         51    539 AM  MM      MM  62    -11       67
  AVERAGE         66                        73     -7       78

PRECIPITATION (IN)
  YESTERDAY        0.00         MM      MM   0.11  -0.11     0.09
  MONTH TO DATE    1.28                      2.66  -1.38     2.73
  SINCE JUN 1     13.60                     11.15   2.45    11.27
  SINCE JAN 1     24.15                     25.50  -1.35    21.44

DEGREE DAYS
 HEATING
  YESTERDAY        0                         0      0        0
  MONTH TO DATE    0                         0      0        1
  SINCE JUN 1      8                        18    -10        8
  SINCE JUL 1      0                         1     -1        5

 COOLING
  YESTERDAY        1                         8     -7       13
  MONTH TO DATE  207                       250    -43      227
  SINCE JUN 1    740                       803    -63      655
  SINCE JAN 1    867                       891    -24      785
..................................................................


WIND (MPH)
  HIGHEST WIND SPEED     9   HIGHEST WIND DIRECTION     E (110)
  HIGHEST GUST SPEED    13   HIGHEST GUST DIRECTION     S (170)
  AVERAGE WIND SPEED     2.7


SKY COVER
  POSSIBLE SUNSHINE  MM
  AVERAGE SKY COVER 0.0


WEATHER CONDITIONS
 THE FOLLOWING WEATHER WAS RECORDED YESTERDAY.
  FOG
  HAZE


RELATIVE HUMIDITY (PERCENT)
 HIGHEST    90          1000 PM
 LOWEST     54           500 PM
 AVERAGE    72

..........................................................


THE MATTOON IL AIRPORT CLIMATE NORMALS FOR TODAY
                         NORMAL    RECORD    YEAR
 MAXIMUM TEMPERATURE (F)   84        MM        MM
 MINIMUM TEMPERATURE (F)   61        MM        MM


SUNRISE AND SUNSET
AUGUST 28 2015........SUNRISE   617 AM CDT   SUNSET   731 PM CDT
AUGUST 29 2015........SUNRISE   618 AM CDT   SUNSET   729 PM CDT


-  INDICATES NEGATIVE NUMBERS.
R  INDICATES RECORD WAS SET OR TIED.
MM INDICATES DATA IS MISSING.
T  INDICATES TRACE AMOUNT.




$$
