000
CDUS43 KILX 292149
CLIMTO


CLIMATE REPORT
NATIONAL WEATHER SERVICE LINCOLN IL
448 PM CDT MON MAY 29 2017


...................................

...THE MATTOON IL AIRPORT CLIMATE SUMMARY FOR MAY 29 2017...
VALID TODAY AS OF 0400 PM LOCAL TIME.

CLIMATE NORMAL PERIOD 1981 TO 2010
CLIMATE RECORD PERIOD 9999 TO 9999


WEATHER ITEM   OBSERVED TIME   RECORD YEAR NORMAL DEPARTURE LAST
                VALUE   (LST)  VALUE       VALUE  FROM      YEAR
                                                  NORMAL
..................................................................
TEMPERATURE (F)
 TODAY
  MAXIMUM         83    202 PM  MM      MM  77      6       84
  MINIMUM         62    535 AM  MM      MM  57      5       65
  AVERAGE         73                        67      6       75

PRECIPITATION (IN)
  TODAY            0.00         MM      MM   0.10  -0.10     0.00
  MONTH TO DATE    6.53                      4.14   2.39     2.46
  SINCE MAR 1     14.55                     10.14   4.41    10.94
  SINCE JAN 1     16.38                     14.12   2.26    11.67

DEGREE DAYS
 HEATING
  TODAY            0                         2     -2        0
  MONTH TO DATE  137                       125     12      156
  SINCE MAR 1   1024                      1183   -159     1012
  SINCE JUL 1   4405                      5387   -982     4534

 COOLING
  TODAY            8                         4      4       10
  MONTH TO DATE   79                        67     12       51
  SINCE MAR 1    100                        81     19       58
  SINCE JAN 1    100                        81     19       58
..................................................................


WIND (MPH)
  HIGHEST WIND SPEED    17   HIGHEST WIND DIRECTION     W (280)
  HIGHEST GUST SPEED    22   HIGHEST GUST DIRECTION     W (270)
  AVERAGE WIND SPEED     7.6


SKY COVER
  POSSIBLE SUNSHINE  MM
  AVERAGE SKY COVER 0.1


WEATHER CONDITIONS
 THE FOLLOWING WEATHER WAS RECORDED TODAY.
  NO SIGNIFICANT WEATHER WAS OBSERVED.


RELATIVE HUMIDITY (PERCENT)
 HIGHEST    84           600 AM
 LOWEST     31           100 PM
 AVERAGE    58

..........................................................


THE MATTOON IL AIRPORT CLIMATE NORMALS FOR TOMORROW
                         NORMAL    RECORD    YEAR
 MAXIMUM TEMPERATURE (F)   78        MM        MM
 MINIMUM TEMPERATURE (F)   57        MM        MM


SUNRISE AND SUNSET
MAY 29 2017...........SUNRISE   529 AM CDT   SUNSET   812 PM CDT
MAY 30 2017...........SUNRISE   529 AM CDT   SUNSET   813 PM CDT


-  INDICATES NEGATIVE NUMBERS.
R  INDICATES RECORD WAS SET OR TIED.
MM INDICATES DATA IS MISSING.
T  INDICATES TRACE AMOUNT.




$$
