595
CDUS43 KILX 052230
CLIMTO


CLIMATE REPORT
NATIONAL WEATHER SERVICE LINCOLN IL
429 PM CST FRI FEB 5 2016


...................................

...THE MATTOON IL AIRPORT CLIMATE SUMMARY FOR FEBRUARY 5 2016...
VALID TODAY AS OF 0400 PM LOCAL TIME.

CLIMATE NORMAL PERIOD 1981 TO 2010
CLIMATE RECORD PERIOD 9999 TO 9999


WEATHER ITEM   OBSERVED TIME   RECORD YEAR NORMAL DEPARTURE LAST
                VALUE   (LST)  VALUE       VALUE  FROM      YEAR
                                                  NORMAL
..................................................................
TEMPERATURE (F)
 TODAY
  MAXIMUM         34    355 PM  MM      MM  37     -3       22
  MINIMUM         23    716 AM  MM      MM  21      2        2
  AVERAGE         29                        29      0       12

PRECIPITATION (IN)
  TODAY            0.00         MM      MM   0.07  -0.07     0.00
  MONTH TO DATE    0.21                      0.33  -0.12     0.16
  SINCE DEC 1      6.89                      5.31   1.58     1.77
  SINCE JAN 1      0.61                      2.54  -1.93     0.69

DEGREE DAYS
 HEATING
  TODAY           36                        36      0       53
  MONTH TO DATE  137                       183    -46      214
  SINCE DEC 1   1977                      2400   -423     2343
  SINCE JUL 1   2769                      3459   -690     3639

 COOLING
  TODAY            0                         0      0        0
  MONTH TO DATE    0                         0      0        0
  SINCE DEC 1      0                         0      0        0
  SINCE JAN 1      0                         0      0        0
..................................................................


WIND (MPH)
  HIGHEST WIND SPEED    28   HIGHEST WIND DIRECTION    SW (230)
  HIGHEST GUST SPEED    34   HIGHEST GUST DIRECTION    SW (230)
  AVERAGE WIND SPEED     7.6


SKY COVER
  POSSIBLE SUNSHINE  MM
  AVERAGE SKY COVER 0.3


WEATHER CONDITIONS
 THE FOLLOWING WEATHER WAS RECORDED TODAY.
  HAZE


RELATIVE HUMIDITY (PERCENT)
 HIGHEST    81           700 AM
 LOWEST     61           400 PM
 AVERAGE    71

..........................................................


THE MATTOON IL AIRPORT CLIMATE NORMALS FOR TOMORROW
                         NORMAL    RECORD    YEAR
 MAXIMUM TEMPERATURE (F)   37        MM        MM
 MINIMUM TEMPERATURE (F)   22        MM        MM


SUNRISE AND SUNSET
FEBRUARY  5 2016......SUNRISE   657 AM CST   SUNSET   518 PM CST
FEBRUARY  6 2016......SUNRISE   656 AM CST   SUNSET   519 PM CST


-  INDICATES NEGATIVE NUMBERS.
R  INDICATES RECORD WAS SET OR TIED.
MM INDICATES DATA IS MISSING.
T  INDICATES TRACE AMOUNT.




$$
