133
CDUS41 KBTV 210550
CLIMVL


CLIMATE REPORT
NATIONAL WEATHER SERVICE BURLINGTON VT
1246 AM EST SAT JAN 21 2017


...................................

...THE MORRISVILLE VT CLIMATE SUMMARY FOR JANUARY 20 2017...

CLIMATE NORMAL PERIOD 1981 TO 2010
CLIMATE RECORD PERIOD 9999 TO 9999


WEATHER ITEM   OBSERVED TIME   NORMAL DEPARTURE LAST
                VALUE   (LST)  VALUE  FROM      YEAR
                                      NORMAL
......................................................
TEMPERATURE (F)
 YESTERDAY
  MAXIMUM         35    230 PM  26      9       23
  MINIMUM         31   1058 PM   4     27       14
  AVERAGE         33            15     18       19

PRECIPITATION (IN)
  YESTERDAY        0.00          0.08  -0.08      T
  MONTH TO DATE    0.77          1.73  -0.96     0.69
  SINCE DEC 1      3.98          4.37  -0.39     2.63
  SINCE JAN 1      0.77          1.73  -0.96     0.69

DEGREE DAYS
 HEATING
  YESTERDAY       32            50    -18       46
  MONTH TO DATE  840           978   -138      877
  SINCE DEC 1   2110          2288   -178     1724
  SINCE JUL 1   3701          4116   -415     3139

 COOLING
  YESTERDAY        0             0      0        0
  MONTH TO DATE    0             0      0        0
  SINCE DEC 1      0             0      0        0
  SINCE JAN 1      0             0      0        0
......................................................


WIND (MPH)
  HIGHEST WIND SPEED     9   HIGHEST WIND DIRECTION    SW (220)
  HIGHEST GUST SPEED    13   HIGHEST GUST DIRECTION    SW (210)
  AVERAGE WIND SPEED     2.0


SKY COVER
  AVERAGE SKY COVER 1.0


WEATHER CONDITIONS
 THE FOLLOWING WEATHER WAS RECORDED YESTERDAY.
  NO SIGNIFICANT WEATHER WAS OBSERVED.


RELATIVE HUMIDITY (PERCENT)
 HIGHEST    92           400 AM
 LOWEST     75          1000 AM
 AVERAGE    84

..........................................................


THE MORRISVILLE VT CLIMATE NORMALS FOR TODAY
                         NORMAL    RECORD    YEAR
 MAXIMUM TEMPERATURE (F)   26        57      2006
 MINIMUM TEMPERATURE (F)    4       -18      2014


SUNRISE AND SUNSET
JANUARY 21 2017.......SUNRISE   719 AM EST   SUNSET   445 PM EST
JANUARY 22 2017.......SUNRISE   719 AM EST   SUNSET   446 PM EST


-  INDICATES NEGATIVE NUMBERS.
R  INDICATES RECORD WAS SET OR TIED.
MM INDICATES DATA IS MISSING.
T  INDICATES TRACE AMOUNT.




$$
