000
CDUS41 KBTV 030614
CLIMVL


CLIMATE REPORT
NATIONAL WEATHER SERVICE BURLINGTON VT
213 AM EDT MON AUG 3 2015


...................................

...THE MORRISVILLE VT CLIMATE SUMMARY FOR AUGUST 2 2015...

CLIMATE NORMAL PERIOD 1981 TO 2010
CLIMATE RECORD PERIOD 9999 TO 9999


WEATHER ITEM   OBSERVED TIME   NORMAL DEPARTURE LAST
                VALUE   (LST)  VALUE  FROM      YEAR
                                      NORMAL
......................................................
TEMPERATURE (F)
 YESTERDAY
  MAXIMUM         82    206 PM  79      3       83
  MINIMUM         56    548 AM  55      1       56
  AVERAGE         69            67      2       70

PRECIPITATION (IN)
  YESTERDAY        0.00          0.15  -0.15      T
  MONTH TO DATE    T             0.30  -0.30      T
  SINCE JUN 1      9.53          8.41   1.12    10.05
  SINCE JAN 1     14.78         20.03  -5.25    23.65

DEGREE DAYS
 HEATING
  YESTERDAY        0             1     -1        0
  MONTH TO DATE    0             2     -2        0
  SINCE JUN 1    128           155    -27      101
  SINCE JUL 1     23            32     -9       29

 COOLING
  YESTERDAY        4             3      1        5
  MONTH TO DATE    9             6      3        6
  SINCE JUN 1    206           166     40      155
  SINCE JAN 1    259           174     85      160
......................................................


WIND (MPH)
  HIGHEST WIND SPEED    12   HIGHEST WIND DIRECTION     S (200)
  HIGHEST GUST SPEED    16   HIGHEST GUST DIRECTION     S (190)
  AVERAGE WIND SPEED     3.3


SKY COVER
  AVERAGE SKY COVER 0.4


WEATHER CONDITIONS
 THE FOLLOWING WEATHER WAS RECORDED YESTERDAY.
  FOG
  FOG W/VISIBILITY <= 1/4 MILE


RELATIVE HUMIDITY (PERCENT)
 HIGHEST    93           200 AM
 LOWEST     42          1200 PM
 AVERAGE    68

..........................................................


THE MORRISVILLE VT CLIMATE NORMALS FOR TODAY
                         NORMAL    RECORD    YEAR
 MAXIMUM TEMPERATURE (F)   79        90      2007
 MINIMUM TEMPERATURE (F)   55        47      1999


SUNRISE AND SUNSET
AUGUST  3 2015........SUNRISE   539 AM EDT   SUNSET   814 PM EDT
AUGUST  4 2015........SUNRISE   540 AM EDT   SUNSET   812 PM EDT


-  INDICATES NEGATIVE NUMBERS.
R  INDICATES RECORD WAS SET OR TIED.
MM INDICATES DATA IS MISSING.
T  INDICATES TRACE AMOUNT.




$$
