000
CDUS41 KBTV 020525
CLIMVL


CLIMATE REPORT
NATIONAL WEATHER SERVICE BURLINGTON VT
124 AM EDT TUE SEP 2 2014


...................................

...THE MORRISVILLE VT CLIMATE SUMMARY FOR SEPTEMBER 1 2014...

CLIMATE NORMAL PERIOD 1981 TO 2010
CLIMATE RECORD PERIOD 9999 TO 9999


WEATHER ITEM   OBSERVED TIME   NORMAL DEPARTURE LAST
                VALUE   (LST)  VALUE  FROM      YEAR
                                      NORMAL
......................................................
TEMPERATURE (F)
 YESTERDAY
  MAXIMUM         84    154 PM  75      9       83
  MINIMUM         61   1159 PM  51     10       66
  AVERAGE         73            63     10       75

PRECIPITATION (IN)
  YESTERDAY        0.00          0.09  -0.09     0.01
  MONTH TO DATE    0.00          0.09  -0.09     0.01
  SINCE SEP 1      0.00          0.09  -0.09     0.01
  SINCE JAN 1     26.41         23.85   2.56    30.27

DEGREE DAYS
 HEATING
  YESTERDAY        0             4     -4        0
  MONTH TO DATE    0             4     -4        0
  SINCE SEP 1      0             4     -4        0
  SINCE JUL 1     71            99    -28       69

 COOLING
  YESTERDAY        8             1      7       10
  MONTH TO DATE    8             1      7       10
  SINCE SEP 1      8             1      7       10
  SINCE JAN 1    222           248    -26      373
......................................................


WIND (MPH)
  HIGHEST WIND SPEED     8   HIGHEST WIND DIRECTION     S (200)
  HIGHEST GUST SPEED    13   HIGHEST GUST DIRECTION     W (260)
  AVERAGE WIND SPEED     2.3


SKY COVER
  AVERAGE SKY COVER 0.4


WEATHER CONDITIONS
 THE FOLLOWING WEATHER WAS RECORDED YESTERDAY.
  FOG
  FOG W/VISIBILITY <= 1/4 MILE


RELATIVE HUMIDITY (PERCENT)
 HIGHEST   100           400 AM
 LOWEST     44           200 PM
 AVERAGE    72

..........................................................


THE MORRISVILLE VT CLIMATE NORMALS FOR TODAY
                         NORMAL    RECORD    YEAR
 MAXIMUM TEMPERATURE (F)   75        MM        MM
 MINIMUM TEMPERATURE (F)   50        MM        MM


SUNRISE AND SUNSET
SEPTEMBER  2 2014.....SUNRISE   614 AM EDT   SUNSET   725 PM EDT
SEPTEMBER  3 2014.....SUNRISE   615 AM EDT   SUNSET   723 PM EDT


-  INDICATES NEGATIVE NUMBERS.
R  INDICATES RECORD WAS SET OR TIED.
MM INDICATES DATA IS MISSING.
T  INDICATES TRACE AMOUNT.




$$
