000
CDUS41 KBTV 130607
CLIMVL

CLIMATE REPORT
NATIONAL WEATHER SERVICE BURLINGTON VT
1258 AM EST WED DEC 13 2017

...................................

...THE MORRISVILLE VT CLIMATE SUMMARY FOR DECEMBER 12 2017...

CLIMATE NORMAL PERIOD 1981 TO 2010
CLIMATE RECORD PERIOD 9999 TO 9999


WEATHER ITEM   OBSERVED TIME   NORMAL DEPARTURE LAST
                VALUE   (LST)  VALUE  FROM      YEAR
                                      NORMAL
......................................................
TEMPERATURE (F)
 YESTERDAY
  MAXIMUM         28    338 PM  33     -5       36
  MINIMUM         12    233 AM  15     -3       20
  AVERAGE         20            24     -4       28

PRECIPITATION (IN)
  YESTERDAY        0.01          0.09  -0.08     0.16
  MONTH TO DATE    0.40          1.16  -0.76     1.32
  SINCE DEC 1      0.40          1.16  -0.76     1.32
  SINCE JAN 1     35.63         34.52   1.11    19.75

DEGREE DAYS
 HEATING
  YESTERDAY       45            41      4       37
  MONTH TO DATE  438           465    -27      449
  SINCE DEC 1    438           465    -27      449
  SINCE JUL 1   2079          2293   -214     2040

 COOLING
  YESTERDAY        0             0      0        0
  MONTH TO DATE    0             0      0        0
  SINCE DEC 1      0             0      0        0
  SINCE JAN 1    192           265    -73      322
......................................................


WIND (MPH)
  HIGHEST WIND SPEED    17   HIGHEST WIND DIRECTION     N (10)
  HIGHEST GUST SPEED    23   HIGHEST GUST DIRECTION     N (10)
  AVERAGE WIND SPEED     3.4


SKY COVER
  AVERAGE SKY COVER 1.0


WEATHER CONDITIONS
 THE FOLLOWING WEATHER WAS RECORDED YESTERDAY.
  SNOW
  LIGHT SNOW
  FOG


RELATIVE HUMIDITY (PERCENT)
 HIGHEST   100           900 AM
 LOWEST     84          1200 AM
 AVERAGE    92

..........................................................


THE MORRISVILLE VT CLIMATE NORMALS FOR TODAY
                         NORMAL    RECORD    YEAR
 MAXIMUM TEMPERATURE (F)   33        59      2010
 MINIMUM TEMPERATURE (F)   15       -19      1989


SUNRISE AND SUNSET
DECEMBER 13 2017......SUNRISE   719 AM EST   SUNSET   411 PM EST
DECEMBER 14 2017......SUNRISE   720 AM EST   SUNSET   411 PM EST


-  INDICATES NEGATIVE NUMBERS.
R  INDICATES RECORD WAS SET OR TIED.
MM INDICATES DATA IS MISSING.
T  INDICATES TRACE AMOUNT.

$$
