000
CDUS41 KBTV 210520
CLIMVL


CLIMATE REPORT
NATIONAL WEATHER SERVICE BURLINGTON VT
119 AM EDT SAT OCT 21 2017


...................................

...THE MORRISVILLE VT CLIMATE SUMMARY FOR OCTOBER 20 2017...

CLIMATE NORMAL PERIOD 1981 TO 2010
CLIMATE RECORD PERIOD 9999 TO 9999


WEATHER ITEM   OBSERVED TIME   NORMAL DEPARTURE LAST
                VALUE   (LST)  VALUE  FROM      YEAR
                                      NORMAL
......................................................
TEMPERATURE (F)
 YESTERDAY
  MAXIMUM         62    253 PM  55      7       55
  MINIMUM         35   1101 PM  34      1       34
  AVERAGE         49            44      5       45

PRECIPITATION (IN)
  YESTERDAY        0.00          0.09  -0.09     0.01
  MONTH TO DATE    1.01          2.05  -1.04     0.08
  SINCE SEP 1      3.75          5.42  -1.67     0.97
  SINCE JAN 1     30.71         29.18   1.53    16.61

DEGREE DAYS
 HEATING
  YESTERDAY       16            21     -5       20
  MONTH TO DATE  232           349   -117      261
  SINCE SEP 1    405           586   -181      435
  SINCE JUL 1    567           681   -114      494

 COOLING
  YESTERDAY        0             0      0        0
  MONTH TO DATE    0             0      0        0
  SINCE SEP 1     47            18     29       34
  SINCE JAN 1    191           265    -74      322
......................................................


WIND (MPH)
  HIGHEST WIND SPEED    18   HIGHEST WIND DIRECTION    NW (320)
  HIGHEST GUST SPEED    29   HIGHEST GUST DIRECTION    NW (320)
  AVERAGE WIND SPEED     5.3


SKY COVER
  AVERAGE SKY COVER 0.0


WEATHER CONDITIONS
 THE FOLLOWING WEATHER WAS RECORDED YESTERDAY.
  NO SIGNIFICANT WEATHER WAS OBSERVED.


RELATIVE HUMIDITY (PERCENT)
 HIGHEST   100          1100 PM
 LOWEST     34           200 PM
 AVERAGE    67

..........................................................


THE MORRISVILLE VT CLIMATE NORMALS FOR TODAY
                         NORMAL    RECORD    YEAR
 MAXIMUM TEMPERATURE (F)   54        73      2007
 MINIMUM TEMPERATURE (F)   33        18      1988


SUNRISE AND SUNSET
OCTOBER 21 2017.......SUNRISE   714 AM EDT   SUNSET   556 PM EDT
OCTOBER 22 2017.......SUNRISE   715 AM EDT   SUNSET   554 PM EDT


-  INDICATES NEGATIVE NUMBERS.
R  INDICATES RECORD WAS SET OR TIED.
MM INDICATES DATA IS MISSING.
T  INDICATES TRACE AMOUNT.




$$
