000
CDUS41 KBTV 010549
CLIMVL


CLIMATE REPORT
NATIONAL WEATHER SERVICE BURLINGTON VT
147 AM EDT WED JUL 1 2015


...................................

...THE MORRISVILLE VT CLIMATE SUMMARY FOR JUNE 30 2015...

CLIMATE NORMAL PERIOD 1981 TO 2010
CLIMATE RECORD PERIOD 9999 TO 9999


WEATHER ITEM   OBSERVED TIME   NORMAL DEPARTURE LAST
                VALUE   (LST)  VALUE  FROM      YEAR
                                      NORMAL
......................................................
TEMPERATURE (F)
 YESTERDAY
  MAXIMUM         79   1226 PM  78      1       84
  MINIMUM         54    452 AM  54      0       60
  AVERAGE         67            66      1       72

PRECIPITATION (IN)
  YESTERDAY        T             0.13  -0.13     0.00
  MONTH TO DATE    6.91          3.98   2.93     3.89
  SINCE JUN 1      6.91          3.98   2.93     3.89
  SINCE JAN 1     12.16         15.60  -3.44    17.49

DEGREE DAYS
 HEATING
  YESTERDAY        0             2     -2        0
  MONTH TO DATE  105           125    -20       72
  SINCE JUN 1    105           123    -18       72
  SINCE JUL 1   7981          8254   -273     8578

 COOLING
  YESTERDAY        2             3     -1        7
  MONTH TO DATE   40            48     -8       40
  SINCE JUN 1     40            48     -8       40
  SINCE JAN 1     93            56     37       45
......................................................


WIND (MPH)
  HIGHEST WIND SPEED     9   HIGHEST WIND DIRECTION     S (200)
  HIGHEST GUST SPEED    14   HIGHEST GUST DIRECTION     S (200)
  AVERAGE WIND SPEED     1.5


SKY COVER
  AVERAGE SKY COVER 0.7


WEATHER CONDITIONS
 THE FOLLOWING WEATHER WAS RECORDED YESTERDAY.
  LIGHT RAIN
  FOG
  FOG W/VISIBILITY <= 1/4 MILE


RELATIVE HUMIDITY (PERCENT)
 HIGHEST    93           300 AM
 LOWEST     45           100 PM
 AVERAGE    69

..........................................................


THE MORRISVILLE VT CLIMATE NORMALS FOR TODAY
                         NORMAL    RECORD    YEAR
 MAXIMUM TEMPERATURE (F)   79        89      2014
 MINIMUM TEMPERATURE (F)   55        47      2004


SUNRISE AND SUNSET
JULY  1 2015..........SUNRISE   509 AM EDT   SUNSET   839 PM EDT
JULY  2 2015..........SUNRISE   510 AM EDT   SUNSET   839 PM EDT


-  INDICATES NEGATIVE NUMBERS.
R  INDICATES RECORD WAS SET OR TIED.
MM INDICATES DATA IS MISSING.
T  INDICATES TRACE AMOUNT.




$$
