000
CDUS46 KOTX 300823
CLIMWH


CLIMATE REPORT
NATIONAL WEATHER SERVICE SPOKANE, WA
123 AM PDT TUE SEP 30 2014


...................................

...THE MOSES LAKE WA AIRPORT CLIMATE SUMMARY FOR SEPTEMBER 29 2014...

CLIMATE NORMAL PERIOD 1981 TO 2010
CLIMATE RECORD PERIOD 9999 TO 9999


WEATHER ITEM   OBSERVED TIME   RECORD YEAR NORMAL DEPARTURE LAST
                VALUE   (LST)  VALUE       VALUE  FROM      YEAR
                                                  NORMAL
..................................................................
TEMPERATURE (F)
 YESTERDAY
  MAXIMUM         79    302 PM  MM      MM  72      7       64
  MINIMUM         51    634 AM  MM      MM  42      9       49
  AVERAGE         65                        56      9       57

PRECIPITATION (IN)
  YESTERDAY        T            MM      MM   0.02  -0.02     0.01
  MONTH TO DATE    0.30                      0.36  -0.06     0.93
  SINCE OCT 1      4.82                      9.08  -4.26     9.27
  SINCE JAN 1      4.18                      5.79  -1.61     5.24

SNOWFALL (IN)
  YESTERDAY       MM            MM      MM  MM     MM       MM
  MONTH TO DATE   MM                        MM     MM       MM
  SINCE SEP 1     MM                        MM     MM       MM
  SINCE JUL 1     MM                        MM     MM       MM
  SNOW DEPTH      MM

DEGREE DAYS
 HEATING
  YESTERDAY        0                         9     -9        8
  MONTH TO DATE   49                       121    -72       92
  SINCE SEP 1     49                       121    -72       92
  SINCE JUL 1     49                       141    -92       92

 COOLING
  YESTERDAY        0                         0      0        0
  MONTH TO DATE   70                        44     26      135
  SINCE SEP 1     70                        44     26      135
  SINCE JAN 1    948                       614    334      948
..................................................................


WIND (MPH)
  HIGHEST WIND SPEED    16   HIGHEST WIND DIRECTION     W (250)
  HIGHEST GUST SPEED    19   HIGHEST GUST DIRECTION     W (250)
  AVERAGE WIND SPEED     7.6


SKY COVER
  POSSIBLE SUNSHINE  MM
  AVERAGE SKY COVER 0.3


WEATHER CONDITIONS
 THE FOLLOWING WEATHER WAS RECORDED YESTERDAY.
  LIGHT RAIN
  HAZE


RELATIVE HUMIDITY (PERCENT)
 HIGHEST    83           600 AM
 LOWEST     28           200 PM
 AVERAGE    56

..........................................................


THE MOSES LAKE WA AIRPORT CLIMATE NORMALS FOR TODAY
                         NORMAL    RECORD    YEAR
 MAXIMUM TEMPERATURE (F)   71        MM        MM
 MINIMUM TEMPERATURE (F)   41        MM        MM


SUNRISE AND SUNSET
SEPTEMBER 30 2014.....SUNRISE   655 AM PDT   SUNSET   639 PM PDT
OCTOBER  1 2014.......SUNRISE   656 AM PDT   SUNSET   637 PM PDT


-  INDICATES NEGATIVE NUMBERS.
R  INDICATES RECORD WAS SET OR TIED.
MM INDICATES DATA IS MISSING.
T  INDICATES TRACE AMOUNT.




$$
