000
CDUS46 KOTX 290827
CLIMWH


CLIMATE REPORT
NATIONAL WEATHER SERVICE SPOKANE, WA
127 AM PDT FRI APR 29 2016


...................................

...THE MOSES LAKE WA AIRPORT CLIMATE SUMMARY FOR APRIL 28 2016...

CLIMATE NORMAL PERIOD 1981 TO 2010
CLIMATE RECORD PERIOD 9999 TO 9999


WEATHER ITEM   OBSERVED TIME   RECORD YEAR NORMAL DEPARTURE LAST
                VALUE   (LST)  VALUE       VALUE  FROM      YEAR
                                                  NORMAL
..................................................................
TEMPERATURE (F)
 YESTERDAY
  MAXIMUM         73    356 PM  MM      MM  68      5       80
  MINIMUM         36    436 AM  MM      MM  39     -3       44
  AVERAGE         55                        53      2       62

PRECIPITATION (IN)
  YESTERDAY        0.01         MM      MM   0.02  -0.01     0.00
  MONTH TO DATE    0.25                      0.66  -0.41     0.21
  SINCE OCT 1      7.09                      6.67   0.42     5.23
  SINCE JAN 1      3.83                      3.38   0.45     2.57

SNOWFALL (IN)
  YESTERDAY       MM

DEGREE DAYS
 HEATING
  YESTERDAY       10                        12     -2        3
  MONTH TO DATE  215                       422   -207      405
  SINCE MAR 1    803                      1089   -286      922
  SINCE JUL 1   4836                      5594   -758     4680

 COOLING
  YESTERDAY        0                         0      0        0
  MONTH TO DATE    1                         0      1        0
  SINCE MAR 1      1                         0      1        0
  SINCE JAN 1      1                         0      1        0
..................................................................


WIND (MPH)
  HIGHEST WIND SPEED    15   HIGHEST WIND DIRECTION    NW (320)
  HIGHEST GUST SPEED    17   HIGHEST GUST DIRECTION    NE (40)
  AVERAGE WIND SPEED     4.3


SKY COVER
  POSSIBLE SUNSHINE  MM
  AVERAGE SKY COVER 0.3


WEATHER CONDITIONS
 THE FOLLOWING WEATHER WAS RECORDED YESTERDAY.
  LIGHT RAIN


RELATIVE HUMIDITY (PERCENT)
 HIGHEST    92           400 AM
 LOWEST     31           400 PM
 AVERAGE    62

..........................................................


THE MOSES LAKE WA AIRPORT CLIMATE NORMALS FOR TODAY
                         NORMAL    RECORD    YEAR
 MAXIMUM TEMPERATURE (F)   68        MM        MM
 MINIMUM TEMPERATURE (F)   40        MM        MM


SUNRISE AND SUNSET
APRIL 29 2016.........SUNRISE   543 AM PDT   SUNSET   806 PM PDT
APRIL 30 2016.........SUNRISE   542 AM PDT   SUNSET   808 PM PDT


-  INDICATES NEGATIVE NUMBERS.
R  INDICATES RECORD WAS SET OR TIED.
MM INDICATES DATA IS MISSING.
T  INDICATES TRACE AMOUNT.




$$
