000
CDUS45 KBOI 230931
CLIMYL


CLIMATE REPORT
NATIONAL WEATHER SERVICE BOISE ID
331 AM MDT SAT JUL 23 2016


...................................

...THE MCCALL ID CLIMATE SUMMARY FOR JULY 22 2016...

CLIMATE NORMAL PERIOD 1981 TO 2010
CLIMATE RECORD PERIOD 1930 TO 2016


WEATHER ITEM   OBSERVED TIME   RECORD YEAR NORMAL DEPARTURE LAST
                VALUE   (LST)  VALUE       VALUE  FROM      YEAR
                                                  NORMAL
..................................................................
TEMPERATURE (F)
 YESTERDAY
  MAXIMUM         78    418 PM  97    1936  80     -2       76
  MINIMUM         46    552 AM  30    1954  44      2       55
  AVERAGE         62                        62      0       66

PRECIPITATION (IN)
  YESTERDAY        0.00          0.29 1987   0.02  -0.02     0.03
  MONTH TO DATE    1.40                      0.56   0.84     2.22
  SINCE OCT 1     25.23                     18.38   6.85    20.56
  SINCE JAN 1     14.66                     12.20   2.46    11.80

DEGREE DAYS
 HEATING
  YESTERDAY        3                         4     -1        0
  MONTH TO DATE  110                       119     -9       33
  SINCE JUN 1    336                       486   -150      142
  SINCE JUL 1    110                       119     -9       33

 COOLING
  YESTERDAY        0                         1     -1        1
  MONTH TO DATE    8                         7      1       43
  SINCE JUN 1     43                         8     35      109
  SINCE JAN 1     43                         8     35      109
..................................................................


WIND (MPH)
  HIGHEST WIND SPEED    21   HIGHEST WIND DIRECTION     S (170)
  HIGHEST GUST SPEED    25   HIGHEST GUST DIRECTION     S (160)
  AVERAGE WIND SPEED     6.6


SKY COVER
  AVERAGE SKY COVER 0.1


WEATHER CONDITIONS
 THE FOLLOWING WEATHER WAS RECORDED YESTERDAY.
  NO SIGNIFICANT WEATHER WAS OBSERVED.


RELATIVE HUMIDITY (PERCENT)
 HIGHEST    76           600 AM
 LOWEST     22           200 PM
 AVERAGE    49

..........................................................


THE MCCALL ID CLIMATE NORMALS FOR TODAY
                         NORMAL    RECORD    YEAR
 MAXIMUM TEMPERATURE (F)   80        98      2006
 MINIMUM TEMPERATURE (F)   44        34      1987


SUNRISE AND SUNSET
JULY 23 2016..........SUNRISE   621 AM MDT   SUNSET   920 PM MDT
JULY 24 2016..........SUNRISE   622 AM MDT   SUNSET   919 PM MDT


-  INDICATES NEGATIVE NUMBERS.
R  INDICATES RECORD WAS SET OR TIED.
MM INDICATES DATA IS MISSING.
T  INDICATES TRACE AMOUNT.




$$
