000
CDUS45 KBOI 170935
CLIMYL


CLIMATE REPORT
NATIONAL WEATHER SERVICE BOISE ID
235 AM MST WED DEC 17 2014


...................................

...THE MCCALL ID CLIMATE SUMMARY FOR DECEMBER 16 2014...

CLIMATE NORMAL PERIOD 1981 TO 2010
CLIMATE RECORD PERIOD 1930 TO 2014


WEATHER ITEM   OBSERVED TIME   RECORD YEAR NORMAL DEPARTURE LAST
                VALUE   (LST)  VALUE       VALUE  FROM      YEAR
                                                  NORMAL
..................................................................
TEMPERATURE (F)
 YESTERDAY
  MAXIMUM         32    345 PM  42    1989  27      5       34
  MINIMUM         26    844 AM -11    2008   9     17        8
  AVERAGE         29                        18     11       21

PRECIPITATION (IN)
  YESTERDAY        0.03          0.59 1982   0.07  -0.04     0.00
  MONTH TO DATE    1.39                      0.93   0.46     0.81
  SINCE OCT 1      6.48                      5.05   1.43     3.15
  SINCE JAN 1     23.89                     18.97   4.92    18.76

DEGREE DAYS
 HEATING
  YESTERDAY       36                        47    -11       44
  MONTH TO DATE  531                       730   -199      785
  SINCE DEC 1    531                       730   -199      785
  SINCE JUL 1   2595                      3368   -773     2875

 COOLING
  YESTERDAY        0                         0      0        0
  MONTH TO DATE    0                         0      0        0
  SINCE DEC 1      0                         0      0        0
  SINCE JAN 1    185                        25    160      186
..................................................................


WIND (MPH)
  HIGHEST WIND SPEED     7   HIGHEST WIND DIRECTION     E (110)
  HIGHEST GUST SPEED     8   HIGHEST GUST DIRECTION    SE (120)
  AVERAGE WIND SPEED     1.4


SKY COVER
  AVERAGE SKY COVER 1.0


WEATHER CONDITIONS
 THE FOLLOWING WEATHER WAS RECORDED YESTERDAY.
  LIGHT SNOW
  FOG


RELATIVE HUMIDITY (PERCENT)
 HIGHEST    92           100 AM
 LOWEST     85          1200 PM
 AVERAGE    89

..........................................................


THE MCCALL ID CLIMATE NORMALS FOR TODAY
                         NORMAL    RECORD    YEAR
 MAXIMUM TEMPERATURE (F)   27        41      1941
 MINIMUM TEMPERATURE (F)    9       -24      1964


SUNRISE AND SUNSET
DECEMBER 17 2014......SUNRISE   817 AM MST   SUNSET   504 PM MST
DECEMBER 18 2014......SUNRISE   817 AM MST   SUNSET   505 PM MST


-  INDICATES NEGATIVE NUMBERS.
R  INDICATES RECORD WAS SET OR TIED.
MM INDICATES DATA IS MISSING.
T  INDICATES TRACE AMOUNT.




$$
