000
CDUS45 KBOI 260931
CLIMYL


CLIMATE REPORT
NATIONAL WEATHER SERVICE BOISE ID
331 AM MDT MON JUN 26 2017


...................................

...THE MCCALL ID CLIMATE SUMMARY FOR JUNE 25 2017...

CLIMATE NORMAL PERIOD 1981 TO 2010
CLIMATE RECORD PERIOD 1930 TO 2017


WEATHER ITEM   OBSERVED TIME   RECORD YEAR NORMAL DEPARTURE LAST
                VALUE   (LST)  VALUE       VALUE  FROM      YEAR
                                                  NORMAL
..................................................................
TEMPERATURE (F)
 YESTERDAY
  MAXIMUM         85    502 PM  92    1928  71     14       71
  MINIMUM         44    529 AM  28    1966  40      4       32
  AVERAGE         65                        55     10       52

PRECIPITATION (IN)
  YESTERDAY        0.00          1.35 1998   0.04  -0.04     0.00
  MONTH TO DATE    1.52                      1.67  -0.15     0.83
  SINCE OCT 1     29.73                     17.63  12.10    23.83
  SINCE JAN 1     21.24                     11.45   9.79    13.26

DEGREE DAYS
 HEATING
  YESTERDAY        0                        10    -10       13
  MONTH TO DATE  219                       323   -104      221
  SINCE JUN 1    219                       323   -104      221
  SINCE JUL 1   8685                      9552   -867     8168

 COOLING
  YESTERDAY        0                         0      0        0
  MONTH TO DATE    4                         0      4       14
  SINCE JUN 1      4                         0      4       14
  SINCE JAN 1      4                         0      4       14
..................................................................


WIND (MPH)
  HIGHEST WIND SPEED    13   HIGHEST WIND DIRECTION     W (290)
  HIGHEST GUST SPEED    15   HIGHEST GUST DIRECTION     W (290)
  AVERAGE WIND SPEED     3.8


SKY COVER
  AVERAGE SKY COVER 0.0


WEATHER CONDITIONS
 THE FOLLOWING WEATHER WAS RECORDED YESTERDAY.
  NO SIGNIFICANT WEATHER WAS OBSERVED.


RELATIVE HUMIDITY (PERCENT)
 HIGHEST    71           400 AM
 LOWEST     20           100 PM
 AVERAGE    46

..........................................................


THE MCCALL ID CLIMATE NORMALS FOR TODAY
                         NORMAL    RECORD    YEAR
 MAXIMUM TEMPERATURE (F)   72        92      2015
                                             1926
 MINIMUM TEMPERATURE (F)   40        24      1976


SUNRISE AND SUNSET
JUNE 26 2017..........SUNRISE   600 AM MDT   SUNSET   935 PM MDT
JUNE 27 2017..........SUNRISE   600 AM MDT   SUNSET   935 PM MDT


-  INDICATES NEGATIVE NUMBERS.
R  INDICATES RECORD WAS SET OR TIED.
MM INDICATES DATA IS MISSING.
T  INDICATES TRACE AMOUNT.




$$
