000
CDUS45 KBOI 150931
CLIMYL


CLIMATE REPORT
NATIONAL WEATHER SERVICE BOISE ID
231 AM MST FRI DEC 15 2017


...................................

...THE MCCALL ID CLIMATE SUMMARY FOR DECEMBER 14 2017...

CLIMATE NORMAL PERIOD 1981 TO 2010
CLIMATE RECORD PERIOD 1930 TO 2017


WEATHER ITEM   OBSERVED TIME   RECORD YEAR NORMAL DEPARTURE LAST
                VALUE   (LST)  VALUE       VALUE  FROM      YEAR
                                                  NORMAL
..................................................................
TEMPERATURE (F)
 YESTERDAY
  MAXIMUM         29    348 PM  49    1929  27      2       23
  MINIMUM          9    649 AM -23    1919   9      0        7
  AVERAGE         19                        18      1       15

PRECIPITATION (IN)
  YESTERDAY        0.00          0.90 1907   0.07  -0.07     0.40
  MONTH TO DATE    0.46                      0.80  -0.34     1.69
  SINCE OCT 1      5.76                      4.92   0.84     6.42
  SINCE JAN 1     28.55                     18.84   9.71    22.13

DEGREE DAYS
 HEATING
  YESTERDAY       46                        47     -1       50
  MONTH TO DATE  630                       636     -6      665
  SINCE DEC 1    630                       636     -6      665
  SINCE JUL 1   2756                      3274   -518     2702

 COOLING
  YESTERDAY        0                         0      0        0
  MONTH TO DATE    0                         0      0        0
  SINCE DEC 1      0                         0      0        0
  SINCE JAN 1    229                        25    204      108
..................................................................


WIND (MPH)
  HIGHEST WIND SPEED     6   HIGHEST WIND DIRECTION    NE (60)
  HIGHEST GUST SPEED     6   HIGHEST GUST DIRECTION     S (170)
  AVERAGE WIND SPEED     0.2


SKY COVER
  AVERAGE SKY COVER 0.5


WEATHER CONDITIONS
 THE FOLLOWING WEATHER WAS RECORDED YESTERDAY.
  FOG
  FOG W/VISIBILITY <= 1/4 MILE
  HAZE


RELATIVE HUMIDITY (PERCENT)
 HIGHEST    92           200 PM
 LOWEST     78           400 PM
 AVERAGE    85

..........................................................


THE MCCALL ID CLIMATE NORMALS FOR TODAY
                         NORMAL    RECORD    YEAR
 MAXIMUM TEMPERATURE (F)   27        46      2002
 MINIMUM TEMPERATURE (F)    9       -18      1919


SUNRISE AND SUNSET
DECEMBER 15 2017......SUNRISE   816 AM MST   SUNSET   504 PM MST
DECEMBER 16 2017......SUNRISE   816 AM MST   SUNSET   504 PM MST


-  INDICATES NEGATIVE NUMBERS.
R  INDICATES RECORD WAS SET OR TIED.
MM INDICATES DATA IS MISSING.
T  INDICATES TRACE AMOUNT.




$$
