261
CDUS45 KBOI 210932
CLIMYL


CLIMATE REPORT
NATIONAL WEATHER SERVICE BOISE ID
332 AM MDT SAT OCT 21 2017


...................................

...THE MCCALL ID CLIMATE SUMMARY FOR OCTOBER 20 2017...

CLIMATE NORMAL PERIOD 1981 TO 2010
CLIMATE RECORD PERIOD 1930 TO 2017


WEATHER ITEM   OBSERVED TIME   RECORD YEAR NORMAL DEPARTURE LAST
                VALUE   (LST)  VALUE       VALUE  FROM      YEAR
                                                  NORMAL
..................................................................
TEMPERATURE (F)
 YESTERDAY
  MAXIMUM         56   1231 AM  76    1927  53      3       50
  MINIMUM         31    850 PM  12    1987  24      7       30
  AVERAGE         44                        39      5       40

PRECIPITATION (IN)
  YESTERDAY        0.40          0.54 1961   0.05   0.35     0.01
  MONTH TO DATE    0.93                      0.75   0.18     2.25
  SINCE OCT 1      0.93                      0.75   0.18     2.25
  SINCE JAN 1     23.72                     14.67   9.05    17.96

DEGREE DAYS
 HEATING
  YESTERDAY       21                        26     -5       25
  MONTH TO DATE  505                       468     37      442
  SINCE SEP 1    825                       905    -80      793
  SINCE JUL 1    855                      1233   -378      986

 COOLING
  YESTERDAY        0                         0      0        0
  MONTH TO DATE    0                         0      0        0
  SINCE SEP 1     31                         0     31        0
  SINCE JAN 1    229                        25    204      108
..................................................................


WIND (MPH)
  HIGHEST WIND SPEED    26   HIGHEST WIND DIRECTION     S (180)
  HIGHEST GUST SPEED    32   HIGHEST GUST DIRECTION     S (180)
  AVERAGE WIND SPEED     4.7


SKY COVER
  AVERAGE SKY COVER 0.9


WEATHER CONDITIONS
 THE FOLLOWING WEATHER WAS RECORDED YESTERDAY.
  RAIN
  LIGHT RAIN
  SNOW
  LIGHT SNOW
  FOG


RELATIVE HUMIDITY (PERCENT)
 HIGHEST    96           700 AM
 LOWEST     35          1200 AM
 AVERAGE    66

..........................................................


THE MCCALL ID CLIMATE NORMALS FOR TODAY
                         NORMAL    RECORD    YEAR
 MAXIMUM TEMPERATURE (F)   53        74      1927
 MINIMUM TEMPERATURE (F)   24         7      1996


SUNRISE AND SUNSET
OCTOBER 21 2017.......SUNRISE   808 AM MDT   SUNSET   649 PM MDT
OCTOBER 22 2017.......SUNRISE   810 AM MDT   SUNSET   647 PM MDT


-  INDICATES NEGATIVE NUMBERS.
R  INDICATES RECORD WAS SET OR TIED.
MM INDICATES DATA IS MISSING.
T  INDICATES TRACE AMOUNT.




$$
