000
CDUS45 KBOI 040932
CLIMYL


CLIMATE REPORT
NATIONAL WEATHER SERVICE BOISE ID
330 AM MDT SAT JUL 4 2015


...................................

...THE MCCALL ID CLIMATE SUMMARY FOR JULY 3 2015...

CLIMATE NORMAL PERIOD 1981 TO 2010
CLIMATE RECORD PERIOD 1930 TO 2015


WEATHER ITEM   OBSERVED TIME   RECORD YEAR NORMAL DEPARTURE LAST
                VALUE   (LST)  VALUE       VALUE  FROM      YEAR
                                                  NORMAL
..................................................................
TEMPERATURE (F)
 YESTERDAY
  MAXIMUM         91R   314 PM  91    2001  75     16       88
  MINIMUM         52    533 AM  30    1983  41     11       61
  AVERAGE         72                        58     14       75

PRECIPITATION (IN)
  YESTERDAY        0.00          0.58 1993   0.03  -0.03     0.00
  MONTH TO DATE    0.00                      0.11  -0.11     0.00
  SINCE OCT 1     18.34                     17.93   0.41    19.26
  SINCE JAN 1      9.58                     11.75  -2.17    15.19

DEGREE DAYS
 HEATING
  YESTERDAY        0                         7     -7        0
  MONTH TO DATE    0                        23    -23        2
  SINCE JUN 1    109                       390   -281      316
  SINCE JUL 1      0                        23    -23        2

 COOLING
  YESTERDAY        7                         0      7       10
  MONTH TO DATE   21                         0     21       12
  SINCE JUN 1     87                         1     86       12
  SINCE JAN 1     87                         1     86       12
..................................................................


WIND (MPH)
  HIGHEST WIND SPEED    15   HIGHEST WIND DIRECTION    SW (240)
  HIGHEST GUST SPEED    19   HIGHEST GUST DIRECTION    SW (230)
  AVERAGE WIND SPEED     4.2


SKY COVER
  AVERAGE SKY COVER 0.0


WEATHER CONDITIONS
 THE FOLLOWING WEATHER WAS RECORDED YESTERDAY.
  NO SIGNIFICANT WEATHER WAS OBSERVED.


RELATIVE HUMIDITY (PERCENT)
 HIGHEST    71           500 AM
 LOWEST     15           500 PM
 AVERAGE    43

..........................................................


THE MCCALL ID CLIMATE NORMALS FOR TODAY
                         NORMAL    RECORD    YEAR
 MAXIMUM TEMPERATURE (F)   75        95      2001
 MINIMUM TEMPERATURE (F)   42        29      1994


SUNRISE AND SUNSET
JULY  4 2015..........SUNRISE   604 AM MDT   SUNSET   934 PM MDT
JULY  5 2015..........SUNRISE   604 AM MDT   SUNSET   933 PM MDT


-  INDICATES NEGATIVE NUMBERS.
R  INDICATES RECORD WAS SET OR TIED.
MM INDICATES DATA IS MISSING.
T  INDICATES TRACE AMOUNT.




$$
