000
CDUS45 KBOI 260932
CLIMYL


CLIMATE REPORT
NATIONAL WEATHER SERVICE BOISE ID
331 AM MDT WED APR 26 2017


...................................

...THE MCCALL ID CLIMATE SUMMARY FOR APRIL 25 2017...

CLIMATE NORMAL PERIOD 1981 TO 2010
CLIMATE RECORD PERIOD 1930 TO 2017


WEATHER ITEM   OBSERVED TIME   RECORD YEAR NORMAL DEPARTURE LAST
                VALUE   (LST)  VALUE       VALUE  FROM      YEAR
                                                  NORMAL
..................................................................
TEMPERATURE (F)
 YESTERDAY
  MAXIMUM         46    403 PM  79    1977  52     -6       49
  MINIMUM         32    633 AM  18    1948  27      5       37
  AVERAGE         39                        40     -1       43

PRECIPITATION (IN)
  YESTERDAY        0.05          0.66 1975   0.06  -0.01     0.00
  MONTH TO DATE    3.36                      1.61   1.75     1.13
  SINCE OCT 1     26.03                     13.46  12.57    21.18
  SINCE JAN 1     17.54                      7.28  10.26    10.61

DEGREE DAYS
 HEATING
  YESTERDAY       26                        25      1       22
  MONTH TO DATE  677                       724    -47      496
  SINCE MAR 1   1633                      1838   -205     1489
  SINCE JUL 1   7836                      8513   -677     7358

 COOLING
  YESTERDAY        0                         0      0        0
  MONTH TO DATE    0                         0      0        0
  SINCE MAR 1      0                         0      0        0
  SINCE JAN 1      0                         0      0        0
..................................................................


WIND (MPH)
  HIGHEST WIND SPEED    16   HIGHEST WIND DIRECTION     S (170)
  HIGHEST GUST SPEED    20   HIGHEST GUST DIRECTION     S (180)
  AVERAGE WIND SPEED     5.6


SKY COVER
  AVERAGE SKY COVER 1.0


WEATHER CONDITIONS
 THE FOLLOWING WEATHER WAS RECORDED YESTERDAY.
  LIGHT RAIN
  LIGHT SNOW
  FOG


RELATIVE HUMIDITY (PERCENT)
 HIGHEST    92           600 AM
 LOWEST     53           400 PM
 AVERAGE    73

..........................................................


THE MCCALL ID CLIMATE NORMALS FOR TODAY
                         NORMAL    RECORD    YEAR
 MAXIMUM TEMPERATURE (F)   52        78      1977
 MINIMUM TEMPERATURE (F)   28        11      1948


SUNRISE AND SUNSET
APRIL 26 2017.........SUNRISE   641 AM MDT   SUNSET   844 PM MDT
APRIL 27 2017.........SUNRISE   640 AM MDT   SUNSET   845 PM MDT


-  INDICATES NEGATIVE NUMBERS.
R  INDICATES RECORD WAS SET OR TIED.
MM INDICATES DATA IS MISSING.
T  INDICATES TRACE AMOUNT.




$$
