000
CDUS45 KBOI 010932
CLIMYL


CLIMATE REPORT
NATIONAL WEATHER SERVICE BOISE ID
331 AM MDT MON SEP 1 2014


...................................

...THE MCCALL ID CLIMATE SUMMARY FOR AUGUST 31 2014...

CLIMATE NORMAL PERIOD 1981 TO 2010
CLIMATE RECORD PERIOD 1930 TO 2014


WEATHER ITEM   OBSERVED TIME   RECORD YEAR NORMAL DEPARTURE LAST
                VALUE   (LST)  VALUE       VALUE  FROM      YEAR
                                                  NORMAL
..................................................................
TEMPERATURE (F)
 YESTERDAY
  MAXIMUM         64    529 PM  90    1991  73     -9       85
  MINIMUM         42   1140 PM  28    2006  38      4       45
  AVERAGE         53                        56     -3       65

PRECIPITATION (IN)
  YESTERDAY        0.03          1.06 1984   0.03   0.00     0.00
  MONTH TO DATE    1.20                      0.68   0.52     0.32
  SINCE OCT 1     20.69                     19.22   1.47    25.06
  SINCE JAN 1     16.62                     13.04   3.58    11.57

DEGREE DAYS
 HEATING
  YESTERDAY       12                         9      3        0
  MONTH TO DATE   98                       179    -81       30
  SINCE JUN 1    430                       695   -265      310
  SINCE JUL 1    116                       328   -212       47

 COOLING
  YESTERDAY        0                         0      0        0
  MONTH TO DATE   54                         9     45       57
  SINCE JUN 1    185                        25    160      180
  SINCE JAN 1    185                        25    160      180
..................................................................


WIND (MPH)
  HIGHEST WIND SPEED    14   HIGHEST WIND DIRECTION    SW (220)
  HIGHEST GUST SPEED    17   HIGHEST GUST DIRECTION     S (180)
  AVERAGE WIND SPEED     3.4


SKY COVER
  AVERAGE SKY COVER 0.5


WEATHER CONDITIONS
 THE FOLLOWING WEATHER WAS RECORDED YESTERDAY.
  LIGHT RAIN
  FOG


RELATIVE HUMIDITY (PERCENT)
 HIGHEST    96           700 AM
 LOWEST     36           500 PM
 AVERAGE    66

..........................................................


THE MCCALL ID CLIMATE NORMALS FOR TODAY
                         NORMAL    RECORD    YEAR
 MAXIMUM TEMPERATURE (F)   73        90      1991
 MINIMUM TEMPERATURE (F)   38        27      1989


SUNRISE AND SUNSET
SEPTEMBER  1 2014.....SUNRISE   707 AM MDT   SUNSET   821 PM MDT
SEPTEMBER  2 2014.....SUNRISE   708 AM MDT   SUNSET   819 PM MDT


-  INDICATES NEGATIVE NUMBERS.
R  INDICATES RECORD WAS SET OR TIED.
MM INDICATES DATA IS MISSING.
T  INDICATES TRACE AMOUNT.




$$
