000
CDUS45 KBOI 010935
CLIMYL


CLIMATE REPORT
NATIONAL WEATHER SERVICE BOISE ID
332 AM MDT SAT AUG 1 2015


...................................

...THE MCCALL ID CLIMATE SUMMARY FOR JULY 31 2015...

CLIMATE NORMAL PERIOD 1981 TO 2010
CLIMATE RECORD PERIOD 1930 TO 2015


WEATHER ITEM   OBSERVED TIME   RECORD YEAR NORMAL DEPARTURE LAST
                VALUE   (LST)  VALUE       VALUE  FROM      YEAR
                                                  NORMAL
..................................................................
TEMPERATURE (F)
 YESTERDAY
  MAXIMUM         92    301 PM  99    1988  81     11       86
  MINIMUM         46    543 AM  33    1995  44      2       48
  AVERAGE         69                        62      7       67

PRECIPITATION (IN)
  YESTERDAY        0.00          0.62 1985   0.02  -0.02     0.00
  MONTH TO DATE    2.25                      0.72   1.53     0.23
  SINCE OCT 1     20.59                     18.54   2.05    19.49
  SINCE JAN 1     11.83                     12.36  -0.53    15.42

DEGREE DAYS
 HEATING
  YESTERDAY        0                         4     -4        0
  MONTH TO DATE   71                       152    -81       18
  SINCE JUN 1    180                       517   -337      332
  SINCE JUL 1     71                       150    -79       18

 COOLING
  YESTERDAY        4                         1      3        2
  MONTH TO DATE   47                        15     32      131
  SINCE JUN 1    113                        16     97      131
  SINCE JAN 1    113                        16     97      131
..................................................................


WIND (MPH)
  HIGHEST WIND SPEED    13   HIGHEST WIND DIRECTION     N (10)
  HIGHEST GUST SPEED    20   HIGHEST GUST DIRECTION     W (290)
  AVERAGE WIND SPEED     3.3


SKY COVER
  AVERAGE SKY COVER 0.0


WEATHER CONDITIONS
 THE FOLLOWING WEATHER WAS RECORDED YESTERDAY.
  NO SIGNIFICANT WEATHER WAS OBSERVED.


RELATIVE HUMIDITY (PERCENT)
 HIGHEST    71           400 AM
 LOWEST     11           300 PM
 AVERAGE    41

..........................................................


THE MCCALL ID CLIMATE NORMALS FOR TODAY
                         NORMAL    RECORD    YEAR
 MAXIMUM TEMPERATURE (F)   81        96      2000
 MINIMUM TEMPERATURE (F)   44        31      1975


SUNRISE AND SUNSET
AUGUST  1 2015........SUNRISE   630 AM MDT   SUNSET   911 PM MDT
AUGUST  2 2015........SUNRISE   631 AM MDT   SUNSET   910 PM MDT


-  INDICATES NEGATIVE NUMBERS.
R  INDICATES RECORD WAS SET OR TIED.
MM INDICATES DATA IS MISSING.
T  INDICATES TRACE AMOUNT.




$$
