000
CDUS45 KBOI 270931
CLIMYL


CLIMATE REPORT
NATIONAL WEATHER SERVICE BOISE ID
331 AM MDT FRI MAR 27 2015


...................................

...THE MCCALL ID CLIMATE SUMMARY FOR MARCH 26 2015...

CLIMATE NORMAL PERIOD 1981 TO 2010
CLIMATE RECORD PERIOD 1930 TO 2015


WEATHER ITEM   OBSERVED TIME   RECORD YEAR NORMAL DEPARTURE LAST
                VALUE   (LST)  VALUE       VALUE  FROM      YEAR
                                                  NORMAL
..................................................................
TEMPERATURE (F)
 YESTERDAY
  MAXIMUM         59    419 PM  60    1992  42     17       43
  MINIMUM         29    831 AM  -4    1955  21      8       27
  AVERAGE         44                        32     12       35

PRECIPITATION (IN)
  YESTERDAY        0.00          0.59 1936   0.09  -0.09     0.15
  MONTH TO DATE    1.67                      1.77  -0.10     4.34
  SINCE OCT 1     14.62                     11.42   3.20    13.22
  SINCE JAN 1      5.86                      5.24   0.62     9.15

DEGREE DAYS
 HEATING
  YESTERDAY       21                        33    -12       30
  MONTH TO DATE  713                       951   -238      847
  SINCE MAR 1    713                       951   -238      847
  SINCE JUL 1   6084                      7626  -1542     6841

 COOLING
  YESTERDAY        0                         0      0        0
  MONTH TO DATE    0                         0      0        0
  SINCE MAR 1      0                         0      0        0
  SINCE JAN 1      0                         0      0        0
..................................................................


WIND (MPH)
  HIGHEST WIND SPEED     9   HIGHEST WIND DIRECTION    NW (320)
  HIGHEST GUST SPEED    12   HIGHEST GUST DIRECTION     N (10)
  AVERAGE WIND SPEED     1.5


SKY COVER
  AVERAGE SKY COVER 0.4


WEATHER CONDITIONS
 THE FOLLOWING WEATHER WAS RECORDED YESTERDAY.
  FOG
  FOG W/VISIBILITY <= 1/4 MILE


RELATIVE HUMIDITY (PERCENT)
 HIGHEST   100           100 AM
 LOWEST     51           300 PM
 AVERAGE    76

..........................................................


THE MCCALL ID CLIMATE NORMALS FOR TODAY
                         NORMAL    RECORD    YEAR
 MAXIMUM TEMPERATURE (F)   42        62      1978
 MINIMUM TEMPERATURE (F)   21        -8      1975


SUNRISE AND SUNSET
MARCH 27 2015.........SUNRISE   735 AM MDT   SUNSET   806 PM MDT
MARCH 28 2015.........SUNRISE   733 AM MDT   SUNSET   807 PM MDT


-  INDICATES NEGATIVE NUMBERS.
R  INDICATES RECORD WAS SET OR TIED.
MM INDICATES DATA IS MISSING.
T  INDICATES TRACE AMOUNT.




$$
