000
CDUS45 KBOI 280932
CLIMYL


CLIMATE REPORT
NATIONAL WEATHER SERVICE BOISE ID
332 AM MDT FRI AUG 28 2015


...................................

...THE MCCALL ID CLIMATE SUMMARY FOR AUGUST 27 2015...

CLIMATE NORMAL PERIOD 1981 TO 2010
CLIMATE RECORD PERIOD 1930 TO 2015


WEATHER ITEM   OBSERVED TIME   RECORD YEAR NORMAL DEPARTURE LAST
                VALUE   (LST)  VALUE       VALUE  FROM      YEAR
                                                  NORMAL
..................................................................
TEMPERATURE (F)
 YESTERDAY
  MAXIMUM         82    340 PM  92    2001  75      7       80
  MINIMUM         53    546 AM  25    1992  39     14       43
  AVERAGE         68                        57     11       62

PRECIPITATION (IN)
  YESTERDAY        0.00          0.29 2004   0.03  -0.03     0.00
  MONTH TO DATE    0.28                      0.58  -0.30     1.16
  SINCE OCT 1     20.87                     19.12   1.75    20.65
  SINCE JAN 1     12.11                     12.94  -0.83    16.58

DEGREE DAYS
 HEATING
  YESTERDAY        0                         8     -8        3
  MONTH TO DATE   57                       144    -87       78
  SINCE JUN 1    237                       661   -424      410
  SINCE JUL 1    128                       294   -166       96

 COOLING
  YESTERDAY        3                         0      3        0
  MONTH TO DATE   55                         7     48       54
  SINCE JUN 1    168                        23    145      185
  SINCE JAN 1    168                        23    145      185
..................................................................


WIND (MPH)
  HIGHEST WIND SPEED    21   HIGHEST WIND DIRECTION     S (180)
  HIGHEST GUST SPEED    27   HIGHEST GUST DIRECTION     S (190)
  AVERAGE WIND SPEED     5.1


SKY COVER
  AVERAGE SKY COVER 0.0


WEATHER CONDITIONS
 THE FOLLOWING WEATHER WAS RECORDED YESTERDAY.
  NO SIGNIFICANT WEATHER WAS OBSERVED.


RELATIVE HUMIDITY (PERCENT)
 HIGHEST    66           700 AM
 LOWEST     17           200 PM
 AVERAGE    42

..........................................................


THE MCCALL ID CLIMATE NORMALS FOR TODAY
                         NORMAL    RECORD    YEAR
 MAXIMUM TEMPERATURE (F)   75        91      1986
 MINIMUM TEMPERATURE (F)   39        26      1989


SUNRISE AND SUNSET
AUGUST 28 2015........SUNRISE   702 AM MDT   SUNSET   829 PM MDT
AUGUST 29 2015........SUNRISE   703 AM MDT   SUNSET   827 PM MDT


-  INDICATES NEGATIVE NUMBERS.
R  INDICATES RECORD WAS SET OR TIED.
MM INDICATES DATA IS MISSING.
T  INDICATES TRACE AMOUNT.




$$
