000
CDUS45 KBOI 280931
CLIMYL


CLIMATE REPORT
NATIONAL WEATHER SERVICE BOISE ID
231 AM MST SAT FEB 28 2015


...................................

...THE MCCALL ID CLIMATE SUMMARY FOR FEBRUARY 27 2015...

CLIMATE NORMAL PERIOD 1981 TO 2010
CLIMATE RECORD PERIOD 1930 TO 2015


WEATHER ITEM   OBSERVED TIME   RECORD YEAR NORMAL DEPARTURE LAST
                VALUE   (LST)  VALUE       VALUE  FROM      YEAR
                                                  NORMAL
..................................................................
TEMPERATURE (F)
 YESTERDAY
  MAXIMUM         40    442 PM  55    1992  36      4       38
  MINIMUM         22    752 AM -22    1962  13      9       28
  AVERAGE         31                        24      7       33

PRECIPITATION (IN)
  YESTERDAY        T             0.84 1950   0.06  -0.06     0.30
  MONTH TO DATE    2.41                      1.68   0.73     3.07
  SINCE OCT 1     12.95                      9.59   3.36     8.80
  SINCE JAN 1      4.19                      3.41   0.78     4.73

DEGREE DAYS
 HEATING
  YESTERDAY       34                        41     -7       32
  MONTH TO DATE  860                      1160   -300     1073
  SINCE DEC 1   3274                      3996   -722     3875
  SINCE JUL 1   5338                      6634  -1296     5965

 COOLING
  YESTERDAY        0                         0      0        0
  MONTH TO DATE    0                         0      0        0
  SINCE DEC 1      0                         0      0        0
  SINCE JAN 1      0                         0      0        0
..................................................................


WIND (MPH)
  HIGHEST WIND SPEED     7   HIGHEST WIND DIRECTION     N (10)
  HIGHEST GUST SPEED    10   HIGHEST GUST DIRECTION     N (20)
  AVERAGE WIND SPEED     1.2


SKY COVER
  AVERAGE SKY COVER 0.8


WEATHER CONDITIONS
 THE FOLLOWING WEATHER WAS RECORDED YESTERDAY.
  FOG


RELATIVE HUMIDITY (PERCENT)
 HIGHEST   100          1000 AM
 LOWEST     50           500 PM
 AVERAGE    75

..........................................................


THE MCCALL ID CLIMATE NORMALS FOR TODAY
                         NORMAL    RECORD    YEAR
 MAXIMUM TEMPERATURE (F)   36        57      1992
 MINIMUM TEMPERATURE (F)   13       -20      1960


SUNRISE AND SUNSET
FEBRUARY 28 2015......SUNRISE   724 AM MST   SUNSET   630 PM MST
MARCH  1 2015.........SUNRISE   722 AM MST   SUNSET   632 PM MST


-  INDICATES NEGATIVE NUMBERS.
R  INDICATES RECORD WAS SET OR TIED.
MM INDICATES DATA IS MISSING.
T  INDICATES TRACE AMOUNT.




$$
