000
CDUS45 KBOI 300931
CLIMYL


CLIMATE REPORT
NATIONAL WEATHER SERVICE BOISE ID
330 AM MDT SAT APR 30 2016


...................................

...THE MCCALL ID CLIMATE SUMMARY FOR APRIL 29 2016...

CLIMATE NORMAL PERIOD 1981 TO 2010
CLIMATE RECORD PERIOD 1930 TO 2016


WEATHER ITEM   OBSERVED TIME   RECORD YEAR NORMAL DEPARTURE LAST
                VALUE   (LST)  VALUE       VALUE  FROM      YEAR
                                                  NORMAL
..................................................................
TEMPERATURE (F)
 YESTERDAY
  MAXIMUM         47    450 PM  79    1939  54     -7       63
  MINIMUM         37    827 AM  16    2011  28      9       34
  AVERAGE         42                        41      1       49

PRECIPITATION (IN)
  YESTERDAY        0.16          0.50 1940   0.06   0.10     0.00
  MONTH TO DATE    1.66                      1.86  -0.20     1.05
  SINCE OCT 1     21.71                     13.71   8.00    15.79
  SINCE JAN 1     11.14                      7.53   3.61     7.03

DEGREE DAYS
 HEATING
  YESTERDAY       23                        24     -1       16
  MONTH TO DATE  580                       822   -242      718
  SINCE MAR 1   1573                      1936   -363     1536
  SINCE JUL 1   7442                      8611  -1169     6858

 COOLING
  YESTERDAY        0                         0      0        0
  MONTH TO DATE    0                         0      0        0
  SINCE MAR 1      0                         0      0        0
  SINCE JAN 1      0                         0      0        0
..................................................................


WIND (MPH)
  HIGHEST WIND SPEED    17   HIGHEST WIND DIRECTION    NW (330)
  HIGHEST GUST SPEED    23   HIGHEST GUST DIRECTION    NW (320)
  AVERAGE WIND SPEED     5.6


SKY COVER
  AVERAGE SKY COVER 0.8


WEATHER CONDITIONS
 THE FOLLOWING WEATHER WAS RECORDED YESTERDAY.
  LIGHT RAIN
  FOG


RELATIVE HUMIDITY (PERCENT)
 HIGHEST    92          1200 AM
 LOWEST     65           500 PM
 AVERAGE    79

..........................................................


THE MCCALL ID CLIMATE NORMALS FOR TODAY
                         NORMAL    RECORD    YEAR
 MAXIMUM TEMPERATURE (F)   54        75      1981
 MINIMUM TEMPERATURE (F)   29        16      1950


SUNRISE AND SUNSET
APRIL 30 2016.........SUNRISE   635 AM MDT   SUNSET   849 PM MDT
MAY  1 2016...........SUNRISE   633 AM MDT   SUNSET   850 PM MDT


-  INDICATES NEGATIVE NUMBERS.
R  INDICATES RECORD WAS SET OR TIED.
MM INDICATES DATA IS MISSING.
T  INDICATES TRACE AMOUNT.




$$
