000
CDUS45 KBOI 240937
CLIMYL


CLIMATE REPORT
NATIONAL WEATHER SERVICE BOISE ID
336 AM MDT TUE MAY 24 2016


...................................

...THE MCCALL ID CLIMATE SUMMARY FOR MAY 23 2016...

CLIMATE NORMAL PERIOD 1981 TO 2010
CLIMATE RECORD PERIOD 1930 TO 2016


WEATHER ITEM   OBSERVED TIME   RECORD YEAR NORMAL DEPARTURE LAST
                VALUE   (LST)  VALUE       VALUE  FROM      YEAR
                                                  NORMAL
..................................................................
TEMPERATURE (F)
 YESTERDAY
  MAXIMUM         52    316 PM  82    2001  61     -9       70
  MINIMUM         35    551 AM  20    1944  35      0       44
  AVERAGE         44                        48     -4       57

PRECIPITATION (IN)
  YESTERDAY        T             1.01 1942   0.07  -0.07     0.00
  MONTH TO DATE    1.29                      1.61  -0.32     2.09
  SINCE OCT 1     23.00                     15.38   7.62    17.88
  SINCE JAN 1     12.43                      9.20   3.23     9.12

DEGREE DAYS
 HEATING
  YESTERDAY       21                        17      4        8
  MONTH TO DATE  351                       462   -111      354
  SINCE MAR 1   1945                      2422   -477     1908
  SINCE JUL 1   7814                      9097  -1283     7230

 COOLING
  YESTERDAY        0                         0      0        0
  MONTH TO DATE    0                         0      0        0
  SINCE MAR 1      0                         0      0        0
  SINCE JAN 1      0                         0      0        0
..................................................................


WIND (MPH)
  HIGHEST WIND SPEED    12   HIGHEST WIND DIRECTION     W (290)
  HIGHEST GUST SPEED    14   HIGHEST GUST DIRECTION     W (290)
  AVERAGE WIND SPEED     3.2


SKY COVER
  AVERAGE SKY COVER 0.8


WEATHER CONDITIONS
 THE FOLLOWING WEATHER WAS RECORDED YESTERDAY.
  FOG


RELATIVE HUMIDITY (PERCENT)
 HIGHEST   100           300 AM
 LOWEST     52           400 PM
 AVERAGE    76

..........................................................


THE MCCALL ID CLIMATE NORMALS FOR TODAY
                         NORMAL    RECORD    YEAR
 MAXIMUM TEMPERATURE (F)   61        84      2001
 MINIMUM TEMPERATURE (F)   35        24      1989


SUNRISE AND SUNSET
MAY 24 2016...........SUNRISE   606 AM MDT   SUNSET   917 PM MDT
MAY 25 2016...........SUNRISE   606 AM MDT   SUNSET   918 PM MDT


-  INDICATES NEGATIVE NUMBERS.
R  INDICATES RECORD WAS SET OR TIED.
MM INDICATES DATA IS MISSING.
T  INDICATES TRACE AMOUNT.




$$
