000
CDUS44 KLIX 200720
CLINEW


CLIMATE REPORT
NATIONAL WEATHER SERVICE NEW ORLEANS
220 AM CDT WED AUG 20 2014


...................................

...THE NEW ORLEANS CLIMATE SUMMARY FOR AUGUST 19 2014...

CLIMATE NORMAL PERIOD 1981 TO 2010
CLIMATE RECORD PERIOD 1946 TO 2014


WEATHER ITEM   OBSERVED TIME   RECORD YEAR NORMAL DEPARTURE LAST
                VALUE   (LST)  VALUE       VALUE  FROM      YEAR
                                                  NORMAL
..................................................................
TEMPERATURE (F)
 YESTERDAY
  MAXIMUM         94   1255 PM  98    1995  91      3       87
                                      1990
  MINIMUM         77    552 AM  69    1992  75      2       71
                                      1972
                                      1948
  AVERAGE         86                        83      3       79

PRECIPITATION (IN)
  YESTERDAY        0.14          1.97 1964   0.20  -0.06     0.65
  MONTH TO DATE    3.31                      3.70  -0.39     4.40
  SINCE JUN 1     15.83                     17.69  -1.86    12.76
  SINCE JAN 1     40.77                     41.93  -1.16    47.49

SNOWFALL (IN)
  YESTERDAY        0.0
  MONTH TO DATE    0.0
  SINCE JUN 1      0.0
  SINCE JUL 1      0.0
  SNOW DEPTH       0

DEGREE DAYS
 HEATING
  YESTERDAY        0                         0      0        0
  MONTH TO DATE    0                         0      0        0
  SINCE JUN 1      0                         0      0        0
  SINCE JUL 1      0                         0      0        0

 COOLING
  YESTERDAY       21                        18      3       14
  MONTH TO DATE  372                       342     30      365
  SINCE JUN 1   1426                      1403     23     1452
  SINCE JAN 1   1949                      2022    -73     1945
..................................................................


WIND (MPH)
  HIGHEST WIND SPEED    22   HIGHEST WIND DIRECTION     W (290)
  HIGHEST GUST SPEED    26   HIGHEST GUST DIRECTION     W (290)
  AVERAGE WIND SPEED     5.0


SKY COVER
  POSSIBLE SUNSHINE  MM
  AVERAGE SKY COVER 0.5


WEATHER CONDITIONS
 THE FOLLOWING WEATHER WAS RECORDED YESTERDAY.
  THUNDERSTORM
  LIGHT RAIN
  FOG


RELATIVE HUMIDITY (PERCENT)
 HIGHEST    91           300 AM
 LOWEST     52          1200 PM
 AVERAGE    72

..........................................................


THE NEW ORLEANS CLIMATE NORMALS FOR TODAY
                         NORMAL    RECORD    YEAR
 MAXIMUM TEMPERATURE (F)   91       100      1995
 MINIMUM TEMPERATURE (F)   75        67      1992


SUNRISE AND SUNSET
AUGUST 20 2014........SUNRISE   631 AM CDT   SUNSET   737 PM CDT
AUGUST 21 2014........SUNRISE   632 AM CDT   SUNSET   736 PM CDT


-  INDICATES NEGATIVE NUMBERS.
R  INDICATES RECORD WAS SET OR TIED.
MM INDICATES DATA IS MISSING.
T  INDICATES TRACE AMOUNT.




$$
