000
CDUS44 KLIX 142218
CLINEW


CLIMATE REPORT
NATIONAL WEATHER SERVICE NEW ORLEANS
418 PM CST SUN FEB 14 2016


...................................

...THE NEW ORLEANS CLIMATE SUMMARY FOR FEBRUARY 14 2016...
VALID TODAY AS OF 0400 PM LOCAL TIME.

CLIMATE NORMAL PERIOD 1981 TO 2010
CLIMATE RECORD PERIOD 1946 TO 2016


WEATHER ITEM   OBSERVED TIME   RECORD YEAR NORMAL DEPARTURE LAST
                VALUE   (LST)  VALUE       VALUE  FROM      YEAR
                                                  NORMAL
..................................................................
TEMPERATURE (F)
 TODAY
  MAXIMUM         71    247 PM  82    1989  65      6       71
  MINIMUM         46    524 AM  23    1960  48     -2       39
  AVERAGE         59                        56      3       55

PRECIPITATION (IN)
  TODAY            0.00          2.84 2009   0.19  -0.19     0.00
  MONTH TO DATE    1.05                      2.76  -1.71     1.11
  SINCE DEC 1     11.92                     13.15  -1.23    10.74
  SINCE JAN 1      5.46                      7.91  -2.45     6.78

SNOWFALL (IN)
  TODAY            0.0
  MONTH TO DATE    0.0
  SINCE DEC 1      0.0
  SINCE JUL 1      0.0
  SNOW DEPTH       0

DEGREE DAYS
 HEATING
  TODAY            6                         9     -3       10
  MONTH TO DATE  129                       144    -15      154
  SINCE DEC 1    585                       836   -251      770
  SINCE JUL 1    643                      1000   -357     1000

 COOLING
  TODAY            0                         1     -1        0
  MONTH TO DATE   18                        14      4        3
  SINCE DEC 1    133                        57     76       42
  SINCE JAN 1     22                        30     -8       11
..................................................................


WIND (MPH)
  HIGHEST WIND SPEED    24   HIGHEST WIND DIRECTION     S (160)
  HIGHEST GUST SPEED    32   HIGHEST GUST DIRECTION     S (180)
  AVERAGE WIND SPEED     9.7


SKY COVER
  POSSIBLE SUNSHINE  MM
  AVERAGE SKY COVER 0.5


WEATHER CONDITIONS
 THE FOLLOWING WEATHER WAS RECORDED TODAY.
  NO SIGNIFICANT WEATHER WAS OBSERVED.


RELATIVE HUMIDITY (PERCENT)
 HIGHEST    71           100 AM
 LOWEST     47          1200 PM
 AVERAGE    59

..........................................................


THE NEW ORLEANS CLIMATE NORMALS FOR TOMORROW
                         NORMAL    RECORD    YEAR
 MAXIMUM TEMPERATURE (F)   65        82      1989
 MINIMUM TEMPERATURE (F)   48        29      1960


SUNRISE AND SUNSET
FEBRUARY 14 2016......SUNRISE   642 AM CST   SUNSET   549 PM CST
FEBRUARY 15 2016......SUNRISE   641 AM CST   SUNSET   549 PM CST


-  INDICATES NEGATIVE NUMBERS.
R  INDICATES RECORD WAS SET OR TIED.
MM INDICATES DATA IS MISSING.
T  INDICATES TRACE AMOUNT.




$$
