000
CDUS44 KLIX 282122
CLINEW


CLIMATE REPORT
NATIONAL WEATHER SERVICE NEW ORLEANS
422 PM CDT FRI APR 28 2017


...................................

...THE NEW ORLEANS CLIMATE SUMMARY FOR APRIL 28 2017...
VALID TODAY AS OF 0400 PM LOCAL TIME.

CLIMATE NORMAL PERIOD 1981 TO 2010
CLIMATE RECORD PERIOD 1946 TO 2017


WEATHER ITEM   OBSERVED TIME   RECORD YEAR NORMAL DEPARTURE LAST
                VALUE   (LST)  VALUE       VALUE  FROM      YEAR
                                                  NORMAL
..................................................................
TEMPERATURE (F)
 TODAY
  MAXIMUM         85   1259 PM  91    1987  81      4       83
                                      1948
  MINIMUM         76   1207 AM  44    1992  63     13       72
                                      1973
  AVERAGE         81                        72      9       78

PRECIPITATION (IN)
  TODAY            0.00          3.62 1998   0.16  -0.16     0.46
  MONTH TO DATE    2.56                      4.29  -1.73     7.82
  SINCE MAR 1      5.44                      8.84  -3.40    14.18
  SINCE JAN 1     13.08                     19.29  -6.21    22.31

SNOWFALL (IN)
  TODAY            0.0
  MONTH TO DATE    0.0
  SINCE MAR 1      0.0
  SINCE JUL 1      0.0
  SNOW DEPTH       0

DEGREE DAYS
 HEATING
  TODAY            0                         0      0        0
  MONTH TO DATE   10                        32    -22        3
  SINCE MAR 1     69                       168    -99       41
  SINCE JUL 1    630                      1277   -647      755

 COOLING
  TODAY           16                         8      8       13
  MONTH TO DATE  184                       142     42      179
  SINCE MAR 1    323                       205    118      322
  SINCE JAN 1    443                       242    201      358
..................................................................


WIND (MPH)
  HIGHEST WIND SPEED    25   HIGHEST WIND DIRECTION    SE (150)
  HIGHEST GUST SPEED    32   HIGHEST GUST DIRECTION    SE (150)
  AVERAGE WIND SPEED    14.7


SKY COVER
  POSSIBLE SUNSHINE  MM
  AVERAGE SKY COVER 0.9


WEATHER CONDITIONS
 THE FOLLOWING WEATHER WAS RECORDED TODAY.
  FOG
  HAZE


RELATIVE HUMIDITY (PERCENT)
 HIGHEST    94          1200 AM
 LOWEST     70          1200 PM
 AVERAGE    82

..........................................................


THE NEW ORLEANS CLIMATE NORMALS FOR TOMORROW
                         NORMAL    RECORD    YEAR
 MAXIMUM TEMPERATURE (F)   81        90      2002
                                             1999
 MINIMUM TEMPERATURE (F)   64        45      1973


SUNRISE AND SUNSET
APRIL 28 2017.........SUNRISE   621 AM CDT   SUNSET   737 PM CDT
APRIL 29 2017.........SUNRISE   620 AM CDT   SUNSET   737 PM CDT


-  INDICATES NEGATIVE NUMBERS.
R  INDICATES RECORD WAS SET OR TIED.
MM INDICATES DATA IS MISSING.
T  INDICATES TRACE AMOUNT.




$$
