000
CDUS44 KLIX 290820
CLINEW


CLIMATE REPORT
NATIONAL WEATHER SERVICE NEW ORLEANS
220 AM CST THU JAN 29 2015


...................................

...THE NEW ORLEANS CLIMATE SUMMARY FOR JANUARY 28 2015...

CLIMATE NORMAL PERIOD 1981 TO 2010
CLIMATE RECORD PERIOD 1946 TO 2015


WEATHER ITEM   OBSERVED TIME   RECORD YEAR NORMAL DEPARTURE LAST
                VALUE   (LST)  VALUE       VALUE  FROM      YEAR
                                                  NORMAL
..................................................................
TEMPERATURE (F)
 YESTERDAY
  MAXIMUM         68    400 PM  82    1957  63      5       48
  MINIMUM         48   1145 PM  26    1986  45      3       28
                                      1976
  AVERAGE         58                        54      4       38

PRECIPITATION (IN)
  YESTERDAY        0.00          1.47 1997   0.17  -0.17     0.06
  MONTH TO DATE    5.67                      4.63   1.04     2.72
  SINCE DEC 1      9.63                      9.87  -0.24     5.92
  SINCE JAN 1      5.67                      4.63   1.04     2.72

SNOWFALL (IN)
  YESTERDAY        0.0
  MONTH TO DATE    0.0
  SINCE DEC 1      0.0
  SINCE JUL 1      0.0
  SNOW DEPTH       0

DEGREE DAYS
 HEATING
  YESTERDAY        7                        12     -5       27
  MONTH TO DATE  376                       336     40      473
  SINCE DEC 1    589                       653    -64      812
  SINCE JUL 1    819                       817      2     1012

 COOLING
  YESTERDAY        0                         0      0        0
  MONTH TO DATE    8                        12     -4        0
  SINCE DEC 1     39                        39      0       42
  SINCE JAN 1      8                        12     -4        0
..................................................................


WIND (MPH)
  HIGHEST WIND SPEED    15   HIGHEST WIND DIRECTION     E (110)
  HIGHEST GUST SPEED    22   HIGHEST GUST DIRECTION     N (20)
  AVERAGE WIND SPEED     6.8


SKY COVER
  POSSIBLE SUNSHINE  MM
  AVERAGE SKY COVER 0.1


WEATHER CONDITIONS
 THE FOLLOWING WEATHER WAS RECORDED YESTERDAY.
  NO SIGNIFICANT WEATHER WAS OBSERVED.


RELATIVE HUMIDITY (PERCENT)
 HIGHEST    80          1100 PM
 LOWEST     29           300 PM
 AVERAGE    55

..........................................................


THE NEW ORLEANS CLIMATE NORMALS FOR TODAY
                         NORMAL    RECORD    YEAR
 MAXIMUM TEMPERATURE (F)   63        82      1957
 MINIMUM TEMPERATURE (F)   45        23      1966


SUNRISE AND SUNSET
JANUARY 29 2015.......SUNRISE   653 AM CST   SUNSET   536 PM CST
JANUARY 30 2015.......SUNRISE   652 AM CST   SUNSET   536 PM CST


-  INDICATES NEGATIVE NUMBERS.
R  INDICATES RECORD WAS SET OR TIED.
MM INDICATES DATA IS MISSING.
T  INDICATES TRACE AMOUNT.




$$
