000
CDUS44 KLIX 240850
CLINEW


CLIMATE REPORT
NATIONAL WEATHER SERVICE NEW ORLEANS
201 AM CST TUE JAN 24 2017


...................................

...THE NEW ORLEANS CLIMATE SUMMARY FOR JANUARY 23 2017...

CLIMATE NORMAL PERIOD 1981 TO 2010
CLIMATE RECORD PERIOD 1946 TO 2017


WEATHER ITEM   OBSERVED TIME   RECORD YEAR NORMAL DEPARTURE LAST
                VALUE   (LST)  VALUE       VALUE  FROM      YEAR
                                                  NORMAL
..................................................................
TEMPERATURE (F)
 YESTERDAY
  MAXIMUM         68    352 PM  81    2002  62      6       51
  MINIMUM         51   1036 PM  21    1963  45      6       37
  AVERAGE         60                        53      7       44

PRECIPITATION (IN)
  YESTERDAY        0.00          2.03 1974   0.17  -0.17     0.00
  MONTH TO DATE    4.76                      3.79   0.97     3.07
  SINCE DEC 1     12.62                      9.03   3.59     9.53
  SINCE JAN 1      4.76                      3.79   0.97     3.07

SNOWFALL (IN)
  YESTERDAY        0.0
  MONTH TO DATE    0.0
  SINCE DEC 1      0.0
  SINCE JUL 1      0.0
  SNOW DEPTH       0

DEGREE DAYS
 HEATING
  YESTERDAY        5                        12     -7       21
  MONTH TO DATE  125                       276   -151      267
  SINCE DEC 1    344                       593   -249      383
  SINCE JUL 1    415                       757   -342      441

 COOLING
  YESTERDAY        0                         0      0        0
  MONTH TO DATE   52                        12     40        0
  SINCE DEC 1    107                        39     68      111
  SINCE JAN 1     52                        12     40        0
..................................................................


WIND (MPH)
  HIGHEST WIND SPEED    28   HIGHEST WIND DIRECTION    NW (300)
  HIGHEST GUST SPEED    37   HIGHEST GUST DIRECTION     W (290)
  AVERAGE WIND SPEED    11.1


SKY COVER
  POSSIBLE SUNSHINE  MM
  AVERAGE SKY COVER 0.4


WEATHER CONDITIONS
 THE FOLLOWING WEATHER WAS RECORDED YESTERDAY.
  NO SIGNIFICANT WEATHER WAS OBSERVED.


RELATIVE HUMIDITY (PERCENT)
 HIGHEST    77          1200 AM
 LOWEST     48           300 PM
 AVERAGE    63

..........................................................


THE NEW ORLEANS CLIMATE NORMALS FOR TODAY
                         NORMAL    RECORD    YEAR
 MAXIMUM TEMPERATURE (F)   62        81      2002
                                             1972
 MINIMUM TEMPERATURE (F)   45        14      1963


SUNRISE AND SUNSET
JANUARY 24 2017.......SUNRISE   655 AM CST   SUNSET   532 PM CST
JANUARY 25 2017.......SUNRISE   655 AM CST   SUNSET   533 PM CST


-  INDICATES NEGATIVE NUMBERS.
R  INDICATES RECORD WAS SET OR TIED.
MM INDICATES DATA IS MISSING.
T  INDICATES TRACE AMOUNT.




$$
