000
CDUS44 KLIX 270802
CLINEW


CLIMATE REPORT
NATIONAL WEATHER SERVICE NEW ORLEANS
201 AM CST MON FEB 27 2017


...................................

...THE NEW ORLEANS CLIMATE SUMMARY FOR FEBRUARY 26 2017...

CLIMATE NORMAL PERIOD 1981 TO 2010
CLIMATE RECORD PERIOD 1946 TO 2017


WEATHER ITEM   OBSERVED TIME   RECORD YEAR NORMAL DEPARTURE LAST
                VALUE   (LST)  VALUE       VALUE  FROM      YEAR
                                                  NORMAL
..................................................................
TEMPERATURE (F)
 YESTERDAY
  MAXIMUM         69    238 PM  85    1972  68      1       59
  MINIMUM         46    421 AM  29    1965  50     -4       45
  AVERAGE         58                        59     -1       52

PRECIPITATION (IN)
  YESTERDAY        0.00          2.35 1966   0.17  -0.17     0.00
  MONTH TO DATE    2.69                      4.97  -2.28     3.72
  SINCE DEC 1     15.45                     15.36   0.09    14.59
  SINCE JAN 1      7.59                     10.12  -2.53     8.13

SNOWFALL (IN)
  YESTERDAY        0.0
  MONTH TO DATE    0.0
  SINCE DEC 1      0.0
  SINCE JUL 1      0.0
  SNOW DEPTH       0

DEGREE DAYS
 HEATING
  YESTERDAY        7                         7      0       13
  MONTH TO DATE   75                       239   -164      180
  SINCE DEC 1    490                       931   -441      636
  SINCE JUL 1    561                      1095   -534      694

 COOLING
  YESTERDAY        0                         1     -1        0
  MONTH TO DATE   51                        26     25       32
  SINCE DEC 1    158                        69     89      147
  SINCE JAN 1    103                        42     61       36
..................................................................


WIND (MPH)
  HIGHEST WIND SPEED    20   HIGHEST WIND DIRECTION     E (110)
  HIGHEST GUST SPEED    25   HIGHEST GUST DIRECTION     E (110)
  AVERAGE WIND SPEED    12.2


SKY COVER
  POSSIBLE SUNSHINE  MM
  AVERAGE SKY COVER 0.3


WEATHER CONDITIONS
 THE FOLLOWING WEATHER WAS RECORDED YESTERDAY.
  NO SIGNIFICANT WEATHER WAS OBSERVED.


RELATIVE HUMIDITY (PERCENT)
 HIGHEST    84          1000 PM
 LOWEST     47           200 AM
 AVERAGE    66

..........................................................


THE NEW ORLEANS CLIMATE NORMALS FOR TODAY
                         NORMAL    RECORD    YEAR
 MAXIMUM TEMPERATURE (F)   68        83      1962
 MINIMUM TEMPERATURE (F)   50        24      1974


SUNRISE AND SUNSET
FEBRUARY 27 2017......SUNRISE   629 AM CST   SUNSET   559 PM CST
FEBRUARY 28 2017......SUNRISE   628 AM CST   SUNSET   600 PM CST


-  INDICATES NEGATIVE NUMBERS.
R  INDICATES RECORD WAS SET OR TIED.
MM INDICATES DATA IS MISSING.
T  INDICATES TRACE AMOUNT.




$$
