000
CDUS44 KLIX 170702
CLINEW


CLIMATE REPORT
NATIONAL WEATHER SERVICE NEW ORLEANS
201 AM CDT WED SEP 17 2014


...................................

...THE NEW ORLEANS CLIMATE SUMMARY FOR SEPTEMBER 16 2014...

CLIMATE NORMAL PERIOD 1981 TO 2010
CLIMATE RECORD PERIOD 1946 TO 2014


WEATHER ITEM   OBSERVED TIME   RECORD YEAR NORMAL DEPARTURE LAST
                VALUE   (LST)  VALUE       VALUE  FROM      YEAR
                                                  NORMAL
..................................................................
TEMPERATURE (F)
 YESTERDAY
  MAXIMUM         89   1058 AM  96    1990  88      1       92
  MINIMUM         75    535 AM  63    1969  72      3       75
                                      1961
  AVERAGE         82                        80      2       84

PRECIPITATION (IN)
  YESTERDAY        0.05          3.58 1954   0.16  -0.11     0.00
  MONTH TO DATE    2.69                      2.96  -0.27     3.42
  SINCE SEP 1      2.69                      2.96  -0.27     3.42
  SINCE JAN 1     45.65                     47.17  -1.52    53.73

SNOWFALL (IN)
  YESTERDAY        0.0
  MONTH TO DATE    0.0
  SINCE SEP 1      0.0
  SINCE JUL 1      0.0
  SNOW DEPTH       0

DEGREE DAYS
 HEATING
  YESTERDAY        0                         0      0        0
  MONTH TO DATE    0                         0      0        0
  SINCE SEP 1      0                         0      0        0
  SINCE JUL 1      0                         0      0        0

 COOLING
  YESTERDAY       17                        15      2       19
  MONTH TO DATE  300                       261     39      291
  SINCE SEP 1    300                       261     39      291
  SINCE JAN 1   2484                      2507    -23     2427
..................................................................


WIND (MPH)
  HIGHEST WIND SPEED    17   HIGHEST WIND DIRECTION     S (190)
  HIGHEST GUST SPEED    21   HIGHEST GUST DIRECTION     S (190)
  AVERAGE WIND SPEED     4.2


SKY COVER
  POSSIBLE SUNSHINE  MM
  AVERAGE SKY COVER 0.7


WEATHER CONDITIONS
 THE FOLLOWING WEATHER WAS RECORDED YESTERDAY.
  THUNDERSTORM
  LIGHT RAIN


RELATIVE HUMIDITY (PERCENT)
 HIGHEST    94          1200 AM
 LOWEST     65           100 PM
 AVERAGE    80

..........................................................


THE NEW ORLEANS CLIMATE NORMALS FOR TODAY
                         NORMAL    RECORD    YEAR
 MAXIMUM TEMPERATURE (F)   87        95      1995
 MINIMUM TEMPERATURE (F)   72        63      1976


SUNRISE AND SUNSET
SEPTEMBER 17 2014.....SUNRISE   647 AM CDT   SUNSET   704 PM CDT
SEPTEMBER 18 2014.....SUNRISE   647 AM CDT   SUNSET   702 PM CDT


-  INDICATES NEGATIVE NUMBERS.
R  INDICATES RECORD WAS SET OR TIED.
MM INDICATES DATA IS MISSING.
T  INDICATES TRACE AMOUNT.




$$
