000
CDUS44 KLIX 210703
CLINEW


CLIMATE REPORT
NATIONAL WEATHER SERVICE NEW ORLEANS
203 AM CDT SAT OCT 21 2017


...................................

...THE NEW ORLEANS CLIMATE SUMMARY FOR OCTOBER 20 2017...

CLIMATE NORMAL PERIOD 1981 TO 2010
CLIMATE RECORD PERIOD 1946 TO 2017


WEATHER ITEM   OBSERVED TIME   RECORD YEAR NORMAL DEPARTURE LAST
                VALUE   (LST)  VALUE       VALUE  FROM      YEAR
                                                  NORMAL
..................................................................
TEMPERATURE (F)
 YESTERDAY
  MAXIMUM         82    122 PM  90    2004  79      3       89
  MINIMUM         69    630 AM  35    1989  61      8       72
  AVERAGE         76                        70      6       81

PRECIPITATION (IN)
  YESTERDAY        0.00          0.44 1959   0.11  -0.11     0.00
  MONTH TO DATE    1.82                      2.22  -0.40     0.05
  SINCE SEP 1      2.24                      7.19  -4.95     4.68
  SINCE JAN 1     65.89                     51.40  14.49    60.11

SNOWFALL (IN)
  YESTERDAY        0.0
  MONTH TO DATE    0.0
  SINCE SEP 1      0.0
  SINCE JUL 1      0.0
  SNOW DEPTH       0

DEGREE DAYS
 HEATING
  YESTERDAY        0                         1     -1        0
  MONTH TO DATE    0                         7     -7        0
  SINCE SEP 1      0                         7     -7        0
  SINCE JUL 1      0                         7     -7        0

 COOLING
  YESTERDAY       11                         6      5       16
  MONTH TO DATE  266                       167     99      313
  SINCE SEP 1    725                       610    115      925
  SINCE JAN 1   3078                      2856    222     3627
..................................................................


WIND (MPH)
  HIGHEST WIND SPEED    21   HIGHEST WIND DIRECTION     E (100)
  HIGHEST GUST SPEED    26   HIGHEST GUST DIRECTION     E (80)
  AVERAGE WIND SPEED    10.3


SKY COVER
  POSSIBLE SUNSHINE  MM
  AVERAGE SKY COVER 0.8


WEATHER CONDITIONS
 THE FOLLOWING WEATHER WAS RECORDED YESTERDAY.
  NO SIGNIFICANT WEATHER WAS OBSERVED.


RELATIVE HUMIDITY (PERCENT)
 HIGHEST    94           900 PM
 LOWEST     74          1100 AM
 AVERAGE    84

..........................................................


THE NEW ORLEANS CLIMATE NORMALS FOR TODAY
                         NORMAL    RECORD    YEAR
 MAXIMUM TEMPERATURE (F)   79        90      1979
 MINIMUM TEMPERATURE (F)   61        36      1964


SUNRISE AND SUNSET
OCTOBER 21 2017.......SUNRISE   707 AM CDT   SUNSET   624 PM CDT
OCTOBER 22 2017.......SUNRISE   708 AM CDT   SUNSET   623 PM CDT


-  INDICATES NEGATIVE NUMBERS.
R  INDICATES RECORD WAS SET OR TIED.
MM INDICATES DATA IS MISSING.
T  INDICATES TRACE AMOUNT.




$$
