000
CDUS46 KMTR 200850
CLINUQ


CLIMATE REPORT
NATIONAL WEATHER SERVICE SAN FRANCISCO BAY AREA
1240 AM PST SAT JAN 20 2018


...................................

...THE MOFFETT FIELD CLIMATE SUMMARY FOR JANUARY 19 2018...

CLIMATE NORMAL PERIOD 1981 TO 2010
CLIMATE RECORD PERIOD 1945 TO 2018


WEATHER ITEM   OBSERVED TIME   RECORD YEAR NORMAL DEPARTURE LAST
                VALUE   (LST)  VALUE       VALUE  FROM      YEAR
                                                  NORMAL
..................................................................
TEMPERATURE (F)
 YESTERDAY
  MAXIMUM         54    102 PM  71    2009  59     -5       57
  MINIMUM         41   1113 PM  31    1948  43     -2       47
  AVERAGE         48                        51     -3       52

PRECIPITATION (IN)
  YESTERDAY        0.00          1.04 2010   0.08  -0.08     0.13
  MONTH TO DATE    2.44                      1.79   0.65     3.67
  SINCE OCT 1      4.39                      6.63  -2.24     8.24
  SINCE JAN 1      2.44                      1.79   0.65     3.67

DEGREE DAYS
 HEATING
  YESTERDAY       17                                        13
  MONTH TO DATE  219                                       287
  SINCE DEC 1    657                                       746
  SINCE JUL 1    939                                      1033

 COOLING
  YESTERDAY        0                                         0
  MONTH TO DATE    0                                         0
  SINCE DEC 1      0                                         0
  SINCE JAN 1      0                                         0
..................................................................


WIND (MPH)
  RESULTANT WIND SPEED   2   RESULTANT WIND DIRECTION  NW (310)
  HIGHEST WIND SPEED    14   HIGHEST WIND DIRECTION    NW (320)
  HIGHEST GUST SPEED    18   HIGHEST GUST DIRECTION    NW (330)
  AVERAGE WIND SPEED     3.8


SKY COVER
  POSSIBLE SUNSHINE  MM
  AVERAGE SKY COVER 0.3


WEATHER CONDITIONS
 THE FOLLOWING WEATHER WAS RECORDED YESTERDAY.
  NO SIGNIFICANT WEATHER WAS OBSERVED.


RELATIVE HUMIDITY (PERCENT)
 HIGHEST   100          1200 AM
 LOWEST     59           400 PM
 AVERAGE    80

..........................................................


THE MOFFETT FIELD CLIMATE NORMALS FOR TODAY
                         NORMAL    RECORD    YEAR
 MAXIMUM TEMPERATURE (F)   59        71      2014
 MINIMUM TEMPERATURE (F)   43        30      1963


SUNRISE AND SUNSET
JANUARY 20 2018.......SUNRISE   719 AM PST   SUNSET   520 PM PST
JANUARY 21 2018.......SUNRISE   719 AM PST   SUNSET   521 PM PST


-  INDICATES NEGATIVE NUMBERS.
R  INDICATES RECORD WAS SET OR TIED.
MM INDICATES DATA IS MISSING.
T  INDICATES TRACE AMOUNT.




$$
