000
CDUS46 KMTR 290845
CLINUQ


CLIMATE REPORT
NATIONAL WEATHER SERVICE SAN FRANCISCO BAY AREA
1245 AM PST MON DEC 29 2014


...................................

...THE MOFFETT FIELD CLIMATE SUMMARY FOR DECEMBER 28 2014...

CLIMATE NORMAL PERIOD 1981 TO 2010
CLIMATE RECORD PERIOD 1945 TO 2014


WEATHER ITEM   OBSERVED TIME   RECORD YEAR NORMAL DEPARTURE LAST
                VALUE   (LST)  VALUE       VALUE  FROM      YEAR
                                                  NORMAL
..................................................................
TEMPERATURE (F)
 YESTERDAY
  MAXIMUM         58    217 PM  72    1967  58      0       67
  MINIMUM         38    725 AM  30    1966  42     -4       36
  AVERAGE         48                        50     -2       52

PRECIPITATION (IN)
  YESTERDAY        0.00          1.04 1991   0.09  -0.09     0.00
  MONTH TO DATE    8.53                      2.28   6.25     0.16
  SINCE JUL 1     10.40                      4.77   5.63     1.26
  SINCE JAN 1     15.59                     14.40   1.19     3.08

DEGREE DAYS
 HEATING
  YESTERDAY       17                                        13
  MONTH TO DATE  238                                       465
  SINCE DEC 1    238                                       465
  SINCE JUL 1    465                                       837

 COOLING
  YESTERDAY        0                                         0
  MONTH TO DATE    0                                         0
  SINCE DEC 1      0                                         0
  SINCE JAN 1    643                                       478
..................................................................


WIND (MPH)
  RESULTANT WIND SPEED   1   RESULTANT WIND DIRECTION   N (340)
  HIGHEST WIND SPEED     9   HIGHEST WIND DIRECTION     N (360)
  HIGHEST GUST SPEED    10   HIGHEST GUST DIRECTION     N (350)
  AVERAGE WIND SPEED     1.6


SKY COVER
  POSSIBLE SUNSHINE  MM
  AVERAGE SKY COVER 0.1


WEATHER CONDITIONS
 THE FOLLOWING WEATHER WAS RECORDED YESTERDAY.
  NO SIGNIFICANT WEATHER WAS OBSERVED.


RELATIVE HUMIDITY (PERCENT)
 HIGHEST    92           800 AM
 LOWEST     51           200 PM
 AVERAGE    72

..........................................................


THE MOFFETT FIELD CLIMATE NORMALS FOR TODAY
                         NORMAL    RECORD    YEAR
 MAXIMUM TEMPERATURE (F)   58        68      2013
                                             1975
 MINIMUM TEMPERATURE (F)   42        31      1955


SUNRISE AND SUNSET
DECEMBER 29 2014......SUNRISE   722 AM PST   SUNSET   459 PM PST
DECEMBER 30 2014......SUNRISE   722 AM PST   SUNSET   500 PM PST


-  INDICATES NEGATIVE NUMBERS.
R  INDICATES RECORD WAS SET OR TIED.
MM INDICATES DATA IS MISSING.
T  INDICATES TRACE AMOUNT.




$$
