000
CDUS46 KMTR 200826
CLINUQ


CLIMATE REPORT
NATIONAL WEATHER SERVICE SAN FRANCISCO BAY AREA
126 AM PDT THU JUL 20 2017


...................................

...THE MOFFETT FIELD CLIMATE SUMMARY FOR JULY 19 2017...

CLIMATE NORMAL PERIOD 1981 TO 2010
CLIMATE RECORD PERIOD 1945 TO 2017


WEATHER ITEM   OBSERVED TIME   RECORD YEAR NORMAL DEPARTURE LAST
                VALUE   (LST)  VALUE       VALUE  FROM      YEAR
                                                  NORMAL
..................................................................
TEMPERATURE (F)
 YESTERDAY
  MAXIMUM         77    446 PM  90    1961  77      0       72
  MINIMUM         57    523 AM  48    1949  59     -2       55
  AVERAGE         67                        68     -1       64

PRECIPITATION (IN)
  YESTERDAY        0.00          0.00 2009   0.01  -0.01     0.00
  MONTH TO DATE    0.00                      0.02  -0.02     0.00
  SINCE OCT 1     18.15                     14.49   3.66    13.15
  SINCE JAN 1     13.58                      9.65   3.93     8.75

DEGREE DAYS
 HEATING
  YESTERDAY        0                                         1
  MONTH TO DATE    2                                         3
  SINCE JUN 1     29                                        11
  SINCE JUL 1      2                                         3

 COOLING
  YESTERDAY        2                                         0
  MONTH TO DATE   85                                        36
  SINCE JUN 1    174                                       140
  SINCE JAN 1    227                                       200
..................................................................


WIND (MPH)
  RESULTANT WIND SPEED   7   RESULTANT WIND DIRECTION   N (360)
  HIGHEST WIND SPEED    21   HIGHEST WIND DIRECTION     N (350)
  HIGHEST GUST SPEED    24   HIGHEST GUST DIRECTION     N (340)
  AVERAGE WIND SPEED     7.5


SKY COVER
  POSSIBLE SUNSHINE  MM
  AVERAGE SKY COVER 0.3


WEATHER CONDITIONS
 THE FOLLOWING WEATHER WAS RECORDED YESTERDAY.
  NO SIGNIFICANT WEATHER WAS OBSERVED.


RELATIVE HUMIDITY (PERCENT)
 HIGHEST    93          1200 AM
 LOWEST     43           500 PM
 AVERAGE    68

..........................................................


THE MOFFETT FIELD CLIMATE NORMALS FOR TODAY
                         NORMAL    RECORD    YEAR
 MAXIMUM TEMPERATURE (F)   77        95      1996
 MINIMUM TEMPERATURE (F)   59        50      1949


SUNRISE AND SUNSET
JULY 20 2017..........SUNRISE   603 AM PDT   SUNSET   826 PM PDT
JULY 21 2017..........SUNRISE   604 AM PDT   SUNSET   825 PM PDT


-  INDICATES NEGATIVE NUMBERS.
R  INDICATES RECORD WAS SET OR TIED.
MM INDICATES DATA IS MISSING.
T  INDICATES TRACE AMOUNT.




$$
