000
CDUS46 KMTR 280827
CLINUQ


CLIMATE REPORT
NATIONAL WEATHER SERVICE SAN FRANCISCO BAY AREA
126 AM PDT SAT MAR 28 2015


...................................

...THE MOFFETT FIELD CLIMATE SUMMARY FOR MARCH 27 2015...

CLIMATE NORMAL PERIOD 1981 TO 2010
CLIMATE RECORD PERIOD 1945 TO 2015


WEATHER ITEM   OBSERVED TIME   RECORD YEAR NORMAL DEPARTURE LAST
                VALUE   (LST)  VALUE       VALUE  FROM      YEAR
                                                  NORMAL
..................................................................
TEMPERATURE (F)
 YESTERDAY
  MAXIMUM         67    255 PM  82    1969  66      1       67
  MINIMUM         55   1022 PM  38    1972  48      7       50
  AVERAGE         61                        57      4       59

PRECIPITATION (IN)
  YESTERDAY        0.00          0.94 1979   0.06  -0.06      T
  MONTH TO DATE    0.16                      2.04  -1.88     0.65
  SINCE OCT 1     12.60                     12.70  -0.10     4.25
  SINCE JAN 1      2.61                      7.86  -5.25     3.49

DEGREE DAYS
 HEATING
  YESTERDAY        4                                         6
  MONTH TO DATE  137                                       120
  SINCE MAR 1    137                                       120
  SINCE JUL 1   1242                                      1578

 COOLING
  YESTERDAY        0                                         0
  MONTH TO DATE    8                                         4
  SINCE MAR 1      8                                         4
  SINCE JAN 1      8                                         4
..................................................................


WIND (MPH)
  RESULTANT WIND SPEED   6   RESULTANT WIND DIRECTION   N (350)
  HIGHEST WIND SPEED    20   HIGHEST WIND DIRECTION     N (350)
  HIGHEST GUST SPEED    23   HIGHEST GUST DIRECTION     N (350)
  AVERAGE WIND SPEED     6.7


SKY COVER
  POSSIBLE SUNSHINE  MM
  AVERAGE SKY COVER 0.0


WEATHER CONDITIONS
 THE FOLLOWING WEATHER WAS RECORDED YESTERDAY.
  NO SIGNIFICANT WEATHER WAS OBSERVED.


RELATIVE HUMIDITY (PERCENT)
 HIGHEST    93           700 AM
 LOWEST     68           300 PM
 AVERAGE    81

..........................................................


THE MOFFETT FIELD CLIMATE NORMALS FOR TODAY
                         NORMAL    RECORD    YEAR
 MAXIMUM TEMPERATURE (F)   66        80      1969
 MINIMUM TEMPERATURE (F)   48        35      1950


SUNRISE AND SUNSET
MARCH 28 2015.........SUNRISE   700 AM PDT   SUNSET   727 PM PDT
MARCH 29 2015.........SUNRISE   658 AM PDT   SUNSET   728 PM PDT


-  INDICATES NEGATIVE NUMBERS.
R  INDICATES RECORD WAS SET OR TIED.
MM INDICATES DATA IS MISSING.
T  INDICATES TRACE AMOUNT.




$$
