000
CDUS46 KMTR 200825
CLINUQ


CLIMATE REPORT
NATIONAL WEATHER SERVICE SAN FRANCISCO BAY AREA
1225 AM PST MON FEB 20 2017


...................................

...THE MOFFETT FIELD CLIMATE SUMMARY FOR FEBRUARY 19 2017...

CLIMATE NORMAL PERIOD 1981 TO 2010
CLIMATE RECORD PERIOD 1945 TO 2017


WEATHER ITEM   OBSERVED TIME   RECORD YEAR NORMAL DEPARTURE LAST
                VALUE   (LST)  VALUE       VALUE  FROM      YEAR
                                                  NORMAL
..................................................................
TEMPERATURE (F)
 YESTERDAY
  MAXIMUM         56    340 PM  76    1991  62     -6       65
  MINIMUM         47    111 AM  35    1949  46      1       45
  AVERAGE         52                        54     -2       55

PRECIPITATION (IN)
  YESTERDAY        0.01          0.88 1980   0.12  -0.11     0.00
  MONTH TO DATE    2.95                      2.04   0.91     0.38
  SINCE OCT 1     12.92                      9.63   3.29     8.36
  SINCE JAN 1      8.35                      4.79   3.56     3.96

DEGREE DAYS
 HEATING
  YESTERDAY       13                                        10
  MONTH TO DATE  161                                       149
  SINCE DEC 1   1098                                       977
  SINCE JUL 1   1385                                      1320

 COOLING
  YESTERDAY        0                                         0
  MONTH TO DATE    0                                         2
  SINCE DEC 1      0                                         2
  SINCE JAN 1      0                                         2
..................................................................


WIND (MPH)
  RESULTANT WIND SPEED  12   RESULTANT WIND DIRECTION  SE (140)
  HIGHEST WIND SPEED    23   HIGHEST WIND DIRECTION    SE (140)
  HIGHEST GUST SPEED    32   HIGHEST GUST DIRECTION    SE (150)
  AVERAGE WIND SPEED    11.8


SKY COVER
  POSSIBLE SUNSHINE  MM
  AVERAGE SKY COVER 0.8


WEATHER CONDITIONS
 THE FOLLOWING WEATHER WAS RECORDED YESTERDAY.
  LIGHT RAIN


RELATIVE HUMIDITY (PERCENT)
 HIGHEST    86           300 AM
 LOWEST     71           900 AM
 AVERAGE    79

..........................................................


THE MOFFETT FIELD CLIMATE NORMALS FOR TODAY
                         NORMAL    RECORD    YEAR
 MAXIMUM TEMPERATURE (F)   63        73      1988
 MINIMUM TEMPERATURE (F)   46        34      2006


SUNRISE AND SUNSET
FEBRUARY 20 2017......SUNRISE   651 AM PST   SUNSET   553 PM PST
FEBRUARY 21 2017......SUNRISE   650 AM PST   SUNSET   554 PM PST


-  INDICATES NEGATIVE NUMBERS.
R  INDICATES RECORD WAS SET OR TIED.
MM INDICATES DATA IS MISSING.
T  INDICATES TRACE AMOUNT.




$$
