000
CDUS46 KMTR 160842
CLINUQ


CLIMATE REPORT
NATIONAL WEATHER SERVICE SAN FRANCISCO BAY AREA
1242 AM PST MON JAN 16 2017


...................................

...THE MOFFETT FIELD CLIMATE SUMMARY FOR JANUARY 15 2017...

CLIMATE NORMAL PERIOD 1981 TO 2010
CLIMATE RECORD PERIOD 1945 TO 2017


WEATHER ITEM   OBSERVED TIME   RECORD YEAR NORMAL DEPARTURE LAST
                VALUE   (LST)  VALUE       VALUE  FROM      YEAR
                                                  NORMAL
..................................................................
TEMPERATURE (F)
 YESTERDAY
  MAXIMUM         53    337 PM  72    2014  59     -6       63
                                      2009
  MINIMUM         38    540 AM  27    2007  43     -5       49
  AVERAGE         46                        51     -5       56

PRECIPITATION (IN)
  YESTERDAY        0.00          0.87 1956   0.09  -0.09     0.17
  MONTH TO DATE    2.97                      1.47   1.50     1.59
  SINCE OCT 1      7.54                      6.31   1.23     5.99
  SINCE JAN 1      2.97                      1.47   1.50     1.59

DEGREE DAYS
 HEATING
  YESTERDAY       19                                         9
  MONTH TO DATE  220                                       209
  SINCE DEC 1    679                                       681
  SINCE JUL 1    966                                      1024

 COOLING
  YESTERDAY        0                                         0
  MONTH TO DATE    0                                         0
  SINCE DEC 1      0                                         0
  SINCE JAN 1      0                                         0
..................................................................


WIND (MPH)
  RESULTANT WIND SPEED   1   RESULTANT WIND DIRECTION   N (340)
  HIGHEST WIND SPEED     9   HIGHEST WIND DIRECTION     N (10)
  HIGHEST GUST SPEED    12   HIGHEST GUST DIRECTION     N (10)
  AVERAGE WIND SPEED     1.8


SKY COVER
  POSSIBLE SUNSHINE  MM
  AVERAGE SKY COVER 0.3


WEATHER CONDITIONS
 THE FOLLOWING WEATHER WAS RECORDED YESTERDAY.
  NO SIGNIFICANT WEATHER WAS OBSERVED.


RELATIVE HUMIDITY (PERCENT)
 HIGHEST    93           800 AM
 LOWEST     66           500 PM
 AVERAGE    80

..........................................................


THE MOFFETT FIELD CLIMATE NORMALS FOR TODAY
                         NORMAL    RECORD    YEAR
 MAXIMUM TEMPERATURE (F)   59        73      2014
 MINIMUM TEMPERATURE (F)   43        29      2007


SUNRISE AND SUNSET
JANUARY 16 2017.......SUNRISE   721 AM PST   SUNSET   516 PM PST
JANUARY 17 2017.......SUNRISE   721 AM PST   SUNSET   517 PM PST


-  INDICATES NEGATIVE NUMBERS.
R  INDICATES RECORD WAS SET OR TIED.
MM INDICATES DATA IS MISSING.
T  INDICATES TRACE AMOUNT.




$$
