000
CDUS46 KMTR 310828
CLINUQ


CLIMATE REPORT
NATIONAL WEATHER SERVICE SAN FRANCISCO BAY AREA
128 AM PDT FRI OCT 31 2014


...................................

...THE MOFFETT FIELD CLIMATE SUMMARY FOR OCTOBER 30 2014...

CLIMATE NORMAL PERIOD 1981 TO 2010
CLIMATE RECORD PERIOD 1945 TO 2014


WEATHER ITEM   OBSERVED TIME   RECORD YEAR NORMAL DEPARTURE LAST
                VALUE   (LST)  VALUE       VALUE  FROM      YEAR
                                                  NORMAL
..................................................................
TEMPERATURE (F)
 YESTERDAY
  MAXIMUM         79   1241 PM  83    1967  70      9       67
  MINIMUM         56    512 AM  33    1946  51      5       44
  AVERAGE         68                        61      7       56

PRECIPITATION (IN)
  YESTERDAY        0.00          0.62 2000   0.04  -0.04     0.00
  MONTH TO DATE    0.12                      0.60  -0.48     0.01
  SINCE JUL 1      0.53                      0.81  -0.28     0.51
  SINCE JAN 1      5.72                     10.44  -4.72     2.33

DEGREE DAYS
 HEATING
  YESTERDAY        0                                         9
  MONTH TO DATE   24                                       112
  SINCE SEP 1     26                                       117
  SINCE JUL 1     26                                       121

 COOLING
  YESTERDAY        3                                         0
  MONTH TO DATE   77                                        14
  SINCE SEP 1    201                                       119
  SINCE JAN 1    643                                       478
..................................................................


WIND (MPH)
  RESULTANT WIND SPEED   2   RESULTANT WIND DIRECTION   N (0)
  HIGHEST WIND SPEED    14   HIGHEST WIND DIRECTION     N (340)
  HIGHEST GUST SPEED    18   HIGHEST GUST DIRECTION    NW (300)
  AVERAGE WIND SPEED     3.5


SKY COVER
  POSSIBLE SUNSHINE  MM
  AVERAGE SKY COVER 0.0


WEATHER CONDITIONS
 THE FOLLOWING WEATHER WAS RECORDED YESTERDAY.
  NO SIGNIFICANT WEATHER WAS OBSERVED.


RELATIVE HUMIDITY (PERCENT)
 HIGHEST    93           800 PM
 LOWEST     36          1200 PM
 AVERAGE    65

..........................................................


THE MOFFETT FIELD CLIMATE NORMALS FOR TODAY
                         NORMAL    RECORD    YEAR
 MAXIMUM TEMPERATURE (F)   70        85      1966
 MINIMUM TEMPERATURE (F)   51        41      2002


SUNRISE AND SUNSET
OCTOBER 31 2014.......SUNRISE   732 AM PDT   SUNSET   611 PM PDT
NOVEMBER  1 2014......SUNRISE   733 AM PDT   SUNSET   610 PM PDT


-  INDICATES NEGATIVE NUMBERS.
R  INDICATES RECORD WAS SET OR TIED.
MM INDICATES DATA IS MISSING.
T  INDICATES TRACE AMOUNT.




$$
