000
CDUS46 KMTR 030033
CLINUQ


CLIMATE REPORT
NATIONAL WEATHER SERVICE SAN FRANCISCO BAY AREA
431 PM PST MON MAR 2 2015


...................................

...THE MOFFETT FIELD CLIMATE SUMMARY FOR MARCH 2 2015...
VALID TODAY AS OF 0400 PM LOCAL TIME.

CLIMATE NORMAL PERIOD 1981 TO 2010
CLIMATE RECORD PERIOD 1945 TO 2015


WEATHER ITEM   OBSERVED TIME   RECORD YEAR NORMAL DEPARTURE LAST
                VALUE   (LST)  VALUE       VALUE  FROM      YEAR
                                                  NORMAL
..................................................................
TEMPERATURE (F)
 TODAY
  MAXIMUM         61    127 PM  76    1994  64     -3       63
  MINIMUM         42    404 AM  34    1971  47     -5       52
  AVERAGE         52                        55     -3       58

PRECIPITATION (IN)
  TODAY            0.05          1.48 1983   0.09  -0.04     0.03
  MONTH TO DATE    0.05                      0.18  -0.13     0.24
  SINCE OCT 1     12.49                     10.84   1.65     3.84
  SINCE JAN 1      2.50                      6.00  -3.50     3.08

DEGREE DAYS
 HEATING
  TODAY           13                                         7
  MONTH TO DATE   26                                        12
  SINCE MAR 1     26                                        12
  SINCE JUL 1   1131                                      1470

 COOLING
  TODAY            0                                         0
  MONTH TO DATE    0                                         0
  SINCE MAR 1      0                                         0
  SINCE JAN 1      0                                         0
..................................................................


WIND (MPH)
  RESULTANT WIND SPEED   2   RESULTANT WIND DIRECTION  SE (140)
  HIGHEST WIND SPEED    12   HIGHEST WIND DIRECTION    NE (40)
  HIGHEST GUST SPEED    15   HIGHEST GUST DIRECTION    NE (50)
  AVERAGE WIND SPEED     4.3


SKY COVER
  POSSIBLE SUNSHINE  MM
  AVERAGE SKY COVER 0.2


WEATHER CONDITIONS
 THE FOLLOWING WEATHER WAS RECORDED TODAY.
  LIGHT RAIN


RELATIVE HUMIDITY (PERCENT)
 HIGHEST    83           700 AM
 LOWEST     46           100 PM
 AVERAGE    65

..........................................................


THE MOFFETT FIELD CLIMATE NORMALS FOR TOMORROW
                         NORMAL    RECORD    YEAR
 MAXIMUM TEMPERATURE (F)   64        78      1959
 MINIMUM TEMPERATURE (F)   47        30      1951


SUNRISE AND SUNSET
MARCH  2 2015.........SUNRISE   638 AM PST   SUNSET   603 PM PST
MARCH  3 2015.........SUNRISE   637 AM PST   SUNSET   604 PM PST


-  INDICATES NEGATIVE NUMBERS.
R  INDICATES RECORD WAS SET OR TIED.
MM INDICATES DATA IS MISSING.
T  INDICATES TRACE AMOUNT.




$$
