000
CDUS41 KOKX 220618
CLINYC


CLIMATE REPORT
NATIONAL WEATHER SERVICE NEW YORK NY
118 AM EST THU FEB 22 2018


...................................

...THE CENTRAL PARK NY CLIMATE SUMMARY FOR FEBRUARY 21 2018...

CLIMATE NORMAL PERIOD 1981 TO 2010
CLIMATE RECORD PERIOD 1869 TO 2018


WEATHER ITEM   OBSERVED TIME   RECORD YEAR NORMAL DEPARTURE LAST
                VALUE   (LST)  VALUE       VALUE  FROM      YEAR
                                                  NORMAL
..................................................................
TEMPERATURE (F)
 YESTERDAY
  MAXIMUM         78R   452 PM  68    1930  43     35       47
  MINIMUM         55    332 AM   4    1896  30     25       34
  AVERAGE         67                        36     31       41

PRECIPITATION (IN)
  YESTERDAY        0.06          1.86 1902   0.11  -0.05     0.00
  MONTH TO DATE    4.79                      2.27   2.52     1.94
  SINCE DEC 1      9.18                      9.92  -0.74     9.66
  SINCE JAN 1      6.97                      5.92   1.05     6.77

SNOWFALL (IN)
  YESTERDAY        0.0           8.0  1929   0.4   -0.4      0.0
  MONTH TO DATE    4.9                       7.1   -2.2      9.4
  SINCE OCT 1     23.8                      19.2    4.6     20.5
  SINCE JUL 1     23.8                      19.2    4.6     20.5
  SNOW DEPTH       0

DEGREE DAYS
 HEATING
  YESTERDAY        0                        29    -29       24
  MONTH TO DATE  509                       638   -129      554
  SINCE DEC 1   2455                      2494    -39     2202
  SINCE JUL 1   3117                      3327   -210     2889

 COOLING
  YESTERDAY        2                         0      2        0
  MONTH TO DATE    2                         0      2        0
  SINCE DEC 1      2                         0      2        0
  SINCE JAN 1      2                         0      2        0
..................................................................


WIND (MPH)
  HIGHEST WIND SPEED    15   HIGHEST WIND DIRECTION     W (250)
  HIGHEST GUST SPEED    26   HIGHEST GUST DIRECTION    SW (240)
  AVERAGE WIND SPEED     5.9


SKY COVER
  AVERAGE SKY COVER 0.5


WEATHER CONDITIONS
 THE FOLLOWING WEATHER WAS RECORDED YESTERDAY.
  LIGHT RAIN
  FOG


RELATIVE HUMIDITY (PERCENT)
 HIGHEST    93           300 AM
 LOWEST     48           400 PM
 AVERAGE    71

..........................................................


THE CENTRAL PARK NY CLIMATE NORMALS FOR TODAY
                         NORMAL    RECORD    YEAR
 MAXIMUM TEMPERATURE (F)   43        69      1997
 MINIMUM TEMPERATURE (F)   30         8      1963
                                             1918


SUNRISE AND SUNSET
FEBRUARY 22 2018......SUNRISE   640 AM EST   SUNSET   539 PM EST
FEBRUARY 23 2018......SUNRISE   639 AM EST   SUNSET   540 PM EST


-  INDICATES NEGATIVE NUMBERS.
R  INDICATES RECORD WAS SET OR TIED.
MM INDICATES DATA IS MISSING.
T  INDICATES TRACE AMOUNT.




$$
