000
CDUS41 KOKX 010631
CLINYC


CLIMATE REPORT
NATIONAL WEATHER SERVICE NEW YORK NY
230 AM EDT TUE SEP 1 2015


...................................

...THE CENTRAL PARK NY CLIMATE SUMMARY FOR AUGUST 31 2015...

CLIMATE NORMAL PERIOD 1981 TO 2010
CLIMATE RECORD PERIOD 1869 TO 2015


WEATHER ITEM   OBSERVED TIME   RECORD YEAR NORMAL DEPARTURE LAST
                VALUE   (LST)  VALUE       VALUE  FROM      YEAR
                                                  NORMAL
..................................................................
TEMPERATURE (F)
 YESTERDAY
  MAXIMUM         91    332 PM 100    1953  80     11       90
  MINIMUM         76    638 AM  50    1976  66     10       73
  AVERAGE         84                        73     11       82

PRECIPITATION (IN)
  YESTERDAY        0.00          3.76 1911   0.12  -0.12     0.62
  MONTH TO DATE    2.35                      4.44  -2.09     2.25
  SINCE JUN 1     11.12                     13.45  -2.33    12.10
  SINCE JAN 1     27.05                     33.24  -6.19    36.26

SNOWFALL (IN)
  YESTERDAY        0.0           0.0  2002   0.0    0.0      0.0
                                      2001
  MONTH TO DATE    0.0                       0.0    0.0      0.0
  SINCE OCT 1     50.3                      25.8   24.5     57.4
  SINCE JUL 1      0.0                       0.0    0.0      0.0
  SNOW DEPTH       0

DEGREE DAYS
 HEATING
  YESTERDAY        0                         0      0        0
  MONTH TO DATE    0                         0      0        0
  SINCE JUN 1     33                        21     12        0
  SINCE JUL 1      0                         2     -2        0

 COOLING
  YESTERDAY       19                         8     11       17
  MONTH TO DATE  441                       318    123      301
  SINCE JUN 1   1106                       885    221      884
  SINCE JAN 1   1265                       954    311      938
..................................................................


WIND (MPH)
  HIGHEST WIND SPEED    13   HIGHEST WIND DIRECTION     W (250)
  HIGHEST GUST SPEED    21   HIGHEST GUST DIRECTION     W (250)
  AVERAGE WIND SPEED     4.4


SKY COVER
  AVERAGE SKY COVER 0.1


WEATHER CONDITIONS
 THE FOLLOWING WEATHER WAS RECORDED YESTERDAY.
  NO SIGNIFICANT WEATHER WAS OBSERVED.


RELATIVE HUMIDITY (PERCENT)
 HIGHEST    74           400 AM
 LOWEST     38           200 PM
 AVERAGE    56

..........................................................


THE CENTRAL PARK NY CLIMATE NORMALS FOR TODAY
                         NORMAL    RECORD    YEAR
 MAXIMUM TEMPERATURE (F)   80        97      1953
 MINIMUM TEMPERATURE (F)   66        51      1872


SUNRISE AND SUNSET
SEPTEMBER  1 2015.....SUNRISE   622 AM EDT   SUNSET   729 PM EDT
SEPTEMBER  2 2015.....SUNRISE   623 AM EDT   SUNSET   727 PM EDT


-  INDICATES NEGATIVE NUMBERS.
R  INDICATES RECORD WAS SET OR TIED.
MM INDICATES DATA IS MISSING.
T  INDICATES TRACE AMOUNT.




$$
