000
CDUS41 KOKX 122042
CLINYC


CLIMATE REPORT
NATIONAL WEATHER SERVICE NEW YORK NY
442 PM EDT SAT JUL 12 2014


...................................

...THE CENTRAL PARK NY CLIMATE SUMMARY FOR JULY 12 2014...
VALID TODAY AS OF 0400 PM LOCAL TIME.

CLIMATE NORMAL PERIOD 1981 TO 2010
CLIMATE RECORD PERIOD 1869 TO 2014


WEATHER ITEM   OBSERVED TIME   RECORD YEAR NORMAL DEPARTURE LAST
                VALUE   (LST)  VALUE       VALUE  FROM      YEAR
                                                  NORMAL
..................................................................
TEMPERATURE (F)
 TODAY
  MAXIMUM         85   1252 PM  99    1966  84      1       77
  MINIMUM         71    535 AM  57    1926  69      2       68
  AVERAGE         78                        77      1       73

PRECIPITATION (IN)
  TODAY            0.00          2.68 1937   0.15  -0.15     0.25
  MONTH TO DATE    3.40                      1.61   1.79     2.15
  SINCE JUN 1      7.66                      6.02   1.64    12.25
  SINCE JAN 1     31.82                     25.81   6.01    31.47

SNOWFALL (IN)
  TODAY            0.0           0.0  2002   0.0    0.0      0.0
                                      2001
  MONTH TO DATE    0.0                       0.0    0.0      0.0
  SINCE OCT 1     57.4                      25.8   31.6     26.1
  SINCE JUL 1      0.0                       0.0    0.0      0.0
  SNOW DEPTH       0

DEGREE DAYS
 HEATING
  TODAY            0                         0      0        0
  MONTH TO DATE    0                         0      0        0
  SINCE JUN 1      0                        19    -19        9
  SINCE JUL 1      0                         0      0        0

 COOLING
  TODAY           13                        12      1        8
  MONTH TO DATE  155                       132     23      179
  SINCE JUN 1    387                       344     43      424
  SINCE JAN 1    441                       413     28      503
..................................................................


WIND (MPH)
  HIGHEST WIND SPEED    10   HIGHEST WIND DIRECTION     S (180)
  HIGHEST GUST SPEED    19   HIGHEST GUST DIRECTION     S (170)
  AVERAGE WIND SPEED     2.4


SKY COVER
  AVERAGE SKY COVER 0.1


WEATHER CONDITIONS
 THE FOLLOWING WEATHER WAS RECORDED TODAY.
  NO SIGNIFICANT WEATHER WAS OBSERVED.


RELATIVE HUMIDITY (PERCENT)
 HIGHEST    73           100 AM
 LOWEST     42           300 PM
 AVERAGE    58

..........................................................


THE CENTRAL PARK NY CLIMATE NORMALS FOR TOMORROW
                         NORMAL    RECORD    YEAR
 MAXIMUM TEMPERATURE (F)   84       101      1966
 MINIMUM TEMPERATURE (F)   69        54      1888


SUNRISE AND SUNSET
JULY 12 2014..........SUNRISE   535 AM EDT   SUNSET   828 PM EDT
JULY 13 2014..........SUNRISE   536 AM EDT   SUNSET   827 PM EDT


-  INDICATES NEGATIVE NUMBERS.
R  INDICATES RECORD WAS SET OR TIED.
MM INDICATES DATA IS MISSING.
T  INDICATES TRACE AMOUNT.




$$
