000
CDUS41 KOKX 030626
CLINYC


CLIMATE REPORT
NATIONAL WEATHER SERVICE NEW YORK NY
225 AM EDT WED JUN 3 2015


...................................

...THE CENTRAL PARK NY CLIMATE SUMMARY FOR JUNE 2 2015...

CLIMATE NORMAL PERIOD 1981 TO 2010
CLIMATE RECORD PERIOD 1869 TO 2015


WEATHER ITEM   OBSERVED TIME   RECORD YEAR NORMAL DEPARTURE LAST
                VALUE   (LST)  VALUE       VALUE  FROM      YEAR
                                                  NORMAL
..................................................................
TEMPERATURE (F)
 YESTERDAY
  MAXIMUM         55    332 PM  96    1895  76    -21       80
  MINIMUM         50    540 AM  48    1946  59     -9       59
                                      1945
                                      1929
  AVERAGE         53                        67    -14       70

PRECIPITATION (IN)
  YESTERDAY        0.37          2.79 2006   0.16   0.21     0.00
  MONTH TO DATE    1.09                      0.32   0.77     0.00
  SINCE JUN 1      1.09                      0.32   0.77     0.00
  SINCE JAN 1     17.02                     20.11  -3.09    24.16

SNOWFALL (IN)
  YESTERDAY        0.0           0.0  2002   0.0    0.0      0.0
                                      2001
  MONTH TO DATE    0.0                       0.0    0.0      0.0
  SINCE OCT 1     50.3                      25.8   24.5     57.4
  SINCE JUL 1     50.3                      25.8   24.5     57.4
  SNOW DEPTH       0

DEGREE DAYS
 HEATING
  YESTERDAY       12                         2     10        0
  MONTH TO DATE   22                         4     18        0
  SINCE JUN 1     22                         4     18        0
  SINCE JUL 1   4963                      4735    228     4962

 COOLING
  YESTERDAY        0                         4     -4        5
  MONTH TO DATE    0                         8     -8        6
  SINCE JUN 1      0                         8     -8        6
  SINCE JAN 1    159                        77     82       60
..................................................................


WIND (MPH)
  HIGHEST WIND SPEED    14   HIGHEST WIND DIRECTION    NE (60)
  HIGHEST GUST SPEED    19   HIGHEST GUST DIRECTION    NE (50)
  AVERAGE WIND SPEED     6.2


SKY COVER
  AVERAGE SKY COVER 0.9


WEATHER CONDITIONS
 THE FOLLOWING WEATHER WAS RECORDED YESTERDAY.
  RAIN
  LIGHT RAIN
  FOG


RELATIVE HUMIDITY (PERCENT)
 HIGHEST    93          1200 PM
 LOWEST     83          1100 AM
 AVERAGE    88

..........................................................


THE CENTRAL PARK NY CLIMATE NORMALS FOR TODAY
                         NORMAL    RECORD    YEAR
 MAXIMUM TEMPERATURE (F)   76        95      1895
 MINIMUM TEMPERATURE (F)   60        45      1929


SUNRISE AND SUNSET
JUNE  3 2015..........SUNRISE   526 AM EDT   SUNSET   822 PM EDT
JUNE  4 2015..........SUNRISE   526 AM EDT   SUNSET   823 PM EDT


-  INDICATES NEGATIVE NUMBERS.
R  INDICATES RECORD WAS SET OR TIED.
MM INDICATES DATA IS MISSING.
T  INDICATES TRACE AMOUNT.




$$
