000
CDUS41 KOKX 292030
CLINYC


CLIMATE REPORT
NATIONAL WEATHER SERVICE NEW YORK NY
430 PM EDT FRI AUG 29 2014


...................................

...THE CENTRAL PARK NY CLIMATE SUMMARY FOR AUGUST 29 2014...
VALID TODAY AS OF 0400 PM LOCAL TIME.

CLIMATE NORMAL PERIOD 1981 TO 2010
CLIMATE RECORD PERIOD 1869 TO 2014


WEATHER ITEM   OBSERVED TIME   RECORD YEAR NORMAL DEPARTURE LAST
                VALUE   (LST)  VALUE       VALUE  FROM      YEAR
                                                  NORMAL
..................................................................
TEMPERATURE (F)
 TODAY
  MAXIMUM         80    137 PM  99    1953  81     -1       80
  MINIMUM         61    605 AM  50    1986  66     -5       71
                                      1982
                                      1965
  AVERAGE         71                        73     -2       76

PRECIPITATION (IN)
  TODAY            0.00          2.68 2002   0.12  -0.12      T
  MONTH TO DATE    1.63                      4.20  -2.57     2.85
  SINCE JUN 1     11.48                     13.21  -1.73    15.79
  SINCE JAN 1     35.64                     33.00   2.64    35.01

SNOWFALL (IN)
  TODAY            0.0           0.0  2002   0.0    0.0      0.0
                                      2001
  MONTH TO DATE    0.0                       0.0    0.0      0.0
  SINCE OCT 1     57.4                      25.8   31.6     26.1
  SINCE JUL 1      0.0                       0.0    0.0      0.0
  SNOW DEPTH       0

DEGREE DAYS
 HEATING
  TODAY            0                         0      0        0
  MONTH TO DATE    0                         0      0        0
  SINCE JUN 1      0                        19    -19        9
  SINCE JUL 1      0                         0      0        0

 COOLING
  TODAY            6                         9     -3       11
  MONTH TO DATE  276                       300    -24      277
  SINCE JUN 1    859                       867     -8      986
  SINCE JAN 1    913                       936    -23     1065
..................................................................


WIND (MPH)
  HIGHEST WIND SPEED    12   HIGHEST WIND DIRECTION    NE (60)
  HIGHEST GUST SPEED    18   HIGHEST GUST DIRECTION    NE (50)
  AVERAGE WIND SPEED     2.5


SKY COVER
  AVERAGE SKY COVER 0.1


WEATHER CONDITIONS
 THE FOLLOWING WEATHER WAS RECORDED TODAY.
  NO SIGNIFICANT WEATHER WAS OBSERVED.


RELATIVE HUMIDITY (PERCENT)
 HIGHEST    72           600 AM
 LOWEST     35           100 PM
 AVERAGE    54

..........................................................


THE CENTRAL PARK NY CLIMATE NORMALS FOR TOMORROW
                         NORMAL    RECORD    YEAR
 MAXIMUM TEMPERATURE (F)   81        98      1973
                                             1953
 MINIMUM TEMPERATURE (F)   66        50      1965


SUNRISE AND SUNSET
AUGUST 29 2014........SUNRISE   620 AM EDT   SUNSET   733 PM EDT
AUGUST 30 2014........SUNRISE   621 AM EDT   SUNSET   731 PM EDT


-  INDICATES NEGATIVE NUMBERS.
R  INDICATES RECORD WAS SET OR TIED.
MM INDICATES DATA IS MISSING.
T  INDICATES TRACE AMOUNT.




$$
