000
CDUS45 KPSR 050842 RRA
CLINYL

CDUS45 KPSR DDHHMM
CLINYL

CLIMATE REPORT
NATIONAL WEATHER SERVICE PHOENIX AZ
141 AM MST THU MAY 5 2016


...................................

...THE YUMA AZ CLIMATE SUMMARY FOR MAY 4 2016...

CLIMATE NORMAL PERIOD 1981 TO 2010
CLIMATE RECORD PERIOD 1876 TO 2016


WEATHER ITEM   OBSERVED TIME   RECORD YEAR NORMAL DEPARTURE LAST
                VALUE   (LST)  VALUE       VALUE  FROM      YEAR
                                                  NORMAL
..................................................................
TEMPERATURE (F)
 YESTERDAY
  MAXIMUM         99    405 PM 108    1947  92      7       89
  MINIMUM         68    512 AM  45    1899  65      3       70
  AVERAGE         84                        78      6       80

PRECIPITATION (IN)
  YESTERDAY        0.00          0.02 1890   0.00   0.00     0.00
  MONTH TO DATE    0.00                      0.01  -0.01     0.00
  SINCE OCT 1      0.94                      2.19  -1.25     0.95
  SINCE JAN 1      0.80                      1.25  -0.45     0.51

DEGREE DAYS
 HEATING
  YESTERDAY        0                         0      0        0
  MONTH TO DATE    0                         0      0        0
  SINCE MAR 1     22                        63    -41       23
  SINCE JUL 1    598                       686    -88       83

 COOLING
  YESTERDAY       19                        13      6       15
  MONTH TO DATE   56                        51      5       73
  SINCE MAR 1    508                       421     87      652
  SINCE JAN 1    644                       457    187      763
..................................................................


WIND (MPH)
  HIGHEST WIND SPEED    22   HIGHEST WIND DIRECTION     S (200)
  HIGHEST GUST SPEED    26   HIGHEST GUST DIRECTION     S (190)
  AVERAGE WIND SPEED     8.2


SKY COVER
  AVERAGE SKY COVER 0.2


WEATHER CONDITIONS
 THE FOLLOWING WEATHER WAS RECORDED YESTERDAY.
  NO SIGNIFICANT WEATHER WAS OBSERVED.


RELATIVE HUMIDITY (PERCENT)
 HIGHEST    39
 LOWEST     10
 AVERAGE    25

..........................................................


THE YUMA AZ CLIMATE NORMALS FOR TODAY
                         NORMAL    RECORD    YEAR
 MAXIMUM TEMPERATURE (F)   92       109      1947
 MINIMUM TEMPERATURE (F)   65        47      1964


SUNRISE AND SUNSET
MAY  5 2016...........SUNRISE   547 AM MST   SUNSET   723 PM MST
MAY  6 2016...........SUNRISE   546 AM MST   SUNSET   724 PM MST


-  INDICATES NEGATIVE NUMBERS.
R  INDICATES RECORD WAS SET OR TIED.
MM INDICATES DATA IS MISSING.
T  INDICATES TRACE AMOUNT.

$$
