403
CDUS45 KPSR 200822
CLINYL

CDUS45 KPSR DDHHMM
CLINYL

CLIMATE REPORT
NATIONAL WEATHER SERVICE PHOENIX AZ
115 AM MST MON FEB 20 2017


...................................

...THE YUMA AZ CLIMATE SUMMARY FOR FEBRUARY 19 2017...

CLIMATE NORMAL PERIOD 1981 TO 2010
CLIMATE RECORD PERIOD 1876 TO 2017


WEATHER ITEM   OBSERVED TIME   RECORD YEAR NORMAL DEPARTURE LAST
                VALUE   (LST)  VALUE       VALUE  FROM      YEAR
                                                  NORMAL
..................................................................
TEMPERATURE (F)
 YESTERDAY
  MAXIMUM         68    447 PM  92    1981  75     -7       84
  MINIMUM         54    722 AM  32    1955  51      3       59
  AVERAGE         61                        63     -2       72

PRECIPITATION (IN)
  YESTERDAY        T             0.54 1993   0.01  -0.01     0.00
  MONTH TO DATE    0.86                      0.26   0.60     0.00
  SINCE OCT 1      2.12                      1.57   0.55     0.63
  SINCE JAN 1      1.17                      0.63   0.54     0.49

DEGREE DAYS
 HEATING
  YESTERDAY        4                         4      0        0
  MONTH TO DATE   24                        86    -62       54
  SINCE DEC 1    429                       526    -97      506
  SINCE JUL 1    475                       594   -119      576

 COOLING
  YESTERDAY        0                         1     -1        7
  MONTH TO DATE   36                        18     18       85
  SINCE DEC 1     45                        26     19       89
  SINCE JAN 1     36                        24     12       87
..................................................................


WIND (MPH)
  HIGHEST WIND SPEED    12   HIGHEST WIND DIRECTION     S (180)
  HIGHEST GUST SPEED    15   HIGHEST GUST DIRECTION     S (180)
  AVERAGE WIND SPEED     5.1


SKY COVER
  AVERAGE SKY COVER 0.6


WEATHER CONDITIONS
 THE FOLLOWING WEATHER WAS RECORDED YESTERDAY.
  NO SIGNIFICANT WEATHER WAS OBSERVED.


RELATIVE HUMIDITY (PERCENT)
 HIGHEST    93
 LOWEST     49
 AVERAGE    71

..........................................................


THE YUMA AZ CLIMATE NORMALS FOR TODAY
                         NORMAL    RECORD    YEAR
 MAXIMUM TEMPERATURE (F)   75        91      1995
 MINIMUM TEMPERATURE (F)   51        31      1955


SUNRISE AND SUNSET
FEBRUARY 20 2017......SUNRISE   716 AM MST   SUNSET   629 PM MST
FEBRUARY 21 2017......SUNRISE   715 AM MST   SUNSET   630 PM MST


-  INDICATES NEGATIVE NUMBERS.
R  INDICATES RECORD WAS SET OR TIED.
MM INDICATES DATA IS MISSING.
T  INDICATES TRACE AMOUNT.

$$
