000
CDUS45 KPSR 210803
CLINYL

CLIMATE REPORT
NATIONAL WEATHER SERVICE PHOENIX AZ
102 AM MST MON AUG 21 2017

...................................

...THE YUMA AZ CLIMATE SUMMARY FOR AUGUST 20 2017...

CLIMATE NORMAL PERIOD 1981 TO 2010
CLIMATE RECORD PERIOD 1876 TO 2017


WEATHER ITEM   OBSERVED TIME   RECORD YEAR NORMAL DEPARTURE LAST
                VALUE   (LST)  VALUE       VALUE  FROM      YEAR
                                                  NORMAL
..................................................................
TEMPERATURE (F)
 YESTERDAY
  MAXIMUM        106    301 PM 114    1982 106      0      103
                                      1915
                                      1878
  MINIMUM         83    345 AM  65    1917  82      1       84
                                      1916
  AVERAGE         95                        94      1       94

PRECIPITATION (IN)
  YESTERDAY        0.00          0.59 1987   0.01  -0.01     0.08
  MONTH TO DATE    0.09                      0.30  -0.21     0.08
  SINCE OCT 1      2.74                      2.86  -0.12     1.89
  SINCE JAN 1      1.79                      1.92  -0.13     1.75

DEGREE DAYS
 HEATING
  YESTERDAY        0                         0      0        0
  MONTH TO DATE    0                         0      0        0
  SINCE JUN 1      0                         0      0        0
  SINCE JUL 1      0                         0      0        0

 COOLING
  YESTERDAY       30                        29      1       29
  MONTH TO DATE  611                       592     19      630
  SINCE JUN 1   2342                      2226    116     2434
  SINCE JAN 1   3410                      3138    272     3435
..................................................................


WIND (MPH)
  HIGHEST WIND SPEED    17   HIGHEST WIND DIRECTION    SE (130)
  HIGHEST GUST SPEED    21   HIGHEST GUST DIRECTION    SE (130)
  AVERAGE WIND SPEED     7.9


SKY COVER
  AVERAGE SKY COVER 0.0


WEATHER CONDITIONS
 THE FOLLOWING WEATHER WAS RECORDED YESTERDAY.
  NO SIGNIFICANT WEATHER WAS OBSERVED.


RELATIVE HUMIDITY (PERCENT)
 HIGHEST    74
 LOWEST     13
 AVERAGE    44

..........................................................


THE YUMA AZ CLIMATE NORMALS FOR TODAY
                         NORMAL    RECORD    YEAR
 MAXIMUM TEMPERATURE (F)  106       115      1969
                                             1961
 MINIMUM TEMPERATURE (F)   82        63      1924
                                             1918


SUNRISE AND SUNSET
AUGUST 21 2017........SUNRISE   606 AM MST   SUNSET   716 PM MST
AUGUST 22 2017........SUNRISE   607 AM MST   SUNSET   715 PM MST


-  INDICATES NEGATIVE NUMBERS.
R  INDICATES RECORD WAS SET OR TIED.
MM INDICATES DATA IS MISSING.
T  INDICATES TRACE AMOUNT.

$$
