000
CDUS45 KPSR 240816 RRA
CLINYL

CLIMATE REPORT
NATIONAL WEATHER SERVICE PHOENIX AZ
115 AM MST SUN MAY 24 2015


...................................

...THE YUMA AZ CLIMATE SUMMARY FOR MAY 23 2015...

CLIMATE NORMAL PERIOD 1981 TO 2010
CLIMATE RECORD PERIOD 1876 TO 2015


WEATHER ITEM   OBSERVED TIME   RECORD YEAR NORMAL DEPARTURE LAST
                VALUE   (LST)  VALUE       VALUE  FROM      YEAR
                                                  NORMAL
..................................................................
TEMPERATURE (F)
 YESTERDAY
  MAXIMUM         85    506 PM 111    2001  97    -12       90
  MINIMUM         60    623 AM  52    1912  69     -9       64
  AVERAGE         73                        83    -10       77

PRECIPITATION (IN)
  YESTERDAY        0.00          0.03 2008   0.00   0.00     0.00
  MONTH TO DATE    0.31                      0.06   0.25     0.00
  SINCE OCT 1      1.26                      2.24  -0.98     1.18
  SINCE JAN 1      0.82                      1.30  -0.48     0.07

DEGREE DAYS
 HEATING
  YESTERDAY        0                         0      0        0
  MONTH TO DATE    3                         0      3        0
  SINCE MAR 1     26                        63    -37        9
  SINCE JUL 1     86                       686   -600      370

 COOLING
  YESTERDAY        8                        18    -10       12
  MONTH TO DATE  244                       352   -108      352
  SINCE MAR 1    823                       722    101      850
  SINCE JAN 1    934                       758    176      964
..................................................................


WIND (MPH)
  HIGHEST WIND SPEED    15   HIGHEST WIND DIRECTION    SW (210)
  HIGHEST GUST SPEED    18   HIGHEST GUST DIRECTION     W (260)
  AVERAGE WIND SPEED     7.1


SKY COVER
  AVERAGE SKY COVER 0.0


WEATHER CONDITIONS
 THE FOLLOWING WEATHER WAS RECORDED YESTERDAY.
  NO SIGNIFICANT WEATHER WAS OBSERVED.


RELATIVE HUMIDITY (PERCENT)
 HIGHEST    55
 LOWEST     22
 AVERAGE    39

..........................................................


THE YUMA AZ CLIMATE NORMALS FOR TODAY
                         NORMAL    RECORD    YEAR
 MAXIMUM TEMPERATURE (F)   98       109      2001
                                             1983
 MINIMUM TEMPERATURE (F)   69        52      2010
                                             1909


SUNRISE AND SUNSET
MAY 24 2015...........SUNRISE   535 AM MST   SUNSET   736 PM MST
MAY 25 2015...........SUNRISE   534 AM MST   SUNSET   737 PM MST


-  INDICATES NEGATIVE NUMBERS.
R  INDICATES RECORD WAS SET OR TIED.
MM INDICATES DATA IS MISSING.
T  INDICATES TRACE AMOUNT.

$$
