000
CDUS45 KPSR 270813 RRA
CLINYL

CLIMATE REPORT
NATIONAL WEATHER SERVICE PHOENIX AZ
112 AM MST MON MAR 27 2017


...................................

...THE YUMA AZ CLIMATE SUMMARY FOR MARCH 26 2017...

CLIMATE NORMAL PERIOD 1981 TO 2010
CLIMATE RECORD PERIOD 1876 TO 2017


WEATHER ITEM   OBSERVED TIME   RECORD YEAR NORMAL DEPARTURE LAST
                VALUE   (LST)  VALUE       VALUE  FROM      YEAR
                                                  NORMAL
..................................................................
TEMPERATURE (F)
 YESTERDAY
  MAXIMUM         83    441 PM  99    1988  82      1       90
                                      1879
  MINIMUM         59    509 AM  39    1913  56      3       57
  AVERAGE         71                        69      2       74

PRECIPITATION (IN)
  YESTERDAY        0.00          0.38 1993   0.01  -0.01     0.00
  MONTH TO DATE    0.19                      0.29  -0.10     0.00
  SINCE OCT 1      2.51                      1.99   0.52     0.63
  SINCE JAN 1      1.56                      1.05   0.51     0.49

DEGREE DAYS
 HEATING
  YESTERDAY        0                         1     -1        0
  MONTH TO DATE   13                        46    -33       11
  SINCE MAR 1     13                        46    -33       11
  SINCE JUL 1    526                       669   -143      587

 COOLING
  YESTERDAY        6                         5      1        9
  MONTH TO DATE  197                        92    105      169
  SINCE MAR 1    197                        92    105      169
  SINCE JAN 1    238                       128    110      305
..................................................................


WIND (MPH)
  HIGHEST WIND SPEED    12   HIGHEST WIND DIRECTION     W (280)
  HIGHEST GUST SPEED    15   HIGHEST GUST DIRECTION     W (280)
  AVERAGE WIND SPEED     5.9


SKY COVER
  AVERAGE SKY COVER 0.0


WEATHER CONDITIONS
 THE FOLLOWING WEATHER WAS RECORDED YESTERDAY.
  NO SIGNIFICANT WEATHER WAS OBSERVED.


RELATIVE HUMIDITY (PERCENT)
 HIGHEST    65
 LOWEST     17
 AVERAGE    41

..........................................................


THE YUMA AZ CLIMATE NORMALS FOR TODAY
                         NORMAL    RECORD    YEAR
 MAXIMUM TEMPERATURE (F)   82       100      1986
 MINIMUM TEMPERATURE (F)   56        38      1936


SUNRISE AND SUNSET
MARCH 27 2017.........SUNRISE   633 AM MST   SUNSET   655 PM MST
MARCH 28 2017.........SUNRISE   631 AM MST   SUNSET   656 PM MST


-  INDICATES NEGATIVE NUMBERS.
R  INDICATES RECORD WAS SET OR TIED.
MM INDICATES DATA IS MISSING.
T  INDICATES TRACE AMOUNT.

$$
