000
CDUS45 KPSR 120910
CLINYL

CLIMATE REPORT
NATIONAL WEATHER SERVICE PHOENIX AZ
159 AM MST FRI FEB 12 2016


...................................

...THE YUMA AZ CLIMATE SUMMARY FOR FEBRUARY 11 2016...

CLIMATE NORMAL PERIOD 1981 TO 2010
CLIMATE RECORD PERIOD 1876 TO 2016


WEATHER ITEM   OBSERVED TIME   RECORD YEAR NORMAL DEPARTURE LAST
                VALUE   (LST)  VALUE       VALUE  FROM      YEAR
                                                  NORMAL
..................................................................
TEMPERATURE (F)
 YESTERDAY
  MAXIMUM         87R   439 PM  86    1971  73     14       84
                                      1951
  MINIMUM         55    733 AM  32    1923  50      5       57
                                      1891
  AVERAGE         71                        61     10       71

PRECIPITATION (IN)
  YESTERDAY        0.00          0.70 1892   0.01  -0.01     0.00
  MONTH TO DATE    0.00                      0.14  -0.14     0.00
  SINCE OCT 1      0.63                      1.45  -0.82     0.63
  SINCE JAN 1      0.49                      0.51  -0.02     0.19

DEGREE DAYS
 HEATING
  YESTERDAY        0                         4     -4        0
  MONTH TO DATE   54                        54      0        0
  SINCE DEC 1    506                       494     12       39
  SINCE JUL 1    576                       562     14       54

 COOLING
  YESTERDAY        6                         1      5        6
  MONTH TO DATE   28                        10     18       50
  SINCE DEC 1     32                        18     14       52
  SINCE JAN 1     30                        16     14       52
..................................................................


WIND (MPH)
  HIGHEST WIND SPEED    13   HIGHEST WIND DIRECTION     N (20)
  HIGHEST GUST SPEED    15   HIGHEST GUST DIRECTION     N (20)
  AVERAGE WIND SPEED     4.9


SKY COVER
  AVERAGE SKY COVER 0.1


WEATHER CONDITIONS
 THE FOLLOWING WEATHER WAS RECORDED YESTERDAY.
  HAZE


RELATIVE HUMIDITY (PERCENT)
 HIGHEST    36
 LOWEST      9
 AVERAGE    23

..........................................................


THE YUMA AZ CLIMATE NORMALS FOR TODAY
                         NORMAL    RECORD    YEAR
 MAXIMUM TEMPERATURE (F)   73        87      1957
 MINIMUM TEMPERATURE (F)   50        29      1880


SUNRISE AND SUNSET
FEBRUARY 12 2016......SUNRISE   725 AM MST   SUNSET   621 PM MST
FEBRUARY 13 2016......SUNRISE   724 AM MST   SUNSET   622 PM MST


-  INDICATES NEGATIVE NUMBERS.
R  INDICATES RECORD WAS SET OR TIED.
MM INDICATES DATA IS MISSING.
T  INDICATES TRACE AMOUNT.

$$
