000
CDUS45 KPSR 282317
CLINYL

CLIMATE REPORT
NATIONAL WEATHER SERVICE PHOENIX AZ
415 PM MST WED JUN 28 2017


...................................

...THE YUMA AZ CLIMATE SUMMARY FOR JUNE 28 2017...
VALID TODAY AS OF 0400 PM LOCAL TIME.

CLIMATE NORMAL PERIOD 1981 TO 2010
CLIMATE RECORD PERIOD 1876 TO 2017


WEATHER ITEM   OBSERVED TIME   RECORD YEAR NORMAL DEPARTURE LAST
                VALUE   (LST)  VALUE       VALUE  FROM      YEAR
                                                  NORMAL
..................................................................
TEMPERATURE (F)
 TODAY
  MAXIMUM        109    359 PM 118    2013 106      3      114
  MINIMUM         75    409 AM  61    1941  79     -4       84
                                      1906
  AVERAGE         92                        92      0       99

PRECIPITATION (IN)
  TODAY            0.00          0.08 1986   0.00   0.00     0.00
  MONTH TO DATE    0.00                      0.01  -0.01      T
  SINCE OCT 1      2.65                      2.27   0.38     1.12
  SINCE JAN 1      1.70                      1.33   0.37     0.98

DEGREE DAYS
 HEATING
  TODAY            0                         0      0        0
  MONTH TO DATE    0                         0      0        0
  SINCE JUN 1      0                         0      0        0
  SINCE JUL 1    526                       686   -160      598

 COOLING
  TODAY           27                        27      0       34
  MONTH TO DATE  700                       667     33      774
  SINCE JUN 1    700                       667     33      774
  SINCE JAN 1   1768                      1579    189     1775
..................................................................


WIND (MPH)
  HIGHEST WIND SPEED    21   HIGHEST WIND DIRECTION    SE (150)
  HIGHEST GUST SPEED    24   HIGHEST GUST DIRECTION    SE (150)
  AVERAGE WIND SPEED    10.2


SKY COVER
  AVERAGE SKY COVER 0.0


WEATHER CONDITIONS
 THE FOLLOWING WEATHER WAS RECORDED TODAY.
  NO SIGNIFICANT WEATHER WAS OBSERVED.


RELATIVE HUMIDITY (PERCENT)
 HIGHEST    74
 LOWEST      7
 AVERAGE    41

..........................................................


THE YUMA AZ CLIMATE NORMALS FOR TOMORROW
                         NORMAL    RECORD    YEAR
 MAXIMUM TEMPERATURE (F)  106       116      1891
 MINIMUM TEMPERATURE (F)   79        60      1913


SUNRISE AND SUNSET
JUNE 28 2017..........SUNRISE   533 AM MST   SUNSET   750 PM MST
JUNE 29 2017..........SUNRISE   534 AM MST   SUNSET   750 PM MST


-  INDICATES NEGATIVE NUMBERS.
R  INDICATES RECORD WAS SET OR TIED.
MM INDICATES DATA IS MISSING.
T  INDICATES TRACE AMOUNT.

$$
