000
CDUS45 KPSR 260815
CLINYL

CLIMATE REPORT
NATIONAL WEATHER SERVICE PHOENIX AZ
113 AM MST SAT JUL 26 2014


...................................

...THE YUMA AZ CLIMATE SUMMARY FOR JULY 25 2014...

CLIMATE NORMAL PERIOD 1981 TO 2010
CLIMATE RECORD PERIOD 1876 TO 2014


WEATHER ITEM   OBSERVED TIME   RECORD YEAR NORMAL DEPARTURE LAST
                VALUE   (LST)  VALUE       VALUE  FROM      YEAR
                                                  NORMAL
..................................................................
TEMPERATURE (F)
 YESTERDAY
  MAXIMUM        110    402 PM 120    1943 107      3      101
  MINIMUM         90    626 AM  67    1918  83      7       83
                                      1913
  AVERAGE        100                        95      5       92

PRECIPITATION (IN)
  YESTERDAY        0.00          0.23 1982   0.01  -0.01      T
  MONTH TO DATE    0.23                      0.18   0.05     0.47
  SINCE OCT 1      1.41                      2.45  -1.04     2.21
  SINCE JAN 1      0.30                      1.51  -1.21     1.58

DEGREE DAYS
 HEATING
  YESTERDAY        0                         0      0        0
  MONTH TO DATE    0                         0      0        0
  SINCE JUN 1      0                         0      0        0
  SINCE JUL 1      0                         0      0        0

 COOLING
  YESTERDAY       35                        30      5       27
  MONTH TO DATE  783                       734     49      752
  SINCE JUN 1   1592                      1455    137     1557
  SINCE JAN 1   2754                      2367    387     2618
..................................................................


WIND (MPH)
  HIGHEST WIND SPEED    26   HIGHEST WIND DIRECTION    SE (140)
  HIGHEST GUST SPEED    33   HIGHEST GUST DIRECTION     S (160)
  AVERAGE WIND SPEED    16.3


SKY COVER
  AVERAGE SKY COVER 0.3


WEATHER CONDITIONS
 THE FOLLOWING WEATHER WAS RECORDED YESTERDAY.
  NO SIGNIFICANT WEATHER WAS OBSERVED.


RELATIVE HUMIDITY (PERCENT)
 HIGHEST    49
 LOWEST     18
 AVERAGE    34

..........................................................


THE YUMA AZ CLIMATE NORMALS FOR TODAY
                         NORMAL    RECORD    YEAR
 MAXIMUM TEMPERATURE (F)  107       118      1995
 MINIMUM TEMPERATURE (F)   83        67      1949


SUNRISE AND SUNSET
JULY 26 2014..........SUNRISE   549 AM MST   SUNSET   741 PM MST
JULY 27 2014..........SUNRISE   549 AM MST   SUNSET   740 PM MST


-  INDICATES NEGATIVE NUMBERS.
R  INDICATES RECORD WAS SET OR TIED.
MM INDICATES DATA IS MISSING.
T  INDICATES TRACE AMOUNT.

$$
