000
CDUS45 KPSR 260010
CLINYL

CLIMATE REPORT
NATIONAL WEATHER SERVICE PHOENIX AZ
510 PM MST TUE NOV 25 2014


...................................

...THE YUMA AZ CLIMATE SUMMARY FOR NOVEMBER 25 2014...
VALID TODAY AS OF 0500 PM LOCAL TIME.

CLIMATE NORMAL PERIOD 1981 TO 2010
CLIMATE RECORD PERIOD 1876 TO 2014


WEATHER ITEM   OBSERVED TIME   RECORD YEAR NORMAL DEPARTURE LAST
                VALUE   (LST)  VALUE       VALUE  FROM      YEAR
                                                  NORMAL
..................................................................
TEMPERATURE (F)
 TODAY
  MAXIMUM         74    444 PM  90    1950  73      1       71
  MINIMUM         50    719 AM  31    1906  50      0       49
  AVERAGE         62                        62      0       60

PRECIPITATION (IN)
  TODAY            0.00          0.27 1985   0.01  -0.01     0.00
  MONTH TO DATE    T                         0.16  -0.16     1.00
  SINCE OCT 1      0.05                      0.37  -0.32     1.00
  SINCE JAN 1      2.33                      2.99  -0.66     3.31

DEGREE DAYS
 HEATING
  TODAY            3                         4     -1        5
  MONTH TO DATE   15                        42    -27       25
  SINCE SEP 1     15                        44    -29       25
  SINCE JUL 1     15                        44    -29       25

 COOLING
  TODAY            0                         1     -1        0
  MONTH TO DATE   99                        84     15      105
  SINCE SEP 1   1446                      1193    253     1107
  SINCE JAN 1   5282                      4646    636     4805
..................................................................


WIND (MPH)
  RESULTANT WIND SPEED   5   RESULTANT WIND DIRECTION  NE (30)
  HIGHEST WIND SPEED    13   HIGHEST WIND DIRECTION    NE (30)
  HIGHEST GUST SPEED    16   HIGHEST GUST DIRECTION    NE (30)
  AVERAGE WIND SPEED     6.0


SKY COVER
  AVERAGE SKY COVER 0.0


WEATHER CONDITIONS
 THE FOLLOWING WEATHER WAS RECORDED TODAY.
  NO SIGNIFICANT WEATHER WAS OBSERVED.


RELATIVE HUMIDITY (PERCENT)
 HIGHEST    22
 LOWEST      6
 AVERAGE    14

..........................................................


THE YUMA AZ CLIMATE NORMALS FOR TOMORROW
                         NORMAL    RECORD    YEAR
 MAXIMUM TEMPERATURE (F)   73        87      1950
                                             1949
 MINIMUM TEMPERATURE (F)   50        32      1931


SUNRISE AND SUNSET
NOVEMBER 25 2014......SUNRISE   717 AM MST   SUNSET   533 PM MST
NOVEMBER 26 2014......SUNRISE   718 AM MST   SUNSET   533 PM MST


-  INDICATES NEGATIVE NUMBERS.
R  INDICATES RECORD WAS SET OR TIED.
MM INDICATES DATA IS MISSING.
T  INDICATES TRACE AMOUNT.

$$
