000
CDUS45 KPSR 030012
CLINYL

CLIMATE REPORT
NATIONAL WEATHER SERVICE PHOENIX AZ
511 PM MST MON MAR 2 2015


...................................

...THE YUMA AZ CLIMATE SUMMARY FOR MARCH 2 2015...
VALID TODAY AS OF 0500 PM LOCAL TIME.

CLIMATE NORMAL PERIOD 1981 TO 2010
CLIMATE RECORD PERIOD 1876 TO 2015


WEATHER ITEM   OBSERVED TIME   RECORD YEAR NORMAL DEPARTURE LAST
                VALUE   (LST)  VALUE       VALUE  FROM      YEAR
                                                  NORMAL
..................................................................
TEMPERATURE (F)
 TODAY
  MAXIMUM         66    240 PM  94    1910  77    -11       72
  MINIMUM         52    746 AM  34    1971  53     -1       50
  AVERAGE         59                        65     -6       61

PRECIPITATION (IN)
  TODAY            0.18          0.72 1992   0.02   0.16     0.00
  MONTH TO DATE    0.31                      0.03   0.28     0.07
  SINCE OCT 1      0.94                      1.73  -0.79     1.18
  SINCE JAN 1      0.50                      0.79  -0.29     0.07

DEGREE DAYS
 HEATING
  TODAY            6                         2      4        4
  MONTH TO DATE   12                         5      7        4
  SINCE MAR 1     12                         5      7        4
  SINCE JUL 1     72                       628   -556      365

 COOLING
  TODAY            0                         2     -2        0
  MONTH TO DATE    0                         4     -4        3
  SINCE MAR 1      0                         4     -4        3
  SINCE JAN 1    111                        40     71      117
..................................................................


WIND (MPH)
  RESULTANT WIND SPEED   2   RESULTANT WIND DIRECTION   S (180)
  HIGHEST WIND SPEED    21   HIGHEST WIND DIRECTION     S (200)
  HIGHEST GUST SPEED    25   HIGHEST GUST DIRECTION     S (200)
  AVERAGE WIND SPEED     5.1


SKY COVER
  AVERAGE SKY COVER 0.7


WEATHER CONDITIONS
 THE FOLLOWING WEATHER WAS RECORDED TODAY.
  THUNDERSTORM
  LIGHT RAIN
  FOG


RELATIVE HUMIDITY (PERCENT)
 HIGHEST    96
 LOWEST     52
 AVERAGE    74

..........................................................


THE YUMA AZ CLIMATE NORMALS FOR TOMORROW
                         NORMAL    RECORD    YEAR
 MAXIMUM TEMPERATURE (F)   77        95      1910
 MINIMUM TEMPERATURE (F)   53        34      1971


SUNRISE AND SUNSET
MARCH  2 2015.........SUNRISE   705 AM MST   SUNSET   636 PM MST
MARCH  3 2015.........SUNRISE   704 AM MST   SUNSET   637 PM MST


-  INDICATES NEGATIVE NUMBERS.
R  INDICATES RECORD WAS SET OR TIED.
MM INDICATES DATA IS MISSING.
T  INDICATES TRACE AMOUNT.

$$
