000
CDUS45 KPSR 220815
CLINYL

CLIMATE REPORT
NATIONAL WEATHER SERVICE PHOENIX AZ
114 AM MST MON DEC 22 2014


...................................

...THE YUMA AZ CLIMATE SUMMARY FOR DECEMBER 21 2014...

CLIMATE NORMAL PERIOD 1981 TO 2010
CLIMATE RECORD PERIOD 1876 TO 2014


WEATHER ITEM   OBSERVED TIME   RECORD YEAR NORMAL DEPARTURE LAST
                VALUE   (LST)  VALUE       VALUE  FROM      YEAR
                                                  NORMAL
..................................................................
TEMPERATURE (F)
 YESTERDAY
  MAXIMUM         MM        MM  80    1955  67     MM       66
                                      1950
  MINIMUM         MM        MM  28    1968  46     MM       44
  AVERAGE         MM                        57     MM       55

PRECIPITATION (IN)
  YESTERDAY        0.00          0.46 1997   0.02  -0.02     0.00
  MONTH TO DATE    0.38                      0.34   0.04     0.11
  SINCE OCT 1      0.43                      0.77  -0.34     1.11
  SINCE JAN 1      2.71                      3.39  -0.68     3.42

DEGREE DAYS
 HEATING
  YESTERDAY       MM                         8     MM       10
  MONTH TO DATE   MM                       152     MM      149
  SINCE DEC 1     MM                       152     MM      149
  SINCE JUL 1     15                       220   -205      188

 COOLING
  YESTERDAY       MM                         0     MM        0
  MONTH TO DATE   MM                         0     MM        1
  SINCE DEC 1     MM                         0     MM        1
  SINCE JAN 1   5292                      4649    643     4806
..................................................................


WIND (MPH)
  HIGHEST WIND SPEED    12   HIGHEST WIND DIRECTION     N (10)
  HIGHEST GUST SPEED    MM   HIGHEST GUST DIRECTION    MM
  AVERAGE WIND SPEED     6.0


SKY COVER
  AVERAGE SKY COVER 0.7


WEATHER CONDITIONS
 THE FOLLOWING WEATHER WAS RECORDED YESTERDAY.
  NO SIGNIFICANT WEATHER WAS OBSERVED.


RELATIVE HUMIDITY (PERCENT)
 HIGHEST    MM
 LOWEST     MM
 AVERAGE    MM

..........................................................


THE YUMA AZ CLIMATE NORMALS FOR TODAY
                         NORMAL    RECORD    YEAR
 MAXIMUM TEMPERATURE (F)   67        81      1955
                                             1950
 MINIMUM TEMPERATURE (F)   46        27      1968


SUNRISE AND SUNSET
DECEMBER 22 2014......SUNRISE   737 AM MST   SUNSET   537 PM MST
DECEMBER 23 2014......SUNRISE   738 AM MST   SUNSET   538 PM MST


-  INDICATES NEGATIVE NUMBERS.
R  INDICATES RECORD WAS SET OR TIED.
MM INDICATES DATA IS MISSING.
T  INDICATES TRACE AMOUNT.

$$
