000
CDUS45 KPSR 250807 RRA
CLINYL

CLIMATE REPORT
NATIONAL WEATHER SERVICE PHOENIX AZ
106 AM MST THU AUG 25 2016


...................................

...THE YUMA AZ CLIMATE SUMMARY FOR AUGUST 24 2016...

CLIMATE NORMAL PERIOD 1981 TO 2010
CLIMATE RECORD PERIOD 1876 TO 2016


WEATHER ITEM   OBSERVED TIME   RECORD YEAR NORMAL DEPARTURE LAST
                VALUE   (LST)  VALUE       VALUE  FROM      YEAR
                                                  NORMAL
..................................................................
TEMPERATURE (F)
 YESTERDAY
  MAXIMUM        106    439 PM 119    1985 106      0      108
  MINIMUM         82    715 AM  64    1879  82      0       86
  AVERAGE         94                        94      0       97

PRECIPITATION (IN)
  YESTERDAY        0.00          0.62 1920   0.01  -0.01     0.00
  MONTH TO DATE    0.08                      0.37  -0.29     0.00
  SINCE OCT 1      1.89                      2.93  -1.04     1.68
  SINCE JAN 1      1.75                      1.99  -0.24     1.24

DEGREE DAYS
 HEATING
  YESTERDAY        0                         0      0        0
  MONTH TO DATE    0                         0      0        0
  SINCE JUN 1      0                         0      0        0
  SINCE JUL 1      0                         0      0        0

 COOLING
  YESTERDAY       29                        29      0       32
  MONTH TO DATE  740                       708     32      792
  SINCE JUN 1   2544                      2342    202     2477
  SINCE JAN 1   3545                      3254    291     3556
..................................................................


WIND (MPH)
  HIGHEST WIND SPEED    17   HIGHEST WIND DIRECTION     S (190)
  HIGHEST GUST SPEED    22   HIGHEST GUST DIRECTION     S (170)
  AVERAGE WIND SPEED     9.9


SKY COVER
  AVERAGE SKY COVER 0.1


WEATHER CONDITIONS
 THE FOLLOWING WEATHER WAS RECORDED YESTERDAY.
  NO SIGNIFICANT WEATHER WAS OBSERVED.


RELATIVE HUMIDITY (PERCENT)
 HIGHEST    74
 LOWEST     21
 AVERAGE    48

..........................................................


THE YUMA AZ CLIMATE NORMALS FOR TODAY
                         NORMAL    RECORD    YEAR
 MAXIMUM TEMPERATURE (F)  106       116      1962
 MINIMUM TEMPERATURE (F)   82        66      1900
                                             1892


SUNRISE AND SUNSET
AUGUST 25 2016........SUNRISE   609 AM MST   SUNSET   711 PM MST
AUGUST 26 2016........SUNRISE   610 AM MST   SUNSET   710 PM MST


-  INDICATES NEGATIVE NUMBERS.
R  INDICATES RECORD WAS SET OR TIED.
MM INDICATES DATA IS MISSING.
T  INDICATES TRACE AMOUNT.

$$
