000
CDUS45 KPSR 160821
CLINYL

CLIMATE REPORT
NATIONAL WEATHER SERVICE PHOENIX AZ
119 AM MST TUE SEP 16 2014


...................................

...THE YUMA AZ CLIMATE SUMMARY FOR SEPTEMBER 15 2014...

CLIMATE NORMAL PERIOD 1981 TO 2010
CLIMATE RECORD PERIOD 1876 TO 2014


WEATHER ITEM   OBSERVED TIME   RECORD YEAR NORMAL DEPARTURE LAST
                VALUE   (LST)  VALUE       VALUE  FROM      YEAR
                                                  NORMAL
..................................................................
TEMPERATURE (F)
 YESTERDAY
  MAXIMUM        110    515 PM 114    1922 102      8      109
  MINIMUM         87    353 AM  54    1915  77     10       82
  AVERAGE         99                        90      9       96

PRECIPITATION (IN)
  YESTERDAY        0.00          1.48 1920   0.03  -0.03     0.00
  MONTH TO DATE    1.44                      0.28   1.16     0.51
  SINCE OCT 1      3.39                      3.31   0.08     2.94
  SINCE JAN 1      2.28                      2.37  -0.09     2.31

DEGREE DAYS
 HEATING
  YESTERDAY        0                         0      0        0
  MONTH TO DATE    0                         0      0        0
  SINCE SEP 1      0                         0      0        0
  SINCE JUL 1      0                         0      0        0

 COOLING
  YESTERDAY       34                        25      9       31
  MONTH TO DATE  446                       398     48      414
  SINCE SEP 1    446                       398     48      414
  SINCE JAN 1   4282                      3851    431     4112
..................................................................


WIND (MPH)
  HIGHEST WIND SPEED    24   HIGHEST WIND DIRECTION     S (160)
  HIGHEST GUST SPEED    27   HIGHEST GUST DIRECTION     S (170)
  AVERAGE WIND SPEED     8.4


SKY COVER
  AVERAGE SKY COVER 0.3


WEATHER CONDITIONS
 THE FOLLOWING WEATHER WAS RECORDED YESTERDAY.
  NO SIGNIFICANT WEATHER WAS OBSERVED.


RELATIVE HUMIDITY (PERCENT)
 HIGHEST    52
 LOWEST     13
 AVERAGE    33

..........................................................


THE YUMA AZ CLIMATE NORMALS FOR TODAY
                         NORMAL    RECORD    YEAR
 MAXIMUM TEMPERATURE (F)  102       111      2013
                                             1922
 MINIMUM TEMPERATURE (F)   77        58      1893


SUNRISE AND SUNSET
SEPTEMBER 16 2014.....SUNRISE   623 AM MST   SUNSET   643 PM MST
SEPTEMBER 17 2014.....SUNRISE   623 AM MST   SUNSET   642 PM MST


-  INDICATES NEGATIVE NUMBERS.
R  INDICATES RECORD WAS SET OR TIED.
MM INDICATES DATA IS MISSING.
T  INDICATES TRACE AMOUNT.

$$
