000
CDUS46 KMTR 300835
CLIOAK


CLIMATE REPORT
NATIONAL WEATHER SERVICE SAN FRANCISCO BAY AREA
1235 AM PST FRI JAN 30 2015


...................................

...THE OAKLAND AIRPORT CLIMATE SUMMARY FOR JANUARY 29 2015...

CLIMATE NORMAL PERIOD 1981 TO 2010
CLIMATE RECORD PERIOD 1948 TO 2015


WEATHER ITEM   OBSERVED TIME   RECORD YEAR NORMAL DEPARTURE LAST
                VALUE   (LST)  VALUE       VALUE  FROM      YEAR
                                                  NORMAL
..................................................................
TEMPERATURE (F)
 YESTERDAY
  MAXIMUM         64    316 PM  70    2009  58      6       61
                                      1962
  MINIMUM         42    712 AM  32    2002  43     -1       55
  AVERAGE         53                        50      3       58

PRECIPITATION (IN)
  YESTERDAY        0.00          1.16 1966   0.09  -0.09      T
  MONTH TO DATE    T                         3.79  -3.79     0.01
  SINCE JUL 1     11.67                     11.38   0.29     2.08
  SINCE JAN 1      T                         3.79  -3.79     0.01

SNOWFALL (IN)
  YESTERDAY        0.0                                       0.0
  MONTH TO DATE    0.0                                       0.0
  SINCE DEC 1      0.0                                       0.0
  SINCE JUL 1      0.0                                       0.0

DEGREE DAYS
 HEATING
  YESTERDAY       12                        15     -3        7
  MONTH TO DATE  406                       459    -53      367
  SINCE DEC 1    708                       956   -248      935
  SINCE JUL 1   1045                      1631   -586     1490

 COOLING
  YESTERDAY        0                         0      0        0
  MONTH TO DATE    0                         0      0        0
  SINCE DEC 1      0                         0      0        0
  SINCE JAN 1      0                         0      0        0
..................................................................


WIND (MPH)
  RESULTANT WIND SPEED   2   RESULTANT WIND DIRECTION   W (280)
  HIGHEST WIND SPEED     8   HIGHEST WIND DIRECTION     W (290)
  HIGHEST GUST SPEED    14   HIGHEST GUST DIRECTION     W (270)
  AVERAGE WIND SPEED     3.3


SKY COVER
  POSSIBLE SUNSHINE  MM
  AVERAGE SKY COVER 0.1


WEATHER CONDITIONS
 THE FOLLOWING WEATHER WAS RECORDED YESTERDAY.
  FOG
  HAZE


RELATIVE HUMIDITY (PERCENT)
 HIGHEST    96           700 AM
 LOWEST     65           300 PM
 AVERAGE    81

..........................................................


THE OAKLAND AIRPORT CLIMATE NORMALS FOR TODAY
                         NORMAL    RECORD    YEAR
 MAXIMUM TEMPERATURE (F)   59        67      1976
 MINIMUM TEMPERATURE (F)   43        29      2002


SUNRISE AND SUNSET
JANUARY 30 2015.......SUNRISE   714 AM PST   SUNSET   530 PM PST
JANUARY 31 2015.......SUNRISE   714 AM PST   SUNSET   531 PM PST


-  INDICATES NEGATIVE NUMBERS.
R  INDICATES RECORD WAS SET OR TIED.
MM INDICATES DATA IS MISSING.
T  INDICATES TRACE AMOUNT.




$$
