000
CDUS46 KMTR 020828
CLIOAK


CLIMATE REPORT
NATIONAL WEATHER SERVICE SAN FRANCISCO BAY AREA
127 AM PDT THU JUL 2 2015


...................................

...THE OAKLAND AIRPORT CLIMATE SUMMARY FOR JULY 1 2015...

CLIMATE NORMAL PERIOD 1981 TO 2010
CLIMATE RECORD PERIOD 1948 TO 2015


WEATHER ITEM   OBSERVED TIME   RECORD YEAR NORMAL DEPARTURE LAST
                VALUE   (LST)  VALUE       VALUE  FROM      YEAR
                                                  NORMAL
..................................................................
TEMPERATURE (F)
 YESTERDAY
  MAXIMUM         76    403 PM  90    1985  71      5       72
  MINIMUM         58    534 AM  48    1955  55      3       56
  AVERAGE         67                        63      4       64

PRECIPITATION (IN)
  YESTERDAY        0.00          0.04 1980   0.00   0.00     0.00
  MONTH TO DATE    0.00                      0.00   0.00     0.00
  SINCE OCT 1     14.57                     20.53  -5.96     9.44
  SINCE JAN 1      3.35                     13.22  -9.87     7.98

SNOWFALL (IN)
  YESTERDAY        0.0                                       0.0
  MONTH TO DATE    0.0                                       0.0
  SINCE JUN 1      0.0                                       0.0
  SINCE JUL 1      0.0                                       0.0

DEGREE DAYS
 HEATING
  YESTERDAY        0                         3     -3        1
  MONTH TO DATE    0                         3     -3        1
  SINCE JUN 1     62                       106    -44       72
  SINCE JUL 1      0                         3     -3        1

 COOLING
  YESTERDAY        2                         1      1        0
  MONTH TO DATE    2                         1      1        0
  SINCE JUN 1     21                        19      2       20
  SINCE JAN 1     25                        35    -10       64
..................................................................


WIND (MPH)
  RESULTANT WIND SPEED   8   RESULTANT WIND DIRECTION  NW (310)
  HIGHEST WIND SPEED    24   HIGHEST WIND DIRECTION    NW (330)
  HIGHEST GUST SPEED    30   HIGHEST GUST DIRECTION    NW (330)
  AVERAGE WIND SPEED     8.8


SKY COVER
  POSSIBLE SUNSHINE  MM
  AVERAGE SKY COVER 0.6


WEATHER CONDITIONS
 THE FOLLOWING WEATHER WAS RECORDED YESTERDAY.
  NO SIGNIFICANT WEATHER WAS OBSERVED.


RELATIVE HUMIDITY (PERCENT)
 HIGHEST    87           300 AM
 LOWEST     50           400 PM
 AVERAGE    69

..........................................................


THE OAKLAND AIRPORT CLIMATE NORMALS FOR TODAY
                         NORMAL    RECORD    YEAR
 MAXIMUM TEMPERATURE (F)   71        95      1970
 MINIMUM TEMPERATURE (F)   55        50      2003


SUNRISE AND SUNSET
JULY  2 2015..........SUNRISE   551 AM PDT   SUNSET   834 PM PDT
JULY  3 2015..........SUNRISE   552 AM PDT   SUNSET   834 PM PDT


-  INDICATES NEGATIVE NUMBERS.
R  INDICATES RECORD WAS SET OR TIED.
MM INDICATES DATA IS MISSING.
T  INDICATES TRACE AMOUNT.




$$
