000
CDUS46 KMTR 230838
CLIOAK


CLIMATE REPORT
NATIONAL WEATHER SERVICE SAN FRANCISCO BAY AREA
138 AM PDT WED JUL 23 2014


...................................

...THE OAKLAND AIRPORT CLIMATE SUMMARY FOR JULY 22 2014...

CLIMATE NORMAL PERIOD 1981 TO 2010
CLIMATE RECORD PERIOD 1948 TO 2014


WEATHER ITEM   OBSERVED TIME   RECORD YEAR NORMAL DEPARTURE LAST
                VALUE   (LST)  VALUE       VALUE  FROM      YEAR
                                                  NORMAL
..................................................................
TEMPERATURE (F)
 YESTERDAY
  MAXIMUM         76    148 PM  98    2006  70      6       70
  MINIMUM         63    508 AM  52    2008  56      7       56
                                      1955
  AVERAGE         70                        63      7       63

PRECIPITATION (IN)
  YESTERDAY        0.01R         0.00 2006   0.00   0.01     0.00
  MONTH TO DATE    0.01                      0.01   0.00      T
  SINCE JUL 1      0.01                      0.01   0.00      T
  SINCE JAN 1      7.99                     13.23  -5.24     2.82

SNOWFALL (IN)
  YESTERDAY        0.0                                       0.0
  MONTH TO DATE    0.0                                       0.0
  SINCE JUN 1      0.0                                       0.0
  SINCE JUL 1      0.0                                       0.0

DEGREE DAYS
 HEATING
  YESTERDAY        0                         3     -3        2
  MONTH TO DATE   21                        66    -45       27
  SINCE JUN 1     92                       169    -77       87
  SINCE JUL 1     21                        66    -45       27

 COOLING
  YESTERDAY        5                         0      5        0
  MONTH TO DATE   31                        21     10       27
  SINCE JUN 1     51                        39     12       62
  SINCE JAN 1     95                        55     40      103
..................................................................


WIND (MPH)
  RESULTANT WIND SPEED  10   RESULTANT WIND DIRECTION   W (280)
  HIGHEST WIND SPEED    21   HIGHEST WIND DIRECTION     W (270)
  HIGHEST GUST SPEED    30   HIGHEST GUST DIRECTION    NW (330)
  AVERAGE WIND SPEED    10.2


SKY COVER
  POSSIBLE SUNSHINE  MM
  AVERAGE SKY COVER 0.7


WEATHER CONDITIONS
 THE FOLLOWING WEATHER WAS RECORDED YESTERDAY.
  LIGHT RAIN


RELATIVE HUMIDITY (PERCENT)
 HIGHEST    78          1200 AM
 LOWEST     50           100 PM
 AVERAGE    64

..........................................................


THE OAKLAND AIRPORT CLIMATE NORMALS FOR TODAY
                         NORMAL    RECORD    YEAR
 MAXIMUM TEMPERATURE (F)   70        92      2006
 MINIMUM TEMPERATURE (F)   56        50      2000


SUNRISE AND SUNSET
JULY 23 2014..........SUNRISE   605 AM PDT   SUNSET   825 PM PDT
JULY 24 2014..........SUNRISE   606 AM PDT   SUNSET   824 PM PDT


-  INDICATES NEGATIVE NUMBERS.
R  INDICATES RECORD WAS SET OR TIED.
MM INDICATES DATA IS MISSING.
T  INDICATES TRACE AMOUNT.




$$
