613
CDUS46 KMTR 050834
CLIOAK


CLIMATE REPORT
NATIONAL WEATHER SERVICE SAN FRANCISCO BAY AREA
1233 AM PST FRI FEB 5 2016


...................................

...THE OAKLAND AIRPORT CLIMATE SUMMARY FOR FEBRUARY 4 2016...

CLIMATE NORMAL PERIOD 1981 TO 2010
CLIMATE RECORD PERIOD 1948 TO 2016


WEATHER ITEM   OBSERVED TIME   RECORD YEAR NORMAL DEPARTURE LAST
                VALUE   (LST)  VALUE       VALUE  FROM      YEAR
                                                  NORMAL
..................................................................
TEMPERATURE (F)
 YESTERDAY
  MAXIMUM         62    112 PM  69    1980  59      3       64
  MINIMUM         45    737 AM  32    1957  43      2       46
  AVERAGE         54                        51      3       55

PRECIPITATION (IN)
  YESTERDAY        0.00          1.41 1951   0.12  -0.12     0.00
  MONTH TO DATE    T                         0.43  -0.43     0.00
  SINCE OCT 1     10.44                     11.73  -1.29     8.61
  SINCE JAN 1      5.22                      4.42   0.80      T

SNOWFALL (IN)
  YESTERDAY        0.0                                       0.0
  MONTH TO DATE    0.0                                       0.0
  SINCE DEC 1      0.0                                       0.0
  SINCE JUL 1      0.0                                       0.0

DEGREE DAYS
 HEATING
  YESTERDAY       11                        14     -3       10
  MONTH TO DATE   57                        56      1       41
  SINCE DEC 1    907                      1040   -133      766
  SINCE JUL 1   1304                      1715   -411     1103

 COOLING
  YESTERDAY        0                         0      0        0
  MONTH TO DATE    0                         0      0        0
  SINCE DEC 1      0                         0      0        0
  SINCE JAN 1      0                         0      0        0
..................................................................


WIND (MPH)
  RESULTANT WIND SPEED   3   RESULTANT WIND DIRECTION   E (80)
  HIGHEST WIND SPEED    14   HIGHEST WIND DIRECTION     E (80)
  HIGHEST GUST SPEED    19   HIGHEST GUST DIRECTION     E (80)
  AVERAGE WIND SPEED     5.9


SKY COVER
  POSSIBLE SUNSHINE  MM
  AVERAGE SKY COVER 0.5


WEATHER CONDITIONS
 THE FOLLOWING WEATHER WAS RECORDED YESTERDAY.
  NO SIGNIFICANT WEATHER WAS OBSERVED.


RELATIVE HUMIDITY (PERCENT)
 HIGHEST    86           300 AM
 LOWEST     46          1200 PM
 AVERAGE    66

..........................................................


THE OAKLAND AIRPORT CLIMATE NORMALS FOR TODAY
                         NORMAL    RECORD    YEAR
 MAXIMUM TEMPERATURE (F)   59        74      2011
 MINIMUM TEMPERATURE (F)   43        32      1976


SUNRISE AND SUNSET
FEBRUARY  5 2016......SUNRISE   709 AM PST   SUNSET   537 PM PST
FEBRUARY  6 2016......SUNRISE   709 AM PST   SUNSET   538 PM PST


-  INDICATES NEGATIVE NUMBERS.
R  INDICATES RECORD WAS SET OR TIED.
MM INDICATES DATA IS MISSING.
T  INDICATES TRACE AMOUNT.




$$
