000
CDUS46 KMTR 290829
CLIOAK


CLIMATE REPORT
NATIONAL WEATHER SERVICE SAN FRANCISCO BAY AREA
129 AM PDT FRI MAY 29 2015


...................................

...THE OAKLAND AIRPORT CLIMATE SUMMARY FOR MAY 28 2015...

CLIMATE NORMAL PERIOD 1981 TO 2010
CLIMATE RECORD PERIOD 1948 TO 2015


WEATHER ITEM   OBSERVED TIME   RECORD YEAR NORMAL DEPARTURE LAST
                VALUE   (LST)  VALUE       VALUE  FROM      YEAR
                                                  NORMAL
..................................................................
TEMPERATURE (F)
 YESTERDAY
  MAXIMUM         63    329 PM  96    1975  68     -5       74
  MINIMUM         52   1114 PM  47    1959  52      0       49
  AVERAGE         58                        60     -2       62

PRECIPITATION (IN)
  YESTERDAY        T             0.20 2011   0.02  -0.02     0.00
  MONTH TO DATE    T                         0.64  -0.64      T
  SINCE OCT 1     14.39                     20.31  -5.92     9.44
  SINCE JAN 1      3.17                     13.00  -9.83     7.98

SNOWFALL (IN)
  YESTERDAY        0.0                                       0.0
  MONTH TO DATE    0.0                                       0.0
  SINCE MAR 1      0.0                                       0.0
  SINCE JUL 1      0.0                                       0.0

DEGREE DAYS
 HEATING
  YESTERDAY        7                         5      2        3
  MONTH TO DATE  191                       167     24       71
  SINCE MAR 1    603                       731   -128      437
  SINCE JUL 1   1912                      2753   -841     2258

 COOLING
  YESTERDAY        0                         0      0        0
  MONTH TO DATE    0                         0      0       31
  SINCE MAR 1      4                         6     -2       44
  SINCE JAN 1      4                         6     -2       44
..................................................................


WIND (MPH)
  RESULTANT WIND SPEED  10   RESULTANT WIND DIRECTION   W (270)
  HIGHEST WIND SPEED    21   HIGHEST WIND DIRECTION     W (270)
  HIGHEST GUST SPEED    23   HIGHEST GUST DIRECTION     W (270)
  AVERAGE WIND SPEED    10.3


SKY COVER
  POSSIBLE SUNSHINE  MM
  AVERAGE SKY COVER 0.9


WEATHER CONDITIONS
 THE FOLLOWING WEATHER WAS RECORDED YESTERDAY.
  LIGHT RAIN


RELATIVE HUMIDITY (PERCENT)
 HIGHEST    89          1200 AM
 LOWEST     65           200 PM
 AVERAGE    77

..........................................................


THE OAKLAND AIRPORT CLIMATE NORMALS FOR TODAY
                         NORMAL    RECORD    YEAR
 MAXIMUM TEMPERATURE (F)   68        98      1975
 MINIMUM TEMPERATURE (F)   52        47      2000


SUNRISE AND SUNSET
MAY 29 2015...........SUNRISE   550 AM PDT   SUNSET   823 PM PDT
MAY 30 2015...........SUNRISE   550 AM PDT   SUNSET   824 PM PDT


-  INDICATES NEGATIVE NUMBERS.
R  INDICATES RECORD WAS SET OR TIED.
MM INDICATES DATA IS MISSING.
T  INDICATES TRACE AMOUNT.




$$
