000
CDUS46 KMTR 240036
CLIOAK


CLIMATE REPORT
NATIONAL WEATHER SERVICE SAN FRANCISCO BAY AREA
436 PM PST THU FEB 23 2017


...................................

...THE OAKLAND AIRPORT CLIMATE SUMMARY FOR FEBRUARY 23 2017...
VALID TODAY AS OF 0400 PM LOCAL TIME.

CLIMATE NORMAL PERIOD 1981 TO 2010
CLIMATE RECORD PERIOD 1948 TO 2017


WEATHER ITEM   OBSERVED TIME   RECORD YEAR NORMAL DEPARTURE LAST
                VALUE   (LST)  VALUE       VALUE  FROM      YEAR
                                                  NORMAL
..................................................................
TEMPERATURE (F)
 TODAY
  MAXIMUM         55    342 PM  74    1985  61     -6       68
  MINIMUM         41    702 AM  34    1955  45     -4       44
  AVERAGE         48                        53     -5       56

PRECIPITATION (IN)
  TODAY            0.00          0.69 2010   0.17  -0.17     0.00
  MONTH TO DATE    7.27                      3.18   4.09     0.30
  SINCE OCT 1     23.23                     14.48   8.75    10.74
  SINCE JAN 1     14.80                      7.17   7.63     5.52

SNOWFALL (IN)
  TODAY            0.0           0.0  1985
  MONTH TO DATE    0.0
  SINCE DEC 1      0.0
  SINCE JUL 1      0.0

DEGREE DAYS
 HEATING
  TODAY           17                        12      5        9
  MONTH TO DATE  199                       302   -103      194
  SINCE DEC 1   1077                      1286   -209     1044
  SINCE JUL 1   1447                      1961   -514     1441

 COOLING
  TODAY            0                         0      0        0
  MONTH TO DATE    0                         0      0        1
  SINCE DEC 1      0                         0      0        1
  SINCE JAN 1      0                         0      0        1
..................................................................


WIND (MPH)
  RESULTANT WIND SPEED   9   RESULTANT WIND DIRECTION  NW (310)
  HIGHEST WIND SPEED    21   HIGHEST WIND DIRECTION    NW (310)
  HIGHEST GUST SPEED    28   HIGHEST GUST DIRECTION    NW (310)
  AVERAGE WIND SPEED     9.6


SKY COVER
  POSSIBLE SUNSHINE  MM
  AVERAGE SKY COVER 0.1


WEATHER CONDITIONS
 THE FOLLOWING WEATHER WAS RECORDED TODAY.
  NO SIGNIFICANT WEATHER WAS OBSERVED.


RELATIVE HUMIDITY (PERCENT)
 HIGHEST    70           600 AM
 LOWEST     46          1200 PM
 AVERAGE    58

..........................................................


THE OAKLAND AIRPORT CLIMATE NORMALS FOR TOMORROW
                         NORMAL    RECORD    YEAR
 MAXIMUM TEMPERATURE (F)   61        74      1954
 MINIMUM TEMPERATURE (F)   45        36      2015
                                             1960


SUNRISE AND SUNSET
FEBRUARY 23 2017......SUNRISE   648 AM PST   SUNSET   557 PM PST
FEBRUARY 24 2017......SUNRISE   647 AM PST   SUNSET   558 PM PST


-  INDICATES NEGATIVE NUMBERS.
R  INDICATES RECORD WAS SET OR TIED.
MM INDICATES DATA IS MISSING.
T  INDICATES TRACE AMOUNT.




$$
