000
CDUS46 KMTR 250826
CLIOAK


CLIMATE REPORT
NATIONAL WEATHER SERVICE SAN FRANCISCO BAY AREA
126 AM PDT FRI APR 25 2014


...................................

...THE OAKLAND AIRPORT CLIMATE SUMMARY FOR APRIL 24 2014...

CLIMATE NORMAL PERIOD 1981 TO 2010
CLIMATE RECORD PERIOD 1948 TO 2014


WEATHER ITEM   OBSERVED TIME   RECORD YEAR NORMAL DEPARTURE LAST
                VALUE   (LST)  VALUE       VALUE  FROM      YEAR
                                                  NORMAL
..................................................................
TEMPERATURE (F)
 YESTERDAY
  MAXIMUM         66    117 PM  82    2004  67     -1       65
  MINIMUM         51    228 AM  39    1964  49      2       47
  AVERAGE         59                        58      1       56

PRECIPITATION (IN)
  YESTERDAY        0.02          0.24 1978   0.05  -0.03     0.00
  MONTH TO DATE    1.03                      1.14  -0.11     1.33
  SINCE JUL 1      9.45                     19.75 -10.30    13.62
  SINCE JAN 1      7.38                     12.16  -4.78     2.63

SNOWFALL (IN)
  YESTERDAY        0.0                                       0.0
  MONTH TO DATE    0.0                                       0.0
  SINCE MAR 1      0.0                                       0.0
  SINCE JUL 1      0.0                                       0.0

DEGREE DAYS
 HEATING
  YESTERDAY        6                         7     -1        9
  MONTH TO DATE  147                       192    -45       94
  SINCE MAR 1    332                       523   -191      345
  SINCE JUL 1   2153                      2545   -392     2251

 COOLING
  YESTERDAY        0                         0      0        0
  MONTH TO DATE    2                         0      2        9
  SINCE MAR 1      3                         1      2        9
  SINCE JAN 1      3                         1      2        9
..................................................................


WIND (MPH)
  RESULTANT WIND SPEED   9   RESULTANT WIND DIRECTION   W (270)
  HIGHEST WIND SPEED    21   HIGHEST WIND DIRECTION     W (270)
  HIGHEST GUST SPEED    36   HIGHEST GUST DIRECTION    NW (300)
  AVERAGE WIND SPEED     9.4


SKY COVER
  POSSIBLE SUNSHINE  MM
  AVERAGE SKY COVER 0.7


WEATHER CONDITIONS
 THE FOLLOWING WEATHER WAS RECORDED YESTERDAY.
  LIGHT RAIN


RELATIVE HUMIDITY (PERCENT)
 HIGHEST    86           400 AM
 LOWEST     56           100 PM
 AVERAGE    71

..........................................................


THE OAKLAND AIRPORT CLIMATE NORMALS FOR TODAY
                         NORMAL    RECORD    YEAR
 MAXIMUM TEMPERATURE (F)   67        86      2004
 MINIMUM TEMPERATURE (F)   49        43      1949


SUNRISE AND SUNSET
APRIL 25 2014.........SUNRISE   620 AM PDT   SUNSET   754 PM PDT
APRIL 26 2014.........SUNRISE   619 AM PDT   SUNSET   755 PM PDT


-  INDICATES NEGATIVE NUMBERS.
R  INDICATES RECORD WAS SET OR TIED.
MM INDICATES DATA IS MISSING.
T  INDICATES TRACE AMOUNT.




$$
