000
CDUS43 KOAX 240707
CLIOAX


CLIMATE REPORT
NATIONAL WEATHER SERVICE OMAHA NEBRASKA
106 AM CST SAT FEB 24 2018


...................................

...THE VALLEY  NWS, NEBRASKA CLIMATE SUMMARY FOR FEBRUARY 23 2018...

CLIMATE NORMAL PERIOD 1981 TO 2010
CLIMATE RECORD PERIOD 1997 TO 2018


WEATHER ITEM   OBSERVED TIME   NORMAL DEPARTURE LAST
                VALUE   (LST)  VALUE  FROM      YEAR
                                      NORMAL
......................................................
TEMPERATURE (F)
 YESTERDAY
  MAXIMUM         29    346 PM  39    -10       46
  MINIMUM         17    705 AM  20     -3       32
  AVERAGE         23            30     -7       39

PRECIPITATION (IN)
  YESTERDAY        0.00          0.03  -0.03     0.36
  MONTH TO DATE    0.76          0.74   0.02     0.66
  SINCE DEC 1      2.44          2.64  -0.20     2.92
  SINCE JAN 1      2.06          1.53   0.53     1.61

SNOWFALL (IN)
  YESTERDAY        0.0                           1.0
  MONTH TO DATE    9.0                           5.0
  SINCE JUL 1     19.5                          10.0
  SNOW DEPTH       1

DEGREE DAYS
 HEATING
  YESTERDAY       42            35      7       26
  MONTH TO DATE 1013           884    129      599
  SINCE DEC 1   3454          3388     66     2933
  SINCE JUL 1   4529          4658   -129     3722

 COOLING
  YESTERDAY        0             0      0        0
  MONTH TO DATE    0             0      0        0
  SINCE DEC 1      0             0      0        0
  SINCE JAN 1      0             0      0        0
......................................................


WIND (MPH)
  HIGHEST WIND SPEED    MM   HIGHEST WIND DIRECTION    MM
  HIGHEST GUST SPEED    17   HIGHEST GUST DIRECTION    MM


SKY COVER
  POSSIBLE SUNSHINE  MM


WEATHER CONDITIONS
 THE FOLLOWING WEATHER WAS RECORDED YESTERDAY.
  NO SIGNIFICANT WEATHER WAS OBSERVED.


..........................................................


THE VALLEY  NWS, NEBRASKA CLIMATE NORMALS FOR TODAY
                         NORMAL
 MAXIMUM TEMPERATURE (F)   39
 MINIMUM TEMPERATURE (F)   20


SUNRISE AND SUNSET
FEBRUARY 24 2018......SUNRISE   707 AM CST   SUNSET   610 PM CST
FEBRUARY 25 2018......SUNRISE   706 AM CST   SUNSET   612 PM CST


-  INDICATES NEGATIVE NUMBERS.
R  INDICATES RECORD WAS SET OR TIED.
MM INDICATES DATA IS MISSING.
T  INDICATES TRACE AMOUNT.




$$
