000
CDUS43 KOAX 300644
CLIOAX


CLIMATE REPORT
NATIONAL WEATHER SERVICE OMAHA NEBRASKA
143 AM CDT WED JUL 30 2014


...................................

...THE VALLEY  NWS, NEBRASKA CLIMATE SUMMARY FOR JULY 29 2014...

CLIMATE NORMAL PERIOD 1981 TO 2010
CLIMATE RECORD PERIOD 1997 TO 2014


WEATHER ITEM   OBSERVED TIME   NORMAL DEPARTURE LAST
                VALUE   (LST)  VALUE  FROM      YEAR
                                      NORMAL
......................................................
TEMPERATURE (F)
 YESTERDAY
  MAXIMUM         80    333 PM  86     -6       67
  MINIMUM         56    347 AM  67    -11       60
  AVERAGE         68            76     -8       64

PRECIPITATION (IN)
  YESTERDAY        0.00          0.15  -0.15     0.10
  MONTH TO DATE    0.88          4.18  -3.30     0.32
  SINCE JUN 1     12.55          9.27   3.28     4.74
  SINCE JAN 1     21.46         20.59   0.87    18.90

SNOWFALL (IN)
  YESTERDAY        0.0                           0.0
  MONTH TO DATE    0.0                           0.0
  SINCE JUL 1      0.0                           0.0
  SNOW DEPTH       0

DEGREE DAYS
 HEATING
  YESTERDAY        0             0      0        1
  MONTH TO DATE    1             0      1        4
  SINCE JUN 1      5            16    -11       21
  SINCE JUL 1      1             0      1        4

 COOLING
  YESTERDAY        3            12     -9        0
  MONTH TO DATE  237           340   -103      338
  SINCE JUN 1    477           574    -97      560
  SINCE JAN 1    607           646    -39      646
......................................................


WIND (MPH)
  HIGHEST WIND SPEED    MM   HIGHEST WIND DIRECTION    MM
  HIGHEST GUST SPEED    17   HIGHEST GUST DIRECTION    MM


SKY COVER
  POSSIBLE SUNSHINE  MM


WEATHER CONDITIONS
 THE FOLLOWING WEATHER WAS RECORDED YESTERDAY.
  NO SIGNIFICANT WEATHER WAS OBSERVED.


..........................................................


THE VALLEY  NWS, NEBRASKA CLIMATE NORMALS FOR TODAY
                         NORMAL
 MAXIMUM TEMPERATURE (F)   86
 MINIMUM TEMPERATURE (F)   67


SUNRISE AND SUNSET
JULY 30 2014..........SUNRISE   619 AM CDT   SUNSET   844 PM CDT
JULY 31 2014..........SUNRISE   620 AM CDT   SUNSET   843 PM CDT


-  INDICATES NEGATIVE NUMBERS.
R  INDICATES RECORD WAS SET OR TIED.
MM INDICATES DATA IS MISSING.
T  INDICATES TRACE AMOUNT.




$$
