000
CDUS43 KOAX 300703
CLIOAX


CLIMATE REPORT
NATIONAL WEATHER SERVICE OMAHA NEBRASKA
203 AM CDT SAT AUG 30 2014


...................................

...THE VALLEY  NWS, NEBRASKA CLIMATE SUMMARY FOR AUGUST 29 2014...

CLIMATE NORMAL PERIOD 1981 TO 2010
CLIMATE RECORD PERIOD 1997 TO 2014


WEATHER ITEM   OBSERVED TIME   NORMAL DEPARTURE LAST
                VALUE   (LST)  VALUE  FROM      YEAR
                                      NORMAL
......................................................
TEMPERATURE (F)
 YESTERDAY
  MAXIMUM         76    125 PM  82     -6       97
  MINIMUM         66   1138 PM  61      5       70
  AVERAGE         71            72     -1       84

PRECIPITATION (IN)
  YESTERDAY        0.01          0.12  -0.11     0.00
  MONTH TO DATE    7.22          3.81   3.41     2.13
  SINCE JUN 1     19.79         13.35   6.44     6.88
  SINCE JAN 1     28.70         24.67   4.03    21.04

SNOWFALL (IN)
  YESTERDAY        0.0                           0.0
  MONTH TO DATE    0.0                           0.0
  SINCE JUL 1      0.0                           0.0
  SNOW DEPTH       0

DEGREE DAYS
 HEATING
  YESTERDAY        0             0      0        0
  MONTH TO DATE    0             0      0        1
  SINCE JUN 1      5            17    -12       22
  SINCE JUL 1      1             1      0        5

 COOLING
  YESTERDAY        6             7     -1       19
  MONTH TO DATE  290           272     18      314
  SINCE JUN 1    777           865    -88      888
  SINCE JAN 1    907           937    -30      974
......................................................


WIND (MPH)
  HIGHEST WIND SPEED    MM   HIGHEST WIND DIRECTION    MM
  HIGHEST GUST SPEED    16   HIGHEST GUST DIRECTION    MM


SKY COVER
  POSSIBLE SUNSHINE  MM


WEATHER CONDITIONS
 THE FOLLOWING WEATHER WAS RECORDED YESTERDAY.
  LIGHT RAIN
  FOG


..........................................................


THE VALLEY  NWS, NEBRASKA CLIMATE NORMALS FOR TODAY
                         NORMAL
 MAXIMUM TEMPERATURE (F)   82
 MINIMUM TEMPERATURE (F)   61


SUNRISE AND SUNSET
AUGUST 30 2014........SUNRISE   650 AM CDT   SUNSET   802 PM CDT
AUGUST 31 2014........SUNRISE   651 AM CDT   SUNSET   800 PM CDT


-  INDICATES NEGATIVE NUMBERS.
R  INDICATES RECORD WAS SET OR TIED.
MM INDICATES DATA IS MISSING.
T  INDICATES TRACE AMOUNT.




$$
