000
CDUS43 KOAX 100623
CLIOAX


CLIMATE REPORT
NATIONAL WEATHER SERVICE OMAHA NEBRASKA
122 AM CDT THU JUL 10 2014


...................................

...THE VALLEY  NWS, NEBRASKA CLIMATE SUMMARY FOR JULY 9 2014...

CLIMATE NORMAL PERIOD 1981 TO 2010
CLIMATE RECORD PERIOD 1997 TO 2014


WEATHER ITEM   OBSERVED TIME   NORMAL DEPARTURE LAST
                VALUE   (LST)  VALUE  FROM      YEAR
                                      NORMAL
......................................................
TEMPERATURE (F)
 YESTERDAY
  MAXIMUM         81    138 PM  86     -5       95
  MINIMUM         60    418 AM  67     -7       74
  AVERAGE         71            76     -5       85

PRECIPITATION (IN)
  YESTERDAY        0.01          0.15  -0.14     0.04
  MONTH TO DATE    0.74          1.40  -0.66     0.07
  SINCE JUN 1     12.41          6.49   5.92     4.49
  SINCE JAN 1     21.32         17.81   3.51    18.65

SNOWFALL (IN)
  YESTERDAY        0.0                           0.0
  MONTH TO DATE    0.0                           0.0
  SINCE JUL 1      0.0                           0.0
  SNOW DEPTH       0

DEGREE DAYS
 HEATING
  YESTERDAY        0             0      0        0
  MONTH TO DATE    0             0      0        0
  SINCE JUN 1      4            16    -12       17
  SINCE JUL 1      0             0      0        0

 COOLING
  YESTERDAY        6            12     -6       20
  MONTH TO DATE   67           100    -33      109
  SINCE JUN 1    307           334    -27      331
  SINCE JAN 1    437           406     31      417
......................................................


WIND (MPH)
  HIGHEST WIND SPEED    MM   HIGHEST WIND DIRECTION    MM
  HIGHEST GUST SPEED    23   HIGHEST GUST DIRECTION    MM


SKY COVER
  POSSIBLE SUNSHINE  MM


WEATHER CONDITIONS
 THE FOLLOWING WEATHER WAS RECORDED YESTERDAY.
  LIGHT RAIN


..........................................................


THE VALLEY  NWS, NEBRASKA CLIMATE NORMALS FOR TODAY
                         NORMAL
 MAXIMUM TEMPERATURE (F)   86
 MINIMUM TEMPERATURE (F)   67


SUNRISE AND SUNSET
JULY 10 2014..........SUNRISE   602 AM CDT   SUNSET   900 PM CDT
JULY 11 2014..........SUNRISE   602 AM CDT   SUNSET   859 PM CDT


-  INDICATES NEGATIVE NUMBERS.
R  INDICATES RECORD WAS SET OR TIED.
MM INDICATES DATA IS MISSING.
T  INDICATES TRACE AMOUNT.




$$
