000
CDUS43 KOAX 250702
CLIOAX


CLIMATE REPORT
NATIONAL WEATHER SERVICE OMAHA NEBRASKA
201 AM CDT MON MAY 25 2015


...................................

...THE VALLEY  NWS, NEBRASKA CLIMATE SUMMARY FOR MAY 24 2015...

CLIMATE NORMAL PERIOD 1981 TO 2010
CLIMATE RECORD PERIOD 1997 TO 2015


WEATHER ITEM   OBSERVED TIME   NORMAL DEPARTURE LAST
                VALUE   (LST)  VALUE  FROM      YEAR
                                      NORMAL
......................................................
TEMPERATURE (F)
 YESTERDAY
  MAXIMUM         68    443 PM  75     -7       79
  MINIMUM         59    517 AM  55      4       63
  AVERAGE         64            65     -1       71

PRECIPITATION (IN)
  YESTERDAY        0.05          0.15  -0.10      T
  MONTH TO DATE    5.50          3.51   1.99     4.19
  SINCE MAR 1      9.68          8.54   1.14     7.21
  SINCE JAN 1     11.25         10.25   1.00     8.25

SNOWFALL (IN)
  YESTERDAY        0.0                           0.0
  MONTH TO DATE    0.0                           0.0
  SINCE JUL 1     19.3                          18.2
  SNOW DEPTH       0

DEGREE DAYS
 HEATING
  YESTERDAY        1             3     -2        0
  MONTH TO DATE  136           136      0      148
  SINCE MAR 1   1124          1403   -279     1441
  SINCE JUL 1   5853          6234   -381     6501

 COOLING
  YESTERDAY        0             3     -3        6
  MONTH TO DATE   15            40    -25       49
  SINCE MAR 1     19            47    -28       58
  SINCE JAN 1     19            47    -28       58
......................................................


WIND (MPH)
  HIGHEST WIND SPEED    MM   HIGHEST WIND DIRECTION    MM
  HIGHEST GUST SPEED    20   HIGHEST GUST DIRECTION    MM


SKY COVER
  POSSIBLE SUNSHINE  MM


WEATHER CONDITIONS
 THE FOLLOWING WEATHER WAS RECORDED YESTERDAY.
  LIGHT RAIN
  FOG


..........................................................


THE VALLEY  NWS, NEBRASKA CLIMATE NORMALS FOR TODAY
                         NORMAL
 MAXIMUM TEMPERATURE (F)   76
 MINIMUM TEMPERATURE (F)   56


SUNRISE AND SUNSET
MAY 25 2015...........SUNRISE   559 AM CDT   SUNSET   847 PM CDT
MAY 26 2015...........SUNRISE   558 AM CDT   SUNSET   847 PM CDT


-  INDICATES NEGATIVE NUMBERS.
R  INDICATES RECORD WAS SET OR TIED.
MM INDICATES DATA IS MISSING.
T  INDICATES TRACE AMOUNT.




$$
