000
CDUS43 KOAX 010649
CLIOAX


CLIMATE REPORT
NATIONAL WEATHER SERVICE OMAHA NEBRASKA
1247 AM CST SUN FEB 1 2015


...................................

...THE VALLEY  NWS, NEBRASKA CLIMATE SUMMARY FOR JANUARY 31 2015...

CLIMATE NORMAL PERIOD 1981 TO 2010
CLIMATE RECORD PERIOD 1997 TO 2015


WEATHER ITEM   OBSERVED TIME   NORMAL DEPARTURE LAST
                VALUE   (LST)  VALUE  FROM      YEAR
                                      NORMAL
......................................................
TEMPERATURE (F)
 YESTERDAY
  MAXIMUM         38    517 AM  34      4       25
  MINIMUM         33   1159 PM  15     18       13
  AVERAGE         36            24     12       19

PRECIPITATION (IN)
  YESTERDAY        0.63          0.04   0.59     0.03
  MONTH TO DATE    0.72          0.79  -0.07     0.17
  SINCE DEC 1      2.62          1.90   0.72     0.35
  SINCE JAN 1      0.72          0.79  -0.07     0.17

SNOWFALL (IN)
  YESTERDAY        3.4                           0.4
  MONTH TO DATE    5.3                           2.2
  SINCE JUL 1      9.6                           6.3
  SNOW DEPTH       0

DEGREE DAYS
 HEATING
  YESTERDAY       29            41    -12       46
  MONTH TO DATE 1142          1294   -152     1338
  SINCE DEC 1   2190          2504   -314     2650
  SINCE JUL 1   3507          3774   -267     3869

 COOLING
  YESTERDAY        0             0      0        0
  MONTH TO DATE    0             0      0        0
  SINCE DEC 1      0             0      0        0
  SINCE JAN 1      0             0      0        0
......................................................


WIND (MPH)
  HIGHEST WIND SPEED    MM   HIGHEST WIND DIRECTION    MM
  HIGHEST GUST SPEED    20   HIGHEST GUST DIRECTION    MM


SKY COVER
  POSSIBLE SUNSHINE  MM


WEATHER CONDITIONS
 THE FOLLOWING WEATHER WAS RECORDED YESTERDAY.
  MIXED PRECIP
  LIGHT RAIN
  LIGHT SNOW
  FOG


..........................................................


THE VALLEY  NWS, NEBRASKA CLIMATE NORMALS FOR TODAY
                         NORMAL
 MAXIMUM TEMPERATURE (F)   34
 MINIMUM TEMPERATURE (F)   15


SUNRISE AND SUNSET
FEBRUARY  1 2015......SUNRISE   737 AM CST   SUNSET   542 PM CST
FEBRUARY  2 2015......SUNRISE   736 AM CST   SUNSET   543 PM CST


-  INDICATES NEGATIVE NUMBERS.
R  INDICATES RECORD WAS SET OR TIED.
MM INDICATES DATA IS MISSING.
T  INDICATES TRACE AMOUNT.




$$
