000
CDUS43 KOAX 260649
CLIOAX


CLIMATE REPORT
NATIONAL WEATHER SERVICE OMAHA NEBRASKA
1249 AM CST SUN FEB 26 2017


...................................

...THE VALLEY  NWS, NEBRASKA CLIMATE SUMMARY FOR FEBRUARY 25 2017...

CLIMATE NORMAL PERIOD 1981 TO 2010
CLIMATE RECORD PERIOD 1997 TO 2017


WEATHER ITEM   OBSERVED TIME   NORMAL DEPARTURE LAST
                VALUE   (LST)  VALUE  FROM      YEAR
                                      NORMAL
......................................................
TEMPERATURE (F)
 YESTERDAY
  MAXIMUM         33    511 PM  40     -7       36
  MINIMUM         16    710 AM  21     -5       30
  AVERAGE         25            30     -5       33

PRECIPITATION (IN)
  YESTERDAY        0.00          0.03  -0.03     0.01
  MONTH TO DATE    0.76          0.81  -0.05     0.99
  SINCE DEC 1      3.02          2.71   0.31     6.85
  SINCE JAN 1      1.71          1.60   0.11     1.74

SNOWFALL (IN)
  YESTERDAY        0.0                           0.2
  MONTH TO DATE    6.3                           9.7
  SINCE JUL 1     11.3                          28.5
  SNOW DEPTH       2

DEGREE DAYS
 HEATING
  YESTERDAY       40            35      5       32
  MONTH TO DATE  676           954   -278      818
  SINCE DEC 1   3010          3458   -448     3024
  SINCE JUL 1   3799          4728   -929     3909

 COOLING
  YESTERDAY        0             0      0        0
  MONTH TO DATE    0             0      0        0
  SINCE DEC 1      0             0      0        0
  SINCE JAN 1      0             0      0        0
......................................................


WIND (MPH)
  HIGHEST WIND SPEED    MM   HIGHEST WIND DIRECTION    MM
  HIGHEST GUST SPEED    22   HIGHEST GUST DIRECTION    MM


SKY COVER
  POSSIBLE SUNSHINE  MM


WEATHER CONDITIONS
 THE FOLLOWING WEATHER WAS RECORDED YESTERDAY.
  NO SIGNIFICANT WEATHER WAS OBSERVED.


..........................................................


THE VALLEY  NWS, NEBRASKA CLIMATE NORMALS FOR TODAY
                         NORMAL
 MAXIMUM TEMPERATURE (F)   40
 MINIMUM TEMPERATURE (F)   21


SUNRISE AND SUNSET
FEBRUARY 26 2017......SUNRISE   704 AM CST   SUNSET   613 PM CST
FEBRUARY 27 2017......SUNRISE   703 AM CST   SUNSET   614 PM CST


-  INDICATES NEGATIVE NUMBERS.
R  INDICATES RECORD WAS SET OR TIED.
MM INDICATES DATA IS MISSING.
T  INDICATES TRACE AMOUNT.




$$
