000
CDUS43 KGID 250706
CLIODX


CLIMATE REPORT
NATIONAL WEATHER SERVICE HASTINGS NE
201 AM CDT THU MAY 25 2017


...................................

...THE ORD NE CLIMATE SUMMARY FOR MAY 24 2017...

CLIMATE NORMAL PERIOD 1981 TO 2010
CLIMATE RECORD PERIOD 1895 TO 2017


WEATHER ITEM   OBSERVED TIME   NORMAL DEPARTURE LAST
                VALUE   (LST)  VALUE  FROM      YEAR
                                      NORMAL
......................................................
TEMPERATURE (F)
 YESTERDAY
  MAXIMUM         67    506 PM  74     -7       82
  MINIMUM         37    518 AM  50    -13       50
  AVERAGE         52            62    -10       66

PRECIPITATION (IN)
  YESTERDAY        0.00          0.15  -0.15     0.00
  MONTH TO DATE    2.99          2.79   0.20     3.22
  SINCE MAR 1      9.07          6.83   2.24    13.56
  SINCE JAN 1     11.01          7.64   3.37    14.71

DEGREE DAYS
 HEATING
  YESTERDAY       13             5      8        0
  MONTH TO DATE  225           191     34      219
  SINCE MAR 1   1403          1527   -124     1337
  SINCE JUL 1   5914          6544   -630     5686

 COOLING
  YESTERDAY        0             2     -2        1
  MONTH TO DATE   14            25    -11        9
  SINCE MAR 1     14            27    -13        9
  SINCE JAN 1     14            27    -13        9
......................................................


WIND (MPH)
  HIGHEST WIND SPEED    15   HIGHEST WIND DIRECTION     S (200)
  HIGHEST GUST SPEED    19   HIGHEST GUST DIRECTION     S (200)
  AVERAGE WIND SPEED     6.6


SKY COVER
  AVERAGE SKY COVER 0.2


WEATHER CONDITIONS
 THE FOLLOWING WEATHER WAS RECORDED YESTERDAY.
  NO SIGNIFICANT WEATHER WAS OBSERVED.


RELATIVE HUMIDITY (PERCENT)
 HIGHEST    92           300 AM
 LOWEST     37           500 PM
 AVERAGE    65

..........................................................


THE ORD NE CLIMATE NORMALS FOR TODAY
                         NORMAL
 MAXIMUM TEMPERATURE (F)   75
 MINIMUM TEMPERATURE (F)   50


SUNRISE AND SUNSET
MAY 25 2017...........SUNRISE   608 AM CDT   SUNSET   858 PM CDT
MAY 26 2017...........SUNRISE   607 AM CDT   SUNSET   859 PM CDT


-  INDICATES NEGATIVE NUMBERS.
R  INDICATES RECORD WAS SET OR TIED.
MM INDICATES DATA IS MISSING.
T  INDICATES TRACE AMOUNT.




$$
