000
CDUS43 KGID 240625
CLIODX


CLIMATE REPORT
NATIONAL WEATHER SERVICE HASTINGS NE
124 AM CDT SUN MAY 24 2015


...................................

...THE ORD NE CLIMATE SUMMARY FOR MAY 23 2015...

CLIMATE NORMAL PERIOD 1981 TO 2010
CLIMATE RECORD PERIOD 1895 TO 2015


WEATHER ITEM   OBSERVED TIME   NORMAL DEPARTURE LAST
                VALUE   (LST)  VALUE  FROM      YEAR
                                      NORMAL
......................................................
TEMPERATURE (F)
 YESTERDAY
  MAXIMUM         59    622 PM  74    -15       77
  MINIMUM         50   1236 AM  50      0       51
  AVERAGE         55            62     -7       64

PRECIPITATION (IN)
  YESTERDAY        0.07          0.13  -0.06     0.00
  MONTH TO DATE    2.82          2.64   0.18     0.49
  SINCE MAR 1      5.56          6.68  -1.12     1.95
  SINCE JAN 1      6.30          7.49  -1.19     2.20

DEGREE DAYS
 HEATING
  YESTERDAY       10             5      5        1
  MONTH TO DATE  213           186     27      256
  SINCE MAR 1   1362          1522   -160     1702
  SINCE JUL 1   6494          6539    -45     6855

 COOLING
  YESTERDAY        0             2     -2        0
  MONTH TO DATE    5            23    -18       11
  SINCE MAR 1      9            25    -16       12
  SINCE JAN 1      9            25    -16       12
......................................................


WIND (MPH)
  HIGHEST WIND SPEED    14   HIGHEST WIND DIRECTION     E (80)
  HIGHEST GUST SPEED    18   HIGHEST GUST DIRECTION     E (100)
  AVERAGE WIND SPEED     8.4


SKY COVER
  AVERAGE SKY COVER 1.0


WEATHER CONDITIONS
 THE FOLLOWING WEATHER WAS RECORDED YESTERDAY.
  LIGHT RAIN
  FOG


RELATIVE HUMIDITY (PERCENT)
 HIGHEST   100           900 PM
 LOWEST     80           500 PM
 AVERAGE    90

..........................................................


THE ORD NE CLIMATE NORMALS FOR TODAY
                         NORMAL
 MAXIMUM TEMPERATURE (F)   74
 MINIMUM TEMPERATURE (F)   50


SUNRISE AND SUNSET
MAY 24 2015...........SUNRISE   609 AM CDT   SUNSET   857 PM CDT
MAY 25 2015...........SUNRISE   608 AM CDT   SUNSET   858 PM CDT


-  INDICATES NEGATIVE NUMBERS.
R  INDICATES RECORD WAS SET OR TIED.
MM INDICATES DATA IS MISSING.
T  INDICATES TRACE AMOUNT.




$$
