000
CDUS43 KGID 250630
CLIODX


CLIMATE REPORT
NATIONAL WEATHER SERVICE HASTINGS NE
129 AM CDT SAT OCT 25 2014


...................................

...THE ORD NE CLIMATE SUMMARY FOR OCTOBER 24 2014...

CLIMATE NORMAL PERIOD 1981 TO 2010
CLIMATE RECORD PERIOD 1895 TO 2014


WEATHER ITEM   OBSERVED TIME   NORMAL DEPARTURE LAST
                VALUE   (LST)  VALUE  FROM      YEAR
                                      NORMAL
......................................................
TEMPERATURE (F)
 YESTERDAY
  MAXIMUM         79    343 PM  59     20       44
  MINIMUM         40   1118 PM  34      6       33
  AVERAGE         60            46     14       39

PRECIPITATION (IN)
  YESTERDAY        0.00          0.06  -0.06     0.00
  MONTH TO DATE    1.14          1.60  -0.46     1.53
  SINCE SEP 1      2.82          4.04  -1.22     4.33
  SINCE JAN 1     20.46         22.95  -2.49    23.76

DEGREE DAYS
 HEATING
  YESTERDAY        5            19    -14       26
  MONTH TO DATE  281           342    -61      361
  SINCE SEP 1    418           465    -47      406
  SINCE JUL 1    437           479    -42      413

 COOLING
  YESTERDAY        0             0      0        0
  MONTH TO DATE    0             6     -6        1
  SINCE SEP 1     57            87    -30      147
  SINCE JAN 1    692           844   -152      907
......................................................


WIND (MPH)
  HIGHEST WIND SPEED     9   HIGHEST WIND DIRECTION    NW (300)
  HIGHEST GUST SPEED    11   HIGHEST GUST DIRECTION    NW (310)
  AVERAGE WIND SPEED     2.7


SKY COVER
  AVERAGE SKY COVER 0.0


WEATHER CONDITIONS
 THE FOLLOWING WEATHER WAS RECORDED YESTERDAY.
  FOG
  FOG W/VISIBILITY <= 1/4 MILE


RELATIVE HUMIDITY (PERCENT)
 HIGHEST   100           400 AM
 LOWEST     25           300 PM
 AVERAGE    63

..........................................................


THE ORD NE CLIMATE NORMALS FOR TODAY
                         NORMAL
 MAXIMUM TEMPERATURE (F)   59
 MINIMUM TEMPERATURE (F)   33


SUNRISE AND SUNSET
OCTOBER 25 2014.......SUNRISE   759 AM CDT   SUNSET   640 PM CDT
OCTOBER 26 2014.......SUNRISE   801 AM CDT   SUNSET   638 PM CDT


-  INDICATES NEGATIVE NUMBERS.
R  INDICATES RECORD WAS SET OR TIED.
MM INDICATES DATA IS MISSING.
T  INDICATES TRACE AMOUNT.




$$
