000
CDUS43 KGID 240634
CLIODX


CLIMATE REPORT
NATIONAL WEATHER SERVICE HASTINGS NE
1232 AM CST FRI FEB 24 2017


...................................

...THE ORD NE CLIMATE SUMMARY FOR FEBRUARY 23 2017...

CLIMATE NORMAL PERIOD 1981 TO 2010
CLIMATE RECORD PERIOD 1895 TO 2017


WEATHER ITEM   OBSERVED TIME   NORMAL DEPARTURE LAST
                VALUE   (LST)  VALUE  FROM      YEAR
                                      NORMAL
......................................................
TEMPERATURE (F)
 YESTERDAY
  MAXIMUM         41   1240 AM  42     -1       48
  MINIMUM         26   1159 PM  17      9       23
  AVERAGE         34            30      4       36

PRECIPITATION (IN)
  YESTERDAY       MM             0.01  MM        0.00
  MONTH TO DATE    0.26          0.38  -0.12     0.85
  SINCE DEC 1      1.82          1.34   0.48     1.84
  SINCE JAN 1      1.41          0.75   0.66     1.15

DEGREE DAYS
 HEATING
  YESTERDAY       31            35     -4       29
  MONTH TO DATE  666           869   -203      739
  SINCE DEC 1   3204          3364   -160     3053
  SINCE JUL 1   4320          4845   -525     4192

 COOLING
  YESTERDAY        0             0      0        0
  MONTH TO DATE    0             0      0        0
  SINCE DEC 1      0             0      0        0
  SINCE JAN 1      0             0      0        0
......................................................


WIND (MPH)
  HIGHEST WIND SPEED    26   HIGHEST WIND DIRECTION    NE (30)
  HIGHEST GUST SPEED    36   HIGHEST GUST DIRECTION    NE (40)
  AVERAGE WIND SPEED    16.5


SKY COVER
  AVERAGE SKY COVER 1.0


WEATHER CONDITIONS
 THE FOLLOWING WEATHER WAS RECORDED YESTERDAY.
  LT FREEZING RAIN
  HEAVY SNOW
  SNOW
  LIGHT SNOW
  FOG


RELATIVE HUMIDITY (PERCENT)
 HIGHEST    92           600 AM
 LOWEST     73          1200 AM
 AVERAGE    83

..........................................................


THE ORD NE CLIMATE NORMALS FOR TODAY
                         NORMAL
 MAXIMUM TEMPERATURE (F)   42
 MINIMUM TEMPERATURE (F)   17


SUNRISE AND SUNSET
FEBRUARY 24 2017......SUNRISE   718 AM CST   SUNSET   621 PM CST
FEBRUARY 25 2017......SUNRISE   716 AM CST   SUNSET   622 PM CST


-  INDICATES NEGATIVE NUMBERS.
R  INDICATES RECORD WAS SET OR TIED.
MM INDICATES DATA IS MISSING.
T  INDICATES TRACE AMOUNT.

$$

KELLEY
