000
CDUS43 KGID 260636
CLIODX


CLIMATE REPORT
NATIONAL WEATHER SERVICE HASTINGS NE
136 AM CDT SAT JUL 26 2014


...................................

...THE ORD NE CLIMATE SUMMARY FOR JULY 25 2014...

CLIMATE NORMAL PERIOD 1981 TO 2010
CLIMATE RECORD PERIOD 1895 TO 2014


WEATHER ITEM   OBSERVED TIME   NORMAL DEPARTURE LAST
                VALUE   (LST)  VALUE  FROM      YEAR
                                      NORMAL
......................................................
TEMPERATURE (F)
 YESTERDAY
  MAXIMUM         90    538 PM  88      2       83
  MINIMUM         66    540 AM  62      4       63
  AVERAGE         78            75      3       73

PRECIPITATION (IN)
  YESTERDAY        0.00          0.08  -0.08     0.19
  MONTH TO DATE    1.97          2.09  -0.12     3.34
  SINCE JUN 1     10.05          6.21   3.84     5.27
  SINCE JAN 1     12.27         14.87  -2.60    15.41

DEGREE DAYS
 HEATING
  YESTERDAY        0             0      0        0
  MONTH TO DATE   19             0     19        1
  SINCE JUN 1     51            37     14       48
  SINCE JUL 1     19             0     19        1

 COOLING
  YESTERDAY       13            10      3        8
  MONTH TO DATE  151           237    -86      260
  SINCE JUN 1    297           399   -102      426
  SINCE JAN 1    366           440    -74      473
......................................................


WIND (MPH)
  HIGHEST WIND SPEED    20   HIGHEST WIND DIRECTION    SE (140)
  HIGHEST GUST SPEED    29   HIGHEST GUST DIRECTION    SE (150)
  AVERAGE WIND SPEED     6.9


SKY COVER
  AVERAGE SKY COVER 0.0


WEATHER CONDITIONS
 THE FOLLOWING WEATHER WAS RECORDED YESTERDAY.
  FOG


RELATIVE HUMIDITY (PERCENT)
 HIGHEST   100           500 AM
 LOWEST     52           300 PM
 AVERAGE    76

..........................................................


THE ORD NE CLIMATE NORMALS FOR TODAY
                         NORMAL
 MAXIMUM TEMPERATURE (F)   88
 MINIMUM TEMPERATURE (F)   62


SUNRISE AND SUNSET
JULY 26 2014..........SUNRISE   624 AM CDT   SUNSET   900 PM CDT
JULY 27 2014..........SUNRISE   625 AM CDT   SUNSET   859 PM CDT


-  INDICATES NEGATIVE NUMBERS.
R  INDICATES RECORD WAS SET OR TIED.
MM INDICATES DATA IS MISSING.
T  INDICATES TRACE AMOUNT.




$$
