000
CDUS43 KGID 010643
CLIODX


CLIMATE REPORT
NATIONAL WEATHER SERVICE HASTINGS NE
142 AM CDT TUE SEP 1 2015


...................................

...THE ORD NE CLIMATE SUMMARY FOR AUGUST 31 2015...

CLIMATE NORMAL PERIOD 1981 TO 2010
CLIMATE RECORD PERIOD 1895 TO 2015


WEATHER ITEM   OBSERVED TIME   NORMAL DEPARTURE LAST
                VALUE   (LST)  VALUE  FROM      YEAR
                                      NORMAL
......................................................
TEMPERATURE (F)
 YESTERDAY
  MAXIMUM         92    322 PM  83      9       83
  MINIMUM         59    424 AM  57      2       57
  AVERAGE         76            70      6       70

PRECIPITATION (IN)
  YESTERDAY        0.00          0.09  -0.09      T
  MONTH TO DATE    2.13          3.16  -1.03     5.27
  SINCE JUN 1      8.08         10.25  -2.17    15.42
  SINCE JAN 1     14.54         18.91  -4.37    17.64

DEGREE DAYS
 HEATING
  YESTERDAY        0             1     -1        0
  MONTH TO DATE   18             4     14        0
  SINCE JUN 1     29            51    -22       51
  SINCE JUL 1     23            14      9       19

 COOLING
  YESTERDAY       11             6      5        5
  MONTH TO DATE  194           257    -63      235
  SINCE JUN 1    654           716    -62      566
  SINCE JAN 1    663           757    -94      635
......................................................


WIND (MPH)
  HIGHEST WIND SPEED    16   HIGHEST WIND DIRECTION     S (170)
  HIGHEST GUST SPEED    27   HIGHEST GUST DIRECTION    SW (210)
  AVERAGE WIND SPEED     6.8


SKY COVER
  AVERAGE SKY COVER 0.1


WEATHER CONDITIONS
 THE FOLLOWING WEATHER WAS RECORDED YESTERDAY.
  FOG


RELATIVE HUMIDITY (PERCENT)
 HIGHEST   100           500 AM
 LOWEST     38           300 PM
 AVERAGE    69

..........................................................


THE ORD NE CLIMATE NORMALS FOR TODAY
                         NORMAL
 MAXIMUM TEMPERATURE (F)   83
 MINIMUM TEMPERATURE (F)   56


SUNRISE AND SUNSET
SEPTEMBER  1 2015.....SUNRISE   702 AM CDT   SUNSET   809 PM CDT
SEPTEMBER  2 2015.....SUNRISE   703 AM CDT   SUNSET   808 PM CDT


-  INDICATES NEGATIVE NUMBERS.
R  INDICATES RECORD WAS SET OR TIED.
MM INDICATES DATA IS MISSING.
T  INDICATES TRACE AMOUNT.




$$
