000
CDUS43 KGID 312223
CLIODX


CLIMATE REPORT
NATIONAL WEATHER SERVICE HASTINGS NE
523 PM CDT TUE MAY 31 2016


...................................

...THE ORD NE CLIMATE SUMMARY FOR MAY 31 2016...
VALID TODAY AS OF 0500 PM LOCAL TIME.

CLIMATE NORMAL PERIOD 1981 TO 2010
CLIMATE RECORD PERIOD 1895 TO 2016


WEATHER ITEM   OBSERVED TIME   NORMAL DEPARTURE LAST
                VALUE   (LST)  VALUE  FROM      YEAR
                                      NORMAL
......................................................
TEMPERATURE (F)
 TODAY
  MAXIMUM         74    329 PM  77     -3       73
  MINIMUM         54    614 AM  53      1       36
  AVERAGE         64            64      0       55

PRECIPITATION (IN)
  TODAY            T             0.15  -0.15     0.00
  MONTH TO DATE    5.05          3.81   1.24     2.98
  SINCE MAR 1     15.39          7.85   7.54     5.72
  SINCE JAN 1     16.54          8.66   7.88     6.46

DEGREE DAYS
 HEATING
  TODAY            1             3     -2       10
  MONTH TO DATE  220           216      4      250
  SINCE MAR 1   1338          1553   -215     1399
  SINCE JUL 1   5687          6570   -883     6531

 COOLING
  TODAY            0             3     -3        0
  MONTH TO DATE   22            39    -17        5
  SINCE MAR 1     22            41    -19        9
  SINCE JAN 1     22            41    -19        9
......................................................


WIND (MPH)
  HIGHEST WIND SPEED    20   HIGHEST WIND DIRECTION     N (340)
  HIGHEST GUST SPEED    25   HIGHEST GUST DIRECTION     N (340)
  AVERAGE WIND SPEED    11.4


SKY COVER
  AVERAGE SKY COVER 0.3


WEATHER CONDITIONS
 THE FOLLOWING WEATHER WAS RECORDED TODAY.
  LIGHT RAIN


RELATIVE HUMIDITY (PERCENT)
 HIGHEST    86           400 AM
 LOWEST     31           300 PM
 AVERAGE    59

..........................................................


THE ORD NE CLIMATE NORMALS FOR TOMORROW
                         NORMAL
 MAXIMUM TEMPERATURE (F)   77
 MINIMUM TEMPERATURE (F)   53


SUNRISE AND SUNSET
MAY 31 2016...........SUNRISE   604 AM CDT   SUNSET   903 PM CDT
JUNE  1 2016..........SUNRISE   604 AM CDT   SUNSET   904 PM CDT


-  INDICATES NEGATIVE NUMBERS.
R  INDICATES RECORD WAS SET OR TIED.
MM INDICATES DATA IS MISSING.
T  INDICATES TRACE AMOUNT.




$$
