481
CDUS43 KOAX 062154
CLIOFK


CLIMATE REPORT
NATIONAL WEATHER SERVICE OMAHA NEBRASKA
454 PM CDT FRI MAY 6 2016


...................................

...THE NORFOLK, NEBRASKA CLIMATE SUMMARY FOR MAY 6 2016...
VALID TODAY AS OF 400 PM LOCAL TIME.

CLIMATE NORMAL PERIOD 1981 TO 2010
CLIMATE RECORD PERIOD 1888 TO 2016


WEATHER ITEM   OBSERVED TIME   RECORD YEAR NORMAL DEPARTURE LAST
                VALUE   (LST)  VALUE       VALUE  FROM      YEAR
                                                  NORMAL
..................................................................
TEMPERATURE (F)
 TODAY
  MAXIMUM         86    259 PM 101    1934  69     17       69
  MINIMUM         56    534 AM  22    1944  45     11       61
  AVERAGE         71                        57     14       65

PRECIPITATION (IN)
  TODAY            0.00          3.17 1932   0.12  -0.12     0.38
  MONTH TO DATE    0.33                      0.67  -0.34     0.71
  SINCE MAR 1      7.95                      5.09   2.86     3.47
  SINCE JAN 1     10.10                      6.44   3.66     4.35

SNOWFALL (IN)
  TODAY            0.0                       0.0    0.0      0.0
  MONTH TO DATE    0.0                       0.1   -0.1      0.0
  SINCE JUL 1     53.0                      30.6   22.4     20.7
  SNOW DEPTH       0

DEGREE DAYS
 HEATING
  TODAY            0                         9     -9        0
  MONTH TO DATE   61                        57      4        7
  SINCE MAR 1   1143                      1387   -244     1061
  SINCE JUL 1   5444                      6480  -1036     6107

 COOLING
  TODAY            6                         1      5        0
  MONTH TO DATE    6                         6      0       11
  SINCE MAR 1      6                        18    -12       16
  SINCE JAN 1      6                        18    -12       16
..................................................................


WIND (MPH)
  HIGHEST WIND SPEED    26   HIGHEST WIND DIRECTION    SW (210)
  HIGHEST GUST SPEED    33   HIGHEST GUST DIRECTION    SW (210)
  AVERAGE WIND SPEED    15.9


SKY COVER
  POSSIBLE SUNSHINE  MM
  AVERAGE SKY COVER 0.0


WEATHER CONDITIONS
 THE FOLLOWING WEATHER WAS RECORDED TODAY.
  NO SIGNIFICANT WEATHER WAS OBSERVED.


RELATIVE HUMIDITY (PERCENT)
 HIGHEST    61           300 AM
 LOWEST     25           300 PM
 AVERAGE    43

..........................................................


THE NORFOLK, NEBRASKA CLIMATE NORMALS FOR TOMORROW
                         NORMAL    RECORD    YEAR
 MAXIMUM TEMPERATURE (F)   70        99      1916
 MINIMUM TEMPERATURE (F)   46        29      1989


SUNRISE AND SUNSET
MAY  6 2016...........SUNRISE   619 AM CDT   SUNSET   835 PM CDT
MAY  7 2016...........SUNRISE   617 AM CDT   SUNSET   836 PM CDT


-  INDICATES NEGATIVE NUMBERS.
R  INDICATES RECORD WAS SET OR TIED.
MM INDICATES DATA IS MISSING.
T  INDICATES TRACE AMOUNT.




$$

KLISH
