000
CDUS43 KOAX 190658
CLIOFK


CLIMATE REPORT
NATIONAL WEATHER SERVICE OMAHA NEBRASKA
1256 AM CST SUN NOV 19 2017


...................................

...THE NORFOLK, NEBRASKA CLIMATE SUMMARY FOR NOVEMBER 18 2017...

CLIMATE NORMAL PERIOD 1981 TO 2010
CLIMATE RECORD PERIOD 1888 TO 2017


WEATHER ITEM   OBSERVED TIME   RECORD YEAR NORMAL DEPARTURE LAST
                VALUE   (LST)  VALUE       VALUE  FROM      YEAR
                                                  NORMAL
..................................................................
TEMPERATURE (F)
 YESTERDAY
  MAXIMUM         45   1155 AM  77    1904  46     -1       37
  MINIMUM         22   1152 PM   0    1909  24     -2       28
  AVERAGE         34                        35     -1       33

PRECIPITATION (IN)
  YESTERDAY        0.01          0.60 1934   0.05  -0.04     0.37
  MONTH TO DATE    0.09                      0.87  -0.78     0.56
  SINCE SEP 1      5.69                      5.63   0.06     4.94
  SINCE JAN 1     27.47                     26.16   1.31    29.81

SNOWFALL (IN)
  YESTERDAY        0.0                       0.1   -0.1      2.5
  MONTH TO DATE    T                         1.9   -1.9      2.5
  SINCE JUL 1      T                         2.7   -2.7      2.5
  SNOW DEPTH       0

DEGREE DAYS
 HEATING
  YESTERDAY       31                        30      1       32
  MONTH TO DATE  512                       456     56      283
  SINCE SEP 1   1014                      1025    -11      681
  SINCE JUL 1   1025                      1041    -16      694

 COOLING
  YESTERDAY        0                         0      0        0
  MONTH TO DATE    0                         0      0        0
  SINCE SEP 1    121                        99     22      120
  SINCE JAN 1    879                       915    -36      963
..................................................................


WIND (MPH)
  HIGHEST WIND SPEED    35   HIGHEST WIND DIRECTION     N (340)
  HIGHEST GUST SPEED    43   HIGHEST GUST DIRECTION    NW (320)
  AVERAGE WIND SPEED    15.7


SKY COVER
  POSSIBLE SUNSHINE  MM
  AVERAGE SKY COVER 0.3


WEATHER CONDITIONS
 THE FOLLOWING WEATHER WAS RECORDED YESTERDAY.
  LIGHT RAIN


RELATIVE HUMIDITY (PERCENT)
 HIGHEST    92           200 AM
 LOWEST     51           400 PM
 AVERAGE    72

..........................................................


THE NORFOLK, NEBRASKA CLIMATE NORMALS FOR TODAY
                         NORMAL    RECORD    YEAR
 MAXIMUM TEMPERATURE (F)   45        73      1989
                                             1941
 MINIMUM TEMPERATURE (F)   24        -4      1914


SUNRISE AND SUNSET
NOVEMBER 19 2017......SUNRISE   725 AM CST   SUNSET   505 PM CST
NOVEMBER 20 2017......SUNRISE   726 AM CST   SUNSET   505 PM CST


-  INDICATES NEGATIVE NUMBERS.
R  INDICATES RECORD WAS SET OR TIED.
MM INDICATES DATA IS MISSING.
T  INDICATES TRACE AMOUNT.




$$
