000
CDUS43 KOAX 260634
CLIOFK


CLIMATE REPORT
NATIONAL WEATHER SERVICE OMAHA NEBRASKA
1225 AM CST FRI DEC 26 2014


...................................

...THE NORFOLK, NEBRASKA CLIMATE SUMMARY FOR DECEMBER 25 2014...

CLIMATE NORMAL PERIOD 1981 TO 2010
CLIMATE RECORD PERIOD 1888 TO 2014


WEATHER ITEM   OBSERVED TIME   RECORD YEAR NORMAL DEPARTURE LAST
                VALUE   (LST)  VALUE       VALUE  FROM      YEAR
                                                  NORMAL
..................................................................
TEMPERATURE (F)
 YESTERDAY
  MAXIMUM         42    330 PM  63    1963  33      9       40
  MINIMUM         25    725 AM -16    1983  13     12       13
                                      1924
  AVERAGE         34                        23     11       27

PRECIPITATION (IN)
  YESTERDAY        0.00          0.73 2009   0.02  -0.02     0.00
  MONTH TO DATE    0.99                      0.63   0.36     0.13
  SINCE DEC 1      0.99                      0.63   0.36     0.13
  SINCE JAN 1     29.50                     27.29   2.21    24.92

SNOWFALL (IN)
  YESTERDAY        0.0                       0.2   -0.2      0.0
  MONTH TO DATE    2.5                       5.0   -2.5      2.1
  SINCE JUL 1      6.2                       9.9   -3.7      3.0
  SNOW DEPTH       0

DEGREE DAYS
 HEATING
  YESTERDAY       31                        42    -11       38
  MONTH TO DATE  815                      1006   -191     1144
  SINCE DEC 1    815                      1006   -191     1144
  SINCE JUL 1   2308                      2451   -143     2530

 COOLING
  YESTERDAY        0                         0      0        0
  MONTH TO DATE    0                         0      0        0
  SINCE DEC 1      0                         0      0        0
  SINCE JAN 1    812                       915   -103     1005
..................................................................


WIND (MPH)
  HIGHEST WIND SPEED    16   HIGHEST WIND DIRECTION     N (350)
  HIGHEST GUST SPEED    21   HIGHEST GUST DIRECTION     N (350)
  AVERAGE WIND SPEED     8.1


SKY COVER
  POSSIBLE SUNSHINE  MM
  AVERAGE SKY COVER 0.3


WEATHER CONDITIONS
 THE FOLLOWING WEATHER WAS RECORDED YESTERDAY.
  NO SIGNIFICANT WEATHER WAS OBSERVED.


RELATIVE HUMIDITY (PERCENT)
 HIGHEST    89           700 PM
 LOWEST     62           300 PM
 AVERAGE    76

..........................................................


THE NORFOLK, NEBRASKA CLIMATE NORMALS FOR TODAY
                         NORMAL    RECORD    YEAR
 MAXIMUM TEMPERATURE (F)   32        64      1928
 MINIMUM TEMPERATURE (F)   13       -17      1902


SUNRISE AND SUNSET
DECEMBER 26 2014......SUNRISE   756 AM CST   SUNSET   504 PM CST
DECEMBER 27 2014......SUNRISE   757 AM CST   SUNSET   505 PM CST


-  INDICATES NEGATIVE NUMBERS.
R  INDICATES RECORD WAS SET OR TIED.
MM INDICATES DATA IS MISSING.
T  INDICATES TRACE AMOUNT.




$$
