000
CDUS43 KOAX 010643
CLIOFK


CLIMATE REPORT
NATIONAL WEATHER SERVICE OMAHA NEBRASKA
143 AM CDT SAT OCT 1 2016


...................................

...THE NORFOLK, NEBRASKA CLIMATE SUMMARY FOR SEPTEMBER 30 2016...

CLIMATE NORMAL PERIOD 1981 TO 2010
CLIMATE RECORD PERIOD 1888 TO 2016


WEATHER ITEM   OBSERVED TIME   RECORD YEAR NORMAL DEPARTURE LAST
                VALUE   (LST)  VALUE       VALUE  FROM      YEAR
                                                  NORMAL
..................................................................
TEMPERATURE (F)
 YESTERDAY
  MAXIMUM         73    301 PM  91    2000  71      2       71
  MINIMUM         36    629 AM  25    1920  44     -8       48
  AVERAGE         55                        58     -3       60

PRECIPITATION (IN)
  YESTERDAY        0.00          1.45 1923   0.08  -0.08     0.00
  MONTH TO DATE    2.04                      2.69  -0.65     2.88
  SINCE SEP 1      2.04                      2.69  -0.65     2.88
  SINCE JAN 1     26.91                     23.22   3.69    22.27

SNOWFALL (IN)
  YESTERDAY        0.0                       0.0    0.0      0.0
  MONTH TO DATE    0.0                       T      0.0      0.0
  SINCE JUL 1      0.0                       T      0.0      0.0
  SNOW DEPTH       0

DEGREE DAYS
 HEATING
  YESTERDAY       10                         8      2        5
  MONTH TO DATE   71                       126    -55       38
  SINCE SEP 1     71                       126    -55       38
  SINCE JUL 1     84                       142    -58       62

 COOLING
  YESTERDAY        0                         1     -1        0
  MONTH TO DATE  116                        90     26      166
  SINCE SEP 1    116                        90     26      166
  SINCE JAN 1    959                       906     53      892
..................................................................


WIND (MPH)
  HIGHEST WIND SPEED    14   HIGHEST WIND DIRECTION     E (110)
  HIGHEST GUST SPEED    19   HIGHEST GUST DIRECTION     E (110)
  AVERAGE WIND SPEED     2.9


SKY COVER
  POSSIBLE SUNSHINE  MM
  AVERAGE SKY COVER 0.1


WEATHER CONDITIONS
 THE FOLLOWING WEATHER WAS RECORDED YESTERDAY.
  FOG
  FOG W/VISIBILITY <= 1/4 MILE


RELATIVE HUMIDITY (PERCENT)
 HIGHEST   100           500 AM
 LOWEST     31           200 PM
 AVERAGE    66

..........................................................


THE NORFOLK, NEBRASKA CLIMATE NORMALS FOR TODAY
                         NORMAL    RECORD    YEAR
 MAXIMUM TEMPERATURE (F)   70        95      1963
 MINIMUM TEMPERATURE (F)   44        24      1985


SUNRISE AND SUNSET
OCTOBER  1 2016.......SUNRISE   727 AM CDT   SUNSET   710 PM CDT
OCTOBER  2 2016.......SUNRISE   728 AM CDT   SUNSET   709 PM CDT


-  INDICATES NEGATIVE NUMBERS.
R  INDICATES RECORD WAS SET OR TIED.
MM INDICATES DATA IS MISSING.
T  INDICATES TRACE AMOUNT.




$$
