000
CDUS43 KOAX 230655
CLIOFK


CLIMATE REPORT
NATIONAL WEATHER SERVICE OMAHA NEBRASKA
1254 AM CST TUE JAN 23 2018


...................................

...THE NORFOLK, NEBRASKA CLIMATE SUMMARY FOR JANUARY 22 2018...

CLIMATE NORMAL PERIOD 1981 TO 2010
CLIMATE RECORD PERIOD 1888 TO 2018


WEATHER ITEM   OBSERVED TIME   RECORD YEAR NORMAL DEPARTURE LAST
                VALUE   (LST)  VALUE       VALUE  FROM      YEAR
                                                  NORMAL
..................................................................
TEMPERATURE (F)
 YESTERDAY
  MAXIMUM         34    157 AM  64    1989  33      1       43
  MINIMUM         22   1156 PM -23    1966  12     10       24
  AVERAGE         28                        23      5       34

PRECIPITATION (IN)
  YESTERDAY       MM             1.30 1982   0.02  MM        0.00
  MONTH TO DATE    0.22                      0.41  -0.19     0.69
  SINCE DEC 1      0.54                      1.16  -0.62     1.53
  SINCE JAN 1      0.22                      0.41  -0.19     0.69

SNOWFALL (IN)
  YESTERDAY       14.6                       0.3   14.3      0.0
  MONTH TO DATE   16.5                       4.4   12.1      2.4
  SINCE JUL 1     21.4                      15.3    6.1      8.5
  SNOW DEPTH       1

DEGREE DAYS
 HEATING
  YESTERDAY       37                        42     -5       31
  MONTH TO DATE 1009                       943     66      948
  SINCE DEC 1   2256                      2204     52     2233
  SINCE JUL 1   3562                      3649    -87     3278

 COOLING
  YESTERDAY        0                         0      0        0
  MONTH TO DATE    0                         0      0        0
  SINCE DEC 1      0                         0      0        0
  SINCE JAN 1      0                         0      0        0
..................................................................


WIND (MPH)
  HIGHEST WIND SPEED    39   HIGHEST WIND DIRECTION     N (340)
  HIGHEST GUST SPEED    76   HIGHEST GUST DIRECTION     N (020)
  AVERAGE WIND SPEED    28.3


SKY COVER
  POSSIBLE SUNSHINE  MM
  AVERAGE SKY COVER 1.0


WEATHER CONDITIONS
 THE FOLLOWING WEATHER WAS RECORDED YESTERDAY.
  LIGHT RAIN
  HEAVY SNOW
  SNOW
  LIGHT SNOW
  FOG
  FOG W/VISIBILITY <= 1/4 MILE
  HAZE
  BLOWING SNOW


RELATIVE HUMIDITY (PERCENT)
 HIGHEST   100          1000 AM
 LOWEST     58           100 AM
 AVERAGE    79

..........................................................


THE NORFOLK, NEBRASKA CLIMATE NORMALS FOR TODAY
                         NORMAL    RECORD    YEAR
 MAXIMUM TEMPERATURE (F)   33        65      1981
 MINIMUM TEMPERATURE (F)   12       -26      1948


SUNRISE AND SUNSET
JANUARY 23 2018.......SUNRISE   750 AM CST   SUNSET   533 PM CST
JANUARY 24 2018.......SUNRISE   750 AM CST   SUNSET   535 PM CST


-  INDICATES NEGATIVE NUMBERS.
R  INDICATES RECORD WAS SET OR TIED.
MM INDICATES DATA IS MISSING.
T  INDICATES TRACE AMOUNT.




$$
