368
CDUS42 KCAE 230732
CLIOGB


CLIMATE REPORT
NATIONAL WEATHER SERVICE COLUMBIA SC
232 AM EST THU FEB 23 2017


...................................

...THE ORANGEBURG AIRPORT SC CLIMATE SUMMARY FOR FEBRUARY 22 2017...

CLIMATE NORMAL PERIOD 1981 TO 2010
CLIMATE RECORD PERIOD 9999 TO 9999


WEATHER ITEM   OBSERVED TIME   NORMAL DEPARTURE LAST
                VALUE   (LST)  VALUE  FROM      YEAR
                                      NORMAL
......................................................
TEMPERATURE (F)
 YESTERDAY
  MAXIMUM         74    416 PM  63     11       71
  MINIMUM         54    726 AM  39     15       57
  AVERAGE         64            51     13       64

PRECIPITATION (IN)
  YESTERDAY        0.00          0.14  -0.14     0.02
  MONTH TO DATE    1.41          2.68  -1.27     4.26
  SINCE DEC 1     11.05          9.98   1.07    11.14
  SINCE JAN 1      6.65          6.66  -0.01     6.35

DEGREE DAYS
 HEATING
  YESTERDAY        1            14    -13        1
  MONTH TO DATE  199           355   -156      347
  SINCE DEC 1    981          1483   -502     1102
  SINCE JUL 1   1286          1852   -566     1323

 COOLING
  YESTERDAY        0             0      0        0
  MONTH TO DATE    3             0      3        5
  SINCE DEC 1     14             5      9       74
  SINCE JAN 1     10             1      9        5
......................................................


WIND (MPH)
  HIGHEST WIND SPEED     9   HIGHEST WIND DIRECTION     E (100)
  HIGHEST GUST SPEED    14   HIGHEST GUST DIRECTION    SE (140)
  AVERAGE WIND SPEED     4.2


SKY COVER
  AVERAGE SKY COVER 0.5


WEATHER CONDITIONS
 THE FOLLOWING WEATHER WAS RECORDED YESTERDAY.
  NO SIGNIFICANT WEATHER WAS OBSERVED.


RELATIVE HUMIDITY (PERCENT)
 HIGHEST   100           400 AM
 LOWEST     49           400 PM

..........................................................


THE ORANGEBURG AIRPORT SC CLIMATE NORMALS FOR TODAY
                         NORMAL    RECORD    YEAR
 MAXIMUM TEMPERATURE (F)   63        MM        MM
 MINIMUM TEMPERATURE (F)   40        MM        MM


SUNRISE AND SUNSET
FEBRUARY 23 2017......SUNRISE   658 AM EST   SUNSET   615 PM EST
FEBRUARY 24 2017......SUNRISE   657 AM EST   SUNSET   616 PM EST


-  INDICATES NEGATIVE NUMBERS.
R  INDICATES RECORD WAS SET OR TIED.
MM INDICATES DATA IS MISSING.
T  INDICATES TRACE AMOUNT.




$$
