000
CDUS42 KCAE 310540
CLIOGB


CLIMATE REPORT
NATIONAL WEATHER SERVICE COLUMBIA SC
140 AM EDT FRI OCT 31 2014


...................................

...THE ORANGEBURG AIRPORT SC CLIMATE SUMMARY FOR OCTOBER 30 2014...

CLIMATE NORMAL PERIOD 1981 TO 2010
CLIMATE RECORD PERIOD 9999 TO 9999


WEATHER ITEM   OBSERVED TIME   RECORD YEAR NORMAL DEPARTURE LAST
                VALUE   (LST)  VALUE       VALUE  FROM      YEAR
                                                  NORMAL
..................................................................
TEMPERATURE (F)
 YESTERDAY
  MAXIMUM         73    345 PM  MM      MM  73      0       79
  MINIMUM         51   1159 PM  MM      MM  49      2       52
  AVERAGE         62                        61      1       66

PRECIPITATION (IN)
  YESTERDAY        0.08         MM      MM   0.07   0.01     0.00
  MONTH TO DATE    1.35                      3.32  -1.97     0.46
  SINCE SEP 1      5.21                      7.11  -1.90     2.06
  SINCE JAN 1     40.23                     40.42  -0.19    49.37

DEGREE DAYS
 HEATING
  YESTERDAY        3                         6     -3        0
  MONTH TO DATE   53                        81    -28       59
  SINCE SEP 1     57                        85    -28       59
  SINCE JUL 1     57                        85    -28       59

 COOLING
  YESTERDAY        0                         1     -1        1
  MONTH TO DATE  121                        91     30      116
  SINCE SEP 1    452                       392     60      430
  SINCE JAN 1   2243                      2085    158     2022
..................................................................


WIND (MPH)
  HIGHEST WIND SPEED    15   HIGHEST WIND DIRECTION     N (20)
  HIGHEST GUST SPEED    19   HIGHEST GUST DIRECTION    NE (30)
  AVERAGE WIND SPEED     5.5


SKY COVER
  AVERAGE SKY COVER 0.3


WEATHER CONDITIONS
 THE FOLLOWING WEATHER WAS RECORDED YESTERDAY.
  THUNDERSTORM
  LIGHT RAIN
  FOG


RELATIVE HUMIDITY (PERCENT)
 HIGHEST    93          1200 AM
 LOWEST     40          1200 PM

..........................................................


THE ORANGEBURG AIRPORT SC CLIMATE NORMALS FOR TODAY
                         NORMAL    RECORD    YEAR
 MAXIMUM TEMPERATURE (F)   73        MM        MM
 MINIMUM TEMPERATURE (F)   49        MM        MM


SUNRISE AND SUNSET
OCTOBER 31 2014.......SUNRISE   741 AM EDT   SUNSET   632 PM EDT
NOVEMBER  1 2014......SUNRISE   742 AM EDT   SUNSET   631 PM EDT


-  INDICATES NEGATIVE NUMBERS.
R  INDICATES RECORD WAS SET OR TIED.
MM INDICATES DATA IS MISSING.
T  INDICATES TRACE AMOUNT.




$$
