000
CDUS42 KCAE 210537
CLIOGB


CLIMATE REPORT
NATIONAL WEATHER SERVICE COLUMBIA SC
1236 AM EST SUN JAN 21 2018


...................................

...THE ORANGEBURG AIRPORT SC CLIMATE SUMMARY FOR JANUARY 20 2018...

CLIMATE NORMAL PERIOD 1981 TO 2010
CLIMATE RECORD PERIOD 9999 TO 9999


WEATHER ITEM   OBSERVED TIME   NORMAL DEPARTURE LAST
                VALUE   (LST)  VALUE  FROM      YEAR
                                      NORMAL
......................................................
TEMPERATURE (F)
 YESTERDAY
  MAXIMUM         63    427 PM  57      6       76
  MINIMUM         26    501 AM  35     -9       55
  AVERAGE         45            46     -1       66

PRECIPITATION (IN)
  YESTERDAY        0.00          0.12  -0.12      T
  MONTH TO DATE    0.57          2.39  -1.82     2.38
  SINCE DEC 1      2.31          5.71  -3.40     6.78
  SINCE JAN 1      0.57          2.39  -1.82     2.38

DEGREE DAYS
 HEATING
  YESTERDAY       20            19      1        0
  MONTH TO DATE  498           392    106      213
  SINCE DEC 1    982           927     55      660
  SINCE JUL 1   1346          1296     50      965

 COOLING
  YESTERDAY        0             0      0        1
  MONTH TO DATE    1             0      1        7
  SINCE DEC 1      1             4     -3       11
  SINCE JAN 1      1             0      1        7
......................................................


WIND (MPH)
  HIGHEST WIND SPEED    14   HIGHEST WIND DIRECTION     W (280)
  HIGHEST GUST SPEED    17   HIGHEST GUST DIRECTION     W (260)
  AVERAGE WIND SPEED     4.3


SKY COVER
  AVERAGE SKY COVER 0.0


WEATHER CONDITIONS
 THE FOLLOWING WEATHER WAS RECORDED YESTERDAY.
  NO SIGNIFICANT WEATHER WAS OBSERVED.


RELATIVE HUMIDITY (PERCENT)
 HIGHEST    85          1100 PM
 LOWEST     32           300 PM

..........................................................


THE ORANGEBURG AIRPORT SC CLIMATE NORMALS FOR TODAY
                         NORMAL    RECORD    YEAR
 MAXIMUM TEMPERATURE (F)   57        MM        MM
 MINIMUM TEMPERATURE (F)   36        MM        MM


SUNRISE AND SUNSET
JANUARY 21 2018.......SUNRISE   726 AM EST   SUNSET   544 PM EST
JANUARY 22 2018.......SUNRISE   725 AM EST   SUNSET   545 PM EST


-  INDICATES NEGATIVE NUMBERS.
R  INDICATES RECORD WAS SET OR TIED.
MM INDICATES DATA IS MISSING.
T  INDICATES TRACE AMOUNT.




$$
