000
CDUS42 KCAE 240546
CLIOGB


CLIMATE REPORT
NATIONAL WEATHER SERVICE COLUMBIA SC
146 AM EDT TUE OCT 24 2017


...................................

...THE ORANGEBURG AIRPORT SC CLIMATE SUMMARY FOR OCTOBER 23 2017...

CLIMATE NORMAL PERIOD 1981 TO 2010
CLIMATE RECORD PERIOD 9999 TO 9999


WEATHER ITEM   OBSERVED TIME   NORMAL DEPARTURE LAST
                VALUE   (LST)  VALUE  FROM      YEAR
                                      NORMAL
......................................................
TEMPERATURE (F)
 YESTERDAY
  MAXIMUM         78   1237 PM  75      3       72
  MINIMUM         63   1159 PM  51     12       41
  AVERAGE         71            63      8       57

PRECIPITATION (IN)
  YESTERDAY        1.59          0.08   1.51     0.00
  MONTH TO DATE    2.65          2.81  -0.16     6.94
  SINCE SEP 1      6.78          6.60   0.18    16.52
  SINCE JAN 1     34.97         39.91  -4.94    41.04

DEGREE DAYS
 HEATING
  YESTERDAY        0             4     -4        8
  MONTH TO DATE   15            47    -32       24
  SINCE SEP 1     15            51    -36       24
  SINCE JUL 1     15            51    -36       24

 COOLING
  YESTERDAY        6             2      4        0
  MONTH TO DATE  170            81     89       95
  SINCE SEP 1    505           382    123      475
  SINCE JAN 1   2392          2075    317     2519
......................................................


WIND (MPH)
  HIGHEST WIND SPEED    24   HIGHEST WIND DIRECTION    SE (140)
  HIGHEST GUST SPEED    35   HIGHEST GUST DIRECTION    SE (150)
  AVERAGE WIND SPEED     9.2


SKY COVER
  AVERAGE SKY COVER 0.8


WEATHER CONDITIONS
 THE FOLLOWING WEATHER WAS RECORDED YESTERDAY.
  THUNDERSTORM
  HEAVY RAIN
  RAIN
  LIGHT RAIN
  FOG


RELATIVE HUMIDITY (PERCENT)
 HIGHEST   100           300 AM
 LOWEST     82          1200 PM

..........................................................


THE ORANGEBURG AIRPORT SC CLIMATE NORMALS FOR TODAY
                         NORMAL    RECORD    YEAR
 MAXIMUM TEMPERATURE (F)   74        MM        MM
 MINIMUM TEMPERATURE (F)   51        MM        MM


SUNRISE AND SUNSET
OCTOBER 24 2017.......SUNRISE   735 AM EDT   SUNSET   639 PM EDT
OCTOBER 25 2017.......SUNRISE   736 AM EDT   SUNSET   638 PM EDT


-  INDICATES NEGATIVE NUMBERS.
R  INDICATES RECORD WAS SET OR TIED.
MM INDICATES DATA IS MISSING.
T  INDICATES TRACE AMOUNT.




$$
