000
CDUS42 KCAE 240550
CLIOGB


CLIMATE REPORT
NATIONAL WEATHER SERVICE COLUMBIA SC
150 AM EDT THU APR 24 2014


...................................

...THE ORANGEBURG AIRPORT SC CLIMATE SUMMARY FOR APRIL 23 2014...

CLIMATE NORMAL PERIOD 1981 TO 2010
CLIMATE RECORD PERIOD 9999 TO 9999


WEATHER ITEM   OBSERVED TIME   RECORD YEAR NORMAL DEPARTURE LAST
                VALUE   (LST)  VALUE       VALUE  FROM      YEAR
                                                  NORMAL
..................................................................
TEMPERATURE (F)
 YESTERDAY
  MAXIMUM         83    452 PM  MM      MM  78      5       71
  MINIMUM         55   1159 PM  MM      MM  52      3       50
  AVERAGE         69                        65      4       61

PRECIPITATION (IN)
  YESTERDAY        0.00         MM      MM   0.08  -0.08     0.00
  MONTH TO DATE    3.55                      2.34   1.21     2.18
  SINCE MAR 1      6.42                      6.32   0.10     5.24
  SINCE JAN 1     12.34                     13.89  -1.55    13.40

DEGREE DAYS
 HEATING
  YESTERDAY        0                         2     -2        4
  MONTH TO DATE   78                        96    -18       83
  SINCE MAR 1    464                       373     91      517
  SINCE JUL 1   2328                      2305     23     2150

 COOLING
  YESTERDAY        4                         3      1        0
  MONTH TO DATE   36                        42     -6       53
  SINCE MAR 1     38                        59    -21       59
  SINCE JAN 1     44                        62    -18       79
..................................................................


WIND (MPH)
  HIGHEST WIND SPEED    14   HIGHEST WIND DIRECTION     W (290)
  HIGHEST GUST SPEED    18   HIGHEST GUST DIRECTION     W (280)
  AVERAGE WIND SPEED     5.1


SKY COVER
  AVERAGE SKY COVER 0.0


WEATHER CONDITIONS
 THE FOLLOWING WEATHER WAS RECORDED YESTERDAY.
  FOG
  HAZE


RELATIVE HUMIDITY (PERCENT)
 HIGHEST    93           600 AM
 LOWEST     22           300 PM

..........................................................


THE ORANGEBURG AIRPORT SC CLIMATE NORMALS FOR TODAY
                         NORMAL    RECORD    YEAR
 MAXIMUM TEMPERATURE (F)   79        MM        MM
 MINIMUM TEMPERATURE (F)   52        MM        MM


SUNRISE AND SUNSET
APRIL 24 2014.........SUNRISE   643 AM EDT   SUNSET   801 PM EDT
APRIL 25 2014.........SUNRISE   641 AM EDT   SUNSET   802 PM EDT


-  INDICATES NEGATIVE NUMBERS.
R  INDICATES RECORD WAS SET OR TIED.
MM INDICATES DATA IS MISSING.
T  INDICATES TRACE AMOUNT.




$$
