643
CDUS42 KCAE 300547
CLIOGB


CLIMATE REPORT
NATIONAL WEATHER SERVICE COLUMBIA SC
147 AM EDT THU MAR 30 2017


...................................

...THE ORANGEBURG AIRPORT SC CLIMATE SUMMARY FOR MARCH 29 2017...

CLIMATE NORMAL PERIOD 1981 TO 2010
CLIMATE RECORD PERIOD 9999 TO 9999


WEATHER ITEM   OBSERVED TIME   NORMAL DEPARTURE LAST
                VALUE   (LST)  VALUE  FROM      YEAR
                                      NORMAL
......................................................
TEMPERATURE (F)
 YESTERDAY
  MAXIMUM         85    448 PM  72     13       70
  MINIMUM         57    451 AM  47     10       49
  AVERAGE         71            60     11       60

PRECIPITATION (IN)
  YESTERDAY        0.00          0.14  -0.14     0.00
  MONTH TO DATE    1.21          3.75  -2.54     2.35
  SINCE MAR 1      1.21          3.75  -2.54     2.35
  SINCE JAN 1      7.86         11.32  -3.46     9.52

DEGREE DAYS
 HEATING
  YESTERDAY        0             6     -6        5
  MONTH TO DATE  272           265      7      135
  SINCE MAR 1    272           265      7      135
  SINCE JUL 1   1581          2197   -616     1536

 COOLING
  YESTERDAY        6             1      5        0
  MONTH TO DATE   32            21     11       63
  SINCE MAR 1     32            21     11       63
  SINCE JAN 1     58            24     34       69
......................................................


WIND (MPH)
  HIGHEST WIND SPEED    13   HIGHEST WIND DIRECTION    NE (60)
  HIGHEST GUST SPEED    17   HIGHEST GUST DIRECTION    NE (50)
  AVERAGE WIND SPEED     5.0


SKY COVER
  AVERAGE SKY COVER 0.0


WEATHER CONDITIONS
 THE FOLLOWING WEATHER WAS RECORDED YESTERDAY.
  NO SIGNIFICANT WEATHER WAS OBSERVED.


RELATIVE HUMIDITY (PERCENT)
 HIGHEST    93           400 AM
 LOWEST     27           500 PM

..........................................................


THE ORANGEBURG AIRPORT SC CLIMATE NORMALS FOR TODAY
                         NORMAL    RECORD    YEAR
 MAXIMUM TEMPERATURE (F)   73        MM        MM
 MINIMUM TEMPERATURE (F)   47        MM        MM


SUNRISE AND SUNSET
MARCH 30 2017.........SUNRISE   713 AM EDT   SUNSET   743 PM EDT
MARCH 31 2017.........SUNRISE   712 AM EDT   SUNSET   743 PM EDT


-  INDICATES NEGATIVE NUMBERS.
R  INDICATES RECORD WAS SET OR TIED.
MM INDICATES DATA IS MISSING.
T  INDICATES TRACE AMOUNT.




$$
