000
CDUS42 KCAE 010538
CLIOGB


CLIMATE REPORT
NATIONAL WEATHER SERVICE COLUMBIA SC
138 AM EDT WED APR 1 2015


...................................

...THE ORANGEBURG AIRPORT SC CLIMATE SUMMARY FOR MARCH 31 2015...

CLIMATE NORMAL PERIOD 1981 TO 2010
CLIMATE RECORD PERIOD 9999 TO 9999


WEATHER ITEM   OBSERVED TIME   NORMAL DEPARTURE LAST
                VALUE   (LST)  VALUE  FROM      YEAR
                                      NORMAL
......................................................
TEMPERATURE (F)
 YESTERDAY
  MAXIMUM         80    452 PM  73      7       78
  MINIMUM         42    638 AM  48     -6       36
  AVERAGE         61            60      1       57

PRECIPITATION (IN)
  YESTERDAY        0.00          0.11  -0.11     0.00
  MONTH TO DATE    2.97          3.98  -1.01     2.87
  SINCE MAR 1      2.97          3.98  -1.01     2.87
  SINCE JAN 1      9.82         11.55  -1.73     8.79

DEGREE DAYS
 HEATING
  YESTERDAY        4             6     -2        8
  MONTH TO DATE  208           277    -69      386
  SINCE MAR 1    208           277    -69      386
  SINCE JUL 1   2282          2209     73     2250

 COOLING
  YESTERDAY        0             1     -1        0
  MONTH TO DATE   26            17      9        2
  SINCE MAR 1     26            17      9        2
  SINCE JAN 1     26            20      6        8
......................................................


WIND (MPH)
  HIGHEST WIND SPEED    23   HIGHEST WIND DIRECTION     W (270)
  HIGHEST GUST SPEED    37   HIGHEST GUST DIRECTION    SW (230)
  AVERAGE WIND SPEED     7.1


SKY COVER
  AVERAGE SKY COVER 0.0


WEATHER CONDITIONS
 THE FOLLOWING WEATHER WAS RECORDED YESTERDAY.
  FOG
  FOG W/VISIBILITY <= 1/4 MILE


RELATIVE HUMIDITY (PERCENT)
 HIGHEST    92           700 AM
 LOWEST     25          1200 PM

..........................................................


THE ORANGEBURG AIRPORT SC CLIMATE NORMALS FOR TODAY
                         NORMAL    RECORD    YEAR
 MAXIMUM TEMPERATURE (F)   73        MM        MM
 MINIMUM TEMPERATURE (F)   48        MM        MM


SUNRISE AND SUNSET
APRIL  1 2015.........SUNRISE   711 AM EDT   SUNSET   744 PM EDT
APRIL  2 2015.........SUNRISE   710 AM EDT   SUNSET   744 PM EDT


-  INDICATES NEGATIVE NUMBERS.
R  INDICATES RECORD WAS SET OR TIED.
MM INDICATES DATA IS MISSING.
T  INDICATES TRACE AMOUNT.




$$
