000
CDUS42 KCAE 310647
CLIOGB


CLIMATE REPORT
NATIONAL WEATHER SERVICE COLUMBIA SC
247 AM EDT SUN JUL 31 2016


...................................

...THE ORANGEBURG AIRPORT SC CLIMATE SUMMARY FOR JULY 30 2016...

CLIMATE NORMAL PERIOD 1981 TO 2010
CLIMATE RECORD PERIOD 9999 TO 9999


WEATHER ITEM   OBSERVED TIME   NORMAL DEPARTURE LAST
                VALUE   (LST)  VALUE  FROM      YEAR
                                      NORMAL
......................................................
TEMPERATURE (F)
 YESTERDAY
  MAXIMUM         99    306 PM  92      7       99
  MINIMUM         74    605 AM  72      2       74
  AVERAGE         87            82      5       87

PRECIPITATION (IN)
  YESTERDAY        0.00          0.14  -0.14      T
  MONTH TO DATE    3.41          5.15  -1.74     4.40
  SINCE JUN 1      4.69         10.27  -5.58     8.71
  SINCE JAN 1     19.53         27.89  -8.36    23.97

DEGREE DAYS
 HEATING
  YESTERDAY        0             0      0        0
  MONTH TO DATE    0             0      0        0
  SINCE JUN 1      0             1     -1        0
  SINCE JUL 1      0             0      0        0

 COOLING
  YESTERDAY       22            17      5       22
  MONTH TO DATE  607           503    104      553
  SINCE JUN 1   1082           901    181     1061
  SINCE JAN 1   1477          1204    273     1437
......................................................


WIND (MPH)
  HIGHEST WIND SPEED    16   HIGHEST WIND DIRECTION     W (280)
  HIGHEST GUST SPEED    22   HIGHEST GUST DIRECTION     W (270)
  AVERAGE WIND SPEED     5.1


SKY COVER
  AVERAGE SKY COVER 0.1


WEATHER CONDITIONS
 THE FOLLOWING WEATHER WAS RECORDED YESTERDAY.
  NO SIGNIFICANT WEATHER WAS OBSERVED.


RELATIVE HUMIDITY (PERCENT)
 HIGHEST    93           600 AM
 LOWEST     35           300 PM

..........................................................


THE ORANGEBURG AIRPORT SC CLIMATE NORMALS FOR TODAY
                         NORMAL    RECORD    YEAR
 MAXIMUM TEMPERATURE (F)   92        MM        MM
 MINIMUM TEMPERATURE (F)   72        MM        MM


SUNRISE AND SUNSET
JULY 31 2016..........SUNRISE   636 AM EDT   SUNSET   824 PM EDT
AUGUST  1 2016........SUNRISE   636 AM EDT   SUNSET   823 PM EDT


-  INDICATES NEGATIVE NUMBERS.
R  INDICATES RECORD WAS SET OR TIED.
MM INDICATES DATA IS MISSING.
T  INDICATES TRACE AMOUNT.




$$
