000
CDUS42 KCAE 280659
CLIOGB


CLIMATE REPORT
NATIONAL WEATHER SERVICE COLUMBIA SC
159 AM EST FRI NOV 28 2014


...................................

...THE ORANGEBURG AIRPORT SC CLIMATE SUMMARY FOR NOVEMBER 27 2014...

CLIMATE NORMAL PERIOD 1981 TO 2010
CLIMATE RECORD PERIOD 9999 TO 9999


WEATHER ITEM   OBSERVED TIME   RECORD YEAR NORMAL DEPARTURE LAST
                VALUE   (LST)  VALUE       VALUE  FROM      YEAR
                                                  NORMAL
..................................................................
TEMPERATURE (F)
 YESTERDAY
  MAXIMUM         56    217 PM  MM      MM  65     -9       70
  MINIMUM         39   1159 PM  MM      MM  41     -2       33
  AVERAGE         48                        53     -5       52

PRECIPITATION (IN)
  YESTERDAY        0.00         MM      MM   0.10  -0.10     0.44
  MONTH TO DATE    3.23                      2.61   0.62     1.79
  SINCE SEP 1      8.79                      9.79  -1.00     3.85
  SINCE JAN 1     43.81                     43.10   0.71    51.16

DEGREE DAYS
 HEATING
  YESTERDAY       17                        12      5       13
  MONTH TO DATE  350                       239    111      267
  SINCE SEP 1    414                       329     85      326
  SINCE JUL 1    414                       329     85      326

 COOLING
  YESTERDAY        0                         0      0        0
  MONTH TO DATE    7                        12     -5       19
  SINCE SEP 1    459                       406     53      450
  SINCE JAN 1   2250                      2099    151     2042
..................................................................


WIND (MPH)
  HIGHEST WIND SPEED    23   HIGHEST WIND DIRECTION     W (290)
  HIGHEST GUST SPEED    29   HIGHEST GUST DIRECTION     W (280)
  AVERAGE WIND SPEED     9.5


SKY COVER
  AVERAGE SKY COVER 0.2


WEATHER CONDITIONS
 THE FOLLOWING WEATHER WAS RECORDED YESTERDAY.
  NO SIGNIFICANT WEATHER WAS OBSERVED.


RELATIVE HUMIDITY (PERCENT)
 HIGHEST    85          1200 AM
 LOWEST     35           200 PM

..........................................................


THE ORANGEBURG AIRPORT SC CLIMATE NORMALS FOR TODAY
                         NORMAL    RECORD    YEAR
 MAXIMUM TEMPERATURE (F)   64        MM        MM
 MINIMUM TEMPERATURE (F)   41        MM        MM


SUNRISE AND SUNSET
NOVEMBER 28 2014......SUNRISE   707 AM EST   SUNSET   516 PM EST
NOVEMBER 29 2014......SUNRISE   708 AM EST   SUNSET   516 PM EST


-  INDICATES NEGATIVE NUMBERS.
R  INDICATES RECORD WAS SET OR TIED.
MM INDICATES DATA IS MISSING.
T  INDICATES TRACE AMOUNT.




$$
