000
CDUS42 KCAE 302131
CLIOGB


CLIMATE REPORT
NATIONAL WEATHER SERVICE COLUMBIA SC
531 PM EDT THU JUN 30 2016


...................................

...THE ORANGEBURG AIRPORT SC CLIMATE SUMMARY FOR JUNE 30 2016...
VALID TODAY AS OF 0500 PM LOCAL TIME.

CLIMATE NORMAL PERIOD 1981 TO 2010
CLIMATE RECORD PERIOD 9999 TO 9999


WEATHER ITEM   OBSERVED TIME   NORMAL DEPARTURE LAST
                VALUE   (LST)  VALUE  FROM      YEAR
                                      NORMAL
......................................................
TEMPERATURE (F)
 TODAY
  MAXIMUM         91    209 PM  91      0       95
  MINIMUM         71    613 AM  70      1       67
  AVERAGE         81            81      0       81

PRECIPITATION (IN)
  TODAY            T             0.17  -0.17     0.76
  MONTH TO DATE    1.27          5.12  -3.85     4.31
  SINCE JUN 1      1.27          5.12  -3.85     4.31
  SINCE JAN 1     16.11         22.74  -6.63    19.57

DEGREE DAYS
 HEATING
  TODAY            0             0      0        0
  MONTH TO DATE    0             0      0        0
  SINCE JUN 1      0             1     -1        0
  SINCE JUL 1   1629          2333   -704     2326

 COOLING
  TODAY           16            16      0       16
  MONTH TO DATE  475           398     77      508
  SINCE JUN 1    475           398     77      508
  SINCE JAN 1    870           701    169      884
......................................................


WIND (MPH)
  HIGHEST WIND SPEED    15   HIGHEST WIND DIRECTION     S (180)
  HIGHEST GUST SPEED    19   HIGHEST GUST DIRECTION     S (160)
  AVERAGE WIND SPEED     3.5


SKY COVER
  AVERAGE SKY COVER 0.4


WEATHER CONDITIONS
 THE FOLLOWING WEATHER WAS RECORDED TODAY.
  LIGHT RAIN
  FOG
  FOG W/VISIBILITY <= 1/4 MILE


RELATIVE HUMIDITY (PERCENT)
 HIGHEST    93          1200 AM
 LOWEST     56          1200 PM

..........................................................


THE ORANGEBURG AIRPORT SC CLIMATE NORMALS FOR TOMORROW
                         NORMAL
 MAXIMUM TEMPERATURE (F)   92
 MINIMUM TEMPERATURE (F)   70


SUNRISE AND SUNSET
JUNE 30 2016..........SUNRISE   617 AM EDT   SUNSET   837 PM EDT
JULY  1 2016..........SUNRISE   617 AM EDT   SUNSET   837 PM EDT


-  INDICATES NEGATIVE NUMBERS.
R  INDICATES RECORD WAS SET OR TIED.
MM INDICATES DATA IS MISSING.
T  INDICATES TRACE AMOUNT.




$$
