000
CDUS42 KCAE 240541
CLIOGB


CLIMATE REPORT
NATIONAL WEATHER SERVICE COLUMBIA SC
140 AM EDT MON APR 24 2017


...................................

...THE ORANGEBURG AIRPORT SC CLIMATE SUMMARY FOR APRIL 23 2017...

CLIMATE NORMAL PERIOD 1981 TO 2010
CLIMATE RECORD PERIOD 9999 TO 9999


WEATHER ITEM   OBSERVED TIME   NORMAL DEPARTURE LAST
                VALUE   (LST)  VALUE  FROM      YEAR
                                      NORMAL
......................................................
TEMPERATURE (F)
 YESTERDAY
  MAXIMUM         87    220 PM  78      9       80
  MINIMUM         63    622 AM  52     11       60
  AVERAGE         75            65     10       70

PRECIPITATION (IN)
  YESTERDAY        0.39          0.08   0.31     0.00
  MONTH TO DATE    2.21          2.34  -0.13     2.57
  SINCE MAR 1      3.97          6.32  -2.35     4.92
  SINCE JAN 1     10.62         13.89  -3.27    12.09

DEGREE DAYS
 HEATING
  YESTERDAY        0             2     -2        0
  MONTH TO DATE   36            96    -60       79
  SINCE MAR 1    308           373    -65      220
  SINCE JUL 1   1617          2305   -688     1621

 COOLING
  YESTERDAY       10             3      7        5
  MONTH TO DATE   85            42     43       36
  SINCE MAR 1    131            59     72      104
  SINCE JAN 1    157            62     95      110
......................................................


WIND (MPH)
  HIGHEST WIND SPEED    22   HIGHEST WIND DIRECTION     W (260)
  HIGHEST GUST SPEED    26   HIGHEST GUST DIRECTION     W (260)
  AVERAGE WIND SPEED     5.4


SKY COVER
  AVERAGE SKY COVER 0.5


WEATHER CONDITIONS
 THE FOLLOWING WEATHER WAS RECORDED YESTERDAY.
  THUNDERSTORM
  HEAVY RAIN
  RAIN
  LIGHT RAIN
  FOG


RELATIVE HUMIDITY (PERCENT)
 HIGHEST   100           600 AM
 LOWEST     44           200 PM

..........................................................


THE ORANGEBURG AIRPORT SC CLIMATE NORMALS FOR TODAY
                         NORMAL    RECORD    YEAR
 MAXIMUM TEMPERATURE (F)   79        MM        MM
 MINIMUM TEMPERATURE (F)   52        MM        MM


SUNRISE AND SUNSET
APRIL 24 2017.........SUNRISE   642 AM EDT   SUNSET   801 PM EDT
APRIL 25 2017.........SUNRISE   641 AM EDT   SUNSET   802 PM EDT


-  INDICATES NEGATIVE NUMBERS.
R  INDICATES RECORD WAS SET OR TIED.
MM INDICATES DATA IS MISSING.
T  INDICATES TRACE AMOUNT.




$$
