000
CDUS42 KCAE 220716
CLIOGB


CLIMATE REPORT
NATIONAL WEATHER SERVICE COLUMBIA SC
215 AM EST WED NOV 22 2017


...................................

...THE ORANGEBURG AIRPORT SC CLIMATE SUMMARY FOR NOVEMBER 21 2017...

CLIMATE NORMAL PERIOD 1981 TO 2010
CLIMATE RECORD PERIOD 9999 TO 9999


WEATHER ITEM   OBSERVED TIME   NORMAL DEPARTURE LAST
                VALUE   (LST)  VALUE  FROM      YEAR
                                      NORMAL
......................................................
TEMPERATURE (F)
 YESTERDAY
  MAXIMUM         66    310 PM  67     -1       64
  MINIMUM         36    226 AM  43     -7       32
  AVERAGE         51            55     -4       48

PRECIPITATION (IN)
  YESTERDAY        0.52          0.10   0.42     0.00
  MONTH TO DATE    1.79          1.99  -0.20     0.13
  SINCE SEP 1      8.57          9.17  -0.60    16.65
  SINCE JAN 1     36.76         42.48  -5.72    41.17

DEGREE DAYS
 HEATING
  YESTERDAY       14            11      3       17
  MONTH TO DATE  173           170      3      193
  SINCE SEP 1    254           260     -6      226
  SINCE JUL 1    254           260     -6      226

 COOLING
  YESTERDAY        0             0      0        0
  MONTH TO DATE   18            12      6        7
  SINCE SEP 1    523           406    117      501
  SINCE JAN 1   2410          2099    311     2545
......................................................


WIND (MPH)
  HIGHEST WIND SPEED     9   HIGHEST WIND DIRECTION     E (70)
  HIGHEST GUST SPEED    12   HIGHEST GUST DIRECTION    NE (60)
  AVERAGE WIND SPEED     3.7


SKY COVER
  AVERAGE SKY COVER 0.7


WEATHER CONDITIONS
 THE FOLLOWING WEATHER WAS RECORDED YESTERDAY.
  HEAVY RAIN
  RAIN
  LIGHT RAIN
  FOG


RELATIVE HUMIDITY (PERCENT)
 HIGHEST   100          1000 PM
 LOWEST     58           300 PM

..........................................................


THE ORANGEBURG AIRPORT SC CLIMATE NORMALS FOR TODAY
                         NORMAL    RECORD    YEAR
 MAXIMUM TEMPERATURE (F)   66        MM        MM
 MINIMUM TEMPERATURE (F)   43        MM        MM


SUNRISE AND SUNSET
NOVEMBER 22 2017......SUNRISE   702 AM EST   SUNSET   517 PM EST
NOVEMBER 23 2017......SUNRISE   702 AM EST   SUNSET   517 PM EST


-  INDICATES NEGATIVE NUMBERS.
R  INDICATES RECORD WAS SET OR TIED.
MM INDICATES DATA IS MISSING.
T  INDICATES TRACE AMOUNT.




$$
