000
CDHW42 PHFO 270300
CLIOGG


CLIMATE REPORT
NATIONAL WEATHER SERVICE HONOLULU HI
500 PM HST WED NOV 26 2014


...................................

...THE KAHULUI HI CLIMATE SUMMARY FOR NOVEMBER 26 2014...
VALID TODAY AS OF 0500 PM LOCAL TIME.

CLIMATE NORMAL PERIOD 1981 TO 2010
CLIMATE RECORD PERIOD 1946 TO 2014


WEATHER ITEM   OBSERVED TIME   RECORD YEAR NORMAL DEPARTURE LAST
                VALUE   (LST)  VALUE       VALUE  FROM      YEAR
                                                  NORMAL
..................................................................
TEMPERATURE (F)
 TODAY
  MAXIMUM         82    151 PM  90    1968  83     -1       84
  MINIMUM         69    712 AM  57    1985  67      2       72
  AVERAGE         76                        75      1       78

PRECIPITATION (IN)
  TODAY            T             2.18 1970   0.09  -0.09     0.00
  MONTH TO DATE    0.84                      1.81  -0.97     4.64
  SINCE SEP 1      2.44                      3.39  -0.95     4.93
  SINCE JAN 1     18.09                     14.09   4.00    13.59

SNOWFALL (IN)
  TODAY            0.0
  MONTH TO DATE    0.0
  SINCE SEP 1      0.0
  SINCE JUL 1      0.0
  SNOW DEPTH       0

DEGREE DAYS
 HEATING
  TODAY            0                         0      0        0
  MONTH TO DATE    0                         0      0        0
  SINCE SEP 1      0                         0      0        0
  SINCE JUL 1      0                         0      0        0

 COOLING
  TODAY           11                        10      1       13
  MONTH TO DATE  318                       291     27      285
  SINCE SEP 1   1266                      1125    141     1151
  SINCE JAN 1   4154                      3667    487     3938
..................................................................


WIND (MPH)
  HIGHEST WIND SPEED    22   HIGHEST WIND DIRECTION    NE (40)
  HIGHEST GUST SPEED    25   HIGHEST GUST DIRECTION    NE (30)
  AVERAGE WIND SPEED    11.1


SKY COVER
  POSSIBLE SUNSHINE  MM
  AVERAGE SKY COVER 0.7


WEATHER CONDITIONS
 THE FOLLOWING WEATHER WAS RECORDED TODAY.
  LIGHT RAIN


RELATIVE HUMIDITY (PERCENT)
 HIGHEST    84           700 AM
 LOWEST     54          1200 PM
 AVERAGE    69

..........................................................


THE KAHULUI HI CLIMATE NORMALS FOR TOMORROW
                         NORMAL    RECORD    YEAR
 MAXIMUM TEMPERATURE (F)   83        93      2005
 MINIMUM TEMPERATURE (F)   67        55      1985


SUNRISE AND SUNSET
NOVEMBER 26 2014......SUNRISE   643 AM HST   SUNSET   543 PM HST
NOVEMBER 27 2014......SUNRISE   644 AM HST   SUNSET   543 PM HST


-  INDICATES NEGATIVE NUMBERS.
R  INDICATES RECORD WAS SET OR TIED.
MM INDICATES DATA IS MISSING.
T  INDICATES TRACE AMOUNT.




$$
