000
CDHW42 PHFO 311245
CLIOGG


CLIMATE REPORT
NATIONAL WEATHER SERVICE HONOLULU HI
245 AM HST THU JUL 31 2014


...................................

...THE KAHULUI HI CLIMATE SUMMARY FOR JULY 30 2014...

CLIMATE NORMAL PERIOD 1981 TO 2010
CLIMATE RECORD PERIOD 1946 TO 2014


WEATHER ITEM   OBSERVED TIME   RECORD YEAR NORMAL DEPARTURE LAST
                VALUE   (LST)  VALUE       VALUE  FROM      YEAR
                                                  NORMAL
..................................................................
TEMPERATURE (F)
 YESTERDAY
  MAXIMUM         90    146 PM  96    1951  88      2       92
  MINIMUM         64    535 AM  58    1965  72     -8       74
  AVERAGE         77                        80     -3       83

PRECIPITATION (IN)
  YESTERDAY        0.02          0.24 1968   0.02   0.00     0.00
  MONTH TO DATE    0.93                      0.48   0.45     0.86
  SINCE JUN 1      1.22                      0.68   0.54     1.13
  SINCE JAN 1     15.18                     10.18   5.00     8.12

SNOWFALL (IN)
  YESTERDAY        0.0
  MONTH TO DATE    0.0
  SINCE JUN 1      0.0
  SINCE JUL 1      0.0
  SNOW DEPTH       0

DEGREE DAYS
 HEATING
  YESTERDAY        0                         0      0        0
  MONTH TO DATE    0                         0      0        0
  SINCE JUN 1      0                         0      0        0
  SINCE JUL 1      0                         0      0        0

 COOLING
  YESTERDAY       12                        15     -3       18
  MONTH TO DATE  464                       424     40      458
  SINCE JUN 1    883                       812     71      900
  SINCE JAN 1   2379                      2071    308     2284
..................................................................


WIND (MPH)
  HIGHEST WIND SPEED    26   HIGHEST WIND DIRECTION    NE (40)
  HIGHEST GUST SPEED    33   HIGHEST GUST DIRECTION    NE (60)
  AVERAGE WIND SPEED    14.1


SKY COVER
  POSSIBLE SUNSHINE  MM
  AVERAGE SKY COVER 0.2


WEATHER CONDITIONS
 THE FOLLOWING WEATHER WAS RECORDED YESTERDAY.
  FOG
  HAZE


RELATIVE HUMIDITY (PERCENT)
 HIGHEST    87           500 AM
 LOWEST     40           200 PM
 AVERAGE    64

..........................................................


THE KAHULUI HI CLIMATE NORMALS FOR TODAY
                         NORMAL    RECORD    YEAR
 MAXIMUM TEMPERATURE (F)   88        92      1997
                                             1981
                                             1951
 MINIMUM TEMPERATURE (F)   72        61      1972
                                             1965


SUNRISE AND SUNSET
JULY 31 2014..........SUNRISE   600 AM HST   SUNSET   704 PM HST
AUGUST  1 2014........SUNRISE   600 AM HST   SUNSET   704 PM HST


-  INDICATES NEGATIVE NUMBERS.
R  INDICATES RECORD WAS SET OR TIED.
MM INDICATES DATA IS MISSING.
T  INDICATES TRACE AMOUNT.




$$
