000
CDHW42 PHFO 060236
CLIOGG


CLIMATE REPORT
NATIONAL WEATHER SERVICE HONOLULU HI
435 PM HST SUN JUL 5 2015


...................................

...THE KAHULUI HI CLIMATE SUMMARY FOR JULY 5 2015...
VALID TODAY AS OF 0400 PM LOCAL TIME.

CLIMATE NORMAL PERIOD 1981 TO 2010
CLIMATE RECORD PERIOD 1946 TO 2015


WEATHER ITEM   OBSERVED TIME   RECORD YEAR NORMAL DEPARTURE LAST
                VALUE   (LST)  VALUE       VALUE  FROM      YEAR
                                                  NORMAL
..................................................................
TEMPERATURE (F)
 TODAY
  MAXIMUM         89    203 PM  93    1968  87      2       90
  MINIMUM         74    549 AM  63    1952  71      3       71
  AVERAGE         82                        79      3       81

PRECIPITATION (IN)
  TODAY            0.00          0.78 1960   0.01  -0.01     0.00
  MONTH TO DATE    0.00                      0.06  -0.06     0.05
  SINCE JUN 1      0.10                      0.26  -0.16     0.34
  SINCE JAN 1     19.06                      9.76   9.30    14.30

SNOWFALL (IN)
  TODAY            0.0
  MONTH TO DATE    0.0
  SINCE JUN 1      0.0
  SINCE JUL 1      0.0
  SNOW DEPTH       0

DEGREE DAYS
 HEATING
  TODAY            0                         0      0        0
  MONTH TO DATE    0                         0      0        0
  SINCE JUN 1      0                         0      0        0
  SINCE JUL 1      0                         0      0        0

 COOLING
  TODAY           17                        14      3       16
  MONTH TO DATE   83                        70     13       84
  SINCE JUN 1    499                       458     41      503
  SINCE JAN 1   1826                      1717    109     1999
..................................................................


WIND (MPH)
  HIGHEST WIND SPEED    25   HIGHEST WIND DIRECTION    NE (30)
  HIGHEST GUST SPEED    31   HIGHEST GUST DIRECTION    NE (30)
  AVERAGE WIND SPEED    13.9


SKY COVER
  POSSIBLE SUNSHINE  MM
  AVERAGE SKY COVER 0.3


WEATHER CONDITIONS
 THE FOLLOWING WEATHER WAS RECORDED TODAY.
  NO SIGNIFICANT WEATHER WAS OBSERVED.


RELATIVE HUMIDITY (PERCENT)
 HIGHEST    82           400 AM
 LOWEST     53           300 PM
 AVERAGE    68

..........................................................


THE KAHULUI HI CLIMATE NORMALS FOR TOMORROW
                         NORMAL    RECORD    YEAR
 MAXIMUM TEMPERATURE (F)   87        92      1981
 MINIMUM TEMPERATURE (F)   71        62      1990
                                             1985


SUNRISE AND SUNSET
JULY  5 2015..........SUNRISE   549 AM HST   SUNSET   711 PM HST
JULY  6 2015..........SUNRISE   550 AM HST   SUNSET   711 PM HST


-  INDICATES NEGATIVE NUMBERS.
R  INDICATES RECORD WAS SET OR TIED.
MM INDICATES DATA IS MISSING.
T  INDICATES TRACE AMOUNT.




$$
