000
CDHW42 PHFO 011245
CLIOGG


CLIMATE REPORT
NATIONAL WEATHER SERVICE HONOLULU HI
245 AM HST WED OCT 1 2014


...................................

...THE KAHULUI HI CLIMATE SUMMARY FOR SEPTEMBER 30 2014...

CLIMATE NORMAL PERIOD 1981 TO 2010
CLIMATE RECORD PERIOD 1946 TO 2014


WEATHER ITEM   OBSERVED TIME   RECORD YEAR NORMAL DEPARTURE LAST
                VALUE   (LST)  VALUE       VALUE  FROM      YEAR
                                                  NORMAL
..................................................................
TEMPERATURE (F)
 YESTERDAY
  MAXIMUM         91    143 PM  93    1980  88      3       88
  MINIMUM         73   1159 PM  62    1962  70      3       66
  AVERAGE         82                        79      3       77

PRECIPITATION (IN)
  YESTERDAY        0.01          0.19 1990   0.02  -0.01     0.00
  MONTH TO DATE    0.71                      0.38   0.33     0.25
  SINCE SEP 1      0.71                      0.38   0.33     0.25
  SINCE JAN 1     16.36                     11.08   5.28     8.91

SNOWFALL (IN)
  YESTERDAY        0.0
  MONTH TO DATE    0.0
  SINCE SEP 1      0.0
  SINCE JUL 1      0.0
  SNOW DEPTH       0

DEGREE DAYS
 HEATING
  YESTERDAY        0                         0      0        0
  MONTH TO DATE    0                         0      0        0
  SINCE SEP 1      0                         0      0        0
  SINCE JUL 1      0                         0      0        0

 COOLING
  YESTERDAY       17                        14      3       12
  MONTH TO DATE  477                       426     51      461
  SINCE SEP 1    477                       426     51      461
  SINCE JAN 1   3365                      2968    397     3248
..................................................................


WIND (MPH)
  HIGHEST WIND SPEED    20   HIGHEST WIND DIRECTION    NE (40)
  HIGHEST GUST SPEED    23   HIGHEST GUST DIRECTION    NE (30)
  AVERAGE WIND SPEED     7.5


SKY COVER
  POSSIBLE SUNSHINE  MM
  AVERAGE SKY COVER 0.5


WEATHER CONDITIONS
 THE FOLLOWING WEATHER WAS RECORDED YESTERDAY.
  LIGHT RAIN
  HAZE


RELATIVE HUMIDITY (PERCENT)
 HIGHEST    87           300 AM
 LOWEST     52           200 PM
 AVERAGE    70

..........................................................


THE KAHULUI HI CLIMATE NORMALS FOR TODAY
                         NORMAL    RECORD    YEAR
 MAXIMUM TEMPERATURE (F)   88        92      1996
                                             1986
 MINIMUM TEMPERATURE (F)   70        60      1949


SUNRISE AND SUNSET
OCTOBER  1 2014.......SUNRISE   617 AM HST   SUNSET   613 PM HST
OCTOBER  2 2014.......SUNRISE   617 AM HST   SUNSET   612 PM HST


-  INDICATES NEGATIVE NUMBERS.
R  INDICATES RECORD WAS SET OR TIED.
MM INDICATES DATA IS MISSING.
T  INDICATES TRACE AMOUNT.




$$
