000
CDHW42 PHFO 271245
CLIOGG


CLIMATE REPORT
NATIONAL WEATHER SERVICE HONOLULU HI
245 AM HST SAT AUG 27 2016


...................................

...THE KAHULUI HI CLIMATE SUMMARY FOR AUGUST 26 2016...

CLIMATE NORMAL PERIOD 1981 TO 2010
CLIMATE RECORD PERIOD 1946 TO 2016


WEATHER ITEM   OBSERVED TIME   RECORD YEAR NORMAL DEPARTURE LAST
                VALUE   (LST)  VALUE       VALUE  FROM      YEAR
                                                  NORMAL
..................................................................
TEMPERATURE (F)
 YESTERDAY
  MAXIMUM         89    124 PM  93    1984  88      1       MM
  MINIMUM         75    640 AM  62    1964  71      4       MM
  AVERAGE         82                        80      2       MM

PRECIPITATION (IN)
  YESTERDAY        0.01          0.51 2001   0.01   0.00    MM
  MONTH TO DATE    0.35                      0.43  -0.08     0.64
  SINCE JUN 1      1.87                      1.13   0.74     1.60
  SINCE JAN 1      9.60                     10.63  -1.03    20.56

SNOWFALL (IN)
  YESTERDAY        0.0
  MONTH TO DATE    0.0
  SINCE JUN 1      0.0
  SINCE JUL 1      0.0
  SNOW DEPTH       0

DEGREE DAYS
 HEATING
  YESTERDAY        0                         0      0       MM
  MONTH TO DATE    0                         0      0        0
  SINCE JUN 1      0                         0      0        0
  SINCE JUL 1      0                         0      0        0

 COOLING
  YESTERDAY       17                        15      2       MM
  MONTH TO DATE  418                       390     28      403
  SINCE JUN 1   1331                      1217    114     1313
  SINCE JAN 1   2820                      2476    344     2635
..................................................................


WIND (MPH)
  HIGHEST WIND SPEED    29   HIGHEST WIND DIRECTION    NE (40)
  HIGHEST GUST SPEED    34   HIGHEST GUST DIRECTION    NE (40)
  AVERAGE WIND SPEED    14.2


SKY COVER
  POSSIBLE SUNSHINE  MM
  AVERAGE SKY COVER 0.3


WEATHER CONDITIONS
 THE FOLLOWING WEATHER WAS RECORDED YESTERDAY.
  LIGHT RAIN


RELATIVE HUMIDITY (PERCENT)
 HIGHEST    82           200 AM
 LOWEST     50           100 PM
 AVERAGE    66

..........................................................


THE KAHULUI HI CLIMATE NORMALS FOR TODAY
                         NORMAL    RECORD    YEAR
 MAXIMUM TEMPERATURE (F)   88        92      1952
 MINIMUM TEMPERATURE (F)   71        62      1953


SUNRISE AND SUNSET
AUGUST 27 2016........SUNRISE   608 AM HST   SUNSET   645 PM HST
AUGUST 28 2016........SUNRISE   609 AM HST   SUNSET   644 PM HST


-  INDICATES NEGATIVE NUMBERS.
R  INDICATES RECORD WAS SET OR TIED.
MM INDICATES DATA IS MISSING.
T  INDICATES TRACE AMOUNT.




$$
