000
CDUS43 KEAX 020648
CLIOJC


CLIMATE REPORT
NATIONAL WEATHER SERVICE KANSAS CITY/PLEASANT HILL MO
146 AM CDT THU OCT 2 2014


...................................

...THE JOHNSON COUNTY EXECUTIVE KS CLIMATE SUMMARY FOR OCTOBER 1 2014...

CLIMATE NORMAL PERIOD 1981 TO 2010
CLIMATE RECORD PERIOD 9999 TO 9999


WEATHER ITEM   OBSERVED TIME   NORMAL DEPARTURE LAST
                VALUE   (LST)  VALUE  FROM      YEAR
                                      NORMAL
......................................................
TEMPERATURE (F)
 YESTERDAY
  MAXIMUM         80    330 PM  73      7       80
  MINIMUM         65   1132 PM  52     13       57
  AVERAGE         73            62     11       69

PRECIPITATION (IN)
  YESTERDAY        0.71          0.15   0.56     0.00
  MONTH TO DATE    0.71          0.15   0.56     0.00
  SINCE SEP 1      3.41          4.66  -1.25     2.99
  SINCE JAN 1     25.36         32.62  -7.26    29.50

DEGREE DAYS
 HEATING
  YESTERDAY        0             5     -5        0
  MONTH TO DATE    0             5     -5        0
  SINCE SEP 1     57            53      4       27
  SINCE JUL 1     58            54      4       27

 COOLING
  YESTERDAY        8             2      6        4
  MONTH TO DATE    8             2      6        4
  SINCE SEP 1    137           158    -21      220
  SINCE JAN 1   1226          1323    -97     1333
......................................................


WIND (MPH)
  HIGHEST WIND SPEED    21   HIGHEST WIND DIRECTION     S (170)
  HIGHEST GUST SPEED    28   HIGHEST GUST DIRECTION     S (170)
  AVERAGE WIND SPEED     7.5


SKY COVER
  AVERAGE SKY COVER 0.6


WEATHER CONDITIONS
 THE FOLLOWING WEATHER WAS RECORDED YESTERDAY.
  THUNDERSTORM
  HEAVY RAIN
  RAIN
  LIGHT RAIN
  FOG
  HAZE


RELATIVE HUMIDITY (PERCENT)
 HIGHEST    93           800 PM
 LOWEST     74          1100 AM
 AVERAGE    84

..........................................................


THE JOHNSON COUNTY EXECUTIVE KS CLIMATE NORMALS FOR TODAY
                         NORMAL
 MAXIMUM TEMPERATURE (F)   72
 MINIMUM TEMPERATURE (F)   52


SUNRISE AND SUNSET
OCTOBER  2 2014.......SUNRISE   716 AM CDT   SUNSET   700 PM CDT
OCTOBER  3 2014.......SUNRISE   717 AM CDT   SUNSET   658 PM CDT


-  INDICATES NEGATIVE NUMBERS.
R  INDICATES RECORD WAS SET OR TIED.
MM INDICATES DATA IS MISSING.
T  INDICATES TRACE AMOUNT.




$$
