000
CDUS43 KEAX 232126
CLIOJC


CLIMATE REPORT
NATIONAL WEATHER SERVICE KANSAS CITY/PLEASANT HILL MO
426 PM CDT THU MAR 23 2017


...................................

...THE JOHNSON COUNTY EXECUTIVE KS CLIMATE SUMMARY FOR MARCH 23 2017...
VALID AS OF 0400 PM LOCAL TIME.

CLIMATE NORMAL PERIOD 1981 TO 2010
CLIMATE RECORD PERIOD 9999 TO 9999


WEATHER ITEM   OBSERVED TIME   NORMAL DEPARTURE LAST
                VALUE   (LST)  VALUE  FROM      YEAR
                                      NORMAL
......................................................
TEMPERATURE (F)
 TODAY
  MAXIMUM         78    255 PM  58     20       75
  MINIMUM         49    203 AM  37     12       53
  AVERAGE         64            48     16       64

PRECIPITATION (IN)
  TODAY            T             0.08  -0.08     0.30
  MONTH TO DATE    0.32          1.99  -1.67     1.17
  SINCE MAR 1      0.32          1.99  -1.67     1.17
  SINCE JAN 1      1.24          4.68  -3.44     2.42

DEGREE DAYS
 HEATING
  TODAY            1            18    -17        1
  MONTH TO DATE  405           496    -91      303
  SINCE MAR 1    405           496    -91      303
  SINCE JUL 1   3545          4389   -844     3648

 COOLING
  TODAY            0             0      0        0
  MONTH TO DATE    9             0      9        0
  SINCE MAR 1      9             0      9        0
  SINCE JAN 1      9             0      9        0
......................................................


WIND (MPH)
  HIGHEST WIND SPEED    30   HIGHEST WIND DIRECTION     S (180)
  HIGHEST GUST SPEED    39   HIGHEST GUST DIRECTION     S (170)
  AVERAGE WIND SPEED    16.6


SKY COVER
  AVERAGE SKY COVER 0.7


WEATHER CONDITIONS
 THE FOLLOWING WEATHER WAS RECORDED TODAY.
  NO SIGNIFICANT WEATHER WAS OBSERVED.


RELATIVE HUMIDITY (PERCENT)
 HIGHEST    56          1100 AM
 LOWEST     39          1200 AM
 AVERAGE    48

..........................................................


THE JOHNSON COUNTY EXECUTIVE KS CLIMATE NORMALS FOR TOMORROW
                         NORMAL
 MAXIMUM TEMPERATURE (F)   58
 MINIMUM TEMPERATURE (F)   37


SUNRISE AND SUNSET
MARCH 23 2017.........SUNRISE   717 AM CDT   SUNSET   734 PM CDT
MARCH 24 2017.........SUNRISE   716 AM CDT   SUNSET   735 PM CDT


-  INDICATES NEGATIVE NUMBERS.
R  INDICATES RECORD WAS SET OR TIED.
MM INDICATES DATA IS MISSING.
T  INDICATES TRACE AMOUNT.




$$
