000
CDUS43 KEAX 141230
CLIOJC


CLIMATE REPORT
NATIONAL WEATHER SERVICE KANSAS CITY/PLEASANT HILL MO
730 AM CDT MON JUL 14 2014


...................................

...THE JOHNSON COUNTY EXECUTIVE KS CLIMATE SUMMARY FOR JULY 14 2014...
VALID AS OF 0700 AM LOCAL TIME.

CLIMATE NORMAL PERIOD 1981 TO 2010
CLIMATE RECORD PERIOD 9999 TO 9999


WEATHER ITEM   OBSERVED TIME   NORMAL DEPARTURE LAST
                VALUE   (LST)  VALUE  FROM      YEAR
                                      NORMAL
......................................................
TEMPERATURE (F)
 TODAY
  MAXIMUM         74   1223 AM  88    -14       86
  MINIMUM         66    434 AM  69     -3       65
  AVERAGE         70            78     -8       76

PRECIPITATION (IN)
  TODAY            0.00          0.13  -0.13      T
  MONTH TO DATE    1.23          1.77  -0.54     0.54
  SINCE JUN 1      9.42          7.55   1.87     4.44
  SINCE JAN 1     17.00         22.29  -5.29    22.37

DEGREE DAYS
 HEATING
  TODAY            0             0      0        0
  MONTH TO DATE    0             0      0        0
  SINCE JUN 1      1             8     -7       14
  SINCE JUL 1      0             0      0        0

 COOLING
  TODAY            5            13     -8       11
  MONTH TO DATE  122           175    -53      177
  SINCE JUN 1    376           432    -56      455
  SINCE JAN 1    529           536     -7      556
......................................................


WIND (MPH)
  HIGHEST WIND SPEED     6   HIGHEST WIND DIRECTION     S (180)
  HIGHEST GUST SPEED     7   HIGHEST GUST DIRECTION    SW (230)
  AVERAGE WIND SPEED     1.8


SKY COVER
  AVERAGE SKY COVER 0.0


WEATHER CONDITIONS
 THE FOLLOWING WEATHER WAS RECORDED TODAY.
  NO SIGNIFICANT WEATHER WAS OBSERVED.


RELATIVE HUMIDITY (PERCENT)
 HIGHEST   100           500 AM
 LOWEST     79          1200 AM
 AVERAGE    90

..........................................................


THE JOHNSON COUNTY EXECUTIVE KS CLIMATE NORMALS FOR TOMORROW
                         NORMAL
 MAXIMUM TEMPERATURE (F)   88
 MINIMUM TEMPERATURE (F)   69


SUNRISE AND SUNSET
JULY 14 2014..........SUNRISE   605 AM CDT   SUNSET   844 PM CDT
JULY 15 2014..........SUNRISE   606 AM CDT   SUNSET   843 PM CDT


-  INDICATES NEGATIVE NUMBERS.
R  INDICATES RECORD WAS SET OR TIED.
MM INDICATES DATA IS MISSING.
T  INDICATES TRACE AMOUNT.




$$
