000
CDUS43 KEAX 310030
CLIOJC


CLIMATE REPORT
NATIONAL WEATHER SERVICE KANSAS CITY/PLEASANT HILL MO
730 PM CDT TUE AUG 30 2016


...................................

...THE JOHNSON COUNTY EXECUTIVE KS CLIMATE SUMMARY FOR AUGUST 30 2016...
VALID TODAY AS OF 0700 PM LOCAL TIME.

CLIMATE NORMAL PERIOD 1981 TO 2010
CLIMATE RECORD PERIOD 9999 TO 9999


WEATHER ITEM   OBSERVED TIME   NORMAL DEPARTURE LAST
                VALUE   (LST)  VALUE  FROM      YEAR
                                      NORMAL
......................................................
TEMPERATURE (F)
 TODAY
  MAXIMUM         87    333 PM  85      2       82
  MINIMUM         68    649 AM  65      3       67
  AVERAGE         78            75      3       75

PRECIPITATION (IN)
  TODAY            2.40          0.14   2.26     0.00
  MONTH TO DATE    8.26          3.57   4.69     3.91
  SINCE JUN 1     14.26         13.07   1.19    17.17
  SINCE JAN 1     29.66         27.81   1.85    33.39

DEGREE DAYS
 HEATING
  TODAY            0             0      0        0
  MONTH TO DATE    0             0      0        1
  SINCE JUN 1      0             8     -8        6
  SINCE JUL 1      0             0      0        2

 COOLING
  TODAY           13            10      3       10
  MONTH TO DATE  353           384    -31      290
  SINCE JUN 1   1157          1052    105     1029
  SINCE JAN 1   1211          1156     55     1106
......................................................


WIND (MPH)
  HIGHEST WIND SPEED    20   HIGHEST WIND DIRECTION    SW (210)
  HIGHEST GUST SPEED    25   HIGHEST GUST DIRECTION    SW (220)
  AVERAGE WIND SPEED     3.0


SKY COVER
  AVERAGE SKY COVER 0.5


WEATHER CONDITIONS
 THE FOLLOWING WEATHER WAS RECORDED TODAY.
  THUNDERSTORM
  HEAVY RAIN
  RAIN
  LIGHT RAIN
  FOG


RELATIVE HUMIDITY (PERCENT)
 HIGHEST   100           600 AM
 LOWEST     61           300 PM
 AVERAGE    81

..........................................................


THE JOHNSON COUNTY EXECUTIVE KS CLIMATE NORMALS FOR TOMORROW
                         NORMAL
 MAXIMUM TEMPERATURE (F)   85
 MINIMUM TEMPERATURE (F)   65


SUNRISE AND SUNSET
AUGUST 30 2016........SUNRISE   647 AM CDT   SUNSET   751 PM CDT
AUGUST 31 2016........SUNRISE   647 AM CDT   SUNSET   750 PM CDT


-  INDICATES NEGATIVE NUMBERS.
R  INDICATES RECORD WAS SET OR TIED.
MM INDICATES DATA IS MISSING.
T  INDICATES TRACE AMOUNT.




$$
