000
CDUS43 KEAX 150633
CLIOJC


CLIMATE REPORT
NATIONAL WEATHER SERVICE KANSAS CITY/PLEASANT HILL MO
1232 AM CST FRI DEC 15 2017


...................................

...THE JOHNSON COUNTY EXECUTIVE KS CLIMATE SUMMARY FOR DECEMBER 14 2017...

CLIMATE NORMAL PERIOD 1981 TO 2010
CLIMATE RECORD PERIOD 9999 TO 9999


WEATHER ITEM   OBSERVED TIME   NORMAL DEPARTURE LAST
                VALUE   (LST)  VALUE  FROM      YEAR
                                      NORMAL
......................................................
TEMPERATURE (F)
 YESTERDAY
  MAXIMUM         40    347 PM  41     -1       26
  MINIMUM         33    134 AM  24      9       15
  AVERAGE         37            32      5       21

PRECIPITATION (IN)
  YESTERDAY        0.00          0.05  -0.05     0.00
  MONTH TO DATE    T             0.71  -0.71     0.54
  SINCE DEC 1      T             0.71  -0.71     0.54
  SINCE JAN 1     44.71         39.11   5.60    37.38

DEGREE DAYS
 HEATING
  YESTERDAY       28            33     -5       44
  MONTH TO DATE  362           429    -67      417
  SINCE DEC 1    362           429    -67      417
  SINCE JUL 1   1232          1384   -152      999

 COOLING
  YESTERDAY        0             0      0        0
  MONTH TO DATE    0             0      0        0
  SINCE DEC 1      0             0      0        0
  SINCE JAN 1   1236          1349   -113     1468
......................................................


WIND (MPH)
  HIGHEST WIND SPEED    14   HIGHEST WIND DIRECTION     N (360)
  HIGHEST GUST SPEED    17   HIGHEST GUST DIRECTION    NW (330)
  AVERAGE WIND SPEED     5.6


SKY COVER
  AVERAGE SKY COVER 0.9


WEATHER CONDITIONS
 THE FOLLOWING WEATHER WAS RECORDED YESTERDAY.
  NO SIGNIFICANT WEATHER WAS OBSERVED.


RELATIVE HUMIDITY (PERCENT)
 HIGHEST    75           100 AM
 LOWEST     54           200 PM
 AVERAGE    65

..........................................................


THE JOHNSON COUNTY EXECUTIVE KS CLIMATE NORMALS FOR TODAY
                         NORMAL
 MAXIMUM TEMPERATURE (F)   41
 MINIMUM TEMPERATURE (F)   24


SUNRISE AND SUNSET
DECEMBER 15 2017......SUNRISE   730 AM CST   SUNSET   458 PM CST
DECEMBER 16 2017......SUNRISE   731 AM CST   SUNSET   458 PM CST


-  INDICATES NEGATIVE NUMBERS.
R  INDICATES RECORD WAS SET OR TIED.
MM INDICATES DATA IS MISSING.
T  INDICATES TRACE AMOUNT.




$$
