000
CDUS43 KEAX 200633
CLIOJC


CLIMATE REPORT
NATIONAL WEATHER SERVICE KANSAS CITY/PLEASANT HILL MO
132 AM CDT FRI OCT 20 2017


...................................

...THE JOHNSON COUNTY EXECUTIVE KS CLIMATE SUMMARY FOR OCTOBER 19 2017...

CLIMATE NORMAL PERIOD 1981 TO 2010
CLIMATE RECORD PERIOD 9999 TO 9999


WEATHER ITEM   OBSERVED TIME   NORMAL DEPARTURE LAST
                VALUE   (LST)  VALUE  FROM      YEAR
                                      NORMAL
......................................................
TEMPERATURE (F)
 YESTERDAY
  MAXIMUM         78    252 PM  66     12       67
  MINIMUM         51    653 AM  46      5       55
  AVERAGE         65            56      9       61

PRECIPITATION (IN)
  YESTERDAY        0.00          0.11  -0.11     0.00
  MONTH TO DATE    2.01          2.30  -0.29     1.67
  SINCE SEP 1      4.22          6.81  -2.59     5.04
  SINCE JAN 1     42.82         34.77   8.05    34.92

DEGREE DAYS
 HEATING
  YESTERDAY        0            10    -10        4
  MONTH TO DATE   73           134    -61       78
  SINCE SEP 1     87           182    -95       98
  SINCE JUL 1     90           183    -93       98

 COOLING
  YESTERDAY        0             1     -1        0
  MONTH TO DATE   43            26     17       33
  SINCE SEP 1    229           182     47      227
  SINCE JAN 1   1236          1347   -111     1446
......................................................


WIND (MPH)
  HIGHEST WIND SPEED    16   HIGHEST WIND DIRECTION     S (200)
  HIGHEST GUST SPEED    23   HIGHEST GUST DIRECTION     S (170)
  AVERAGE WIND SPEED     8.0


SKY COVER
  AVERAGE SKY COVER 0.0


WEATHER CONDITIONS
 THE FOLLOWING WEATHER WAS RECORDED YESTERDAY.
  NO SIGNIFICANT WEATHER WAS OBSERVED.


RELATIVE HUMIDITY (PERCENT)
 HIGHEST    89           400 AM
 LOWEST     40           200 PM
 AVERAGE    65

..........................................................


THE JOHNSON COUNTY EXECUTIVE KS CLIMATE NORMALS FOR TODAY
                         NORMAL
 MAXIMUM TEMPERATURE (F)   66
 MINIMUM TEMPERATURE (F)   46


SUNRISE AND SUNSET
OCTOBER 20 2017.......SUNRISE   734 AM CDT   SUNSET   633 PM CDT
OCTOBER 21 2017.......SUNRISE   735 AM CDT   SUNSET   632 PM CDT


-  INDICATES NEGATIVE NUMBERS.
R  INDICATES RECORD WAS SET OR TIED.
MM INDICATES DATA IS MISSING.
T  INDICATES TRACE AMOUNT.




$$
