000
CDUS43 KEAX 260635
CLIOJC


CLIMATE REPORT
NATIONAL WEATHER SERVICE KANSAS CITY/PLEASANT HILL MO
135 AM CDT WED APR 26 2017


...................................

...THE JOHNSON COUNTY EXECUTIVE KS CLIMATE SUMMARY FOR APRIL 25 2017...

CLIMATE NORMAL PERIOD 1981 TO 2010
CLIMATE RECORD PERIOD 9999 TO 9999


WEATHER ITEM   OBSERVED TIME   NORMAL DEPARTURE LAST
                VALUE   (LST)  VALUE  FROM      YEAR
                                      NORMAL
......................................................
TEMPERATURE (F)
 YESTERDAY
  MAXIMUM         72    252 PM  68      4       73
  MINIMUM         50   1159 PM  48      2       58
  AVERAGE         61            58      3       66

PRECIPITATION (IN)
  YESTERDAY        0.04          0.15  -0.11     0.25
  MONTH TO DATE    2.60          3.08  -0.48     1.63
  SINCE MAR 1      4.91          5.71  -0.80     3.72
  SINCE JAN 1      5.83          8.40  -2.57     4.97

DEGREE DAYS
 HEATING
  YESTERDAY        4             8     -4        0
  MONTH TO DATE  185           281    -96      195
  SINCE MAR 1    702           905   -203      629
  SINCE JUL 1   3842          4798   -956     3974

 COOLING
  YESTERDAY        0             1     -1        1
  MONTH TO DATE   17            17      0        6
  SINCE MAR 1     26            18      8        6
  SINCE JAN 1     26            18      8        6
......................................................


WIND (MPH)
  HIGHEST WIND SPEED    22   HIGHEST WIND DIRECTION     S (160)
  HIGHEST GUST SPEED    27   HIGHEST GUST DIRECTION     S (160)
  AVERAGE WIND SPEED     9.5


SKY COVER
  AVERAGE SKY COVER 0.5


WEATHER CONDITIONS
 THE FOLLOWING WEATHER WAS RECORDED YESTERDAY.
  THUNDERSTORM
  HEAVY RAIN
  RAIN
  LIGHT RAIN
  FOG


RELATIVE HUMIDITY (PERCENT)
 HIGHEST   100          1000 PM
 LOWEST     58          1000 AM
 AVERAGE    79

..........................................................


THE JOHNSON COUNTY EXECUTIVE KS CLIMATE NORMALS FOR TODAY
                         NORMAL
 MAXIMUM TEMPERATURE (F)   68
 MINIMUM TEMPERATURE (F)   49


SUNRISE AND SUNSET
APRIL 26 2017.........SUNRISE   627 AM CDT   SUNSET   807 PM CDT
APRIL 27 2017.........SUNRISE   626 AM CDT   SUNSET   808 PM CDT


-  INDICATES NEGATIVE NUMBERS.
R  INDICATES RECORD WAS SET OR TIED.
MM INDICATES DATA IS MISSING.
T  INDICATES TRACE AMOUNT.




$$
