000
CDUS43 KEAX 280037
CLIOJC


CLIMATE REPORT
NATIONAL WEATHER SERVICE KANSAS CITY/PLEASANT HILL MO
736 PM CDT TUE SEP 27 2016


...................................

...THE JOHNSON COUNTY EXECUTIVE KS CLIMATE SUMMARY FOR SEPTEMBER 27 2016...
VALID TODAY AS OF 0700 PM LOCAL TIME.

CLIMATE NORMAL PERIOD 1981 TO 2010
CLIMATE RECORD PERIOD 9999 TO 9999


WEATHER ITEM   OBSERVED TIME   NORMAL DEPARTURE LAST
                VALUE   (LST)  VALUE  FROM      YEAR
                                      NORMAL
......................................................
TEMPERATURE (F)
 TODAY
  MAXIMUM         78    441 PM  74      4       78
  MINIMUM         51    603 AM  54     -3       58
  AVERAGE         65            64      1       68

PRECIPITATION (IN)
  TODAY            0.00          0.14  -0.14     0.00
  MONTH TO DATE    3.37          4.15  -0.78     2.67
  SINCE SEP 1      3.37          4.15  -0.78     2.67
  SINCE JAN 1     33.25         32.11   1.14    36.06

DEGREE DAYS
 HEATING
  TODAY            0             4     -4        0
  MONTH TO DATE    7            34    -27       13
  SINCE SEP 1      7            34    -27       13
  SINCE JUL 1      7            35    -28       15

 COOLING
  TODAY            0             3     -3        3
  MONTH TO DATE  194           149     45      208
  SINCE SEP 1    194           149     45      208
  SINCE JAN 1   1413          1314     99     1326
......................................................


WIND (MPH)
  HIGHEST WIND SPEED    14   HIGHEST WIND DIRECTION     W (260)
  HIGHEST GUST SPEED    18   HIGHEST GUST DIRECTION    SW (210)
  AVERAGE WIND SPEED     6.2


SKY COVER
  AVERAGE SKY COVER 0.0


WEATHER CONDITIONS
 THE FOLLOWING WEATHER WAS RECORDED TODAY.
  NO SIGNIFICANT WEATHER WAS OBSERVED.


RELATIVE HUMIDITY (PERCENT)
 HIGHEST    89           100 AM
 LOWEST     32           300 PM
 AVERAGE    61

..........................................................


THE JOHNSON COUNTY EXECUTIVE KS CLIMATE NORMALS FOR TOMORROW
                         NORMAL
 MAXIMUM TEMPERATURE (F)   74
 MINIMUM TEMPERATURE (F)   54


SUNRISE AND SUNSET
SEPTEMBER 27 2016.....SUNRISE   712 AM CDT   SUNSET   707 PM CDT
SEPTEMBER 28 2016.....SUNRISE   713 AM CDT   SUNSET   705 PM CDT


-  INDICATES NEGATIVE NUMBERS.
R  INDICATES RECORD WAS SET OR TIED.
MM INDICATES DATA IS MISSING.
T  INDICATES TRACE AMOUNT.




$$
