000
CDUS43 KEAX 250642
CLIOJC


CLIMATE REPORT
NATIONAL WEATHER SERVICE KANSAS CITY/PLEASANT HILL MO
140 AM CDT MON MAY 25 2015


...................................

...THE JOHNSON COUNTY EXECUTIVE KS CLIMATE SUMMARY FOR MAY 24 2015...

CLIMATE NORMAL PERIOD 1981 TO 2010
CLIMATE RECORD PERIOD 9999 TO 9999


WEATHER ITEM   OBSERVED TIME   NORMAL DEPARTURE LAST
                VALUE   (LST)  VALUE  FROM      YEAR
                                      NORMAL
......................................................
TEMPERATURE (F)
 YESTERDAY
  MAXIMUM         71    153 PM  77     -6       72
  MINIMUM         62   1159 PM  58      4       61
  AVERAGE         67            67      0       67

PRECIPITATION (IN)
  YESTERDAY        0.35          0.16   0.19     0.34
  MONTH TO DATE    9.29          4.26   5.03     0.74
  SINCE MAR 1     13.32         10.88   2.44     6.46
  SINCE JAN 1     14.91         13.57   1.34     6.95

DEGREE DAYS
 HEATING
  YESTERDAY        0             2     -2        0
  MONTH TO DATE   78            85     -7      113
  SINCE MAR 1    835          1023   -188     1211
  SINCE JUL 1   4870          4916    -46     5692

 COOLING
  YESTERDAY        2             4     -2        2
  MONTH TO DATE   50            52     -2       85
  SINCE MAR 1     59            70    -11       90
  SINCE JAN 1     59            70    -11       90
......................................................


WIND (MPH)
  HIGHEST WIND SPEED    21   HIGHEST WIND DIRECTION    SE (130)
  HIGHEST GUST SPEED    29   HIGHEST GUST DIRECTION    SE (120)
  AVERAGE WIND SPEED     7.9


SKY COVER
  AVERAGE SKY COVER 1.0


WEATHER CONDITIONS
 THE FOLLOWING WEATHER WAS RECORDED YESTERDAY.
  RAIN
  LIGHT RAIN
  FOG


RELATIVE HUMIDITY (PERCENT)
 HIGHEST   100           600 AM
 LOWEST     78           300 PM
 AVERAGE    89

..........................................................


THE JOHNSON COUNTY EXECUTIVE KS CLIMATE NORMALS FOR TODAY
                         NORMAL
 MAXIMUM TEMPERATURE (F)   77
 MINIMUM TEMPERATURE (F)   58


SUNRISE AND SUNSET
MAY 25 2015...........SUNRISE   559 AM CDT   SUNSET   833 PM CDT
MAY 26 2015...........SUNRISE   559 AM CDT   SUNSET   834 PM CDT


-  INDICATES NEGATIVE NUMBERS.
R  INDICATES RECORD WAS SET OR TIED.
MM INDICATES DATA IS MISSING.
T  INDICATES TRACE AMOUNT.




$$
