000
CDUS46 KSGX 251429
CLIOKB


CLIMATE REPORT
NATIONAL WEATHER SERVICE SAN DIEGO, CA
728 AM PDT SUN SEP 25 2016


...................................

...THE OCEANSIDE AIRPORT CA CLIMATE SUMMARY FOR SEPTEMBER 24 2016...

CLIMATE NORMAL PERIOD 1981 TO 2010
CLIMATE RECORD PERIOD 1999 TO 2016


WEATHER ITEM   OBSERVED TIME   RECORD YEAR NORMAL DEPARTURE LAST
                VALUE   (LST)  VALUE       VALUE  FROM      YEAR
                                                  NORMAL
..................................................................
TEMPERATURE (F)
 YESTERDAY
  MAXIMUM         85   1154 AM  88    2009  76      9       83
  MINIMUM         53    604 AM  48    2004  58     -5       66
  AVERAGE         69                        67      2       75

PRECIPITATION (IN)
  YESTERDAY        0.00          0.00 2006   0.01  -0.01     0.00
  MONTH TO DATE    0.24                      0.20   0.04     1.14
  SINCE OCT 1      7.36                     13.62  -6.26     9.31
  SINCE JAN 1      5.19                      9.74  -4.55     4.91

DEGREE DAYS
 HEATING
  YESTERDAY        0                         1     -1        0
  MONTH TO DATE   12                         1     11        0
  SINCE SEP 1     12                         1     11        0
  SINCE JUL 1     12                         6      6        0

 COOLING
  YESTERDAY        4                         2      2       10
  MONTH TO DATE   71                        82    -11      239
  SINCE SEP 1     71                        82    -11      239
  SINCE JAN 1    528                       382    146      844
..................................................................


WIND (MPH)
  RESULTANT WIND SPEED   3   RESULTANT WIND DIRECTION   W (270)
  HIGHEST WIND SPEED    17   HIGHEST WIND DIRECTION     W (290)
  HIGHEST GUST SPEED    24   HIGHEST GUST DIRECTION     W (290)
  AVERAGE WIND SPEED     5.8


SKY COVER
  POSSIBLE SUNSHINE  MM
  AVERAGE SKY COVER 0.0


WEATHER CONDITIONS
 THE FOLLOWING WEATHER WAS RECORDED YESTERDAY.
  NO SIGNIFICANT WEATHER WAS OBSERVED.


RELATIVE HUMIDITY (PERCENT)
 HIGHEST    89           400 AM
 LOWEST     23          1100 AM
 AVERAGE    56

..........................................................


THE OCEANSIDE AIRPORT CA CLIMATE NORMALS FOR TODAY
                         NORMAL    RECORD    YEAR
 MAXIMUM TEMPERATURE (F)   76        84      2015
                                             2010
                                             2001
 MINIMUM TEMPERATURE (F)   58        50      2005


SUNRISE AND SUNSET
SEPTEMBER 25 2016.....SUNRISE   640 AM PDT   SUNSET   641 PM PDT
SEPTEMBER 26 2016.....SUNRISE   641 AM PDT   SUNSET   640 PM PDT


-  INDICATES NEGATIVE NUMBERS.
R  INDICATES RECORD WAS SET OR TIED.
MM INDICATES DATA IS MISSING.
T  INDICATES TRACE AMOUNT.




$$
