000
CDUS46 KSGX 260018
CLIOKB


CLIMATE REPORT
NATIONAL WEATHER SERVICE SAN DIEGO, CA
518 PM PDT SAT OCT 25 2014


...................................

...THE OCEANSIDE AIRPORT CA CLIMATE SUMMARY FOR OCTOBER 25 2014...
VALID TODAY AS OF 0500 PM LOCAL TIME.

CLIMATE NORMAL PERIOD 1981 TO 2010
CLIMATE RECORD PERIOD 1999 TO 2014


WEATHER ITEM   OBSERVED TIME   RECORD YEAR NORMAL DEPARTURE LAST
                VALUE   (LST)  VALUE       VALUE  FROM      YEAR
                                                  NORMAL
..................................................................
TEMPERATURE (F)
 TODAY
  MAXIMUM         78   1120 AM  86    2007  73      5       70
  MINIMUM         55    543 AM  42    2008  50      5       50
  AVERAGE         67                        61      6       60

PRECIPITATION (IN)
  TODAY            0.00          0.28 2010   0.03  -0.03     0.00
  MONTH TO DATE    T                         0.51  -0.51     0.17
  SINCE JUL 1      0.14                      1.02  -0.88     0.18
  SINCE JAN 1      2.74                     10.29  -7.55     2.50

SNOWFALL (IN)
  TODAY            0.0
  MONTH TO DATE    0.0
  SINCE JAN 1      0.0
  SINCE JUL 1      0.0
  SNOW DEPTH       0

DEGREE DAYS
 HEATING
  TODAY            0                         4     -4        5
  MONTH TO DATE    1                        59    -58       75
  SINCE SEP 1      1                        69    -68       83
  SINCE JUL 1      1                        74    -73       83

 COOLING
  TODAY            2                         0      2        0
  MONTH TO DATE   86                        18     68       15
  SINCE SEP 1    340                       112    228      129
  SINCE JAN 1    847                       412    435      530
..................................................................


WIND (MPH)
  RESULTANT WIND SPEED   3   RESULTANT WIND DIRECTION   W (270)
  HIGHEST WIND SPEED    17   HIGHEST WIND DIRECTION     W (280)
  HIGHEST GUST SPEED    22   HIGHEST GUST DIRECTION     W (290)
  AVERAGE WIND SPEED     4.3


SKY COVER
  POSSIBLE SUNSHINE  MM
  AVERAGE SKY COVER 0.4


WEATHER CONDITIONS
 THE FOLLOWING WEATHER WAS RECORDED TODAY.
  NO SIGNIFICANT WEATHER WAS OBSERVED.


RELATIVE HUMIDITY (PERCENT)
 HIGHEST    77          1200 AM
 LOWEST     48           800 AM
 AVERAGE    63

..........................................................


THE OCEANSIDE AIRPORT CA CLIMATE NORMALS FOR TOMORROW
                         NORMAL    RECORD    YEAR
 MAXIMUM TEMPERATURE (F)   73        93      2003
 MINIMUM TEMPERATURE (F)   49        41      2009


SUNRISE AND SUNSET
OCTOBER 25 2014.......SUNRISE   702 AM PDT   SUNSET   605 PM PDT
OCTOBER 26 2014.......SUNRISE   703 AM PDT   SUNSET   604 PM PDT


-  INDICATES NEGATIVE NUMBERS.
R  INDICATES RECORD WAS SET OR TIED.
MM INDICATES DATA IS MISSING.
T  INDICATES TRACE AMOUNT.




$$
