000
CDUS46 KSGX 061419
CLIOKB


CLIMATE REPORT
NATIONAL WEATHER SERVICE SAN DIEGO, CA
718 AM PDT FRI MAY 6 2016


...................................

...THE OCEANSIDE AIRPORT CA CLIMATE SUMMARY FOR MAY 5 2016...

CLIMATE NORMAL PERIOD 1981 TO 2010
CLIMATE RECORD PERIOD 1999 TO 2016


WEATHER ITEM   OBSERVED TIME   RECORD YEAR NORMAL DEPARTURE LAST
                VALUE   (LST)  VALUE       VALUE  FROM      YEAR
                                                  NORMAL
..................................................................
TEMPERATURE (F)
 YESTERDAY
  MAXIMUM         69    140 PM  75    2004  69      0       68
  MINIMUM         57   1153 PM  46    2004  52      5       55
  AVERAGE         63                        61      2       62

PRECIPITATION (IN)
  YESTERDAY        0.06          0.11 2013   0.02   0.04     0.00
  MONTH TO DATE    0.06                      0.10  -0.04     0.00
  SINCE OCT 1      6.64                     12.88  -6.24     5.92
  SINCE JAN 1      4.47                      9.00  -4.53     1.52

DEGREE DAYS
 HEATING
  YESTERDAY        2                         5     -3        3
  MONTH TO DATE   24                        25     -1        7
  SINCE MAR 1    387                       511   -124      257
  SINCE JUL 1   1555                      1919   -364     1131

 COOLING
  YESTERDAY        0                         0      0        0
  MONTH TO DATE    0                         0      0        0
  SINCE MAR 1      4                         3      1       34
  SINCE JAN 1     10                         3      7       34
..................................................................


WIND (MPH)
  RESULTANT WIND SPEED   5   RESULTANT WIND DIRECTION  SW (230)
  HIGHEST WIND SPEED    15   HIGHEST WIND DIRECTION    SW (230)
  HIGHEST GUST SPEED    21   HIGHEST GUST DIRECTION    SW (240)
  AVERAGE WIND SPEED     5.3


SKY COVER
  POSSIBLE SUNSHINE  MM
  AVERAGE SKY COVER 1.0


WEATHER CONDITIONS
 THE FOLLOWING WEATHER WAS RECORDED YESTERDAY.
  LIGHT RAIN
  FOG


RELATIVE HUMIDITY (PERCENT)
 HIGHEST    77          1200 AM
 LOWEST     49          1000 AM
 AVERAGE    63

..........................................................


THE OCEANSIDE AIRPORT CA CLIMATE NORMALS FOR TODAY
                         NORMAL    RECORD    YEAR
 MAXIMUM TEMPERATURE (F)   69        86      2007
 MINIMUM TEMPERATURE (F)   52        47      2007


SUNRISE AND SUNSET
MAY  6 2016...........SUNRISE   556 AM PDT   SUNSET   736 PM PDT
MAY  7 2016...........SUNRISE   555 AM PDT   SUNSET   737 PM PDT


-  INDICATES NEGATIVE NUMBERS.
R  INDICATES RECORD WAS SET OR TIED.
MM INDICATES DATA IS MISSING.
T  INDICATES TRACE AMOUNT.




$$
