000
CDUS46 KSGX 181140
CLIOKB


CLIMATE REPORT
NATIONAL WEATHER SERVICE SAN DIEGO, CA
430 AM PDT WED OCT 18 2017


...................................

...THE OCEANSIDE AIRPORT CA CLIMATE SUMMARY FOR OCTOBER 17 2017...

CLIMATE NORMAL PERIOD 1981 TO 2010
CLIMATE RECORD PERIOD 1999 TO 2017


WEATHER ITEM   OBSERVED TIME   RECORD YEAR NORMAL DEPARTURE LAST
                VALUE   (LST)  VALUE       VALUE  FROM      YEAR
                                                  NORMAL
..................................................................
TEMPERATURE (F)
 YESTERDAY
  MAXIMUM         86   1019 AM  93    2012  74     12       73
  MINIMUM         54    441 AM  44    2013  52      2       54
                                      2008
  AVERAGE         70                        63      7       64

PRECIPITATION (IN)
  YESTERDAY        0.00          0.26 2005   0.03  -0.03     0.04
  MONTH TO DATE    0.00                      0.28  -0.28     0.04
  SINCE OCT 1      0.00                      0.28  -0.28     0.04
  SINCE JAN 1      9.84                     10.06  -0.22     5.23

DEGREE DAYS
 HEATING
  YESTERDAY        0                         3     -3        1
  MONTH TO DATE   10                        31    -21       15
  SINCE SEP 1     20                        41    -21       27
  SINCE JUL 1     20                        46    -26       27

 COOLING
  YESTERDAY        5                         0      5        0
  MONTH TO DATE   29                        18     11       19
  SINCE SEP 1    177                       112     65      153
  SINCE JAN 1    696                       412    284      610
..................................................................


WIND (MPH)
  RESULTANT WIND SPEED   2   RESULTANT WIND DIRECTION   W (260)
  HIGHEST WIND SPEED    15   HIGHEST WIND DIRECTION    SW (240)
  HIGHEST GUST SPEED    18   HIGHEST GUST DIRECTION    SW (210)
  AVERAGE WIND SPEED     3.6


SKY COVER
  POSSIBLE SUNSHINE  MM
  AVERAGE SKY COVER 0.0


WEATHER CONDITIONS
 THE FOLLOWING WEATHER WAS RECORDED YESTERDAY.
  NO SIGNIFICANT WEATHER WAS OBSERVED.


RELATIVE HUMIDITY (PERCENT)
 HIGHEST    93           900 PM
 LOWEST     23           900 AM
 AVERAGE    58

..........................................................


THE OCEANSIDE AIRPORT CA CLIMATE NORMALS FOR TODAY
                         NORMAL    RECORD    YEAR
 MAXIMUM TEMPERATURE (F)   74        79      2012
 MINIMUM TEMPERATURE (F)   52        43      2013


SUNRISE AND SUNSET
OCTOBER 18 2017.......SUNRISE   656 AM PDT   SUNSET   612 PM PDT
OCTOBER 19 2017.......SUNRISE   657 AM PDT   SUNSET   611 PM PDT


-  INDICATES NEGATIVE NUMBERS.
R  INDICATES RECORD WAS SET OR TIED.
MM INDICATES DATA IS MISSING.
T  INDICATES TRACE AMOUNT.




$$
