000
CDUS46 KSGX 281138
CLIOKB


CLIMATE REPORT
NATIONAL WEATHER SERVICE SAN DIEGO, CA
438 AM PDT FRI APR 28 2017


...................................

...THE OCEANSIDE AIRPORT CA CLIMATE SUMMARY FOR APRIL 27 2017...

CLIMATE NORMAL PERIOD 1981 TO 2010
CLIMATE RECORD PERIOD 1999 TO 2017


WEATHER ITEM   OBSERVED TIME   RECORD YEAR NORMAL DEPARTURE LAST
                VALUE   (LST)  VALUE       VALUE  FROM      YEAR
                                                  NORMAL
..................................................................
TEMPERATURE (F)
 YESTERDAY
  MAXIMUM         72   1245 PM  97    2008  69      3       69
  MINIMUM         55   1157 PM  44    2015  51      4       47
  AVERAGE         64                        60      4       58

PRECIPITATION (IN)
  YESTERDAY        0.00          0.01 2005   0.03  -0.03      T
  MONTH TO DATE    0.02                      0.91  -0.89     0.46
  SINCE OCT 1     13.65                     12.72   0.93     6.58
  SINCE JAN 1      8.50                      8.84  -0.34     4.41

DEGREE DAYS
 HEATING
  YESTERDAY        1                         5     -4        7
  MONTH TO DATE  105                       181    -76      127
  SINCE MAR 1    318                       471   -153      348
  SINCE JUL 1   1333                      1879   -546     1516

 COOLING
  YESTERDAY        0                         0      0        0
  MONTH TO DATE    3                         0      3        4
  SINCE MAR 1      3                         1      2        4
  SINCE JAN 1      3                         1      2       10
..................................................................


WIND (MPH)
  RESULTANT WIND SPEED   2   RESULTANT WIND DIRECTION   W (250)
  HIGHEST WIND SPEED    15   HIGHEST WIND DIRECTION    SW (240)
  HIGHEST GUST SPEED    19   HIGHEST GUST DIRECTION     W (250)
  AVERAGE WIND SPEED     5.7


SKY COVER
  POSSIBLE SUNSHINE  MM
  AVERAGE SKY COVER 0.5


WEATHER CONDITIONS
 THE FOLLOWING WEATHER WAS RECORDED YESTERDAY.
  FOG


RELATIVE HUMIDITY (PERCENT)
 HIGHEST    93           200 AM
 LOWEST     66           100 PM
 AVERAGE    80

..........................................................


THE OCEANSIDE AIRPORT CA CLIMATE NORMALS FOR TODAY
                         NORMAL    RECORD    YEAR
 MAXIMUM TEMPERATURE (F)   69        91      2008
 MINIMUM TEMPERATURE (F)   51        42      2002


SUNRISE AND SUNSET
APRIL 28 2017.........SUNRISE   604 AM PDT   SUNSET   730 PM PDT
APRIL 29 2017.........SUNRISE   603 AM PDT   SUNSET   731 PM PDT


-  INDICATES NEGATIVE NUMBERS.
R  INDICATES RECORD WAS SET OR TIED.
MM INDICATES DATA IS MISSING.
T  INDICATES TRACE AMOUNT.




$$
