000
CDUS46 KSGX 211518
CLIOKB


CLIMATE REPORT
NATIONAL WEATHER SERVICE SAN DIEGO, CA
718 AM PST SAT JAN 21 2017


...................................

...THE OCEANSIDE AIRPORT CA CLIMATE SUMMARY FOR JANUARY 20 2017...

CLIMATE NORMAL PERIOD 1981 TO 2010
CLIMATE RECORD PERIOD 1999 TO 2017


WEATHER ITEM   OBSERVED TIME   RECORD YEAR NORMAL DEPARTURE LAST
                VALUE   (LST)  VALUE       VALUE  FROM      YEAR
                                                  NORMAL
..................................................................
TEMPERATURE (F)
 YESTERDAY
  MAXIMUM         60    313 PM  79    2013  66     -6       67
  MINIMUM         53    657 AM  32    2008  41     12       58
  AVERAGE         57                        53      4       63

PRECIPITATION (IN)
  YESTERDAY        1.11R         0.86 2010   0.07   1.04     0.00
  MONTH TO DATE    3.06                      2.00   1.06     2.35
  SINCE OCT 1      8.21                      5.88   2.33     4.52
  SINCE JAN 1      3.06                      2.00   1.06     2.35

DEGREE DAYS
 HEATING
  YESTERDAY        8                        12     -4        2
  MONTH TO DATE  190                       245    -55      220
  SINCE DEC 1    470                       629   -159      629
  SINCE JUL 1    656                       979   -323      860

 COOLING
  YESTERDAY        0                         0      0        0
  MONTH TO DATE    0                         0      0        0
  SINCE DEC 1      0                         0      0        0
  SINCE JAN 1      0                         0      0        0
..................................................................


WIND (MPH)
  RESULTANT WIND SPEED   8   RESULTANT WIND DIRECTION  SW (220)
  HIGHEST WIND SPEED    35   HIGHEST WIND DIRECTION     S (200)
  HIGHEST GUST SPEED    47   HIGHEST GUST DIRECTION     S (200)
  AVERAGE WIND SPEED    10.5


SKY COVER
  POSSIBLE SUNSHINE  MM
  AVERAGE SKY COVER 0.9


WEATHER CONDITIONS
 THE FOLLOWING WEATHER WAS RECORDED YESTERDAY.
  HEAVY RAIN
  RAIN
  LIGHT RAIN
  FOG
  HAZE


RELATIVE HUMIDITY (PERCENT)
 HIGHEST   100           700 AM
 LOWEST     72          1100 PM
 AVERAGE    86

..........................................................


THE OCEANSIDE AIRPORT CA CLIMATE NORMALS FOR TODAY
                         NORMAL    RECORD    YEAR
 MAXIMUM TEMPERATURE (F)   66        74      2009
 MINIMUM TEMPERATURE (F)   41        31      2006


SUNRISE AND SUNSET
JANUARY 21 2017.......SUNRISE   651 AM PST   SUNSET   511 PM PST
JANUARY 22 2017.......SUNRISE   650 AM PST   SUNSET   512 PM PST


-  INDICATES NEGATIVE NUMBERS.
R  INDICATES RECORD WAS SET OR TIED.
MM INDICATES DATA IS MISSING.
T  INDICATES TRACE AMOUNT.




$$
