000
CDUS46 KSGX 240017
CLIOKB


CLIMATE REPORT
NATIONAL WEATHER SERVICE SAN DIEGO, CA
417 PM PST THU FEB 23 2017


...................................

...THE OCEANSIDE AIRPORT CA CLIMATE SUMMARY FOR FEBRUARY 23 2017...
VALID TODAY AS OF 0400 PM LOCAL TIME.

CLIMATE NORMAL PERIOD 1981 TO 2010
CLIMATE RECORD PERIOD 1999 TO 2017


WEATHER ITEM   OBSERVED TIME   RECORD YEAR NORMAL DEPARTURE LAST
                VALUE   (LST)  VALUE       VALUE  FROM      YEAR
                                                  NORMAL
..................................................................
TEMPERATURE (F)
 TODAY
  MAXIMUM         59    101 PM  77    2016  65     -6       77
  MINIMUM         39    553 AM  33    2013  44     -5       40
  AVERAGE         49                        54     -5       59

PRECIPITATION (IN)
  TODAY            0.00          0.77 2005   0.14  -0.14     0.00
  MONTH TO DATE    2.57                      2.46   0.11     0.13
  SINCE OCT 1     11.98                      8.99   2.99     4.91
  SINCE JAN 1      6.83                      5.11   1.72     2.74

DEGREE DAYS
 HEATING
  TODAY           16                        11      5        6
  MONTH TO DATE  176                       253    -77      158
  SINCE DEC 1    763                      1008   -245      898
  SINCE JUL 1    949                      1358   -409     1129

 COOLING
  TODAY            0                         0      0        0
  MONTH TO DATE    0                         0      0        6
  SINCE DEC 1      0                         0      0        6
  SINCE JAN 1      0                         0      0        6
..................................................................


WIND (MPH)
  RESULTANT WIND SPEED   3   RESULTANT WIND DIRECTION   W (270)
  HIGHEST WIND SPEED    18   HIGHEST WIND DIRECTION     W (260)
  HIGHEST GUST SPEED    24   HIGHEST GUST DIRECTION     W (250)
  AVERAGE WIND SPEED     4.8


SKY COVER
  POSSIBLE SUNSHINE  MM
  AVERAGE SKY COVER 0.0


WEATHER CONDITIONS
 THE FOLLOWING WEATHER WAS RECORDED TODAY.
  FOG


RELATIVE HUMIDITY (PERCENT)
 HIGHEST   100           200 AM
 LOWEST     43          1000 AM
 AVERAGE    72

..........................................................


THE OCEANSIDE AIRPORT CA CLIMATE NORMALS FOR TOMORROW
                         NORMAL    RECORD    YEAR
 MAXIMUM TEMPERATURE (F)   65        80      2016
 MINIMUM TEMPERATURE (F)   44        36      2001


SUNRISE AND SUNSET
FEBRUARY 23 2017......SUNRISE   624 AM PST   SUNSET   542 PM PST
FEBRUARY 24 2017......SUNRISE   623 AM PST   SUNSET   542 PM PST


-  INDICATES NEGATIVE NUMBERS.
R  INDICATES RECORD WAS SET OR TIED.
MM INDICATES DATA IS MISSING.
T  INDICATES TRACE AMOUNT.




$$
