000
CDUS44 KOUN 242320
CLIOKC

CLIMATE REPORT
NATIONAL WEATHER SERVICE NORMAN OK
518 PM CST SAT JAN 24 2015


...................................

...THE OKLAHOMA CITY CLIMATE SUMMARY FOR JANUARY 24 2015...
VALID TODAY AS OF 0500 PM LOCAL TIME.

CLIMATE NORMAL PERIOD 1981 TO 2010
CLIMATE RECORD PERIOD 1890 TO 2015


WEATHER ITEM   OBSERVED TIME   RECORD YEAR NORMAL DEPARTURE LAST
                VALUE   (LST)  VALUE       VALUE  FROM      YEAR
                                                  NORMAL
..................................................................
TEMPERATURE (F)
 TODAY
  MAXIMUM         63    400 PM  81    1950  50     13       45
  MINIMUM         32    219 AM  -8    1894  29      3        4
  AVERAGE         48                        40      8       25

PRECIPITATION (IN)
  TODAY            0.00          1.52 2012   0.05  -0.05     0.00
  MONTH TO DATE    1.22                      1.03   0.19     0.06
  SINCE JAN 1      1.22                      1.03   0.19     0.06

SNOWFALL (IN)
  TODAY            0.0           4.0  1948   0.1   -0.1      0.0
  MONTH TO DATE    T                         2.1   -2.1      0.2
  SINCE JUL 1      6.0                       4.6    1.4      4.3
  SNOW DEPTH       0

DEGREE DAYS
 HEATING
  TODAY           17                        25     -8       40
  MONTH TO DATE  659                       622     37      637
  SINCE JUL 1   1963                      1977    -14     2165
..................................................................


WIND (MPH)
  HIGHEST WIND SPEED    18   HIGHEST WIND DIRECTION    SW (220)
  HIGHEST GUST SPEED    23   HIGHEST GUST DIRECTION    SW (230)
  AVERAGE WIND SPEED     9.5


SKY COVER
  AVERAGE SKY COVER 0.1


WEATHER CONDITIONS
 THE FOLLOWING WEATHER WAS RECORDED TODAY.
  NO SIGNIFICANT WEATHER WAS OBSERVED.


RELATIVE HUMIDITY (PERCENT)
 HIGHEST    75           600 AM
 LOWEST     30           300 PM
 AVERAGE    53

..........................................................


THE OKLAHOMA CITY CLIMATE NORMALS FOR TOMORROW
                         NORMAL    RECORD    YEAR
 MAXIMUM TEMPERATURE (F)   51        77      1952
 MINIMUM TEMPERATURE (F)   29        -3      1894


SUNRISE AND SUNSET
JANUARY 24 2015.......SUNRISE   735 AM CST   SUNSET   550 PM CST
JANUARY 25 2015.......SUNRISE   735 AM CST   SUNSET   551 PM CST


-  INDICATES NEGATIVE NUMBERS.
R  INDICATES RECORD WAS SET OR TIED.
MM INDICATES DATA IS MISSING.
T  INDICATES TRACE AMOUNT.




$$
