000
CDUS44 KOUN 040635
CLIOKC

CLIMATE REPORT
NATIONAL WEATHER SERVICE NORMAN OK
134 AM CDT SAT JUL 4 2015


...................................

...THE OKLAHOMA CITY CLIMATE SUMMARY FOR JULY 3 2015...

CLIMATE NORMAL PERIOD 1981 TO 2010
CLIMATE RECORD PERIOD 1890 TO 2015


WEATHER ITEM   OBSERVED TIME   RECORD YEAR NORMAL DEPARTURE LAST
                VALUE   (LST)  VALUE       VALUE  FROM      YEAR
                                                  NORMAL
..................................................................
TEMPERATURE (F)
 YESTERDAY
  MAXIMUM         89    226 PM 105    1980  92     -3       85
  MINIMUM         67    118 AM  57    1906  71     -4       64
  AVERAGE         78                        82     -4       75

PRECIPITATION (IN)
  YESTERDAY        2.44          2.97 1947   0.11   2.33     0.00
  MONTH TO DATE    3.76                      0.33   3.43     0.00
  SINCE JAN 1     38.19                     19.01  19.18    15.73

DEGREE DAYS
 COOLING
  YESTERDAY       13                        17     -4       10
  MONTH TO DATE   48                        50     -2       37
  SINCE JAN 1    652                       690    -38      727
..................................................................


WIND (MPH)
  HIGHEST WIND SPEED    24   HIGHEST WIND DIRECTION    SE (120)
  HIGHEST GUST SPEED    29   HIGHEST GUST DIRECTION    NE (60)
  AVERAGE WIND SPEED     7.4


SKY COVER
  AVERAGE SKY COVER 0.7


WEATHER CONDITIONS
 THE FOLLOWING WEATHER WAS RECORDED YESTERDAY.
  THUNDERSTORM
  HEAVY RAIN
  RAIN
  LIGHT RAIN
  FOG


RELATIVE HUMIDITY (PERCENT)
 HIGHEST   100          1200 AM
 LOWEST     55           200 PM
 AVERAGE    78

..........................................................


THE OKLAHOMA CITY CLIMATE NORMALS FOR TODAY
                         NORMAL    RECORD    YEAR
 MAXIMUM TEMPERATURE (F)   93       105      1996
 MINIMUM TEMPERATURE (F)   71        57      1924


SUNRISE AND SUNSET
JULY  4 2015..........SUNRISE   620 AM CDT   SUNSET   849 PM CDT
JULY  5 2015..........SUNRISE   621 AM CDT   SUNSET   849 PM CDT


-  INDICATES NEGATIVE NUMBERS.
R  INDICATES RECORD WAS SET OR TIED.
MM INDICATES DATA IS MISSING.
T  INDICATES TRACE AMOUNT.




$$
