000
CDUS44 KOUN 242217
CLIOKC

CLIMATE REPORT
NATIONAL WEATHER SERVICE NORMAN OK
516 PM CDT SUN JUL 24 2016


...................................

...THE OKLAHOMA CITY CLIMATE SUMMARY FOR JULY 24 2016...
VALID TODAY AS OF 0500 PM LOCAL TIME.

CLIMATE NORMAL PERIOD 1981 TO 2010
CLIMATE RECORD PERIOD 1890 TO 2016


WEATHER ITEM   OBSERVED TIME   RECORD YEAR NORMAL DEPARTURE LAST
                VALUE   (LST)  VALUE       VALUE  FROM      YEAR
                                                  NORMAL
..................................................................
TEMPERATURE (F)
 TODAY
  MAXIMUM        100    309 PM 106    1998  95      5       96
                                      1943
  MINIMUM         72    518 AM  61    1970  73     -1       73
                                      1927
  AVERAGE         86                        84      2       85

PRECIPITATION (IN)
  TODAY            0.00          2.92 1975   0.09  -0.09     0.00
  MONTH TO DATE    1.44                      2.31  -0.87     7.22
  SINCE JAN 1     17.15                     20.99  -3.84    41.65

DEGREE DAYS
 COOLING
  TODAY           21                        19      2       20
  MONTH TO DATE  453                       429     24      390
  SINCE JAN 1   1075                      1069      6      994
..................................................................


WIND (MPH)
  HIGHEST WIND SPEED    17   HIGHEST WIND DIRECTION     S (190)
  HIGHEST GUST SPEED    22   HIGHEST GUST DIRECTION     S (190)
  AVERAGE WIND SPEED     9.1


SKY COVER
  AVERAGE SKY COVER 0.2


WEATHER CONDITIONS
 THE FOLLOWING WEATHER WAS RECORDED TODAY.
  NO SIGNIFICANT WEATHER WAS OBSERVED.


RELATIVE HUMIDITY (PERCENT)
 HIGHEST    93           400 AM
 LOWEST     33           300 PM
 AVERAGE    63

..........................................................


THE OKLAHOMA CITY CLIMATE NORMALS FOR TOMORROW
                         NORMAL    RECORD    YEAR
 MAXIMUM TEMPERATURE (F)   95       106      1998
                                             1977
 MINIMUM TEMPERATURE (F)   73        58      1911


SUNRISE AND SUNSET
JULY 24 2016..........SUNRISE   633 AM CDT   SUNSET   840 PM CDT
JULY 25 2016..........SUNRISE   634 AM CDT   SUNSET   839 PM CDT


-  INDICATES NEGATIVE NUMBERS.
R  INDICATES RECORD WAS SET OR TIED.
MM INDICATES DATA IS MISSING.
T  INDICATES TRACE AMOUNT.




$$
