000
CDUS44 KOUN 222209
CLIOKC

CLIMATE REPORT
NATIONAL WEATHER SERVICE NORMAN OK
508 PM CDT WED MAR 22 2017


...................................

...THE OKLAHOMA CITY CLIMATE SUMMARY FOR MARCH 22 2017...
VALID TODAY AS OF 0500 PM LOCAL TIME.

CLIMATE NORMAL PERIOD 1981 TO 2010
CLIMATE RECORD PERIOD 1890 TO 2017


WEATHER ITEM   OBSERVED TIME   RECORD YEAR NORMAL DEPARTURE LAST
                VALUE   (LST)  VALUE       VALUE  FROM      YEAR
                                                  NORMAL
..................................................................
TEMPERATURE (F)
 TODAY
  MAXIMUM         74    224 PM  89    1995  65      9       77
  MINIMUM         52    715 AM  13    1955  43      9       50
  AVERAGE         63                        54      9       64

PRECIPITATION (IN)
  TODAY            0.00          1.37 1979   0.10  -0.10     0.00
  MONTH TO DATE    0.01                      2.12  -2.11     0.87
  SINCE JAN 1      4.70                      5.09  -0.39     2.33

SNOWFALL (IN)
  TODAY            0.0           1.5  1968   0.1   -0.1      0.0
  MONTH TO DATE    0.0                       0.8   -0.8      0.0
  SINCE JUL 1      2.1                       7.5   -5.4      1.2
  SNOW DEPTH       0

DEGREE DAYS
 HEATING
  TODAY            2                        12    -10        1
  MONTH TO DATE  222                       317    -95      211
  SINCE JUL 1   2442                      3067   -625     2568

 COOLING
  TODAY            0                         1     -1        0
  MONTH TO DATE   41                         1     40        0
  SINCE JAN 1     50                         2     48        4
..................................................................


WIND (MPH)
  HIGHEST WIND SPEED    21   HIGHEST WIND DIRECTION    NE (60)
  HIGHEST GUST SPEED    27   HIGHEST GUST DIRECTION    NE (40)
  AVERAGE WIND SPEED    13.6


SKY COVER
  AVERAGE SKY COVER 0.6


WEATHER CONDITIONS
 THE FOLLOWING WEATHER WAS RECORDED TODAY.
  NO SIGNIFICANT WEATHER WAS OBSERVED.


RELATIVE HUMIDITY (PERCENT)
 HIGHEST    68           600 AM
 LOWEST     49           200 PM
 AVERAGE    59

..........................................................


THE OKLAHOMA CITY CLIMATE NORMALS FOR TOMORROW
                         NORMAL    RECORD    YEAR
 MAXIMUM TEMPERATURE (F)   66        88      1929
 MINIMUM TEMPERATURE (F)   43        20      1898


SUNRISE AND SUNSET
MARCH 22 2017.........SUNRISE   731 AM CDT   SUNSET   744 PM CDT
MARCH 23 2017.........SUNRISE   729 AM CDT   SUNSET   745 PM CDT


-  INDICATES NEGATIVE NUMBERS.
R  INDICATES RECORD WAS SET OR TIED.
MM INDICATES DATA IS MISSING.
T  INDICATES TRACE AMOUNT.




$$
