000
CDUS44 KOUN 030653
CLIOKC

OUNCLIOKC 000
TTAA00 KOUN 030635


CLIMATE REPORT
NATIONAL WEATHER SERVICE NORMAN OK
1235 AM CST TUE MAR 3 2015


...................................

...THE OKLAHOMA CITY CLIMATE SUMMARY FOR MARCH 2 2015...

CLIMATE NORMAL PERIOD 1981 TO 2010
CLIMATE RECORD PERIOD 1890 TO 2015


WEATHER ITEM   OBSERVED TIME   RECORD YEAR NORMAL DEPARTURE LAST
                VALUE   (LST)  VALUE       VALUE  FROM      YEAR
                                                  NORMAL
..................................................................
TEMPERATURE (F)
 YESTERDAY
  MAXIMUM         37   1159 PM  88    1904  59    -22       22
  MINIMUM         28    536 AM   6    1922  37     -9       10
  AVERAGE         33                        48    -15       16

PRECIPITATION (IN)
  YESTERDAY        T             2.04 1988   0.09  -0.09     0.16
  MONTH TO DATE    T                         0.17  -0.17     0.16
  SINCE JAN 1      2.21                      3.14  -0.93     0.59

SNOWFALL (IN)
  YESTERDAY        0.0           3.4  1969   0.1   -0.1      1.5
  MONTH TO DATE    0.0                       0.1   -0.1      1.5
  SINCE JUL 1     10.6                       6.8    3.8     10.2
  SNOW DEPTH       0

DEGREE DAYS
 HEATING
  YESTERDAY       32                        17     15       49
  MONTH TO DATE   66                        34     32       80
  SINCE JUL 1   2841                      2784     57     3168

 COOLING
  YESTERDAY        0                         0      0        0
  MONTH TO DATE    0                         0      0        0
  SINCE JAN 1      0                         1     -1        0
..................................................................


WIND (MPH)
  HIGHEST WIND SPEED    23   HIGHEST WIND DIRECTION     S (180)
  HIGHEST GUST SPEED    28   HIGHEST GUST DIRECTION     S (180)
  AVERAGE WIND SPEED     8.2


SKY COVER
  AVERAGE SKY COVER 1.0


WEATHER CONDITIONS
 THE FOLLOWING WEATHER WAS RECORDED YESTERDAY.
  LIGHT RAIN
  FOG
  HAZE


RELATIVE HUMIDITY (PERCENT)
 HIGHEST    92           800 PM
 LOWEST     64          1100 AM
 AVERAGE    78

..........................................................


THE OKLAHOMA CITY CLIMATE NORMALS FOR TODAY
                         NORMAL    RECORD    YEAR
 MAXIMUM TEMPERATURE (F)   59        84      1955
 MINIMUM TEMPERATURE (F)   37         3      1960


SUNRISE AND SUNSET
MARCH  3 2015.........SUNRISE   658 AM CST   SUNSET   627 PM CST
MARCH  4 2015.........SUNRISE   656 AM CST   SUNSET   628 PM CST


-  INDICATES NEGATIVE NUMBERS.
R  INDICATES RECORD WAS SET OR TIED.
MM INDICATES DATA IS MISSING.
T  INDICATES TRACE AMOUNT.




$$
