000
CDUS44 KOUN 200630
CLIOKC

CLIMATE REPORT
NATIONAL WEATHER SERVICE NORMAN OK
1225 AM CST FRI JAN 20 2017


...................................

...THE OKLAHOMA CITY CLIMATE SUMMARY FOR JANUARY 19 2017...

CLIMATE NORMAL PERIOD 1981 TO 2010
CLIMATE RECORD PERIOD 1890 TO 2017


WEATHER ITEM   OBSERVED TIME   RECORD YEAR NORMAL DEPARTURE LAST
                VALUE   (LST)  VALUE       VALUE  FROM      YEAR
                                                  NORMAL
..................................................................
TEMPERATURE (F)
 YESTERDAY
  MAXIMUM         59    313 PM  75    1914  50      9       50
  MINIMUM         41   1052 PM -11    1892  29     12       23
  AVERAGE         50                        39     11       37

PRECIPITATION (IN)
  YESTERDAY        0.00          2.76 1894   0.04  -0.04     0.00
  MONTH TO DATE    1.55                      0.78   0.77     0.11
  SINCE JAN 1      1.55                      0.78   0.77     0.11

SNOWFALL (IN)
  YESTERDAY        0.0           6.0  1898   0.1   -0.1      0.0
  MONTH TO DATE    1.7                       1.7    0.0      0.6
  SINCE JUL 1      2.1                       4.2   -2.1      1.2
  SNOW DEPTH       0

DEGREE DAYS
 HEATING
  YESTERDAY       15                        26    -11       28
  MONTH TO DATE  508                       494     14      537
  SINCE JUL 1   1614                      1849   -235     1627
..................................................................


WIND (MPH)
  HIGHEST WIND SPEED    23   HIGHEST WIND DIRECTION    SE (150)
  HIGHEST GUST SPEED    26   HIGHEST GUST DIRECTION    SE (140)
  AVERAGE WIND SPEED    12.3


SKY COVER
  AVERAGE SKY COVER 0.7


WEATHER CONDITIONS
 THE FOLLOWING WEATHER WAS RECORDED YESTERDAY.
  FOG
  FOG W/VISIBILITY <= 1/4 MILE
  HAZE


RELATIVE HUMIDITY (PERCENT)
 HIGHEST   100           500 AM
 LOWEST     57           300 PM
 AVERAGE    79

..........................................................


THE OKLAHOMA CITY CLIMATE NORMALS FOR TODAY
                         NORMAL    RECORD    YEAR
 MAXIMUM TEMPERATURE (F)   50        80      1986
 MINIMUM TEMPERATURE (F)   29         1      1985


SUNRISE AND SUNSET
JANUARY 20 2017.......SUNRISE   737 AM CST   SUNSET   546 PM CST
JANUARY 21 2017.......SUNRISE   736 AM CST   SUNSET   547 PM CST


-  INDICATES NEGATIVE NUMBERS.
R  INDICATES RECORD WAS SET OR TIED.
MM INDICATES DATA IS MISSING.
T  INDICATES TRACE AMOUNT.




$$
