000
CDUS44 KOUN 240629
CLIOKC

CLIMATE REPORT
NATIONAL WEATHER SERVICE NORMAN OK
128 AM CDT THU JUL 24 2014


...................................

...THE OKLAHOMA CITY CLIMATE SUMMARY FOR JULY 23 2014...

CLIMATE NORMAL PERIOD 1981 TO 2010
CLIMATE RECORD PERIOD 1890 TO 2014


WEATHER ITEM   OBSERVED TIME   RECORD YEAR NORMAL DEPARTURE LAST
                VALUE   (LST)  VALUE       VALUE  FROM      YEAR
                                                  NORMAL
..................................................................
TEMPERATURE (F)
 YESTERDAY
  MAXIMUM         99    241 PM 105    1998  95      4       97
  MINIMUM         73    601 AM  55    1970  73      0       76
  AVERAGE         86                        84      2       87

PRECIPITATION (IN)
  YESTERDAY        0.00          3.02 1960   0.09  -0.09     0.00
  MONTH TO DATE    2.44                      2.22   0.22     4.35
  SINCE JAN 1     18.17                     20.90  -2.73    36.20

DEGREE DAYS
 COOLING
  YESTERDAY       21                        19      2       22
  MONTH TO DATE  325                       410    -85      402
  SINCE JAN 1   1015                      1050    -35      981
..................................................................


WIND (MPH)
  HIGHEST WIND SPEED    22   HIGHEST WIND DIRECTION    NE (60)
  HIGHEST GUST SPEED    25   HIGHEST GUST DIRECTION    NE (50)
  AVERAGE WIND SPEED     5.9


SKY COVER
  AVERAGE SKY COVER 0.5


WEATHER CONDITIONS
 THE FOLLOWING WEATHER WAS RECORDED YESTERDAY.
  FOG
  HAZE


RELATIVE HUMIDITY (PERCENT)
 HIGHEST    94           100 AM
 LOWEST     42           200 PM
 AVERAGE    68

..........................................................


THE OKLAHOMA CITY CLIMATE NORMALS FOR TODAY
                         NORMAL    RECORD    YEAR
 MAXIMUM TEMPERATURE (F)   95       106      1998
                                             1943
 MINIMUM TEMPERATURE (F)   73        61      1970
                                             1927


SUNRISE AND SUNSET
JULY 24 2014..........SUNRISE   633 AM CDT   SUNSET   840 PM CDT
JULY 25 2014..........SUNRISE   634 AM CDT   SUNSET   840 PM CDT


-  INDICATES NEGATIVE NUMBERS.
R  INDICATES RECORD WAS SET OR TIED.
MM INDICATES DATA IS MISSING.
T  INDICATES TRACE AMOUNT.




$$
