000
CDUS44 KOUN 220644
CLIOKC

CLIMATE REPORT
NATIONAL WEATHER SERVICE NORMAN OK
142 AM CDT FRI AUG 22 2014


...................................

...THE OKLAHOMA CITY CLIMATE SUMMARY FOR AUGUST 21 2014...

CLIMATE NORMAL PERIOD 1981 TO 2010
CLIMATE RECORD PERIOD 1890 TO 2014


WEATHER ITEM   OBSERVED TIME   RECORD YEAR NORMAL DEPARTURE LAST
                VALUE   (LST)  VALUE       VALUE  FROM      YEAR
                                                  NORMAL
..................................................................
TEMPERATURE (F)
 YESTERDAY
  MAXIMUM         98    343 PM 105    1911  93      5       93
  MINIMUM         73    627 AM  51    1956  71      2       67
  AVERAGE         86                        82      4       80

PRECIPITATION (IN)
  YESTERDAY        0.00          1.20 1979   0.10  -0.10     0.00
  MONTH TO DATE    0.65                      2.22  -1.57     3.50
  SINCE JAN 1     20.56                     23.83  -3.27    45.19

DEGREE DAYS
 COOLING
  YESTERDAY       21                        17      4       15
  MONTH TO DATE  353                       380    -27      335
  SINCE JAN 1   1492                      1579    -87     1440
..................................................................


WIND (MPH)
  HIGHEST WIND SPEED    22   HIGHEST WIND DIRECTION     S (160)
  HIGHEST GUST SPEED    29   HIGHEST GUST DIRECTION     S (200)
  AVERAGE WIND SPEED    14.3


SKY COVER
  AVERAGE SKY COVER 0.2


WEATHER CONDITIONS
 THE FOLLOWING WEATHER WAS RECORDED YESTERDAY.
  NO SIGNIFICANT WEATHER WAS OBSERVED.


RELATIVE HUMIDITY (PERCENT)
 HIGHEST    87           600 AM
 LOWEST     38           300 PM
 AVERAGE    63

..........................................................


THE OKLAHOMA CITY CLIMATE NORMALS FOR TODAY
                         NORMAL    RECORD    YEAR
 MAXIMUM TEMPERATURE (F)   93       104      1922
 MINIMUM TEMPERATURE (F)   71        56      1956


SUNRISE AND SUNSET
AUGUST 22 2014........SUNRISE   655 AM CDT   SUNSET   811 PM CDT
AUGUST 23 2014........SUNRISE   656 AM CDT   SUNSET   809 PM CDT


-  INDICATES NEGATIVE NUMBERS.
R  INDICATES RECORD WAS SET OR TIED.
MM INDICATES DATA IS MISSING.
T  INDICATES TRACE AMOUNT.




$$
