000
CDUS44 KOUN 090628
CLIOKC

CLIMATE REPORT
NATIONAL WEATHER SERVICE NORMAN OK
1226 AM CST TUE FEB 9 2016


...................................

...THE OKLAHOMA CITY CLIMATE SUMMARY FOR FEBRUARY 8 2016...

CLIMATE NORMAL PERIOD 1981 TO 2010
CLIMATE RECORD PERIOD 1890 TO 2016


WEATHER ITEM   OBSERVED TIME   RECORD YEAR NORMAL DEPARTURE LAST
                VALUE   (LST)  VALUE       VALUE  FROM      YEAR
                                                  NORMAL
..................................................................
TEMPERATURE (F)
 YESTERDAY
  MAXIMUM         51    304 PM  78    2015  53     -2       78
  MINIMUM         29   1159 PM  -5    1933  31     -2       39
  AVERAGE         40                        42     -2       59

PRECIPITATION (IN)
  YESTERDAY        0.00          0.62 1966   0.06  -0.06     0.00
  MONTH TO DATE    0.26                      0.40  -0.14     0.04
  SINCE JAN 1      0.37                      1.79  -1.42     1.84

SNOWFALL (IN)
  YESTERDAY        0.0           2.3  1978   0.0    0.0      0.0
  MONTH TO DATE    0.0                       0.5   -0.5      0.0
  SINCE JUL 1      1.2                       5.8   -4.6      6.0
  SNOW DEPTH       0

DEGREE DAYS
 HEATING
  YESTERDAY       25                        23      2        6
  MONTH TO DATE  185                       189     -4      186
  SINCE JUL 1   2073                      2342   -269     2245
..................................................................


WIND (MPH)
  HIGHEST WIND SPEED    41   HIGHEST WIND DIRECTION    NW (320)
  HIGHEST GUST SPEED    52   HIGHEST GUST DIRECTION    NW (320)
  AVERAGE WIND SPEED    22.5


SKY COVER
  AVERAGE SKY COVER 0.3


WEATHER CONDITIONS
 THE FOLLOWING WEATHER WAS RECORDED YESTERDAY.
  NO SIGNIFICANT WEATHER WAS OBSERVED.


RELATIVE HUMIDITY (PERCENT)
 HIGHEST    47          1100 PM
 LOWEST     15           400 PM
 AVERAGE    31

..........................................................


THE OKLAHOMA CITY CLIMATE NORMALS FOR TODAY
                         NORMAL    RECORD    YEAR
 MAXIMUM TEMPERATURE (F)   53        84      1932
 MINIMUM TEMPERATURE (F)   31        -3      1979


SUNRISE AND SUNSET
FEBRUARY  9 2016......SUNRISE   723 AM CST   SUNSET   606 PM CST
FEBRUARY 10 2016......SUNRISE   722 AM CST   SUNSET   607 PM CST


-  INDICATES NEGATIVE NUMBERS.
R  INDICATES RECORD WAS SET OR TIED.
MM INDICATES DATA IS MISSING.
T  INDICATES TRACE AMOUNT.




$$
