073
CDUS45 KGGW 261230
CLIOLF


CLIMATE REPORT
NATIONAL WEATHER SERVICE GLASGOW MT
630 AM MDT MON SEP 26 2016


...................................

...THE WOLF POINT MT CLIMATE SUMMARY FOR SEPTEMBER 26 2016...
VALID AS OF 0600 AM LOCAL TIME.

CLIMATE NORMAL PERIOD 1981 TO 2010
CLIMATE RECORD PERIOD 9999 TO 9999


WEATHER ITEM   OBSERVED RECORD YEAR NORMAL DEPARTURE
                VALUE   VALUE       VALUE  FROM
                                           NORMAL
........................................................
TEMPERATURE (F)
 TODAY
  MAXIMUM         42     MM      MM  69
  MINIMUM         36     MM      MM  36
  AVERAGE         39

PRECIPITATION (IN)
  TODAY            0.00  MM      MM   0.04  -0.04
  MONTH TO DATE    2.32               0.89   1.43
  SINCE OCT 1     15.60              12.06   3.54
  SINCE JAN 1     13.93              10.56   3.37

SNOWFALL (IN)
  TODAY            0.0   MM      MM  MM
  MONTH TO DATE    0.0               MM
  SINCE SEP 1      0.0               MM
  SINCE JUL 1      0.0               MM

DEGREE DAYS
 HEATING
  TODAY           26

 COOLING
  TODAY            0
........................................................







THE WOLF POINT MT CLIMATE NORMALS FOR TOMORROW
                         NORMAL    RECORD    YEAR
 MAXIMUM TEMPERATURE (F)   68        MM        MM
 MINIMUM TEMPERATURE (F)   36        MM        MM


SUNRISE AND SUNSET
SEPTEMBER 26 2016.....SUNRISE   655 AM MDT   SUNSET   651 PM MDT
SEPTEMBER 27 2016.....SUNRISE   657 AM MDT   SUNSET   649 PM MDT


-  INDICATES NEGATIVE NUMBERS.
R  INDICATES RECORD WAS SET OR TIED.
MM INDICATES DATA IS MISSING.
T  INDICATES TRACE AMOUNT.




$$
