000
CDUS45 KGGW 191238
CLIOLF


CLIMATE REPORT
NATIONAL WEATHER SERVICE GLASGOW MT
537 AM MST FRI DEC 19 2014


...................................

...THE WOLF POINT MT CLIMATE SUMMARY FOR DECEMBER 19 2014...
VALID AS OF 0500 AM LOCAL TIME.

CLIMATE NORMAL PERIOD 1981 TO 2010
CLIMATE RECORD PERIOD 9999 TO 9999


WEATHER ITEM   OBSERVED RECORD YEAR NORMAL DEPARTURE
                VALUE   VALUE       VALUE  FROM
                                           NORMAL
........................................................
TEMPERATURE (F)
 TODAY
  MAXIMUM         21     MM      MM  25
  MINIMUM         17     MM      MM   2
  AVERAGE         19

PRECIPITATION (IN)
  TODAY            0.00  MM      MM   0.02  -0.02
  MONTH TO DATE    0.02               0.17  -0.15
  SINCE OCT 1      0.44               1.37  -0.93
  SINCE JAN 1     13.22              12.05   1.17

SNOWFALL (IN)
  TODAY            0.0   MM      MM  MM
  MONTH TO DATE    0.0               MM
  SINCE DEC 1      0.0               MM
  SINCE JUL 1      0.0               MM

DEGREE DAYS
 HEATING
  TODAY           46

 COOLING
  TODAY            0
........................................................







THE WOLF POINT MT CLIMATE NORMALS FOR TOMORROW
                         NORMAL    RECORD    YEAR
 MAXIMUM TEMPERATURE (F)   25        MM        MM
 MINIMUM TEMPERATURE (F)    2        MM        MM


SUNRISE AND SUNSET
DECEMBER 19 2014......SUNRISE   749 AM MST   SUNSET   410 PM MST
DECEMBER 20 2014......SUNRISE   749 AM MST   SUNSET   411 PM MST


-  INDICATES NEGATIVE NUMBERS.
R  INDICATES RECORD WAS SET OR TIED.
MM INDICATES DATA IS MISSING.
T  INDICATES TRACE AMOUNT.




$$
