000
CDUS46 KSEW 290121
CLIOLM


CLIMATE REPORT
NATIONAL WEATHER SERVICE SEATTLE WA
620 PM PDT WED SEP 28 2016


...................................

...THE OLYMPIA WA AIRPORT CLIMATE SUMMARY FOR SEPTEMBER 28 2016...
VALID TODAY AS OF 0600 PM LOCAL TIME.

CLIMATE NORMAL PERIOD 1981 TO 2010
CLIMATE RECORD PERIOD 1948 TO 2016


WEATHER ITEM   OBSERVED TIME   RECORD YEAR NORMAL DEPARTURE LAST
                VALUE   (LST)  VALUE       VALUE  FROM      YEAR
                                                  NORMAL
..................................................................
TEMPERATURE (F)
 TODAY
  MAXIMUM         69    410 PM  85    2003  68      1       70
  MINIMUM         43    651 AM  30    1999  43      0       36
  AVERAGE         56                        56      0       53

PRECIPITATION (IN)
  TODAY            0.00          2.93 2013   0.07  -0.07     0.00
  MONTH TO DATE    1.73                      1.56   0.17     0.90
  SINCE OCT 1     62.37                     49.85  12.52    43.55
  SINCE JAN 1     29.37                     29.16   0.21    24.52

DEGREE DAYS
 HEATING
  TODAY            9                        10     -1       12
  MONTH TO DATE  175                       171      4      190
  SINCE SEP 1    175                       171      4      190
  SINCE JUL 1    285                       321    -36      235

 COOLING
  TODAY            0                         0      0        0
  MONTH TO DATE    0                         4     -4        2
  SINCE SEP 1      0                         4     -4        2
  SINCE JAN 1    145                       103     42      264
..................................................................


WIND (MPH)
  RESULTANT WIND SPEED   3   RESULTANT WIND DIRECTION  NE (40)
  HIGHEST WIND SPEED    13   HIGHEST WIND DIRECTION    NE (30)
  HIGHEST GUST SPEED    16   HIGHEST GUST DIRECTION     N (20)
  AVERAGE WIND SPEED     3.5


SKY COVER
  AVERAGE SKY COVER 0.0


WEATHER CONDITIONS
 THE FOLLOWING WEATHER WAS RECORDED TODAY.
  NO SIGNIFICANT WEATHER WAS OBSERVED.


RELATIVE HUMIDITY (PERCENT)
 HIGHEST    92           600 AM
 LOWEST     45           200 PM
 AVERAGE    69

..........................................................


THE OLYMPIA WA AIRPORT CLIMATE NORMALS FOR TOMORROW
                         NORMAL    RECORD    YEAR
 MAXIMUM TEMPERATURE (F)   67        89      1993
 MINIMUM TEMPERATURE (F)   43        30      1985
                                             1961


SUNRISE AND SUNSET
SEPTEMBER 28 2016.....SUNRISE   707 AM PDT   SUNSET   656 PM PDT
SEPTEMBER 29 2016.....SUNRISE   708 AM PDT   SUNSET   654 PM PDT


-  INDICATES NEGATIVE NUMBERS.
R  INDICATES RECORD WAS SET OR TIED.
MM INDICATES DATA IS MISSING.
T  INDICATES TRACE AMOUNT.




$$
