000
CDUS46 KSEW 020126
CLIOLM


CLIMATE REPORT
NATIONAL WEATHER SERVICE SEATTLE WA
626 PM PDT SAT AUG 1 2015


...................................

...THE OLYMPIA WA AIRPORT CLIMATE SUMMARY FOR AUGUST 1 2015...
VALID TODAY AS OF 0600 PM LOCAL TIME.

CLIMATE NORMAL PERIOD 1981 TO 2010
CLIMATE RECORD PERIOD 1948 TO 2015


WEATHER ITEM   OBSERVED TIME   RECORD YEAR NORMAL DEPARTURE LAST
                VALUE   (LST)  VALUE       VALUE  FROM      YEAR
                                                  NORMAL
..................................................................
TEMPERATURE (F)
 TODAY
  MAXIMUM         95    450 PM  97    1965  79     16       86
  MINIMUM         47    507 AM  41    2002  52     -5       53
  AVERAGE         71                        65      6       70

PRECIPITATION (IN)
  TODAY            0.00          0.65 1964   0.01  -0.01     0.00
  MONTH TO DATE    0.00                      0.01  -0.01     0.00
  SINCE OCT 1     39.81                     47.36  -7.55    39.80
  SINCE JAN 1     20.78                     26.67  -5.89    30.96

DEGREE DAYS
 HEATING
  TODAY            0                         2     -2        0
  MONTH TO DATE    0                         2     -2        0
  SINCE JUN 1     80                       270   -190      188
  SINCE JUL 1     17                        82    -65       33

 COOLING
  TODAY            6                         2      4        5
  MONTH TO DATE    6                         2      4        5
  SINCE JUN 1    196                        56    140      102
  SINCE JAN 1    197                        59    138      103
..................................................................


WIND (MPH)
  RESULTANT WIND SPEED   3   RESULTANT WIND DIRECTION   N (0)
  HIGHEST WIND SPEED    12   HIGHEST WIND DIRECTION     N (350)
  HIGHEST GUST SPEED    15   HIGHEST GUST DIRECTION     E (70)
  AVERAGE WIND SPEED     4.0


SKY COVER
  AVERAGE SKY COVER 0.0


WEATHER CONDITIONS
 THE FOLLOWING WEATHER WAS RECORDED TODAY.
  NO SIGNIFICANT WEATHER WAS OBSERVED.


RELATIVE HUMIDITY (PERCENT)
 HIGHEST    83           600 AM
 LOWEST     13           400 PM
 AVERAGE    48

..........................................................


THE OLYMPIA WA AIRPORT CLIMATE NORMALS FOR TOMORROW
                         NORMAL    RECORD    YEAR
 MAXIMUM TEMPERATURE (F)   79        92      2009
 MINIMUM TEMPERATURE (F)   52        40      1963


SUNRISE AND SUNSET
AUGUST  1 2015........SUNRISE   551 AM PDT   SUNSET   844 PM PDT
AUGUST  2 2015........SUNRISE   552 AM PDT   SUNSET   843 PM PDT


-  INDICATES NEGATIVE NUMBERS.
R  INDICATES RECORD WAS SET OR TIED.
MM INDICATES DATA IS MISSING.
T  INDICATES TRACE AMOUNT.




$$
