000
CDUS46 KSEW 250831
CLIOLM


CLIMATE REPORT
NATIONAL WEATHER SERVICE SEATTLE WA
130 AM PDT SAT OCT 25 2014


...................................

...THE OLYMPIA WA AIRPORT CLIMATE SUMMARY FOR OCTOBER 24 2014...

CLIMATE NORMAL PERIOD 1981 TO 2010
CLIMATE RECORD PERIOD 1948 TO 2014


WEATHER ITEM   OBSERVED TIME   RECORD YEAR NORMAL DEPARTURE LAST
                VALUE   (LST)  VALUE       VALUE  FROM      YEAR
                                                  NORMAL
..................................................................
TEMPERATURE (F)
 YESTERDAY
  MAXIMUM         54    237 PM  74    1965  57     -3       50
  MINIMUM         42    645 AM  29    1975  40      2       41
  AVERAGE         48                        48      0       46

PRECIPITATION (IN)
  YESTERDAY        0.35          2.53 1985   0.19   0.16     0.00
  MONTH TO DATE    4.25                      3.15   1.10     1.93
  SINCE OCT 1      4.25                      3.15   1.10     1.93
  SINCE JAN 1     39.73                     32.46   7.27    34.55

DEGREE DAYS
 HEATING
  YESTERDAY       17                        17      0       19
  MONTH TO DATE  185                       331   -146      382
  SINCE SEP 1    303                       521   -218      524
  SINCE JUL 1    356                       671   -315      601

 COOLING
  YESTERDAY        0                         0      0        0
  MONTH TO DATE    0                         0      0        0
  SINCE SEP 1      6                         7     -1       26
  SINCE JAN 1    187                       106     81      147
..................................................................


WIND (MPH)
  RESULTANT WIND SPEED   4   RESULTANT WIND DIRECTION   N (10)
  HIGHEST WIND SPEED    12   HIGHEST WIND DIRECTION     N (10)
  HIGHEST GUST SPEED    15   HIGHEST GUST DIRECTION     N (20)
  AVERAGE WIND SPEED     4.4


SKY COVER
  AVERAGE SKY COVER 0.8


WEATHER CONDITIONS
 THE FOLLOWING WEATHER WAS RECORDED YESTERDAY.
  RAIN
  LIGHT RAIN
  FOG
  FOG W/VISIBILITY <= 1/4 MILE


RELATIVE HUMIDITY (PERCENT)
 HIGHEST   100           300 AM
 LOWEST     83           100 PM
 AVERAGE    92

..........................................................


THE OLYMPIA WA AIRPORT CLIMATE NORMALS FOR TODAY
                         NORMAL    RECORD    YEAR
 MAXIMUM TEMPERATURE (F)   57        68      1965
 MINIMUM TEMPERATURE (F)   39        29      1978
                                             1970
                                             1954


SUNRISE AND SUNSET
OCTOBER 25 2014.......SUNRISE   744 AM PDT   SUNSET   606 PM PDT
OCTOBER 26 2014.......SUNRISE   746 AM PDT   SUNSET   605 PM PDT


-  INDICATES NEGATIVE NUMBERS.
R  INDICATES RECORD WAS SET OR TIED.
MM INDICATES DATA IS MISSING.
T  INDICATES TRACE AMOUNT.




$$
