000
CDUS46 KSEW 090121
CLIOLM


CLIMATE REPORT
NATIONAL WEATHER SERVICE SEATTLE WA
521 PM PST THU DEC 8 2016


...................................

...THE OLYMPIA WA AIRPORT CLIMATE SUMMARY FOR DECEMBER 8 2016...
VALID TODAY AS OF 0500 PM LOCAL TIME.

CLIMATE NORMAL PERIOD 1981 TO 2010
CLIMATE RECORD PERIOD 1948 TO 2016


WEATHER ITEM   OBSERVED TIME   RECORD YEAR NORMAL DEPARTURE LAST
                VALUE   (LST)  VALUE       VALUE  FROM      YEAR
                                                  NORMAL
..................................................................
TEMPERATURE (F)
 TODAY
  MAXIMUM         39    108 PM  60    1957  45     -6       59
  MINIMUM         28    624 AM  -3    1972  33     -5       51
  AVERAGE         34                        39     -5       55

PRECIPITATION (IN)
  TODAY            0.07          2.50 2015   0.25  -0.18     2.50
  MONTH TO DATE    1.16                      2.19  -1.03     5.70
  SINCE OCT 1     22.87                     15.42   7.45    24.20
  SINCE JAN 1     52.24                     44.73   7.51    48.72

DEGREE DAYS
 HEATING
  TODAY           31                        26      5       10
  MONTH TO DATE  222                       206     16      145
  SINCE DEC 1    222                       206     16      145
  SINCE JUL 1   1419                      1651   -232     1421

 COOLING
  TODAY            0                         0      0        0
  MONTH TO DATE    0                         0      0        0
  SINCE DEC 1      0                         0      0        0
  SINCE JAN 1    145                       106     39      264
..................................................................


WIND (MPH)
  RESULTANT WIND SPEED  10   RESULTANT WIND DIRECTION  NE (30)
  HIGHEST WIND SPEED    17   HIGHEST WIND DIRECTION     N (20)
  HIGHEST GUST SPEED    23   HIGHEST GUST DIRECTION     N (20)
  AVERAGE WIND SPEED    10.3


SKY COVER
  AVERAGE SKY COVER 0.3


WEATHER CONDITIONS
 THE FOLLOWING WEATHER WAS RECORDED TODAY.
  SNOW
  LIGHT SNOW
  FOG


RELATIVE HUMIDITY (PERCENT)
 HIGHEST   100           400 PM
 LOWEST     40           100 PM
 AVERAGE    70

..........................................................


THE OLYMPIA WA AIRPORT CLIMATE NORMALS FOR TOMORROW
                         NORMAL    RECORD    YEAR
 MAXIMUM TEMPERATURE (F)   45        59      2014
                                             1993
 MINIMUM TEMPERATURE (F)   33         6      2009


SUNRISE AND SUNSET
DECEMBER  8 2016......SUNRISE   745 AM PST   SUNSET   423 PM PST
DECEMBER  9 2016......SUNRISE   746 AM PST   SUNSET   423 PM PST


-  INDICATES NEGATIVE NUMBERS.
R  INDICATES RECORD WAS SET OR TIED.
MM INDICATES DATA IS MISSING.
T  INDICATES TRACE AMOUNT.




$$
