000
CDUS46 KSEW 230832
CLIOLM


CLIMATE REPORT
NATIONAL WEATHER SERVICE SEATTLE WA
132 AM PDT SAT JUL 23 2016


...................................

...THE OLYMPIA WA AIRPORT CLIMATE SUMMARY FOR JULY 22 2016...

CLIMATE NORMAL PERIOD 1981 TO 2010
CLIMATE RECORD PERIOD 1948 TO 2016


WEATHER ITEM   OBSERVED TIME   RECORD YEAR NORMAL DEPARTURE LAST
                VALUE   (LST)  VALUE       VALUE  FROM      YEAR
                                                  NORMAL
..................................................................
TEMPERATURE (F)
 YESTERDAY
  MAXIMUM         70    209 PM  99    2006  78     -8       72
                                      1978
  MINIMUM         57   1156 PM  41    1982  51      6       47
  AVERAGE         64                        65     -1       60

PRECIPITATION (IN)
  YESTERDAY        0.10          0.24 1993   0.01   0.09     0.00
  MONTH TO DATE    0.62                      0.50   0.12     0.05
  SINCE OCT 1     60.24                     47.22  13.02    39.71
  SINCE JAN 1     27.24                     26.53   0.71    20.68

DEGREE DAYS
 HEATING
  YESTERDAY        1                         2     -1        5
  MONTH TO DATE   54                        62     -8        5
  SINCE JUN 1    220                       250    -30       68
  SINCE JUL 1     54                        62     -8        5

 COOLING
  YESTERDAY        0                         2     -2        0
  MONTH TO DATE    7                        28    -21       96
  SINCE JUN 1     41                        39      2      168
  SINCE JAN 1     42                        42      0      169
..................................................................


WIND (MPH)
  RESULTANT WIND SPEED   9   RESULTANT WIND DIRECTION  SW (230)
  HIGHEST WIND SPEED    16   HIGHEST WIND DIRECTION    SW (230)
  HIGHEST GUST SPEED    23   HIGHEST GUST DIRECTION    SW (230)
  AVERAGE WIND SPEED     9.1


SKY COVER
  AVERAGE SKY COVER 0.9


WEATHER CONDITIONS
 THE FOLLOWING WEATHER WAS RECORDED YESTERDAY.
  THUNDERSTORM
  LIGHT RAIN
  FOG


RELATIVE HUMIDITY (PERCENT)
 HIGHEST    93           400 AM
 LOWEST     57           100 PM
 AVERAGE    75

..........................................................


THE OLYMPIA WA AIRPORT CLIMATE NORMALS FOR TODAY
                         NORMAL    RECORD    YEAR
 MAXIMUM TEMPERATURE (F)   78        99      2004
                                             1991
 MINIMUM TEMPERATURE (F)   51        39      1963


SUNRISE AND SUNSET
JULY 23 2016..........SUNRISE   541 AM PDT   SUNSET   854 PM PDT
JULY 24 2016..........SUNRISE   542 AM PDT   SUNSET   853 PM PDT


-  INDICATES NEGATIVE NUMBERS.
R  INDICATES RECORD WAS SET OR TIED.
MM INDICATES DATA IS MISSING.
T  INDICATES TRACE AMOUNT.




$$
