000
CDUS46 KSEW 260826
CLIOLM


CLIMATE REPORT
NATIONAL WEATHER SERVICE SEATTLE WA
126 AM PDT TUE MAY 26 2015


...................................

...THE OLYMPIA WA AIRPORT CLIMATE SUMMARY FOR MAY 25 2015...

CLIMATE NORMAL PERIOD 1981 TO 2010
CLIMATE RECORD PERIOD 1948 TO 2015


WEATHER ITEM   OBSERVED TIME   RECORD YEAR NORMAL DEPARTURE LAST
                VALUE   (LST)  VALUE       VALUE  FROM      YEAR
                                                  NORMAL
..................................................................
TEMPERATURE (F)
 YESTERDAY
  MAXIMUM         61    459 PM  83    1958  67     -6       61
                                      1950
  MINIMUM         50   1159 PM  30    1975  45      5       44
  AVERAGE         56                        56      0       53

PRECIPITATION (IN)
  YESTERDAY        0.00          0.64 2010   0.07  -0.07     0.30
  MONTH TO DATE    0.67                      1.89  -1.22     3.24
  SINCE OCT 1     39.52                     44.52  -5.00    38.55
  SINCE JAN 1     20.49                     23.83  -3.34    29.71

DEGREE DAYS
 HEATING
  YESTERDAY        9                         9      0       12
  MONTH TO DATE  237                       286    -49      214
  SINCE MAR 1   1249                      1423   -174     1246
  SINCE JUL 1   4284                      5145   -861     5029

 COOLING
  YESTERDAY        0                         0      0        0
  MONTH TO DATE    0                         0      0        1
  SINCE MAR 1      0                         0      0        1
  SINCE JAN 1      0                         0      0        1
..................................................................


WIND (MPH)
  RESULTANT WIND SPEED   6   RESULTANT WIND DIRECTION  SW (230)
  HIGHEST WIND SPEED    13   HIGHEST WIND DIRECTION     W (290)
  HIGHEST GUST SPEED    17   HIGHEST GUST DIRECTION     S (190)
  AVERAGE WIND SPEED     7.2


SKY COVER
  AVERAGE SKY COVER 1.0


WEATHER CONDITIONS
 THE FOLLOWING WEATHER WAS RECORDED YESTERDAY.
  FOG


RELATIVE HUMIDITY (PERCENT)
 HIGHEST    93           500 AM
 LOWEST     67          1100 AM
 AVERAGE    80

..........................................................


THE OLYMPIA WA AIRPORT CLIMATE NORMALS FOR TODAY
                         NORMAL    RECORD    YEAR
 MAXIMUM TEMPERATURE (F)   67        89      2005
 MINIMUM TEMPERATURE (F)   45        32      1973
                                             1964


SUNRISE AND SUNSET
MAY 26 2015...........SUNRISE   525 AM PDT   SUNSET   853 PM PDT
MAY 27 2015...........SUNRISE   524 AM PDT   SUNSET   854 PM PDT


-  INDICATES NEGATIVE NUMBERS.
R  INDICATES RECORD WAS SET OR TIED.
MM INDICATES DATA IS MISSING.
T  INDICATES TRACE AMOUNT.




$$
