000
CDUS46 KSEW 260829
CLIOLM


CLIMATE REPORT
NATIONAL WEATHER SERVICE SEATTLE WA
129 AM PDT MON JUN 26 2017


...................................

...THE OLYMPIA WA AIRPORT CLIMATE SUMMARY FOR JUNE 25 2017...

CLIMATE NORMAL PERIOD 1981 TO 2010
CLIMATE RECORD PERIOD 1948 TO 2017


WEATHER ITEM   OBSERVED TIME   RECORD YEAR NORMAL DEPARTURE LAST
                VALUE   (LST)  VALUE       VALUE  FROM      YEAR
                                                  NORMAL
..................................................................
TEMPERATURE (F)
 YESTERDAY
  MAXIMUM         98R   345 PM  90    2015  72     26       74
                                      2006
  MINIMUM         53    410 AM  36    1966  49      4       47
  AVERAGE         76                        60     16       61

PRECIPITATION (IN)
  YESTERDAY        0.00          0.59 1998   0.05  -0.05     0.00
  MONTH TO DATE    1.33                      1.56  -0.23     1.24
  SINCE OCT 1     62.37                     46.52  15.85    59.62
  SINCE JAN 1     34.27                     25.83   8.44    26.62

DEGREE DAYS
 HEATING
  YESTERDAY        0                         5     -5        4
  MONTH TO DATE  138                       164    -26      159
  SINCE JUN 1    138                       164    -26      159
  SINCE JUL 1   5299                      5360    -61     4679

 COOLING
  YESTERDAY       11                         1     10        0
  MONTH TO DATE   19                         4     15       31
  SINCE JUN 1     19                         4     15       31
  SINCE JAN 1     29                         7     22       32
..................................................................


WIND (MPH)
  RESULTANT WIND SPEED   0   RESULTANT WIND DIRECTION  NE (50)
  HIGHEST WIND SPEED    13   HIGHEST WIND DIRECTION    NW (320)
  HIGHEST GUST SPEED    16   HIGHEST GUST DIRECTION    NW (330)
  AVERAGE WIND SPEED     4.3


SKY COVER
  AVERAGE SKY COVER 0.0


WEATHER CONDITIONS
 THE FOLLOWING WEATHER WAS RECORDED YESTERDAY.
  NO SIGNIFICANT WEATHER WAS OBSERVED.


RELATIVE HUMIDITY (PERCENT)
 HIGHEST   100           500 AM
 LOWEST     19           200 PM
 AVERAGE    60

..........................................................


THE OLYMPIA WA AIRPORT CLIMATE NORMALS FOR TODAY
                         NORMAL    RECORD    YEAR
 MAXIMUM TEMPERATURE (F)   73        93      2006
 MINIMUM TEMPERATURE (F)   49        33      1976


SUNRISE AND SUNSET
JUNE 26 2017..........SUNRISE   518 AM PDT   SUNSET   911 PM PDT
JUNE 27 2017..........SUNRISE   519 AM PDT   SUNSET   911 PM PDT


-  INDICATES NEGATIVE NUMBERS.
R  INDICATES RECORD WAS SET OR TIED.
MM INDICATES DATA IS MISSING.
T  INDICATES TRACE AMOUNT.




$$
