000
CDUS46 KSEW 170827
CLIOLM


CLIMATE REPORT
NATIONAL WEATHER SERVICE SEATTLE WA
127 AM PDT WED SEP 17 2014


...................................

...THE OLYMPIA WA AIRPORT CLIMATE SUMMARY FOR SEPTEMBER 16 2014...

CLIMATE NORMAL PERIOD 1981 TO 2010
CLIMATE RECORD PERIOD 1948 TO 2014


WEATHER ITEM   OBSERVED TIME   RECORD YEAR NORMAL DEPARTURE LAST
                VALUE   (LST)  VALUE       VALUE  FROM      YEAR
                                                  NORMAL
..................................................................
TEMPERATURE (F)
 YESTERDAY
  MAXIMUM         73    228 PM  90    1967  72      1       70
  MINIMUM         50    611 AM  33    1992  46      4       56
                                      1973
  AVERAGE         62                        59      3       63

PRECIPITATION (IN)
  YESTERDAY        0.01          0.95 1997   0.05  -0.04     0.02
  MONTH TO DATE    0.01                      0.81  -0.80     2.26
  SINCE OCT 1     41.26                     49.10  -7.84    52.48
  SINCE JAN 1     32.42                     28.41   4.01    25.52

DEGREE DAYS
 HEATING
  YESTERDAY        3                         6     -3        2
  MONTH TO DATE   58                        75    -17       13
  SINCE SEP 1     58                        75    -17       13
  SINCE JUL 1    111                       225   -114       90

 COOLING
  YESTERDAY        0                         0      0        0
  MONTH TO DATE    4                         4      0       26
  SINCE SEP 1      4                         4      0       26
  SINCE JAN 1    185                       103     82      147
..................................................................


WIND (MPH)
  RESULTANT WIND SPEED   4   RESULTANT WIND DIRECTION  SW (230)
  HIGHEST WIND SPEED    14   HIGHEST WIND DIRECTION     S (200)
  HIGHEST GUST SPEED    19   HIGHEST GUST DIRECTION    SW (220)
  AVERAGE WIND SPEED     4.4


SKY COVER
  AVERAGE SKY COVER 0.1


WEATHER CONDITIONS
 THE FOLLOWING WEATHER WAS RECORDED YESTERDAY.
  LIGHT RAIN
  FOG
  FOG W/VISIBILITY <= 1/4 MILE


RELATIVE HUMIDITY (PERCENT)
 HIGHEST   100           700 AM
 LOWEST     53           200 PM
 AVERAGE    77

..........................................................


THE OLYMPIA WA AIRPORT CLIMATE NORMALS FOR TODAY
                         NORMAL    RECORD    YEAR
 MAXIMUM TEMPERATURE (F)   72        86      1994
 MINIMUM TEMPERATURE (F)   46        32      1965


SUNRISE AND SUNSET
SEPTEMBER 17 2014.....SUNRISE   652 AM PDT   SUNSET   719 PM PDT
SEPTEMBER 18 2014.....SUNRISE   653 AM PDT   SUNSET   717 PM PDT


-  INDICATES NEGATIVE NUMBERS.
R  INDICATES RECORD WAS SET OR TIED.
MM INDICATES DATA IS MISSING.
T  INDICATES TRACE AMOUNT.




$$
