000
CDUS46 KSEW 210832
CLIOLM


CLIMATE REPORT
NATIONAL WEATHER SERVICE SEATTLE WA
1232 AM PST SUN DEC 21 2014


...................................

...THE OLYMPIA WA AIRPORT CLIMATE SUMMARY FOR DECEMBER 20 2014...

CLIMATE NORMAL PERIOD 1981 TO 2010
CLIMATE RECORD PERIOD 1948 TO 2014


WEATHER ITEM   OBSERVED TIME   RECORD YEAR NORMAL DEPARTURE LAST
                VALUE   (LST)  VALUE       VALUE  FROM      YEAR
                                                  NORMAL
..................................................................
TEMPERATURE (F)
 YESTERDAY
  MAXIMUM         55   1004 PM  56    2009  44     11       47
                                      1973
  MINIMUM         45    821 AM   4    1990  32     13       31
  AVERAGE         50                        38     12       39

PRECIPITATION (IN)
  YESTERDAY        1.58          1.87 1955   0.22   1.36     0.18
  MONTH TO DATE    4.72                      4.93  -0.21     1.60
  SINCE OCT 1     17.75                     18.16  -0.41     8.42
  SINCE JAN 1     53.23                     47.47   5.76    41.04

DEGREE DAYS
 HEATING
  YESTERDAY       15                        27    -12       26
  MONTH TO DATE  444                       529    -85      619
  SINCE DEC 1    444                       529    -85      619
  SINCE JUL 1   1543                      1974   -431     2015

 COOLING
  YESTERDAY        0                         0      0        0
  MONTH TO DATE    0                         0      0        0
  SINCE DEC 1      0                         0      0        0
  SINCE JAN 1    187                       106     81      147
..................................................................


WIND (MPH)
  RESULTANT WIND SPEED  11   RESULTANT WIND DIRECTION   S (200)
  HIGHEST WIND SPEED    22   HIGHEST WIND DIRECTION     S (180)
  HIGHEST GUST SPEED    32   HIGHEST GUST DIRECTION     S (170)
  AVERAGE WIND SPEED    11.6


SKY COVER
  AVERAGE SKY COVER 1.0


WEATHER CONDITIONS
 THE FOLLOWING WEATHER WAS RECORDED YESTERDAY.
  RAIN
  LIGHT RAIN
  FOG


RELATIVE HUMIDITY (PERCENT)
 HIGHEST   100           600 PM
 LOWEST     86           200 AM
 AVERAGE    93

..........................................................


THE OLYMPIA WA AIRPORT CLIMATE NORMALS FOR TODAY
                         NORMAL    RECORD    YEAR
 MAXIMUM TEMPERATURE (F)   44        57      1980
 MINIMUM TEMPERATURE (F)   32         0      1990


SUNRISE AND SUNSET
DECEMBER 21 2014......SUNRISE   754 AM PST   SUNSET   425 PM PST
DECEMBER 22 2014......SUNRISE   755 AM PST   SUNSET   426 PM PST


-  INDICATES NEGATIVE NUMBERS.
R  INDICATES RECORD WAS SET OR TIED.
MM INDICATES DATA IS MISSING.
T  INDICATES TRACE AMOUNT.




$$
