416
CDUS46 KSEW 070832
CLIOLM


CLIMATE REPORT
NATIONAL WEATHER SERVICE SEATTLE WA
1232 AM PST SUN FEB 7 2016


...................................

...THE OLYMPIA WA AIRPORT CLIMATE SUMMARY FOR FEBRUARY 6 2016...

CLIMATE NORMAL PERIOD 1981 TO 2010
CLIMATE RECORD PERIOD 1948 TO 2016


WEATHER ITEM   OBSERVED TIME   RECORD YEAR NORMAL DEPARTURE LAST
                VALUE   (LST)  VALUE       VALUE  FROM      YEAR
                                                  NORMAL
..................................................................
TEMPERATURE (F)
 YESTERDAY
  MAXIMUM         48    427 PM  64    1963  48      0       56
  MINIMUM         33    945 PM   5    1989  33      0       48
  AVERAGE         41                        41      0       52

PRECIPITATION (IN)
  YESTERDAY        0.26          2.41 1979   0.21   0.05     0.73
  MONTH TO DATE    1.27                      1.22   0.05     2.56
  SINCE OCT 1     42.74                     29.75  12.99    28.27
  SINCE JAN 1      9.74                      9.06   0.68     9.24

DEGREE DAYS
 HEATING
  YESTERDAY       24                        24      0       13
  MONTH TO DATE  142                       145     -3      107
  SINCE DEC 1   1648                      1751   -103     1516
  SINCE JUL 1   2924                      3196   -272     2615

 COOLING
  YESTERDAY        0                         0      0        0
  MONTH TO DATE    0                         0      0        0
  SINCE DEC 1      0                         0      0        0
  SINCE JAN 1      0                         0      0        0
..................................................................


WIND (MPH)
  RESULTANT WIND SPEED   2   RESULTANT WIND DIRECTION  SW (230)
  HIGHEST WIND SPEED    14   HIGHEST WIND DIRECTION     S (200)
  HIGHEST GUST SPEED    19   HIGHEST GUST DIRECTION     S (200)
  AVERAGE WIND SPEED     3.5


SKY COVER
  AVERAGE SKY COVER 0.7


WEATHER CONDITIONS
 THE FOLLOWING WEATHER WAS RECORDED YESTERDAY.
  RAIN
  LIGHT RAIN
  FOG
  FOG W/VISIBILITY <= 1/4 MILE


RELATIVE HUMIDITY (PERCENT)
 HIGHEST   100           200 AM
 LOWEST     77           400 PM
 AVERAGE    89

..........................................................


THE OLYMPIA WA AIRPORT CLIMATE NORMALS FOR TODAY
                         NORMAL    RECORD    YEAR
 MAXIMUM TEMPERATURE (F)   48        63      1993
                                             1954
 MINIMUM TEMPERATURE (F)   33         7      1989


SUNRISE AND SUNSET
FEBRUARY  7 2016......SUNRISE   729 AM PST   SUNSET   523 PM PST
FEBRUARY  8 2016......SUNRISE   727 AM PST   SUNSET   525 PM PST


-  INDICATES NEGATIVE NUMBERS.
R  INDICATES RECORD WAS SET OR TIED.
MM INDICATES DATA IS MISSING.
T  INDICATES TRACE AMOUNT.




$$
