000
CDUS43 KOAX 290629
CLIOMA


CLIMATE REPORT
NATIONAL WEATHER SERVICE OMAHA NEBRASKA
1227 AM CST MON DEC 29 2014


...................................

...THE OMAHA EPPLEY, NEBRASKA CLIMATE SUMMARY FOR DECEMBER 28 2014...

CLIMATE NORMAL PERIOD 1981 TO 2010
CLIMATE RECORD PERIOD 1871 TO 2014


WEATHER ITEM   OBSERVED TIME   RECORD YEAR NORMAL DEPARTURE LAST
                VALUE   (LST)  VALUE       VALUE  FROM      YEAR
                                                  NORMAL
..................................................................
TEMPERATURE (F)
 YESTERDAY
  MAXIMUM         34    406 PM  65    1984  33      1       58
  MINIMUM         15    751 AM -14    1924  14      1       16
                                      1887
  AVERAGE         25                        24      1       37

PRECIPITATION (IN)
  YESTERDAY        0.00          0.60 1972   0.03  -0.03      T
  MONTH TO DATE    1.67                      0.97   0.70     0.20
  SINCE DEC 1      1.67                      0.97   0.70     0.20
  SINCE JAN 1     39.13                     30.55   8.58    29.00

SNOWFALL (IN)
  YESTERDAY        0.0                       0.2   -0.2       T
  MONTH TO DATE    0.4                       5.6   -5.2      3.1
  SINCE JUL 1      2.8                       8.4   -5.6      3.5
  SNOW DEPTH       T

DEGREE DAYS
 HEATING
  YESTERDAY       40                        41     -1       28
  MONTH TO DATE  863                      1085   -222     1173
  SINCE DEC 1    863                      1085   -222     1173
  SINCE JUL 1   2164                      2355   -191     2399

 COOLING
  YESTERDAY        0                         0      0        0
  MONTH TO DATE    0                         0      0        0
  SINCE DEC 1      0                         0      0        0
  SINCE JAN 1   1149                      1113     36     1294
..................................................................


WIND (MPH)
  HIGHEST WIND SPEED    14   HIGHEST WIND DIRECTION     N (360)
  HIGHEST GUST SPEED    16   HIGHEST GUST DIRECTION     N (360)
  AVERAGE WIND SPEED     5.4


SKY COVER
  POSSIBLE SUNSHINE  MM
  AVERAGE SKY COVER 0.4


WEATHER CONDITIONS
 THE FOLLOWING WEATHER WAS RECORDED YESTERDAY.
  NO SIGNIFICANT WEATHER WAS OBSERVED.


RELATIVE HUMIDITY (PERCENT)
 HIGHEST    88           700 AM
 LOWEST     56           300 PM
 AVERAGE    72

..........................................................


THE OMAHA EPPLEY, NEBRASKA CLIMATE NORMALS FOR TODAY
                         NORMAL    RECORD    YEAR
 MAXIMUM TEMPERATURE (F)   33        61      1999
 MINIMUM TEMPERATURE (F)   14       -20      1917


SUNRISE AND SUNSET
DECEMBER 29 2014......SUNRISE   749 AM CST   SUNSET   503 PM CST
DECEMBER 30 2014......SUNRISE   749 AM CST   SUNSET   503 PM CST


-  INDICATES NEGATIVE NUMBERS.
R  INDICATES RECORD WAS SET OR TIED.
MM INDICATES DATA IS MISSING.
T  INDICATES TRACE AMOUNT.




$$
