000
CDUS43 KOAX 220627
CLIOMA


CLIMATE REPORT
NATIONAL WEATHER SERVICE OMAHA NEBRASKA
124 AM CDT MON SEP 22 2014


...................................

...THE OMAHA EPPLEY, NEBRASKA CLIMATE SUMMARY FOR SEPTEMBER 21 2014...

CLIMATE NORMAL PERIOD 1981 TO 2010
CLIMATE RECORD PERIOD 1871 TO 2014


WEATHER ITEM   OBSERVED TIME   RECORD YEAR NORMAL DEPARTURE LAST
                VALUE   (LST)  VALUE       VALUE  FROM      YEAR
                                                  NORMAL
..................................................................
TEMPERATURE (F)
 YESTERDAY
  MAXIMUM         73    313 PM  98    2005  76     -3       76
  MINIMUM         52   1059 PM  34    1999  51      1       44
                                      1983
  AVERAGE         63                        64     -1       60

PRECIPITATION (IN)
  YESTERDAY        0.00          1.72 1932   0.09  -0.09     0.00
  MONTH TO DATE    4.40                      1.96   2.44     2.25
  SINCE SEP 1      4.40                      1.96   2.44     2.25
  SINCE JAN 1     33.05                     25.07   7.98    23.49

SNOWFALL (IN)
  YESTERDAY        0.0                       0.0    0.0      0.0
  MONTH TO DATE    0.0                       0.0    0.0      0.0
  SINCE JUL 1      0.0                       0.0    0.0      0.0
  SNOW DEPTH       0

DEGREE DAYS
 HEATING
  YESTERDAY        2                         4     -2        5
  MONTH TO DATE   70                        44     26       13
  SINCE SEP 1     70                        44     26       13
  SINCE JUL 1     74                        52     22       18

 COOLING
  YESTERDAY        0                         3     -3        0
  MONTH TO DATE   79                       100    -21      170
  SINCE SEP 1     79                       100    -21      170
  SINCE JAN 1   1102                      1080     22     1236
..................................................................


WIND (MPH)
  HIGHEST WIND SPEED    25   HIGHEST WIND DIRECTION     N (360)
  HIGHEST GUST SPEED    31   HIGHEST GUST DIRECTION     N (360)
  AVERAGE WIND SPEED     8.8


SKY COVER
  POSSIBLE SUNSHINE  MM
  AVERAGE SKY COVER 0.1


WEATHER CONDITIONS
 THE FOLLOWING WEATHER WAS RECORDED YESTERDAY.
  NO SIGNIFICANT WEATHER WAS OBSERVED.


RELATIVE HUMIDITY (PERCENT)
 HIGHEST    93          1100 PM
 LOWEST     41           100 PM
 AVERAGE    67

..........................................................


THE OMAHA EPPLEY, NEBRASKA CLIMATE NORMALS FOR TODAY
                         NORMAL    RECORD    YEAR
 MAXIMUM TEMPERATURE (F)   75        99      1937
 MINIMUM TEMPERATURE (F)   51        31      1995


SUNRISE AND SUNSET
SEPTEMBER 22 2014.....SUNRISE   711 AM CDT   SUNSET   721 PM CDT
SEPTEMBER 23 2014.....SUNRISE   712 AM CDT   SUNSET   719 PM CDT


-  INDICATES NEGATIVE NUMBERS.
R  INDICATES RECORD WAS SET OR TIED.
MM INDICATES DATA IS MISSING.
T  INDICATES TRACE AMOUNT.




$$
