448
CDUS43 KOAX 220631
CLIOMA


CLIMATE REPORT
NATIONAL WEATHER SERVICE OMAHA NEBRASKA
130 AM CDT FRI MAY 22 2015


...................................

...THE OMAHA EPPLEY, NEBRASKA CLIMATE SUMMARY FOR MAY 21 2015...

CLIMATE NORMAL PERIOD 1981 TO 2010
CLIMATE RECORD PERIOD 1871 TO 2015


WEATHER ITEM   OBSERVED TIME   RECORD YEAR NORMAL DEPARTURE LAST
                VALUE   (LST)  VALUE       VALUE  FROM      YEAR
                                                  NORMAL
..................................................................
TEMPERATURE (F)
 YESTERDAY
  MAXIMUM         74    430 PM  98    1925  75     -1       85
  MINIMUM         39    422 AM  36    1968  53    -14       57
                                      1931
  AVERAGE         57                        64     -7       71

PRECIPITATION (IN)
  YESTERDAY        0.00          1.78 1945   0.16  -0.16     0.00
  MONTH TO DATE    4.77                      3.17   1.60     2.53
  SINCE MAR 1      8.98                      8.12   0.86     5.36
  SINCE JAN 1     10.12                      9.69   0.43     6.22

SNOWFALL (IN)
  YESTERDAY        0.0                       0.0    0.0      0.0
  MONTH TO DATE    0.0                       0.1   -0.1      0.0
  SINCE JUL 1     13.8                      26.5  -12.7     17.8
  SNOW DEPTH       0

DEGREE DAYS
 HEATING
  YESTERDAY        8                         4      4        0
  MONTH TO DATE  116                       122     -6      143
  SINCE MAR 1   1087                      1326   -239     1425
  SINCE JUL 1   5798                      6124   -326     6530

 COOLING
  YESTERDAY        0                         3     -3        6
  MONTH TO DATE   26                        32     -6       44
  SINCE MAR 1     31                        48    -17       59
  SINCE JAN 1     31                        48    -17       59
..................................................................


WIND (MPH)
  HIGHEST WIND SPEED    16   HIGHEST WIND DIRECTION     W (290)
  HIGHEST GUST SPEED    21   HIGHEST GUST DIRECTION    NW (330)
  AVERAGE WIND SPEED     6.3


SKY COVER
  POSSIBLE SUNSHINE  MM
  AVERAGE SKY COVER 0.1


WEATHER CONDITIONS
 THE FOLLOWING WEATHER WAS RECORDED YESTERDAY.
  FOG


RELATIVE HUMIDITY (PERCENT)
 HIGHEST    96          1200 AM
 LOWEST     29           300 PM
 AVERAGE    63

..........................................................


THE OMAHA EPPLEY, NEBRASKA CLIMATE NORMALS FOR TODAY
                         NORMAL    RECORD    YEAR
 MAXIMUM TEMPERATURE (F)   76        98      1925
 MINIMUM TEMPERATURE (F)   53        34      1963


SUNRISE AND SUNSET
MAY 22 2015...........SUNRISE   559 AM CDT   SUNSET   842 PM CDT
MAY 23 2015...........SUNRISE   558 AM CDT   SUNSET   843 PM CDT


-  INDICATES NEGATIVE NUMBERS.
R  INDICATES RECORD WAS SET OR TIED.
MM INDICATES DATA IS MISSING.
T  INDICATES TRACE AMOUNT.




$$
