000
CDUS43 KOAX 300837
CLIOMA


CLIMATE REPORT
NATIONAL WEATHER SERVICE OMAHA NEBRASKA
336 AM CDT THU OCT 30 2014


...................................

...THE OMAHA EPPLEY, NEBRASKA CLIMATE SUMMARY FOR OCTOBER 29 2014...

CLIMATE NORMAL PERIOD 1981 TO 2010
CLIMATE RECORD PERIOD 1871 TO 2014


WEATHER ITEM   OBSERVED TIME   RECORD YEAR NORMAL DEPARTURE LAST
                VALUE   (LST)  VALUE       VALUE  FROM      YEAR
                                                  NORMAL
..................................................................
TEMPERATURE (F)
 YESTERDAY
  MAXIMUM         56    402 PM  90    1937  59     -3       54
  MINIMUM         33    631 AM  12    1925  37     -4       43
  AVERAGE         45                        48     -3       49

PRECIPITATION (IN)
  YESTERDAY        0.00          2.31 1872   0.06  -0.06     0.10
  MONTH TO DATE    2.48                      2.03   0.45     3.62
  SINCE SEP 1      8.59                      4.71   3.88     6.34
  SINCE JAN 1     37.24                     27.82   9.42    27.58

SNOWFALL (IN)
  YESTERDAY        0.0                       0.1   -0.1      0.0
  MONTH TO DATE    0.0                       0.3   -0.3      0.0
  SINCE JUL 1      0.0                       0.3   -0.3      0.0
  SNOW DEPTH       0

DEGREE DAYS
 HEATING
  YESTERDAY       20                        17      3       16
  MONTH TO DATE  257                       346    -89      356
  SINCE SEP 1    331                       441   -110      373
  SINCE JUL 1    335                       449   -114      378

 COOLING
  YESTERDAY        0                         0      0        0
  MONTH TO DATE    6                        12     -6       21
  SINCE SEP 1    126                       129     -3      228
  SINCE JAN 1   1149                      1109     40     1294
..................................................................


WIND (MPH)
  HIGHEST WIND SPEED    12   HIGHEST WIND DIRECTION     S (160)
  HIGHEST GUST SPEED    13   HIGHEST GUST DIRECTION     S (160)
  AVERAGE WIND SPEED     5.1


SKY COVER
  POSSIBLE SUNSHINE  MM
  AVERAGE SKY COVER 0.1


WEATHER CONDITIONS
 THE FOLLOWING WEATHER WAS RECORDED YESTERDAY.
  NO SIGNIFICANT WEATHER WAS OBSERVED.


RELATIVE HUMIDITY (PERCENT)
 HIGHEST    82           400 AM
 LOWEST     35           300 PM
 AVERAGE    59

..........................................................


THE OMAHA EPPLEY, NEBRASKA CLIMATE NORMALS FOR TODAY
                         NORMAL    RECORD    YEAR
 MAXIMUM TEMPERATURE (F)   58        83      1950
 MINIMUM TEMPERATURE (F)   37        11      1925


SUNRISE AND SUNSET
OCTOBER 30 2014.......SUNRISE   753 AM CDT   SUNSET   621 PM CDT
OCTOBER 31 2014.......SUNRISE   754 AM CDT   SUNSET   620 PM CDT


-  INDICATES NEGATIVE NUMBERS.
R  INDICATES RECORD WAS SET OR TIED.
MM INDICATES DATA IS MISSING.
T  INDICATES TRACE AMOUNT.




$$
