000
CDUS43 KOAX 240626
CLIOMA


CLIMATE REPORT
NATIONAL WEATHER SERVICE OMAHA NEBRASKA
125 AM CDT THU JUL 24 2014


...................................

...THE OMAHA EPPLEY, NEBRASKA CLIMATE SUMMARY FOR JULY 23 2014...

CLIMATE NORMAL PERIOD 1981 TO 2010
CLIMATE RECORD PERIOD 1871 TO 2014


WEATHER ITEM   OBSERVED TIME   RECORD YEAR NORMAL DEPARTURE LAST
                VALUE   (LST)  VALUE       VALUE  FROM      YEAR
                                                  NORMAL
..................................................................
TEMPERATURE (F)
 YESTERDAY
  MAXIMUM         86    354 PM 105    2012  87     -1       84
                                      2005
  MINIMUM         63    538 AM  54    1948  67     -4       66
                                      1904
  AVERAGE         75                        77     -2       75

PRECIPITATION (IN)
  YESTERDAY        0.00          2.57 1885   0.12  -0.12     0.02
  MONTH TO DATE    1.72                      2.83  -1.11     0.37
  SINCE JUN 1     12.24                      7.01   5.23     5.11
  SINCE JAN 1     19.06                     18.29   0.77    19.45

SNOWFALL (IN)
  YESTERDAY        0.0                       0.0    0.0      0.0
  MONTH TO DATE    0.0                       0.0    0.0      0.0
  SINCE JUL 1      0.0                       0.0    0.0      0.0
  SNOW DEPTH       0

DEGREE DAYS
 HEATING
  YESTERDAY        0                         0      0        0
  MONTH TO DATE    4                         0      4        0
  SINCE JUN 1     10                        17     -7       16
  SINCE JUL 1      4                         0      4        0

 COOLING
  YESTERDAY       10                        12     -2       10
  MONTH TO DATE  210                       272    -62      324
  SINCE JUN 1    477                       502    -25      559
  SINCE JAN 1    620                       584     36      655
..................................................................


WIND (MPH)
  HIGHEST WIND SPEED    13   HIGHEST WIND DIRECTION    NE (050)
  HIGHEST GUST SPEED    18   HIGHEST GUST DIRECTION     E (080)
  AVERAGE WIND SPEED     7.0


SKY COVER
  POSSIBLE SUNSHINE  MM
  AVERAGE SKY COVER 0.2


WEATHER CONDITIONS
 THE FOLLOWING WEATHER WAS RECORDED YESTERDAY.
  NO SIGNIFICANT WEATHER WAS OBSERVED.


RELATIVE HUMIDITY (PERCENT)
 HIGHEST    84           400 AM
 LOWEST     37           400 PM
 AVERAGE    61

..........................................................


THE OMAHA EPPLEY, NEBRASKA CLIMATE NORMALS FOR TODAY
                         NORMAL    RECORD    YEAR
 MAXIMUM TEMPERATURE (F)   87       107      1940
 MINIMUM TEMPERATURE (F)   66        54      1911


SUNRISE AND SUNSET
JULY 24 2014..........SUNRISE   611 AM CDT   SUNSET   848 PM CDT
JULY 25 2014..........SUNRISE   612 AM CDT   SUNSET   847 PM CDT


-  INDICATES NEGATIVE NUMBERS.
R  INDICATES RECORD WAS SET OR TIED.
MM INDICATES DATA IS MISSING.
T  INDICATES TRACE AMOUNT.




$$
