000
CDUS43 KOAX 190627
CLIOMA


CLIMATE REPORT
NATIONAL WEATHER SERVICE OMAHA NEBRASKA
125 AM CDT SAT APR 19 2014


...................................

...THE OMAHA EPPLEY, NEBRASKA CLIMATE SUMMARY FOR APRIL 18 2014...

CLIMATE NORMAL PERIOD 1981 TO 2010
CLIMATE RECORD PERIOD 1871 TO 2014


WEATHER ITEM   OBSERVED TIME   RECORD YEAR NORMAL DEPARTURE LAST
                VALUE   (LST)  VALUE       VALUE  FROM      YEAR
                                                  NORMAL
..................................................................
TEMPERATURE (F)
 YESTERDAY
  MAXIMUM         69    521 PM  93    1994  65      4       37
  MINIMUM         29    546 AM  22    1953  41    -12       32
  AVERAGE         49                        53     -4       35

PRECIPITATION (IN)
  YESTERDAY        0.00          1.10 1916   0.09  -0.09     0.41
  MONTH TO DATE    1.56                      1.59  -0.03     3.47
  SINCE MAR 1      1.77                      3.58  -1.81     5.45
  SINCE JAN 1      2.63                      5.15  -2.52     6.74

SNOWFALL (IN)
  YESTERDAY        0.0                       0.0    0.0       T
  MONTH TO DATE    0.6                       0.8   -0.2      0.1
  SINCE JUL 1     17.8                      26.2   -8.4     32.6
  SNOW DEPTH       0

DEGREE DAYS
 HEATING
  YESTERDAY       16                        13      3       30
  MONTH TO DATE  315                       285     30      367
  SINCE MAR 1   1194                      1076    118     1313
  SINCE JUL 1   6299                      5874    425     5794

 COOLING
  YESTERDAY        0                         1     -1        0
  MONTH TO DATE    6                         2      4        0
  SINCE MAR 1      6                         3      3        0
  SINCE JAN 1      6                         3      3        0
..................................................................


WIND (MPH)
  HIGHEST WIND SPEED    25   HIGHEST WIND DIRECTION     S (170)
  HIGHEST GUST SPEED    31   HIGHEST GUST DIRECTION     S (170)
  AVERAGE WIND SPEED    11.0


SKY COVER
  POSSIBLE SUNSHINE  MM
  AVERAGE SKY COVER 0.3


WEATHER CONDITIONS
 THE FOLLOWING WEATHER WAS RECORDED YESTERDAY.
  HAZE


RELATIVE HUMIDITY (PERCENT)
 HIGHEST    85           500 AM
 LOWEST     30           300 PM
 AVERAGE    58

..........................................................


THE OMAHA EPPLEY, NEBRASKA CLIMATE NORMALS FOR TODAY
                         NORMAL    RECORD    YEAR
 MAXIMUM TEMPERATURE (F)   65        90      1987
 MINIMUM TEMPERATURE (F)   41        24      1928


SUNRISE AND SUNSET
APRIL 19 2014.........SUNRISE   638 AM CDT   SUNSET   808 PM CDT
APRIL 20 2014.........SUNRISE   636 AM CDT   SUNSET   809 PM CDT


-  INDICATES NEGATIVE NUMBERS.
R  INDICATES RECORD WAS SET OR TIED.
MM INDICATES DATA IS MISSING.
T  INDICATES TRACE AMOUNT.




$$
