000
CDUS43 KOAX 270628
CLIOMA


CLIMATE REPORT
NATIONAL WEATHER SERVICE OMAHA NEBRASKA
1228 AM CST MON FEB 27 2017


...................................

...THE OMAHA EPPLEY, NEBRASKA CLIMATE SUMMARY FOR FEBRUARY 26 2017...

CLIMATE NORMAL PERIOD 1981 TO 2010
CLIMATE RECORD PERIOD 1871 TO 2017


WEATHER ITEM   OBSERVED TIME   RECORD YEAR NORMAL DEPARTURE LAST
                VALUE   (LST)  VALUE       VALUE  FROM      YEAR
                                                  NORMAL
..................................................................
TEMPERATURE (F)
 YESTERDAY
  MAXIMUM         45    505 PM  78    1896  42      3       52
  MINIMUM         26   1105 PM -11    1897  22      4       23
  AVERAGE         36                        32      4       38

PRECIPITATION (IN)
  YESTERDAY        0.00          0.58 1915   0.04  -0.04     0.00
  MONTH TO DATE    1.01                      0.77   0.24     0.61
  SINCE DEC 1      3.34                      2.53   0.81     6.98
  SINCE JAN 1      1.87                      1.49   0.38     1.72

SNOWFALL (IN)
  YESTERDAY        0.0                       0.1   -0.1      0.0
  MONTH TO DATE    5.2                       5.7   -0.5      6.3
  SINCE JUL 1     11.1                      20.8   -9.7     27.4
  SNOW DEPTH       1

DEGREE DAYS
 HEATING
  YESTERDAY       29                        33     -4       27
  MONTH TO DATE  708                       967   -259      836
  SINCE DEC 1   3028                      3462   -434     3038
  SINCE JUL 1   3779                      4732   -953     3916

 COOLING
  YESTERDAY        0                         0      0        0
  MONTH TO DATE    0                         0      0        0
  SINCE DEC 1      0                         0      0        0
  SINCE JAN 1      0                         0      0        0
..................................................................


WIND (MPH)
  HIGHEST WIND SPEED    17   HIGHEST WIND DIRECTION     W (250)
  HIGHEST GUST SPEED    21   HIGHEST GUST DIRECTION     W (250)
  AVERAGE WIND SPEED     7.4


SKY COVER
  POSSIBLE SUNSHINE  MM
  AVERAGE SKY COVER 0.3


WEATHER CONDITIONS
 THE FOLLOWING WEATHER WAS RECORDED YESTERDAY.
  NO SIGNIFICANT WEATHER WAS OBSERVED.


RELATIVE HUMIDITY (PERCENT)
 HIGHEST    78           900 PM
 LOWEST     40           300 PM
 AVERAGE    59

..........................................................


THE OMAHA EPPLEY, NEBRASKA CLIMATE NORMALS FOR TODAY
                         NORMAL    RECORD    YEAR
 MAXIMUM TEMPERATURE (F)   43        75      2016
                                             1976
 MINIMUM TEMPERATURE (F)   22        -6      1962
                                             1890


SUNRISE AND SUNSET
FEBRUARY 27 2017......SUNRISE   701 AM CST   SUNSET   612 PM CST
FEBRUARY 28 2017......SUNRISE   659 AM CST   SUNSET   614 PM CST


-  INDICATES NEGATIVE NUMBERS.
R  INDICATES RECORD WAS SET OR TIED.
MM INDICATES DATA IS MISSING.
T  INDICATES TRACE AMOUNT.




$$
