000
CDUS43 KOAX 300626
CLIOMA


CLIMATE REPORT
NATIONAL WEATHER SERVICE OMAHA NEBRASKA
123 AM CDT MON MAY 30 2016


...................................

...THE OMAHA EPPLEY, NEBRASKA CLIMATE SUMMARY FOR MAY 29 2016...

CLIMATE NORMAL PERIOD 1981 TO 2010
CLIMATE RECORD PERIOD 1871 TO 2016


WEATHER ITEM   OBSERVED TIME   RECORD YEAR NORMAL DEPARTURE LAST
                VALUE   (LST)  VALUE       VALUE  FROM      YEAR
                                                  NORMAL
..................................................................
TEMPERATURE (F)
 YESTERDAY
  MAXIMUM         87    527 PM 102    1934  78      9       79
  MINIMUM         56    500 AM  33    1947  55      1       54
  AVERAGE         72                        67      5       67

PRECIPITATION (IN)
  YESTERDAY        0.00          1.35 1880   0.16  -0.16     0.01
  MONTH TO DATE    4.79                      4.42   0.37     5.34
  SINCE MAR 1     11.22                      9.37   1.85     9.55
  SINCE JAN 1     12.94                     10.94   2.00    10.69

SNOWFALL (IN)
  YESTERDAY        0.0                       0.0    0.0      0.0
  MONTH TO DATE    0.0                       0.1   -0.1      0.0
  SINCE JUL 1     27.4                      26.5    0.9     13.8
  SNOW DEPTH       0

DEGREE DAYS
 HEATING
  YESTERDAY        0                         2     -2        0
  MONTH TO DATE  121                       143    -22      127
  SINCE MAR 1    961                      1347   -386     1098
  SINCE JUL 1   4927                      6145  -1218     5809

 COOLING
  YESTERDAY        7                         4      3        2
  MONTH TO DATE   55                        57     -2       41
  SINCE MAR 1     68                        73     -5       46
  SINCE JAN 1     68                        73     -5       46
..................................................................


WIND (MPH)
  HIGHEST WIND SPEED    10   HIGHEST WIND DIRECTION     W (250)
  HIGHEST GUST SPEED    14   HIGHEST GUST DIRECTION     W (260)
  AVERAGE WIND SPEED     4.4


SKY COVER
  POSSIBLE SUNSHINE  MM
  AVERAGE SKY COVER 0.5


WEATHER CONDITIONS
 THE FOLLOWING WEATHER WAS RECORDED YESTERDAY.
  NO SIGNIFICANT WEATHER WAS OBSERVED.


RELATIVE HUMIDITY (PERCENT)
 HIGHEST    93           300 AM
 LOWEST     34           500 PM
 AVERAGE    64

..........................................................


THE OMAHA EPPLEY, NEBRASKA CLIMATE NORMALS FOR TODAY
                         NORMAL    RECORD    YEAR
 MAXIMUM TEMPERATURE (F)   78       103      1934
 MINIMUM TEMPERATURE (F)   56        42      1897


SUNRISE AND SUNSET
MAY 30 2016...........SUNRISE   554 AM CDT   SUNSET   849 PM CDT
MAY 31 2016...........SUNRISE   553 AM CDT   SUNSET   850 PM CDT


-  INDICATES NEGATIVE NUMBERS.
R  INDICATES RECORD WAS SET OR TIED.
MM INDICATES DATA IS MISSING.
T  INDICATES TRACE AMOUNT.


$$

BCM
