000
CDUS43 KOAX 231342
CLIOMA


CLIMATE REPORT
NATIONAL WEATHER SERVICE OMAHA NEBRASKA
831 AM CDT WED APR 23 2014


...................................

...THE OMAHA EPPLEY, NEBRASKA CLIMATE SUMMARY FOR APRIL 22 2014...

CLIMATE NORMAL PERIOD 1981 TO 2010
CLIMATE RECORD PERIOD 1871 TO 2014


WEATHER ITEM   OBSERVED TIME   RECORD YEAR NORMAL DEPARTURE LAST
                VALUE   (LST)  VALUE       VALUE  FROM      YEAR
                                                  NORMAL
..................................................................
TEMPERATURE (F)
 YESTERDAY
  MAXIMUM         69    434 PM  96    1989  66      3       53
  MINIMUM         38    530 AM  23    1992  42     -4       33
  AVERAGE         54                        54      0       43

PRECIPITATION (IN)
  YESTERDAY        0.00          1.25 2013   0.11  -0.11     1.25
  MONTH TO DATE    1.68                      2.01  -0.33     5.32
  SINCE MAR 1      1.89                      4.00  -2.11     7.30
  SINCE JAN 1      2.75                      5.57  -2.82     8.59

SNOWFALL (IN)
  YESTERDAY        0.0                       0.0    0.0       T
  MONTH TO DATE    0.6                       0.9   -0.3      0.1
  SINCE JUL 1     17.8                      26.3   -8.5     32.6
  SNOW DEPTH       0

DEGREE DAYS
 HEATING
  YESTERDAY       11                        11      0       22
  MONTH TO DATE  329                       333     -4      451
  SINCE MAR 1   1208                      1124     84     1397
  SINCE JUL 1   6313                      5922    391     5878

 COOLING
  YESTERDAY        0                         1     -1        0
  MONTH TO DATE   15                         6      9        0
  SINCE MAR 1     15                         7      8        0
  SINCE JAN 1     15                         7      8        0
..................................................................


WIND (MPH)
  HIGHEST WIND SPEED    16   HIGHEST WIND DIRECTION    SE (130)
  HIGHEST GUST SPEED    21   HIGHEST GUST DIRECTION    SE (130)
  AVERAGE WIND SPEED     8.3


SKY COVER
  POSSIBLE SUNSHINE  MM
  AVERAGE SKY COVER 0.4


WEATHER CONDITIONS
 THE FOLLOWING WEATHER WAS RECORDED YESTERDAY.
  NO SIGNIFICANT WEATHER WAS OBSERVED.


RELATIVE HUMIDITY (PERCENT)
 HIGHEST    79           500 AM
 LOWEST     25           400 PM
 AVERAGE    52

..........................................................


THE OMAHA EPPLEY, NEBRASKA CLIMATE NORMALS FOR TODAY
                         NORMAL    RECORD    YEAR
 MAXIMUM TEMPERATURE (F)   66        90      1950
 MINIMUM TEMPERATURE (F)   43        28      2013
                                             1893


SUNRISE AND SUNSET
APRIL 23 2014.........SUNRISE   632 AM CDT   SUNSET   812 PM CDT
APRIL 24 2014.........SUNRISE   631 AM CDT   SUNSET   814 PM CDT


-  INDICATES NEGATIVE NUMBERS.
R  INDICATES RECORD WAS SET OR TIED.
MM INDICATES DATA IS MISSING.
T  INDICATES TRACE AMOUNT.




$$
