000
CDUS43 KOAX 060633
CLIOMA


CLIMATE REPORT
NATIONAL WEATHER SERVICE OMAHA NEBRASKA
1230 AM CST TUE DEC 6 2016


...................................

...THE OMAHA EPPLEY, NEBRASKA CLIMATE SUMMARY FOR DECEMBER 5 2016...

CLIMATE NORMAL PERIOD 1981 TO 2010
CLIMATE RECORD PERIOD 1871 TO 2016


WEATHER ITEM   OBSERVED TIME   RECORD YEAR NORMAL DEPARTURE LAST
                VALUE   (LST)  VALUE       VALUE  FROM      YEAR
                                                  NORMAL
..................................................................
TEMPERATURE (F)
 YESTERDAY
  MAXIMUM         52    257 PM  66    2001  38     14       51
  MINIMUM         29    109 AM  -4    1950  20      9       40
                                      1880
  AVERAGE         41                        29     12       46

PRECIPITATION (IN)
  YESTERDAY        0.03          0.82 1913   0.04  -0.01     0.00
  MONTH TO DATE    0.48                      0.20   0.28     0.03
  SINCE DEC 1      0.48                      0.20   0.28     0.03
  SINCE JAN 1     33.65                     29.78   3.87    39.29

SNOWFALL (IN)
  YESTERDAY        T                         0.2   -0.2      0.0
  MONTH TO DATE    1.1                       0.9    0.2      0.6
  SINCE JUL 1      1.1                       3.7   -2.6      2.5
  SNOW DEPTH       0

DEGREE DAYS
 HEATING
  YESTERDAY       24                        36    -12       19
  MONTH TO DATE  148                       176    -28      141
  SINCE DEC 1    148                       176    -28      141
  SINCE JUL 1    899                      1446   -547     1019

 COOLING
  YESTERDAY        0                         0      0        0
  MONTH TO DATE    0                         0      0        0
  SINCE DEC 1      0                         0      0        0
  SINCE JAN 1   1476                      1113    363     1215
..................................................................


WIND (MPH)
  HIGHEST WIND SPEED    31   HIGHEST WIND DIRECTION     S (170)
  HIGHEST GUST SPEED    36   HIGHEST GUST DIRECTION     S (160)
  AVERAGE WIND SPEED    15.4


SKY COVER
  POSSIBLE SUNSHINE  MM
  AVERAGE SKY COVER 0.8


WEATHER CONDITIONS
 THE FOLLOWING WEATHER WAS RECORDED YESTERDAY.
  LIGHT RAIN
  LIGHT SNOW


RELATIVE HUMIDITY (PERCENT)
 HIGHEST    85           100 AM
 LOWEST     54           300 PM
 AVERAGE    70

..........................................................


THE OMAHA EPPLEY, NEBRASKA CLIMATE NORMALS FOR TODAY
                         NORMAL    RECORD    YEAR
 MAXIMUM TEMPERATURE (F)   38        72      1939
 MINIMUM TEMPERATURE (F)   19       -11      1882


SUNRISE AND SUNSET
DECEMBER  6 2016......SUNRISE   735 AM CST   SUNSET   454 PM CST
DECEMBER  7 2016......SUNRISE   736 AM CST   SUNSET   454 PM CST


-  INDICATES NEGATIVE NUMBERS.
R  INDICATES RECORD WAS SET OR TIED.
MM INDICATES DATA IS MISSING.
T  INDICATES TRACE AMOUNT.


$$

BCM
