000
CDUS43 KOAX 212239
CLIOMA


CLIMATE REPORT
NATIONAL WEATHER SERVICE OMAHA NEBRASKA
435 PM CST FRI NOV 21 2014


...................................

...THE OMAHA EPPLEY, NEBRASKA CLIMATE SUMMARY FOR NOVEMBER 21 2014...
VALID TODAY AS OF 400 PM LOCAL TIME.

CLIMATE NORMAL PERIOD 1981 TO 2010
CLIMATE RECORD PERIOD 1871 TO 2014


WEATHER ITEM   OBSERVED TIME   RECORD YEAR NORMAL DEPARTURE LAST
                VALUE   (LST)  VALUE       VALUE  FROM      YEAR
                                                  NORMAL
..................................................................
TEMPERATURE (F)
 TODAY
  MAXIMUM         40    359 PM  72    2012  46     -6       38
  MINIMUM         17    622 AM  -3    1937  26     -9       22
  AVERAGE         29                        36     -7       30

PRECIPITATION (IN)
  TODAY            0.00          0.83 1898   0.05  -0.05     0.03
  MONTH TO DATE    0.20                      1.21  -1.01     1.06
  SINCE SEP 1      8.79                      6.04   2.75     7.56
  SINCE JAN 1     37.44                     29.15   8.29    28.80

SNOWFALL (IN)
  TODAY            0.0                       0.1   -0.1      0.4
  MONTH TO DATE    2.4                       1.2    1.2      0.4
  SINCE JUL 1      2.4                       1.5    0.9      0.4
  SNOW DEPTH       0

DEGREE DAYS
 HEATING
  TODAY           36                        29      7       35
  MONTH TO DATE  652                       499    153      478
  SINCE SEP 1   1026                       976     50      880
  SINCE JUL 1   1030                       984     46      885

 COOLING
  TODAY            0                         0      0        0
  MONTH TO DATE    0                         0      0        0
  SINCE SEP 1    126                       132     -6      228
  SINCE JAN 1   1149                      1112     37     1294
..................................................................


WIND (MPH)
  HIGHEST WIND SPEED    17   HIGHEST WIND DIRECTION     S (160)
  HIGHEST GUST SPEED    20   HIGHEST GUST DIRECTION     S (160)
  AVERAGE WIND SPEED    10.6


SKY COVER
  POSSIBLE SUNSHINE  MM
  AVERAGE SKY COVER 0.4


WEATHER CONDITIONS
 THE FOLLOWING WEATHER WAS RECORDED TODAY.
  NO SIGNIFICANT WEATHER WAS OBSERVED.


RELATIVE HUMIDITY (PERCENT)
 HIGHEST    84           800 AM
 LOWEST     54           200 PM
 AVERAGE    69

..........................................................


THE OMAHA EPPLEY, NEBRASKA CLIMATE NORMALS FOR TOMORROW
                         NORMAL    RECORD    YEAR
 MAXIMUM TEMPERATURE (F)   45        70      1966
 MINIMUM TEMPERATURE (F)   26        -4      1871


SUNRISE AND SUNSET
NOVEMBER 21 2014......SUNRISE   719 AM CST   SUNSET   500 PM CST
NOVEMBER 22 2014......SUNRISE   720 AM CST   SUNSET   459 PM CST


-  INDICATES NEGATIVE NUMBERS.
R  INDICATES RECORD WAS SET OR TIED.
MM INDICATES DATA IS MISSING.
T  INDICATES TRACE AMOUNT.




$$

KLISH
