955
CDUS43 KOAX 240700
CLIOMA


CLIMATE REPORT
NATIONAL WEATHER SERVICE OMAHA NEBRASKA
1259 AM CST WED JAN 24 2018


...................................

...THE OMAHA EPPLEY, NEBRASKA CLIMATE SUMMARY FOR JANUARY 23 2018...

CLIMATE NORMAL PERIOD 1981 TO 2010
CLIMATE RECORD PERIOD 1871 TO 2018


WEATHER ITEM   OBSERVED TIME   RECORD YEAR NORMAL DEPARTURE LAST
                VALUE   (LST)  VALUE       VALUE  FROM      YEAR
                                                  NORMAL
..................................................................
TEMPERATURE (F)
 YESTERDAY
  MAXIMUM         29    129 AM  63    1994  34     -5       36
                                      1947
  MINIMUM         19   1101 PM -17    1963  14      5       31
                                      1948
  AVERAGE         24                        24      0       34

PRECIPITATION (IN)
  YESTERDAY        T             0.60 1949   0.03  -0.03     0.00
  MONTH TO DATE    0.77                      0.52   0.25     0.74
  SINCE DEC 1      1.19                      1.56  -0.37     2.21
  SINCE JAN 1      0.77                      0.52   0.25     0.74

SNOWFALL (IN)
  YESTERDAY        T                         0.2   -0.2      0.0
  MONTH TO DATE    3.3                       4.4   -1.1      0.6
  SINCE JUL 1      6.9                      13.4   -6.5      3.8
  SNOW DEPTH       1

DEGREE DAYS
 HEATING
  YESTERDAY       41                        41      0       31
  MONTH TO DATE 1022                       964     58      889
  SINCE DEC 1   2181                      2173      8     2062
  SINCE JUL 1   3241                      3443   -202     2813

 COOLING
  YESTERDAY        0                         0      0        0
  MONTH TO DATE    0                         0      0        0
  SINCE DEC 1      0                         0      0        0
  SINCE JAN 1      0                         0      0        0
..................................................................


WIND (MPH)
  HIGHEST WIND SPEED    28   HIGHEST WIND DIRECTION    NW (320)
  HIGHEST GUST SPEED    37   HIGHEST GUST DIRECTION    NW (320)
  AVERAGE WIND SPEED    10.9


SKY COVER
  POSSIBLE SUNSHINE  MM
  AVERAGE SKY COVER 0.9


WEATHER CONDITIONS
 THE FOLLOWING WEATHER WAS RECORDED YESTERDAY.
  LIGHT SNOW
  FOG
  BLOWING SNOW


RELATIVE HUMIDITY (PERCENT)
 HIGHEST    91          1100 PM
 LOWEST     81           500 AM
 AVERAGE    86

..........................................................


THE OMAHA EPPLEY, NEBRASKA CLIMATE NORMALS FOR TODAY
                         NORMAL    RECORD    YEAR
 MAXIMUM TEMPERATURE (F)   34        66      1981
 MINIMUM TEMPERATURE (F)   14       -22      1894


SUNRISE AND SUNSET
JANUARY 24 2018.......SUNRISE   742 AM CST   SUNSET   530 PM CST
JANUARY 25 2018.......SUNRISE   741 AM CST   SUNSET   531 PM CST


-  INDICATES NEGATIVE NUMBERS.
R  INDICATES RECORD WAS SET OR TIED.
MM INDICATES DATA IS MISSING.
T  INDICATES TRACE AMOUNT.




$$
