000
CDAK49 PAFG 200949
CLIOME

CLIMATE REPORT
NATIONAL WEATHER SERVICE FAIRBANKS AK
1249 AM AKST MON NOV 20 2017


...................................

...THE NOME AK CLIMATE SUMMARY FOR NOVEMBER 19 2017...

CLIMATE NORMAL PERIOD 1981 TO 2010
CLIMATE RECORD PERIOD 1906 TO 2017


WEATHER ITEM   OBSERVED TIME   RECORD YEAR NORMAL DEPARTURE LAST
                VALUE   (LST)  VALUE       VALUE  FROM      YEAR
                                                  NORMAL
..................................................................
TEMPERATURE (F)
 YESTERDAY
  MAXIMUM         26    240 AM  41    2001  22      4       21
  MINIMUM          5   1158 PM -22    1969   9     -4       19
  AVERAGE         16                        16      0       20

PRECIPITATION (IN)
  YESTERDAY        0.10          0.54 1938   0.04   0.06     0.03
  MONTH TO DATE    1.83                      0.81   1.02     0.71
  SINCE SEP 1      7.65                      4.87   2.78     4.70
  SINCE JAN 1     17.38                     15.32   2.06    14.96

SNOWFALL (IN)
  YESTERDAY        1.6           6.0  1915   0.4    1.2      0.3
  MONTH TO DATE   20.8                       7.5   13.3      8.2
  SINCE SEP 1     30.2                      12.7   17.5      8.3
  SINCE JUL 1     30.2                      12.7   17.5      8.3
  SNOW DEPTH      11

DEGREE DAYS
 HEATING
  YESTERDAY       49                        49      0       45
  MONTH TO DATE  712                       882   -170      770
  SINCE SEP 1   2421                      2672   -251     2235
  SINCE JUL 1   3267                      3532   -265     2920

 COOLING
  YESTERDAY        0                         0      0        0
  MONTH TO DATE    0                         0      0        0
  SINCE SEP 1      0                         0      0        0
  SINCE JAN 1      4                         3      1        0
..................................................................


WIND (MPH)
  HIGHEST GUST SPEED    35   HIGHEST GUST DIRECTION     N (10)


SKY COVER
  AVERAGE SKY COVER 0.7


WEATHER CONDITIONS
 THE FOLLOWING WEATHER WAS RECORDED YESTERDAY.
  SNOW
  LIGHT SNOW
  FOG


RELATIVE HUMIDITY (PERCENT)
 HIGHEST   100
 LOWEST     68
 AVERAGE    84

..........................................................


THE NOME AK CLIMATE NORMALS FOR TODAY
                         NORMAL    RECORD    YEAR
 MAXIMUM TEMPERATURE (F)   22        44      1949
 MINIMUM TEMPERATURE (F)    9       -24      1974


SUNRISE AND SUNSET
NOVEMBER 20 2017......SUNRISE  1053 AM AKST  SUNSET   442 PM AKST
NOVEMBER 21 2017......SUNRISE  1056 AM AKST  SUNSET   440 PM AKST

-  INDICATES NEGATIVE NUMBERS.
R  INDICATES RECORD WAS SET OR TIED.
MM INDICATES DATA IS MISSING.
T  INDICATES TRACE AMOUNT.

&&

SNOW DEPTH IS MEASURED AT 3AM AKST/4AM AKDT.

----------------------------
AVAILABLE DAYLIGHT

AMOUNT OF DAYLIGHT TODAY  (HOUR:MIN)........5:49
GAIN/LOSS SINCE YESTERDAY (HOUR:MIN:SEC)....-0:06:04

NOME TIDAL INFORMATION FOR 20 NOVEMBER 2017
0518  +1.6
1209  +0.6
1914  +1.6
2345  +1.2

$$
SDB NOV 17
