047
CDAK49 PAFG 260041
CLIOME

CLIMATE REPORT
NATIONAL WEATHER SERVICE FAIRBANKS AK
441 PM AKDT SAT MAR 25 2017


...................................

...THE NOME AK CLIMATE SUMMARY FOR MARCH 25 2017...
VALID TODAY AS OF 0400 PM LOCAL TIME.

CLIMATE NORMAL PERIOD 1981 TO 2010
CLIMATE RECORD PERIOD 1906 TO 2017


WEATHER ITEM   OBSERVED TIME   RECORD YEAR NORMAL DEPARTURE LAST
                VALUE   (LST)  VALUE       VALUE  FROM      YEAR
                                                  NORMAL
..................................................................
TEMPERATURE (F)
 TODAY
  MAXIMUM         12    208 PM  38    1999  19     -7       19
  MINIMUM         -7    815 AM -34    1925   3    -10       12
  AVERAGE          3                        11     -8       16

PRECIPITATION (IN)
  TODAY           MM             0.20 1921   0.02  MM        0.02
  MONTH TO DATE    0.01                      0.53  -0.52     0.04
  SINCE MAR 1      0.01                      0.53  -0.52     0.04
  SINCE JAN 1      1.76                      2.40  -0.64     1.07

SNOWFALL (IN)
  TODAY           MM             2.0  1921   0.3   MM       MM
                                      1911
  MONTH TO DATE    0.9                       7.4   -6.5      0.0
  SINCE MAR 1      0.9                       7.4   -6.5      0.0
  SINCE JUL 1     53.1                      64.1  -11.0     15.5
  SNOW DEPTH      MM

DEGREE DAYS
 HEATING
  TODAY           62                        54      8       49
  MONTH TO DATE 1619                      1378    241     1301
  SINCE MAR 1   1619                      1378    241     1301
  SINCE JUL 1  10414                     10657   -243     4092

 COOLING
  TODAY            0                         0      0        0
  MONTH TO DATE    0                         0      0        0
  SINCE MAR 1      0                         0      0        0
  SINCE JAN 1      0                         0      0        0
..................................................................


WIND (MPH)
  HIGHEST GUST SPEED     5   HIGHEST GUST DIRECTION    SW (220)


SKY COVER
  AVERAGE SKY COVER 0.1


WEATHER CONDITIONS
 THE FOLLOWING WEATHER WAS RECORDED TODAY.
  NO SIGNIFICANT WEATHER WAS OBSERVED.


RELATIVE HUMIDITY (PERCENT)
 HIGHEST   100
 LOWEST     76
 AVERAGE    88

..........................................................


THE NOME AK CLIMATE NORMALS FOR TOMORROW
                         NORMAL    RECORD    YEAR
 MAXIMUM TEMPERATURE (F)   20        38      1990
 MINIMUM TEMPERATURE (F)    3       -31      1977


SUNRISE AND SUNSET
MARCH 25 2017.........SUNRISE   843 AM AKDT  SUNSET   935 PM AKDT
MARCH 26 2017.........SUNRISE   839 AM AKDT  SUNSET   938 PM AKDT

-  INDICATES NEGATIVE NUMBERS.
R  INDICATES RECORD WAS SET OR TIED.
MM INDICATES DATA IS MISSING.
T  INDICATES TRACE AMOUNT.

&&

SNOW DEPTH IS MEASURED AT 3AM AKST/4AM AKDT.

----------------------------
AVAILABLE DAYLIGHT

AMOUNT OF DAYLIGHT TODAY  (HOUR:MIN)........12:52
GAIN/LOSS SINCE YESTERDAY (HOUR:MIN:SEC)....+0:06:38

NOME TIDAL INFORMATION FOR 26 MARCH 2017
0251  +0.7
0940  -0.1
1639  +0.8
2153  +0.4

$$
HFL MAR 17
