000
CDAK49 PAOM 020015
CLIOME

CLIMATE REPORT
NATIONAL WEATHER SERVICE NOME, AK
415 PM AKDT WED JUL 1 2015

...................................
...THE NOME WSO AP CLIMATE SUMMARY FOR JULY 1 2015...
VALID TODAY AS OF 4:15 PM LOCAL TIME

CLIMATE NORMAL PERIOD  1981 TO  2010
CLIMATE RECORD PERIOD  1906 TO  2015

WEATHER ITEM   OBSERVED TIME    RECORD YEAR NORMAL DEPARTURE LAST
               VALUE    (LST)   VALUE       VALUE  FROM      YEAR
                                                   NORMAL
...................................................................
TEMPERATURE
TODAY
 MAXIMUM            45  0314 PM    82  1990     58     -13     48
 MINIMUM            43  1211 PM    32  1932     45      -2     45
 AVERAGE            44                          52      -8     47

PRECIPITATION
(INCHES)
 TODAY               T           0.57  1961   0.04   -0.04   0.29
 MONTH TO DATE       T                        0.04   -0.04   0.29
 SINCE JUN 1      0.66                        1.02   -0.36   0.51
 SINCE JAN 1      5.10                        5.16   -0.06   4.98

SNOWFALL
(INCHES)
 TODAY             0.0            0.0  2015    0.0     0.0    0.0
 MONTH TO DATE     0.0                         0.0     0.0    0.0
 SINCE JUN 1       0.0                         0.3    -0.3    0.0
 SINCE JUL 1       0.0                         0.0     0.0    0.0
 SNOW DEPTH (IN)     0                                          0

DEGREE DAYS
 HEATING
  TODAY             21                          13       8     18
  MONTH TO DATE     21                          13       8     18
  SINCE JUN 1      546                         529      17    586
  SINCE JUL 1       21                          13       8     18

 COOLING
  TODAY              0                           0       0      0
  MONTH TO DATE      0                           0       0      0
  SINCE JUN 1        5                           0       5      0
  SINCE JAN 1        5                           0       5      0
...................................................................

WIND (MPH)
 HIGHEST WIND SPEED    12     HIGHEST WIND DIRECTION    250
 HIGHEST GUST SPEED    14     HIGHEST GUST DIRECTION    210
 AVERAGE WIND SPEED    MM

SKY COVER
  POSSIBLE SUNSHINE  MM            AVERAGE SKY COVER MM

WEATHER CONDITIONS
 THE FOLLOWING WEATHER WAS RECORDED TODAY.
  LIGHT RAINFALL

RELATIVE HUMIDITY
 HIGHEST RH     MM PERCENT       MM
 LOWEST  RH     MM PERCENT       MM
 AVERAGE RH     MM PERCENT       MM
...................................................................

THE NOME CLIMATE NORMALS FOR TOMORROW
                        NORMAL    RECORD   YEAR
 MAXIMUM TEMPERATURE      58        78     1936
 MINIMUM TEMPERATURE      45        32     1935

SUNRISE AND SUNSET
 JUL 1 2015..........SUNRISE  4:31 AM      SUNSET  1:40 AM
 JUL 2 2015..........SUNRISE  4:33 AM      SUNSET  1:38 AM

-  INDICATES NEGATIVE NUMBERS.
R  INDICATES RECORD HAS BEEN SET OR TIED.
MM INDICATES DATA IS MISSING.
T  INDICATES TRACE OF PRECIPITATION.

&&
-------------------------------------------------------------------

AMOUNT OF DAYLIGHT TODAY  (HOUR:MIN)........21 HOURS 9 MINUTES
GAIN/LOSS SINCE YESTERDAY (HOUR:MIN:SEC)....-0:03:32

$$

CKC JUL 15
