000
CDAK49 PAOM 250905
CLIOME

CLIMATE REPORT
NATIONAL WEATHER SERVICE NOME, AK
106 AM AKDT WED MAY 25 2016

...................................
...THE NOME WSO AP CLIMATE SUMMARY FOR MAY 24 2016...

CLIMATE NORMAL PERIOD  1981 TO  2010
CLIMATE RECORD PERIOD  1906 TO  2016

WEATHER ITEM   OBSERVED TIME    RECORD YEAR NORMAL DEPARTURE LAST
               VALUE    (LST)   VALUE       VALUE  FROM      YEAR
                                                   NORMAL
...................................................................
TEMPERATURE
YESTERDAY
 MAXIMUM            37  1024 PM    68  1969     47     -10     48
 MINIMUM            33  1005 AM    14  1920     34      -1     40
 AVERAGE            35                          40      -5     44

PRECIPITATION
(INCHES)
 YESTERDAY           T           0.62  1918   0.02   -0.02   0.01
 MONTH TO DATE    0.79                        0.66    0.13   1.40
 SINCE MAR 1      1.63                        2.07   -0.44   2.71
 SINCE JAN 1      2.66                        3.94   -1.28   4.35

SNOWFALL
(INCHES)
 YESTERDAY           T            0.6  2000    0.1    -0.1    0.0
 MONTH TO DATE       T                         2.1    -2.1      T
 SINCE MAR 1       6.6                        18.5   -11.9   16.4
 SINCE JUL 1      48.9                        75.2   -26.3   59.7
 SNOW DEPTH (IN)     0                                          0

DEGREE DAYS
 HEATING
  YESTERDAY         30                          25       5     21
  MONTH TO DATE    586                         712    -126    631
  SINCE MAR 1     3143                        3743    -600   3738
  SINCE JUL 1    11380                       13025   -1645  11916

 COOLING
  YESTERDAY          0                           0       0      0
  MONTH TO DATE      0                           0       0      0
  SINCE MAR 1        0                           0       0      0
  SINCE JAN 1        0                           0       0      0
...................................................................

WIND (MPH)
 HIGHEST WIND SPEED    22     HIGHEST WIND DIRECTION    220
 HIGHEST GUST SPEED    27     HIGHEST GUST DIRECTION    220
 AVERAGE WIND SPEED  10.9

SKY COVER
  POSSIBLE SUNSHINE    MM          AVERAGE SKY COVER     MM

WEATHER CONDITIONS
 THE FOLLOWING WEATHER WAS RECORDED YESTERDAY.
  FOG
  RAIN
  SNOW


RELATIVE HUMIDITY
 HIGHEST RH     MM PERCENT       MM
 LOWEST  RH     MM PERCENT       MM
 AVERAGE RH     MM PERCENT       MM
...................................................................

THE NOME CLIMATE NORMALS FOR TODAY
                           NORMAL    RECORD   YEAR
 MAXIMUM TEMPERATURE (F)     47        75     1969
 MINIMUM TEMPERATURE (F)     34        21     1976

SUNRISE AND SUNSET
 MAY 25 2016..........SUNRISE  5:08 AM      SUNSET 12:53 AM
 MAY 26 2016..........SUNRISE  5:05 AM      SUNSET 12:56 AM

-  INDICATES NEGATIVE NUMBERS.
R  INDICATES RECORD HAS BEEN SET OR TIED.
MM INDICATES DATA IS MISSING.
T  INDICATES TRACE OF PRECIPITATION.

&&
-------------------------------------------------------------------

AMOUNT OF DAYLIGHT TODAY  (HOUR:MIN)........19 HOURS 45 MINUTES
GAIN/LOSS SINCE YESTERDAY (HOUR:MIN:SEC)....+0:06:22

TIDES FOR WEDNESDAY MAY 25 2016

1:54 AM LOW -0.2 FT
9:37 AM HIGH 1.1 FT
1:49 PM LOW  0.8 FT
5:07 PM HIGH 1.0 FT

$$
RCT MAY 16
