527
CDAK49 PAFG 220949
CLIOME

CLIMATE REPORT
NATIONAL WEATHER SERVICE FAIRBANKS AK
149 AM AKDT THU JUN 22 2017


...................................

...THE NOME AK CLIMATE SUMMARY FOR JUNE 21 2017...

CLIMATE NORMAL PERIOD 1981 TO 2010
CLIMATE RECORD PERIOD 1906 TO 2017


WEATHER ITEM   OBSERVED TIME   RECORD YEAR NORMAL DEPARTURE LAST
                VALUE   (LST)  VALUE       VALUE  FROM      YEAR
                                                  NORMAL
..................................................................
TEMPERATURE (F)
 YESTERDAY
  MAXIMUM         46    558 PM  77    1987  57    -11       46
  MINIMUM         43   1039 PM  30    1949  43      0       42
  AVERAGE         45                        50     -5       44

PRECIPITATION (IN)
  YESTERDAY        0.01          0.94 1978   0.03  -0.02      T
  MONTH TO DATE    0.75                      0.63   0.12     0.26
  SINCE JUN 1      0.75                      0.63   0.12     0.26
  SINCE JAN 1      3.60                      4.77  -1.17     3.35

SNOWFALL (IN)
  YESTERDAY        0.0           T    1965   0.0    0.0     MM
  MONTH TO DATE    0.0                       0.3   -0.3      0.0
  SINCE JUN 1      0.0                       0.3   -0.3      0.0
  SINCE JUL 1     54.6                      75.7  -21.1     16.2
  SNOW DEPTH       0

DEGREE DAYS
 HEATING
  YESTERDAY       20                        15      5       21
  MONTH TO DATE  232                       387   -155      336
  SINCE JUN 1    232                       387   -155      336
  SINCE JUL 1  12850                     13571   -721     6275

 COOLING
  YESTERDAY        0                         0      0        0
  MONTH TO DATE    4                         0      4        0
  SINCE JUN 1      4                         0      4        0
  SINCE JAN 1      4                         0      4        0
..................................................................


WIND (MPH)
  HIGHEST GUST SPEED    16   HIGHEST GUST DIRECTION    SW (230)


SKY COVER
  AVERAGE SKY COVER 1.0


WEATHER CONDITIONS
 THE FOLLOWING WEATHER WAS RECORDED YESTERDAY.
  LIGHT RAIN
  FOG


RELATIVE HUMIDITY (PERCENT)
 HIGHEST   100
 LOWEST     92
 AVERAGE    96

..........................................................


THE NOME AK CLIMATE NORMALS FOR TODAY
                         NORMAL    RECORD    YEAR
 MAXIMUM TEMPERATURE (F)   57        77      1924
 MINIMUM TEMPERATURE (F)   43        25      1949


SUNRISE AND SUNSET
JUNE 22 2017..........SUNRISE   420 AM AKDT  SUNSET   149 AM AKDT
JUNE 23 2017..........SUNRISE   420 AM AKDT  SUNSET   148 AM AKDT

-  INDICATES NEGATIVE NUMBERS.
R  INDICATES RECORD WAS SET OR TIED.
MM INDICATES DATA IS MISSING.
T  INDICATES TRACE AMOUNT.

&&

SNOW DEPTH IS MEASURED AT 3AM AKST/4AM AKDT.

----------------------------
AVAILABLE DAYLIGHT

AMOUNT OF DAYLIGHT TODAY  (HOUR:MIN)........21:29
GAIN/LOSS SINCE YESTERDAY (HOUR:MIN:SEC)....-0:00:20

NOME TIDAL INFORMATION FOR 22 JUNE 2017
0404  +0.5
0854  +0.1
1453  +1.0
2215  -0.6

$$
CCC JUN 17
