000
CDAK49 PAOM 210015
CLIOME

CLIMATE REPORT
NATIONAL WEATHER SERVICE NOME, AK
315 PM AKST THU NOV 20 2014

...................................
...THE NOME WSO AP CLIMATE SUMMARY FOR NOVEMBER 20 2014...
VALID TODAY AS OF 3:15 PM LOCAL TIME

CLIMATE NORMAL PERIOD  1981 TO  2010
CLIMATE RECORD PERIOD  1906 TO  2014

WEATHER ITEM   OBSERVED TIME    RECORD YEAR NORMAL DEPARTURE LAST
               VALUE    (LST)   VALUE       VALUE  FROM      YEAR
                                                   NORMAL
...................................................................
TEMPERATURE
TODAY
 MAXIMUM            37  0922 AM    44  1949     22      15     10
 MINIMUM            32  1150 AM   -24  1974      9      23     -9
 AVERAGE            35                          15      20      1

PRECIPITATION
(INCHES)
 TODAY            0.00           0.84  2003   0.04   -0.04   0.00
 MONTH TO DATE    0.65                        0.85   -0.20   1.44
 SINCE SEP 1      3.86                        4.91   -1.05   6.97
 SINCE JAN 1     12.88                       15.36   -2.48  20.08

SNOWFALL
(INCHES)
 TODAY             0.0            8.0  1997    0.4    -0.4    0.0
 MONTH TO DATE     2.6                         7.9    -5.3    6.1
 SINCE SEP 1       7.5                        13.1    -5.6    7.7
 SINCE JUL 1       7.5                        13.1    -5.6    7.7
 SNOW DEPTH (IN)     1                                          2

DEGREE DAYS
 HEATING
  TODAY             30                          50     -20     64
  MONTH TO DATE    727                         932    -205    850
  SINCE SEP 1     2414                        2723    -309   2500
  SINCE JUL 1     3117                        3587    -470   3274

 COOLING
  TODAY              0                           0       0      0
  MONTH TO DATE      0                           0       0      0
  SINCE SEP 1        0                           0       0      0
  SINCE JAN 1        3                           0       3      7
...................................................................

WIND (MPH)
 HIGHEST WIND SPEED    21     HIGHEST WIND DIRECTION     30
 HIGHEST GUST SPEED    26     HIGHEST GUST DIRECTION     30
 AVERAGE WIND SPEED    MM

SKY COVER
  POSSIBLE SUNSHINE  MM            AVERAGE SKY COVER MM

WEATHER CONDITIONS
 THE FOLLOWING WEATHER WAS RECORDED TODAY.
NO SIGNIFICANT WEATHER WAS OBSERVED.

RELATIVE HUMIDITY
 HIGHEST RH     MM PERCENT       MM
 LOWEST  RH     MM PERCENT       MM
 AVERAGE RH     MM PERCENT       MM
...................................................................

THE NOME CLIMATE NORMALS FOR TOMORROW
                        NORMAL    RECORD   YEAR
 MAXIMUM TEMPERATURE      21        44     1949
 MINIMUM TEMPERATURE       9       -27     1988

SUNRISE AND SUNSET
 NOV 20 2014..........SUNRISE 10:52 AM      SUNSET  4:43 PM
 NOV 21 2014..........SUNRISE 10:55 AM      SUNSET  4:40 PM

-  INDICATES NEGATIVE NUMBERS.
R  INDICATES RECORD HAS BEEN SET OR TIED.
MM INDICATES DATA IS MISSING.
T  INDICATES TRACE OF PRECIPITATION.

&&
-------------------------------------------------------------------

AMOUNT OF DAYLIGHT TODAY  (HOUR:MIN)........5 HOURS 51 MINUTES
GAIN/LOSS SINCE YESTERDAY (HOUR:MIN:SEC)....-0:06:05

$$

CKC NOV 14
