330
CDAK49 PAOM 060901
CLIOME

CLIMATE REPORT
NATIONAL WEATHER SERVICE NOME, AK
101 AM AKDT FRI MAY 6 2016

...................................
...THE NOME WSO AP CLIMATE SUMMARY FOR MAY 5 2016...

CLIMATE NORMAL PERIOD  1981 TO  2010
CLIMATE RECORD PERIOD  1906 TO  2016

WEATHER ITEM   OBSERVED TIME    RECORD YEAR NORMAL DEPARTURE LAST
               VALUE    (LST)   VALUE       VALUE  FROM      YEAR
                                                   NORMAL
...................................................................
TEMPERATURE
YESTERDAY
 MAXIMUM            49  1123 AM    53  1960     38      11     46
 MINIMUM            33  0445 AM    -4  1984     26       7     29
 AVERAGE            41                          32       9     38

PRECIPITATION
(INCHES)
 YESTERDAY        0.00           0.53  2005   0.03   -0.03   0.00
 MONTH TO DATE       T                        0.14   -0.14   0.00
 SINCE MAR 1      0.84                        1.55   -0.71   1.31
 SINCE JAN 1      1.87                        3.42   -1.55   2.95

SNOWFALL
(INCHES)
 YESTERDAY         0.0            2.1  1971    0.2    -0.2    0.0
 MONTH TO DATE     0.0                         0.7    -0.7    0.0
 SINCE MAR 1       6.6                        17.1   -10.5   16.4
 SINCE JUL 1      48.9                        73.8   -24.9   59.7
 SNOW DEPTH (IN)     0                                          1

DEGREE DAYS
 HEATING
  YESTERDAY         24                          33      -9     27
  MONTH TO DATE    139                         171     -32    162
  SINCE MAR 1     2696                        3202    -506   3269
  SINCE JUL 1    10933                       12484   -1551  11447

 COOLING
  YESTERDAY          0                           0       0      0
  MONTH TO DATE      0                           0       0      0
  SINCE MAR 1        0                           0       0      0
  SINCE JAN 1        0                           0       0      0
...................................................................

WIND (MPH)
 HIGHEST WIND SPEED    14     HIGHEST WIND DIRECTION    140
 HIGHEST GUST SPEED    17     HIGHEST GUST DIRECTION    150
 AVERAGE WIND SPEED   5.2

SKY COVER
  POSSIBLE SUNSHINE    MM          AVERAGE SKY COVER     MM

WEATHER CONDITIONS
 THE FOLLOWING WEATHER WAS RECORDED YESTERDAY.
  NO SIGNIFICANT WEATHER WAS OBSERVED.

RELATIVE HUMIDITY
 HIGHEST RH     MM PERCENT       MM
 LOWEST  RH     MM PERCENT       MM
 AVERAGE RH     MM PERCENT       MM
...................................................................

THE NOME CLIMATE NORMALS FOR TODAY
                           NORMAL    RECORD   YEAR
 MAXIMUM TEMPERATURE (F)     38        59     1991
 MINIMUM TEMPERATURE (F)     26         1     1952

SUNRISE AND SUNSET
 MAY 6 2016..........SUNRISE  6:11 AM      SUNSET 11:49 PM
 MAY 7 2016..........SUNRISE  6:08 AM      SUNSET 11:52 PM

-  INDICATES NEGATIVE NUMBERS.
R  INDICATES RECORD HAS BEEN SET OR TIED.
MM INDICATES DATA IS MISSING.
T  INDICATES TRACE OF PRECIPITATION.

&&
-------------------------------------------------------------------

AMOUNT OF DAYLIGHT TODAY  (HOUR:MIN)........17 HOURS 38 MINUTES
GAIN/LOSS SINCE YESTERDAY (HOUR:MIN:SEC)....+0:06:50

 5:10 AM HIGH 0.8 FT
10:29 AM LOW  0.0 FT
 4:40 PM HIGH 1.0 FT
11:21 PM LOW -0.4 FT

$$
RCT MAY 16
