000
CDUS46 KOTX 210825
CLIOMK


CLIMATE REPORT
NATIONAL WEATHER SERVICE SPOKANE, WA
1221 AM PST SUN DEC 21 2014


...................................

...THE OMAK WA AIRPORT CLIMATE SUMMARY FOR DECEMBER 20 2014...

CLIMATE NORMAL PERIOD 1981 TO 2010
CLIMATE RECORD PERIOD 9999 TO 9999


WEATHER ITEM   OBSERVED TIME   RECORD YEAR NORMAL DEPARTURE LAST
                VALUE   (LST)  VALUE       VALUE  FROM      YEAR
                                                  NORMAL
..................................................................
TEMPERATURE (F)
 YESTERDAY
  MAXIMUM         36   1248 AM  54    1934  31      5       24
  MINIMUM         33   1156 AM  -3    2008  18     15       12
                                      1951
  AVERAGE         35                        24     11       18

PRECIPITATION (IN)
  YESTERDAY        0.83R       0.55   1973  0.09   0.74     0.05
  MONTH TO DATE    2.49                     1.52   0.97     0.05
  SINCE OCT 1      6.53                     4.43   2.10     1.11
  SINCE JAN 1     13.54                    14.03  -0.49     9.94

SNOWFALL (IN)
  YESTERDAY       MM

DEGREE DAYS
 HEATING
  YESTERDAY       30                        41    -11       47
  MONTH TO DATE  669                       769   -100      855
  SINCE DEC 1    669                       769   -100      855
  SINCE JUL 1   2066                      2302   -236     2452

 COOLING
  YESTERDAY        0                         0      0        0
  MONTH TO DATE    0                         0      0        0
  SINCE DEC 1      0                         0      0        0
  SINCE JAN 1    873                       665    208      814
..................................................................


WIND (MPH)
  HIGHEST WIND SPEED     8   HIGHEST WIND DIRECTION    SE (140)
  HIGHEST GUST SPEED    10   HIGHEST GUST DIRECTION    SE (140)
  AVERAGE WIND SPEED     0.8


SKY COVER
  POSSIBLE SUNSHINE  MM
  AVERAGE SKY COVER 1.0


WEATHER CONDITIONS
 THE FOLLOWING WEATHER WAS RECORDED YESTERDAY.
  RAIN
  LIGHT RAIN
  LIGHT SNOW
  FOG


RELATIVE HUMIDITY (PERCENT)
 HIGHEST   100           600 AM
 LOWEST     89          1100 AM
 AVERAGE    95

..........................................................


THE OMAK WA AIRPORT CLIMATE NORMALS FOR TODAY
                         NORMAL    RECORD    YEAR
 MAXIMUM TEMPERATURE (F)   30        49      1933
 MINIMUM TEMPERATURE (F)   18        -7      1951


SUNRISE AND SUNSET
DECEMBER 21 2014......SUNRISE   747 AM PST   SUNSET   405 PM PST
DECEMBER 22 2014......SUNRISE   748 AM PST   SUNSET   406 PM PST


-  INDICATES NEGATIVE NUMBERS.
R  INDICATES RECORD WAS SET OR TIED.
MM INDICATES DATA IS MISSING.
T  INDICATES TRACE AMOUNT.

$$
