000
CDUS46 KOTX 160830
CLIOMK


CLIMATE REPORT
NATIONAL WEATHER SERVICE SPOKANE, WA
126 AM PDT WED APR 16 2014


...................................

...THE OMAK WA AIRPORT CLIMATE SUMMARY FOR APRIL 15 2014...

CLIMATE NORMAL PERIOD 1981 TO 2010
CLIMATE RECORD PERIOD 9999 TO 9999


WEATHER ITEM   OBSERVED TIME   RECORD YEAR NORMAL DEPARTURE LAST
                VALUE   (LST)  VALUE       VALUE  FROM      YEAR
                                                  NORMAL
..................................................................
TEMPERATURE (F)
 YESTERDAY
  MAXIMUM         66    219 PM  80    1943  63      3       54
  MINIMUM         40   1157 PM  22    1967  37      3       37
  AVERAGE         53                        50      3       46

PRECIPITATION (IN)
  YESTERDAY        0.00        0.44   1963  0.03  -0.03     0.03
  MONTH TO DATE    T                        0.51  -0.51     0.96
  SINCE OCT 1      4.15                    10.12  -5.97     9.51
  SINCE JAN 1      2.98                     4.67  -1.69     2.52

SNOWFALL (IN)
  YESTERDAY       MM            MM     MM    MM     MM       MM
  MONTH TO DATE   MM                         MM     MM       MM
  SINCE MAR 1     MM                         MM     MM       MM
  SINCE JUL 1     MM                         MM     MM       MM
  SNOW DEPTH      MM

DEGREE DAYS
 HEATING
  YESTERDAY       12                        15     -3       19
  MONTH TO DATE  231                       248    -17      238
  SINCE MAR 1    981                       977      4      930
  SINCE JUL 1   5971                      5838    133     5571

 COOLING
  YESTERDAY        0                         0      0        0
  MONTH TO DATE    0                         0      0        0
  SINCE MAR 1      0                         0      0        0
  SINCE JAN 1      0                         0      0        0
..................................................................


WIND (MPH)
  HIGHEST WIND SPEED    20   HIGHEST WIND DIRECTION     W (270)
  HIGHEST GUST SPEED    28   HIGHEST GUST DIRECTION     N (340)
  AVERAGE WIND SPEED     7.9


SKY COVER
  POSSIBLE SUNSHINE  MM
  AVERAGE SKY COVER 0.3


WEATHER CONDITIONS
 THE FOLLOWING WEATHER WAS RECORDED YESTERDAY.
  NO SIGNIFICANT WEATHER WAS OBSERVED.


RELATIVE HUMIDITY (PERCENT)
 HIGHEST    39           300 AM
 LOWEST     15           200 PM
 AVERAGE    27

..........................................................


THE OMAK WA AIRPORT CLIMATE NORMALS FOR TODAY
                         NORMAL    RECORD    YEAR
 MAXIMUM TEMPERATURE (F)   64        86      1936
 MINIMUM TEMPERATURE (F)   37        23      1960


SUNRISE AND SUNSET
APRIL 16 2014.........SUNRISE   606 AM PDT   SUNSET   751 PM PDT
APRIL 17 2014.........SUNRISE   604 AM PDT   SUNSET   752 PM PDT


-  INDICATES NEGATIVE NUMBERS.
R  INDICATES RECORD WAS SET OR TIED.
MM INDICATES DATA IS MISSING.
T  INDICATES TRACE AMOUNT.

$$
