000
CDUS46 KOTX 070832
CLIOMK


CLIMATE REPORT
NATIONAL WEATHER SERVICE SPOKANE, WA
131 AM PDT TUE JUL 7 2015


...................................

...THE OMAK WA AIRPORT CLIMATE SUMMARY FOR JULY 6 2015...

CLIMATE NORMAL PERIOD 1981 TO 2010
CLIMATE RECORD PERIOD 9999 TO 9999


WEATHER ITEM   OBSERVED TIME   RECORD YEAR NORMAL DEPARTURE LAST
                VALUE   (LST)  VALUE       VALUE  FROM      YEAR
                                                  NORMAL
..................................................................
TEMPERATURE (F)
 YESTERDAY
  MAXIMUM         98    350 PM  99    1968  86     12       95
  MINIMUM         57    315 AM  39    1962  55      2       67
  AVERAGE         78                        70      8       81

PRECIPITATION (IN)
  YESTERDAY        0.00          0.40 1998   0.03  -0.03     0.00
  MONTH TO DATE    0.00                      0.17  -0.17     0.00
  SINCE OCT 1     11.19                     13.04  -1.85     6.39
  SINCE JAN 1      4.62                      8.15  -3.53     5.22

SNOWFALL (IN)
  YESTERDAY       MM

DEGREE DAYS
 HEATING
  YESTERDAY        0                         1     -1        0
  MONTH TO DATE    0                         6     -6        0
  SINCE JUN 1     15                        75    -60       38
  SINCE JUL 1      0                         6     -6        0

 COOLING
  YESTERDAY       13                         6      7       16
  MONTH TO DATE  113                        34     79       67
  SINCE JUN 1    378                       118    260      132
  SINCE JAN 1    424                       141    283      146
..................................................................


WIND (MPH)
  HIGHEST WIND SPEED    14   HIGHEST WIND DIRECTION     N (340)
  HIGHEST GUST SPEED    19   HIGHEST GUST DIRECTION     N (360)
  AVERAGE WIND SPEED     5.8


SKY COVER
  POSSIBLE SUNSHINE  MM
  AVERAGE SKY COVER 0.0


WEATHER CONDITIONS
 THE FOLLOWING WEATHER WAS RECORDED YESTERDAY.
  NO SIGNIFICANT WEATHER WAS OBSERVED.


RELATIVE HUMIDITY (PERCENT)
 HIGHEST    47           400 AM
 LOWEST     13           200 PM
 AVERAGE    30

..........................................................


THE OMAK WA AIRPORT CLIMATE NORMALS FOR TODAY
                         NORMAL    RECORD    YEAR
 MAXIMUM TEMPERATURE (F)   86        97      2012
                                             1945
 MINIMUM TEMPERATURE (F)   56        39      1971


SUNRISE AND SUNSET
JULY  7 2015..........SUNRISE   505 AM PDT   SUNSET   901 PM PDT
JULY  8 2015..........SUNRISE   506 AM PDT   SUNSET   900 PM PDT


-  INDICATES NEGATIVE NUMBERS.
R  INDICATES RECORD WAS SET OR TIED.
MM INDICATES DATA IS MISSING.
T  INDICATES TRACE AMOUNT.




$$
