000
CDUS46 KOTX 270838
CLIOMK


CLIMATE REPORT
NATIONAL WEATHER SERVICE SPOKANE, WA
132 AM PDT MON JUL 27 2015


...................................

...THE OMAK WA AIRPORT CLIMATE SUMMARY FOR JULY 26 2015...

CLIMATE NORMAL PERIOD 1981 TO 2010
CLIMATE RECORD PERIOD 9999 TO 9999


WEATHER ITEM   OBSERVED TIME   RECORD YEAR NORMAL DEPARTURE LAST
                VALUE   (LST)  VALUE       VALUE  FROM      YEAR
                                                  NORMAL
..................................................................
TEMPERATURE (F)
 YESTERDAY
  MAXIMUM         79    227 PM 107    1939  90    -11       91
  MINIMUM         54   1125 PM  43    1969  59     -5       57
  AVERAGE         67                        75     -8       74

PRECIPITATION (IN)
  YESTERDAY        0.18          0.36 1978   0.02   0.16     0.00
  MONTH TO DATE    0.26                      0.70  -0.44     0.17
  SINCE OCT 1     11.45                     13.57  -2.12     6.56
  SINCE JAN 1      4.88                      8.68  -3.80     5.39

SNOWFALL (IN)
  YESTERDAY       MM

DEGREE DAYS
 HEATING
  YESTERDAY        0                         0      0        0
  MONTH TO DATE    0                        11    -11        2
  SINCE JUN 1     15                        80    -65       40
  SINCE JUL 1      0                        11    -11        2

 COOLING
  YESTERDAY        2                        10     -8        9
  MONTH TO DATE  322                       203    119      322
  SINCE JUN 1    587                       287    300      387
  SINCE JAN 1    633                       310    323      401
..................................................................


WIND (MPH)
  HIGHEST WIND SPEED    23   HIGHEST WIND DIRECTION     N (20)
  HIGHEST GUST SPEED    30   HIGHEST GUST DIRECTION     N (360)
  AVERAGE WIND SPEED     8.9


SKY COVER
  POSSIBLE SUNSHINE  MM
  AVERAGE SKY COVER 0.5


WEATHER CONDITIONS
 THE FOLLOWING WEATHER WAS RECORDED YESTERDAY.
  RAIN
  LIGHT RAIN
  FOG


RELATIVE HUMIDITY (PERCENT)
 HIGHEST    93          1000 PM
 LOWEST     20           200 PM
 AVERAGE    57

..........................................................


THE OMAK WA AIRPORT CLIMATE NORMALS FOR TODAY
                         NORMAL    RECORD    YEAR
 MAXIMUM TEMPERATURE (F)   91       109      1939
 MINIMUM TEMPERATURE (F)   59        45      1969


SUNRISE AND SUNSET
JULY 27 2015..........SUNRISE   526 AM PDT   SUNSET   842 PM PDT
JULY 28 2015..........SUNRISE   527 AM PDT   SUNSET   841 PM PDT


-  INDICATES NEGATIVE NUMBERS.
R  INDICATES RECORD WAS SET OR TIED.
MM INDICATES DATA IS MISSING.
T  INDICATES TRACE AMOUNT.




$$
