000
CDUS46 KOTX 030822
CLIOMK


CLIMATE REPORT
NATIONAL WEATHER SERVICE SPOKANE, WA
120 AM PDT THU SEP 3 2015


...................................

...THE OMAK WA AIRPORT CLIMATE SUMMARY FOR SEPTEMBER 2 2015...

CLIMATE NORMAL PERIOD 1981 TO 2010
CLIMATE RECORD PERIOD 9999 TO 9999


WEATHER ITEM   OBSERVED TIME   RECORD YEAR NORMAL DEPARTURE LAST
                VALUE   (LST)  VALUE       VALUE  FROM      YEAR
                                                  NORMAL
..................................................................
TEMPERATURE (F)
 YESTERDAY
  MAXIMUM         76    344 PM 101    1938  83     -7       80
  MINIMUM         47   1149 PM  36    1959  52     -5       50
  AVERAGE         62                        68     -6       65

PRECIPITATION (IN)
  YESTERDAY        0.00          0.37 2014   0.01  -0.01     0.37
  MONTH TO DATE    0.00                      0.03  -0.03     0.37
  SINCE OCT 1     11.62                     14.20  -2.58     7.78
  SINCE JAN 1      5.05                      9.31  -4.26     6.61

SNOWFALL (IN)
  YESTERDAY       MM

DEGREE DAYS
 HEATING
  YESTERDAY        3                         2      1        0
  MONTH TO DATE    3                         4     -1        1
  SINCE SEP 1      3                         4     -1        1
  SINCE JUL 1      6                        35    -29        6

 COOLING
  YESTERDAY        0                         4     -4        0
  MONTH TO DATE    2                         9     -7        0
  SINCE SEP 1      2                         9     -7        0
  SINCE JAN 1    953                       615    338      824
..................................................................


WIND (MPH)
  HIGHEST WIND SPEED    22   HIGHEST WIND DIRECTION     S (200)
  HIGHEST GUST SPEED    28   HIGHEST GUST DIRECTION     S (200)
  AVERAGE WIND SPEED    10.4


SKY COVER
  POSSIBLE SUNSHINE  MM
  AVERAGE SKY COVER 0.1


WEATHER CONDITIONS
 THE FOLLOWING WEATHER WAS RECORDED YESTERDAY.
  NO SIGNIFICANT WEATHER WAS OBSERVED.


RELATIVE HUMIDITY (PERCENT)
 HIGHEST    51           600 AM
 LOWEST     16           400 PM
 AVERAGE    34

..........................................................


THE OMAK WA AIRPORT CLIMATE NORMALS FOR TODAY
                         NORMAL    RECORD    YEAR
 MAXIMUM TEMPERATURE (F)   83        97      2003
                                             1998
 MINIMUM TEMPERATURE (F)   52        36      1932


SUNRISE AND SUNSET
SEPTEMBER  3 2015.....SUNRISE   618 AM PDT   SUNSET   736 PM PDT
SEPTEMBER  4 2015.....SUNRISE   619 AM PDT   SUNSET   734 PM PDT


-  INDICATES NEGATIVE NUMBERS.
R  INDICATES RECORD WAS SET OR TIED.
MM INDICATES DATA IS MISSING.
T  INDICATES TRACE AMOUNT.




$$
