520
CDUS46 KOTX 230822
CLIOMK


CLIMATE REPORT
NATIONAL WEATHER SERVICE SPOKANE, WA
122 AM PDT SAT SEP 23 2017


...................................

...THE OMAK WA AIRPORT CLIMATE SUMMARY FOR SEPTEMBER 22 2017...

CLIMATE NORMAL PERIOD 1981 TO 2010
CLIMATE RECORD PERIOD 9999 TO 9999


WEATHER ITEM   OBSERVED TIME   RECORD YEAR NORMAL DEPARTURE LAST
                VALUE   (LST)  VALUE       VALUE  FROM      YEAR
                                                  NORMAL
..................................................................
TEMPERATURE (F)
 YESTERDAY
  MAXIMUM         70   1242 PM  91    1939  75     -5       73
  MINIMUM         40    254 AM  26    1946  45     -5       50
  AVERAGE         55                        60     -5       62

PRECIPITATION (IN)
  YESTERDAY        0.00                      0.02  -0.02      T
  MONTH TO DATE    0.10                      0.40  -0.30      T
  SINCE OCT 1     16.97                     14.57   2.40    14.83
  SINCE JAN 1     10.49                      9.68   0.81     9.47

SNOWFALL (IN)
  YESTERDAY       MM

DEGREE DAYS
 HEATING
  YESTERDAY       10                         6      4        3
  MONTH TO DATE   88                        72     16       79
  SINCE SEP 1     88                        72     16       79
  SINCE JUL 1     88                       103    -15       87

 COOLING
  YESTERDAY        0                         1     -1        0
  MONTH TO DATE   93                        54     39       10
  SINCE SEP 1     93                        54     39       10
  SINCE JAN 1    885                       660    225      636
..................................................................


WIND (MPH)
  HIGHEST WIND SPEED    15   HIGHEST WIND DIRECTION     N (10)
  HIGHEST GUST SPEED    20   HIGHEST GUST DIRECTION     N (10)
  AVERAGE WIND SPEED     4.1


SKY COVER
  POSSIBLE SUNSHINE  MM
  AVERAGE SKY COVER 0.4


WEATHER CONDITIONS
 THE FOLLOWING WEATHER WAS RECORDED YESTERDAY.
  HAZE


RELATIVE HUMIDITY (PERCENT)
 HIGHEST    89           400 AM
 LOWEST     29           200 PM
 AVERAGE    59

..........................................................


THE OMAK WA AIRPORT CLIMATE NORMALS FOR TODAY
                         NORMAL    RECORD    YEAR
 MAXIMUM TEMPERATURE (F)   75        90      2009
 MINIMUM TEMPERATURE (F)   45        26      2008


SUNRISE AND SUNSET
SEPTEMBER 23 2017.....SUNRISE   647 AM PDT   SUNSET   653 PM PDT
SEPTEMBER 24 2017.....SUNRISE   648 AM PDT   SUNSET   651 PM PDT


-  INDICATES NEGATIVE NUMBERS.
R  INDICATES RECORD WAS SET OR TIED.
MM INDICATES DATA IS MISSING.
T  INDICATES TRACE AMOUNT.




$$
