000
CDUS46 KOTX 070830
CLIOMK


CLIMATE REPORT
NATIONAL WEATHER SERVICE SPOKANE, WA
1230 AM PST SUN FEB 7 2016


...................................

...THE OMAK WA AIRPORT CLIMATE SUMMARY FOR FEBRUARY 6 2016...

CLIMATE NORMAL PERIOD 1981 TO 2010
CLIMATE RECORD PERIOD 9999 TO 9999


WEATHER ITEM   OBSERVED TIME   RECORD YEAR NORMAL DEPARTURE LAST
                VALUE   (LST)  VALUE       VALUE  FROM      YEAR
                                                  NORMAL
..................................................................
TEMPERATURE (F)
 YESTERDAY
  MAXIMUM         39   1251 PM  57    1944  38      1       49
  MINIMUM         19   1112 PM  -4    1969  23     -4       39
  AVERAGE         29                        30     -1       44

PRECIPITATION (IN)
  YESTERDAY        0.00          0.68 1996   0.04  -0.04     0.09
  MONTH TO DATE    0.18                      0.30  -0.12     0.67
  SINCE OCT 1      7.82                      7.08   0.74     7.97
  SINCE JAN 1      2.46                      2.19   0.27     1.40

SNOWFALL (IN)
  YESTERDAY       MM

DEGREE DAYS
 HEATING
  YESTERDAY       36                        35      1       21
  MONTH TO DATE  226                       211     15      171
  SINCE DEC 1   2504                      2611   -107     2273
  SINCE JUL 1   3805                      4144   -339     3670

 COOLING
  YESTERDAY        0                         0      0        0
  MONTH TO DATE    0                         0      0        0
  SINCE DEC 1      0                         0      0        0
  SINCE JAN 1      0                         0      0        0
..................................................................


WIND (MPH)
  HIGHEST WIND SPEED    20   HIGHEST WIND DIRECTION     S (170)
  HIGHEST GUST SPEED    24   HIGHEST GUST DIRECTION     S (170)
  AVERAGE WIND SPEED     5.1


SKY COVER
  POSSIBLE SUNSHINE  MM
  AVERAGE SKY COVER 0.1


WEATHER CONDITIONS
 THE FOLLOWING WEATHER WAS RECORDED YESTERDAY.
  NO SIGNIFICANT WEATHER WAS OBSERVED.


RELATIVE HUMIDITY (PERCENT)
 HIGHEST    92           600 PM
 LOWEST     69           700 AM
 AVERAGE    81

..........................................................


THE OMAK WA AIRPORT CLIMATE NORMALS FOR TODAY
                         NORMAL    RECORD    YEAR
 MAXIMUM TEMPERATURE (F)   38        52      1953
 MINIMUM TEMPERATURE (F)   23       -12      1949


SUNRISE AND SUNSET
FEBRUARY  7 2016......SUNRISE   719 AM PST   SUNSET   506 PM PST
FEBRUARY  8 2016......SUNRISE   717 AM PST   SUNSET   508 PM PST


-  INDICATES NEGATIVE NUMBERS.
R  INDICATES RECORD WAS SET OR TIED.
MM INDICATES DATA IS MISSING.
T  INDICATES TRACE AMOUNT.




$$
