000
CDUS46 KOTX 190831
CLIOMK


CLIMATE REPORT
NATIONAL WEATHER SERVICE SPOKANE, WA
131 AM PDT FRI SEP 19 2014


...................................

...THE OMAK WA AIRPORT CLIMATE SUMMARY FOR SEPTEMBER 18 2014...

CLIMATE NORMAL PERIOD 1981 TO 2010
CLIMATE RECORD PERIOD 9999 TO 9999


WEATHER ITEM   OBSERVED TIME   RECORD YEAR NORMAL DEPARTURE LAST
                VALUE   (LST)  VALUE       VALUE  FROM      YEAR
                                                  NORMAL
..................................................................
TEMPERATURE (F)
 YESTERDAY
  MAXIMUM         78    125 PM  89    2008  77      1       73
                                      1967
  MINIMUM         59   1125 PM  30    1971  47     12       46
  AVERAGE         69                        62      7       60

PRECIPITATION (IN)
  YESTERDAY        T             0.30 1969   0.02  -0.02     0.00
  MONTH TO DATE    0.40                      0.30   0.10     0.92
  SINCE OCT 1      7.81                     14.77  -6.96    15.33
  SINCE JAN 1      6.64                      9.32  -2.68     8.34

SNOWFALL (IN)
  YESTERDAY       MM            MM      MM  MM     MM       MM
  MONTH TO DATE   MM                        MM     MM       MM
  SINCE SEP 1     MM                        MM     MM       MM
  SINCE JUL 1     MM                        MM     MM       MM
  SNOW DEPTH      MM

DEGREE DAYS
 HEATING
  YESTERDAY        0                         5     -5        5
  MONTH TO DATE   50                        51     -1       12
  SINCE SEP 1     50                        51     -1       12
  SINCE JUL 1     55                        82    -27       12

 COOLING
  YESTERDAY        4                         1      3        0
  MONTH TO DATE   29                        50    -21      128
  SINCE SEP 1     29                        50    -21      128
  SINCE JAN 1    853                       656    197      814
..................................................................


WIND (MPH)
  HIGHEST WIND SPEED    16   HIGHEST WIND DIRECTION     N (360)
  HIGHEST GUST SPEED    20   HIGHEST GUST DIRECTION     N (10)
  AVERAGE WIND SPEED     6.2


SKY COVER
  POSSIBLE SUNSHINE  MM
  AVERAGE SKY COVER 0.4


WEATHER CONDITIONS
 THE FOLLOWING WEATHER WAS RECORDED YESTERDAY.
  NO SIGNIFICANT WEATHER WAS OBSERVED.


RELATIVE HUMIDITY (PERCENT)
 HIGHEST    69          1100 PM
 LOWEST     36           100 PM
 AVERAGE    53

..........................................................


THE OMAK WA AIRPORT CLIMATE NORMALS FOR TODAY
                         NORMAL    RECORD    YEAR
 MAXIMUM TEMPERATURE (F)   77        92      1938
 MINIMUM TEMPERATURE (F)   46        27      1945


SUNRISE AND SUNSET
SEPTEMBER 19 2014.....SUNRISE   641 AM PDT   SUNSET   702 PM PDT
SEPTEMBER 20 2014.....SUNRISE   642 AM PDT   SUNSET   700 PM PDT


-  INDICATES NEGATIVE NUMBERS.
R  INDICATES RECORD WAS SET OR TIED.
MM INDICATES DATA IS MISSING.
T  INDICATES TRACE AMOUNT.




$$
