000
CDUS46 KOTX 291245
CLIOMK


CLIMATE REPORT
NATIONAL WEATHER SERVICE SPOKANE, WA
545 AM PDT MON AUG 29 2016


...................................

...THE OMAK WA AIRPORT CLIMATE SUMMARY FOR AUGUST 28 2016...

CLIMATE NORMAL PERIOD 1981 TO 2010
CLIMATE RECORD PERIOD 9999 TO 9999


WEATHER ITEM   OBSERVED TIME   RECORD YEAR NORMAL DEPARTURE LAST
                VALUE   (LST)  VALUE       VALUE  FROM      YEAR
                                                  NORMAL
..................................................................
TEMPERATURE (F)
 YESTERDAY
  MAXIMUM         83    255 PM  98    2006  85     -2       83
  MINIMUM         54    320 AM  34    1959  54      0       64
  AVERAGE         69                        69      0       74

PRECIPITATION (IN)
  YESTERDAY        0.00                      0.02  -0.02     0.00
  MONTH TO DATE    T                         0.45  -0.45     0.08
  SINCE OCT 1     14.83                     14.13   0.70    11.53
  SINCE JAN 1      9.47                      9.24   0.23     4.96

SNOWFALL (IN)
  YESTERDAY       MM

DEGREE DAYS
 HEATING
  YESTERDAY        0                         1     -1        0
  MONTH TO DATE    3                         8     -5        1
  SINCE JUN 1     93                        92      1       16
  SINCE JUL 1      8                        23    -15        1

 COOLING
  YESTERDAY        4                         5     -1        9
  MONTH TO DATE  239                       231      8      267
  SINCE JUN 1    588                       569     19      895
  SINCE JAN 1    613                       592     21      941
..................................................................


WIND (MPH)
  HIGHEST WIND SPEED    16   HIGHEST WIND DIRECTION    SW (210)
  HIGHEST GUST SPEED    20   HIGHEST GUST DIRECTION    SW (210)
  AVERAGE WIND SPEED     6.9


SKY COVER
  POSSIBLE SUNSHINE  MM
  AVERAGE SKY COVER 0.0


WEATHER CONDITIONS
 THE FOLLOWING WEATHER WAS RECORDED YESTERDAY.
  NO SIGNIFICANT WEATHER WAS OBSERVED.


RELATIVE HUMIDITY (PERCENT)
 HIGHEST    55           300 AM
 LOWEST     18           500 PM
 AVERAGE    37

..........................................................


THE OMAK WA AIRPORT CLIMATE NORMALS FOR TODAY
                         NORMAL    RECORD    YEAR
 MAXIMUM TEMPERATURE (F)   84        96      1967
 MINIMUM TEMPERATURE (F)   54        38      1965


SUNRISE AND SUNSET
AUGUST 29 2016........SUNRISE   612 AM PDT   SUNSET   745 PM PDT
AUGUST 30 2016........SUNRISE   613 AM PDT   SUNSET   743 PM PDT


-  INDICATES NEGATIVE NUMBERS.
R  INDICATES RECORD WAS SET OR TIED.
MM INDICATES DATA IS MISSING.
T  INDICATES TRACE AMOUNT.




$$
