000
CDUS45 KBOI 200932
CLIONO


CLIMATE REPORT
NATIONAL WEATHER SERVICE BOISE ID
232 AM MST FRI JAN 20 2017


...................................

...THE ONTARIO OR CLIMATE SUMMARY FOR JANUARY 19 2017...

CLIMATE NORMAL PERIOD 1981 TO 2010
CLIMATE RECORD PERIOD 1948 TO 2017


WEATHER ITEM   OBSERVED TIME   RECORD YEAR NORMAL DEPARTURE LAST
                VALUE   (LST)  VALUE       VALUE  FROM      YEAR
                                                  NORMAL
..................................................................
TEMPERATURE (F)
 YESTERDAY
  MAXIMUM         33    311 PM  53    1953  35     -2       41
  MINIMUM         22   1201 AM  -5    2013  20      2       32
                                      1979
  AVERAGE         28                        28      0       37

PRECIPITATION (IN)
  YESTERDAY        0.43          0.58 1969   0.03   0.40     0.10
  MONTH TO DATE    3.18                      0.81   2.37     0.30
  SINCE OCT 1      6.50                      4.22   2.28     5.05
  SINCE JAN 1      3.18                      0.81   2.37     0.30

DEGREE DAYS
 HEATING
  YESTERDAY       37                        37      0       28
  MONTH TO DATE  964                       724    240      717
  SINCE DEC 1   2371                      1877    494     1764
  SINCE JUL 1   3462                      3305    157     2889

 COOLING
  YESTERDAY        0                         0      0        0
  MONTH TO DATE    0                         0      0        0
  SINCE DEC 1      0                         0      0        0
  SINCE JAN 1      0                         0      0        0
..................................................................


WIND (MPH)
  HIGHEST WIND SPEED    12   HIGHEST WIND DIRECTION     W (250)
  HIGHEST GUST SPEED    14   HIGHEST GUST DIRECTION     W (250)
  AVERAGE WIND SPEED     6.2


SKY COVER
  AVERAGE SKY COVER 1.0


WEATHER CONDITIONS
 THE FOLLOWING WEATHER WAS RECORDED YESTERDAY.
  SNOW
  LIGHT SNOW
  FOG
  FOG W/VISIBILITY <= 1/4 MILE
  HAZE


RELATIVE HUMIDITY (PERCENT)
 HIGHEST    92          1200 AM
 LOWEST     85          1000 AM
 AVERAGE    89

..........................................................


THE ONTARIO OR CLIMATE NORMALS FOR TODAY
                         NORMAL    RECORD    YEAR
 MAXIMUM TEMPERATURE (F)   36        56      1953
 MINIMUM TEMPERATURE (F)   20        -9      1984


SUNRISE AND SUNSET
JANUARY 20 2017.......SUNRISE   816 AM MST   SUNSET   543 PM MST
JANUARY 21 2017.......SUNRISE   815 AM MST   SUNSET   544 PM MST


-  INDICATES NEGATIVE NUMBERS.
R  INDICATES RECORD WAS SET OR TIED.
MM INDICATES DATA IS MISSING.
T  INDICATES TRACE AMOUNT.




$$
