000
CDUS45 KBOI 240932
CLIONO


CLIMATE REPORT
NATIONAL WEATHER SERVICE BOISE ID
331 AM MDT FRI OCT 24 2014


...................................

...THE ONTARIO OR CLIMATE SUMMARY FOR OCTOBER 23 2014...

CLIMATE NORMAL PERIOD 1981 TO 2010
CLIMATE RECORD PERIOD 1948 TO 2014


WEATHER ITEM   OBSERVED TIME   RECORD YEAR NORMAL DEPARTURE LAST
                VALUE   (LST)  VALUE       VALUE  FROM      YEAR
                                                  NORMAL
..................................................................
TEMPERATURE (F)
 YESTERDAY
  MAXIMUM         59    310 PM  77    2003  62     -3       67
  MINIMUM         50    647 AM  18    1984  32     18       30
  AVERAGE         55                        47      8       49

PRECIPITATION (IN)
  YESTERDAY        0.23          0.75 1970   0.02   0.21     0.00
  MONTH TO DATE    0.36                      0.40  -0.04      T
  SINCE OCT 1      0.36                      0.40  -0.04      T
  SINCE JAN 1      6.32                      7.05  -0.73     3.77

DEGREE DAYS
 HEATING
  YESTERDAY       10                        18     -8       16
  MONTH TO DATE  193                       300   -107      337
  SINCE SEP 1    229                       418   -189      425
  SINCE JUL 1    230                       434   -204      425

 COOLING
  YESTERDAY        0                         0      0        0
  MONTH TO DATE    1                         0      1        0
  SINCE SEP 1     91                        58     33      127
  SINCE JAN 1   1088                       851    237     1299
..................................................................


WIND (MPH)
  HIGHEST WIND SPEED    21   HIGHEST WIND DIRECTION    SE (150)
  HIGHEST GUST SPEED    26   HIGHEST GUST DIRECTION    SE (140)
  AVERAGE WIND SPEED     4.7


SKY COVER
  AVERAGE SKY COVER 0.9


WEATHER CONDITIONS
 THE FOLLOWING WEATHER WAS RECORDED YESTERDAY.
  LIGHT RAIN
  FOG


RELATIVE HUMIDITY (PERCENT)
 HIGHEST    93           500 PM
 LOWEST     71           100 AM
 AVERAGE    82

..........................................................


THE ONTARIO OR CLIMATE NORMALS FOR TODAY
                         NORMAL    RECORD    YEAR
 MAXIMUM TEMPERATURE (F)   62        76      1988
 MINIMUM TEMPERATURE (F)   32        22      1949


SUNRISE AND SUNSET
OCTOBER 24 2014.......SUNRISE   814 AM MDT   SUNSET   650 PM MDT
OCTOBER 25 2014.......SUNRISE   815 AM MDT   SUNSET   648 PM MDT


-  INDICATES NEGATIVE NUMBERS.
R  INDICATES RECORD WAS SET OR TIED.
MM INDICATES DATA IS MISSING.
T  INDICATES TRACE AMOUNT.




$$
