000
CDUS45 KBOI 250934
CLIONO


CLIMATE REPORT
NATIONAL WEATHER SERVICE BOISE ID
234 AM MST SUN JAN 25 2015


...................................

...THE ONTARIO OR CLIMATE SUMMARY FOR JANUARY 24 2015...

CLIMATE NORMAL PERIOD 1981 TO 2010
CLIMATE RECORD PERIOD 1948 TO 2015


WEATHER ITEM   OBSERVED TIME   RECORD YEAR NORMAL DEPARTURE LAST
                VALUE   (LST)  VALUE       VALUE  FROM      YEAR
                                                  NORMAL
..................................................................
TEMPERATURE (F)
 YESTERDAY
  MAXIMUM         42    404 PM  61    1959  36      6       29
  MINIMUM         29    440 AM -16    1949  20      9       25
  AVERAGE         36                        28      8       27

PRECIPITATION (IN)
  YESTERDAY        0.00          0.53 1981   0.03  -0.03     0.00
  MONTH TO DATE    0.56                      0.98  -0.42     0.31
  SINCE OCT 1      5.02                      4.39   0.63     1.82
  SINCE JAN 1      0.56                      0.98  -0.42     0.31

DEGREE DAYS
 HEATING
  YESTERDAY       29                        37     -8       38
  MONTH TO DATE  835                       909    -74      893
  SINCE DEC 1   1716                      2062   -346     2290
  SINCE JUL 1   2997                      3490   -493     3685

 COOLING
  YESTERDAY        0                         0      0        0
  MONTH TO DATE    0                         0      0        0
  SINCE DEC 1      0                         0      0        0
  SINCE JAN 1      0                         0      0        0
..................................................................


WIND (MPH)
  HIGHEST WIND SPEED     7   HIGHEST WIND DIRECTION    NW (330)
  HIGHEST GUST SPEED     9   HIGHEST GUST DIRECTION     W (260)
  AVERAGE WIND SPEED     2.2


SKY COVER
  AVERAGE SKY COVER 0.7


WEATHER CONDITIONS
 THE FOLLOWING WEATHER WAS RECORDED YESTERDAY.
  FOG
  HAZE


RELATIVE HUMIDITY (PERCENT)
 HIGHEST    92           200 AM
 LOWEST     70           200 PM
 AVERAGE    81

..........................................................


THE ONTARIO OR CLIMATE NORMALS FOR TODAY
                         NORMAL    RECORD    YEAR
 MAXIMUM TEMPERATURE (F)   36        59      1953
 MINIMUM TEMPERATURE (F)   20       -21      1949


SUNRISE AND SUNSET
JANUARY 25 2015.......SUNRISE   813 AM MST   SUNSET   549 PM MST
JANUARY 26 2015.......SUNRISE   812 AM MST   SUNSET   550 PM MST


-  INDICATES NEGATIVE NUMBERS.
R  INDICATES RECORD WAS SET OR TIED.
MM INDICATES DATA IS MISSING.
T  INDICATES TRACE AMOUNT.




$$
