000
CDUS45 KBOI 110933
CLIONO


CLIMATE REPORT
NATIONAL WEATHER SERVICE BOISE ID
232 AM MST SUN DEC 11 2016


...................................

...THE ONTARIO OR CLIMATE SUMMARY FOR DECEMBER 10 2016...

CLIMATE NORMAL PERIOD 1981 TO 2010
CLIMATE RECORD PERIOD 1948 TO 2016


WEATHER ITEM   OBSERVED TIME   RECORD YEAR NORMAL DEPARTURE LAST
                VALUE   (LST)  VALUE       VALUE  FROM      YEAR
                                                  NORMAL
..................................................................
TEMPERATURE (F)
 YESTERDAY
  MAXIMUM         34    427 PM  54    1993  37     -3       53
  MINIMUM         27   1119 PM -23    1972  20      7       37
  AVERAGE         31                        28      3       45

PRECIPITATION (IN)
  YESTERDAY        0.09          0.29 2015   0.05   0.04     0.29
  MONTH TO DATE    0.81                      0.49   0.32     0.94
  SINCE OCT 1      2.18                      2.22  -0.04     2.84
  SINCE JAN 1      4.80                      8.87  -4.07     8.08

DEGREE DAYS
 HEATING
  YESTERDAY       34                        37     -3       20
  MONTH TO DATE  361                       354      7      276
  SINCE DEC 1    361                       354      7      276
  SINCE JUL 1   1452                      1782   -330     1401

 COOLING
  YESTERDAY        0                         0      0        0
  MONTH TO DATE    0                         0      0        0
  SINCE DEC 1      0                         0      0        0
  SINCE JAN 1    976                       852    124     1171
..................................................................


WIND (MPH)
  HIGHEST WIND SPEED    12   HIGHEST WIND DIRECTION     N (360)
  HIGHEST GUST SPEED    16   HIGHEST GUST DIRECTION     N (350)
  AVERAGE WIND SPEED     2.5


SKY COVER
  AVERAGE SKY COVER 1.0


WEATHER CONDITIONS
 THE FOLLOWING WEATHER WAS RECORDED YESTERDAY.
  LT FREEZING RAIN
  FOG
  FOG W/VISIBILITY <= 1/4 MILE


RELATIVE HUMIDITY (PERCENT)
 HIGHEST   100           800 PM
 LOWEST     85          1100 AM
 AVERAGE    93

..........................................................


THE ONTARIO OR CLIMATE NORMALS FOR TODAY
                         NORMAL    RECORD    YEAR
 MAXIMUM TEMPERATURE (F)   37        56      2014
 MINIMUM TEMPERATURE (F)   20       -21      1972


SUNRISE AND SUNSET
DECEMBER 11 2016......SUNRISE   813 AM MST   SUNSET   510 PM MST
DECEMBER 12 2016......SUNRISE   814 AM MST   SUNSET   510 PM MST


-  INDICATES NEGATIVE NUMBERS.
R  INDICATES RECORD WAS SET OR TIED.
MM INDICATES DATA IS MISSING.
T  INDICATES TRACE AMOUNT.




$$
