000
CDUS45 KBOI 210931
CLIONO


CLIMATE REPORT
NATIONAL WEATHER SERVICE BOISE ID
231 AM MST SUN JAN 21 2018


...................................

...THE ONTARIO OR CLIMATE SUMMARY FOR JANUARY 20 2018...

CLIMATE NORMAL PERIOD 1981 TO 2010
CLIMATE RECORD PERIOD 1948 TO 2018


WEATHER ITEM   OBSERVED TIME   RECORD YEAR NORMAL DEPARTURE LAST
                VALUE   (LST)  VALUE       VALUE  FROM      YEAR
                                                  NORMAL
..................................................................
TEMPERATURE (F)
 YESTERDAY
  MAXIMUM         45    426 PM  56    1953  36      9       37
  MINIMUM         28   1159 PM  -9    1984  20      8       28
  AVERAGE         37                        28      9       33

PRECIPITATION (IN)
  YESTERDAY        0.00          0.86 1957   0.04  -0.04     0.03
  MONTH TO DATE    0.95                      0.85   0.10     3.21
  SINCE OCT 1      3.66                      4.26  -0.60     6.53
  SINCE JAN 1      0.95                      0.85   0.10     3.21

DEGREE DAYS
 HEATING
  YESTERDAY       28                        37     -9       32
  MONTH TO DATE  605                       761   -156      996
  SINCE DEC 1   1729                      1914   -185     2403
  SINCE JUL 1   3074                      3342   -268     3494

 COOLING
  YESTERDAY        0                         0      0        0
  MONTH TO DATE    0                         0      0        0
  SINCE DEC 1      0                         0      0        0
  SINCE JAN 1      0                         0      0        0
..................................................................


WIND (MPH)
  HIGHEST WIND SPEED     8   HIGHEST WIND DIRECTION     W (250)
  HIGHEST GUST SPEED     9   HIGHEST GUST DIRECTION    SW (240)
  AVERAGE WIND SPEED     1.9


SKY COVER
  AVERAGE SKY COVER 0.5


WEATHER CONDITIONS
 THE FOLLOWING WEATHER WAS RECORDED YESTERDAY.
  NO SIGNIFICANT WEATHER WAS OBSERVED.


RELATIVE HUMIDITY (PERCENT)
 HIGHEST    92           100 AM
 LOWEST     58           400 PM
 AVERAGE    75

..........................................................


THE ONTARIO OR CLIMATE NORMALS FOR TODAY
                         NORMAL    RECORD    YEAR
 MAXIMUM TEMPERATURE (F)   36        54      1972
 MINIMUM TEMPERATURE (F)   20       -15      1962


SUNRISE AND SUNSET
JANUARY 21 2018.......SUNRISE   816 AM MST   SUNSET   544 PM MST
JANUARY 22 2018.......SUNRISE   815 AM MST   SUNSET   545 PM MST


-  INDICATES NEGATIVE NUMBERS.
R  INDICATES RECORD WAS SET OR TIED.
MM INDICATES DATA IS MISSING.
T  INDICATES TRACE AMOUNT.




$$
