000
CDUS45 KBOI 180935
CLIONO


CLIMATE REPORT
NATIONAL WEATHER SERVICE BOISE ID
335 AM MDT THU SEP 18 2014


...................................

...THE ONTARIO OR CLIMATE SUMMARY FOR SEPTEMBER 17 2014...

CLIMATE NORMAL PERIOD 1981 TO 2010
CLIMATE RECORD PERIOD 1948 TO 2014


WEATHER ITEM   OBSERVED TIME   RECORD YEAR NORMAL DEPARTURE LAST
                VALUE   (LST)  VALUE       VALUE  FROM      YEAR
                                                  NORMAL
..................................................................
TEMPERATURE (F)
 YESTERDAY
  MAXIMUM         91    350 PM  95    1956  81     10       79
  MINIMUM         59    714 AM  32    1965  44     15       54
  AVERAGE         75                        62     13       67

PRECIPITATION (IN)
  YESTERDAY        0.00          0.59 1989   0.02  -0.02     0.00
  MONTH TO DATE    0.01                      0.20  -0.19     0.14
  SINCE OCT 1      7.06                      9.85  -2.79     5.69
  SINCE JAN 1      5.55                      6.44  -0.89     2.75

DEGREE DAYS
 HEATING
  YESTERDAY        0                         4     -4        0
  MONTH TO DATE   18                        39    -21        0
  SINCE SEP 1     18                        39    -21        0
  SINCE JUL 1     19                        55    -36        0

 COOLING
  YESTERDAY       10                         1      9        2
  MONTH TO DATE   46                        48     -2      126
  SINCE SEP 1     46                        48     -2      126
  SINCE JAN 1   1043                       841    202     1298
..................................................................


WIND (MPH)
  HIGHEST WIND SPEED    10   HIGHEST WIND DIRECTION    SW (240)
  HIGHEST GUST SPEED    12   HIGHEST GUST DIRECTION    SW (240)
  AVERAGE WIND SPEED     2.7


SKY COVER
  AVERAGE SKY COVER 0.0


WEATHER CONDITIONS
 THE FOLLOWING WEATHER WAS RECORDED YESTERDAY.
  HAZE


RELATIVE HUMIDITY (PERCENT)
 HIGHEST    67           700 AM
 LOWEST     21           400 PM
 AVERAGE    44

..........................................................


THE ONTARIO OR CLIMATE NORMALS FOR TODAY
                         NORMAL    RECORD    YEAR
 MAXIMUM TEMPERATURE (F)   80        98      2000
 MINIMUM TEMPERATURE (F)   44        25      1965


SUNRISE AND SUNSET
SEPTEMBER 18 2014.....SUNRISE   731 AM MDT   SUNSET   753 PM MDT
SEPTEMBER 19 2014.....SUNRISE   732 AM MDT   SUNSET   751 PM MDT


-  INDICATES NEGATIVE NUMBERS.
R  INDICATES RECORD WAS SET OR TIED.
MM INDICATES DATA IS MISSING.
T  INDICATES TRACE AMOUNT.




$$
