000
CDUS45 KBOI 250931
CLIONO


CLIMATE REPORT
NATIONAL WEATHER SERVICE BOISE ID
330 AM MDT SUN JUN 25 2017


...................................

...THE ONTARIO OR CLIMATE SUMMARY FOR JUNE 24 2017...

CLIMATE NORMAL PERIOD 1981 TO 2010
CLIMATE RECORD PERIOD 1948 TO 2017


WEATHER ITEM   OBSERVED TIME   RECORD YEAR NORMAL DEPARTURE LAST
                VALUE   (LST)  VALUE       VALUE  FROM      YEAR
                                                  NORMAL
..................................................................
TEMPERATURE (F)
 YESTERDAY
  MAXIMUM         93    549 PM 107    1970  87      6       78
  MINIMUM         58    347 AM  39    1983  54      4       53
                                      1946
  AVERAGE         76                        70      6       66

PRECIPITATION (IN)
  YESTERDAY        0.00          0.44 1950   0.02  -0.02     0.00
  MONTH TO DATE    0.60                      0.60   0.00     0.12
  SINCE OCT 1     12.78                      9.08   3.70     7.10
  SINCE JAN 1      9.46                      5.67   3.79     2.35

DEGREE DAYS
 HEATING
  YESTERDAY        0                         1     -1        0
  MONTH TO DATE   28                        47    -19       25
  SINCE JUN 1     28                        47    -19       25
  SINCE JUL 1   6046                      5997     49     4933

 COOLING
  YESTERDAY       11                         6      5        1
  MONTH TO DATE  105                        96      9      145
  SINCE JUN 1    105                        96      9      145
  SINCE JAN 1    145                       132     13      184
..................................................................


WIND (MPH)
  HIGHEST WIND SPEED    10   HIGHEST WIND DIRECTION    NE (40)
  HIGHEST GUST SPEED    14   HIGHEST GUST DIRECTION    NE (40)
  AVERAGE WIND SPEED     4.3


SKY COVER
  AVERAGE SKY COVER 0.0


WEATHER CONDITIONS
 THE FOLLOWING WEATHER WAS RECORDED YESTERDAY.
  NO SIGNIFICANT WEATHER WAS OBSERVED.


RELATIVE HUMIDITY (PERCENT)
 HIGHEST    53           400 AM
 LOWEST      8           300 PM
 AVERAGE    31

..........................................................


THE ONTARIO OR CLIMATE NORMALS FOR TODAY
                         NORMAL    RECORD    YEAR
 MAXIMUM TEMPERATURE (F)   87       107      1970
 MINIMUM TEMPERATURE (F)   55        33      1966


SUNRISE AND SUNSET
JUNE 25 2017..........SUNRISE   606 AM MDT   SUNSET   935 PM MDT
JUNE 26 2017..........SUNRISE   607 AM MDT   SUNSET   935 PM MDT


-  INDICATES NEGATIVE NUMBERS.
R  INDICATES RECORD WAS SET OR TIED.
MM INDICATES DATA IS MISSING.
T  INDICATES TRACE AMOUNT.




$$
