000
CDUS46 KSGX 280025
CLIONT


CLIMATE REPORT
NATIONAL WEATHER SERVICE SAN DIEGO, CA
525 PM PDT FRI MAY 27 2016


...................................

...THE ONTARIO INTL AIRPORT CA CLIMATE SUMMARY FOR MAY 27 2016...
VALID TODAY AS OF 0500 PM LOCAL TIME.

CLIMATE NORMAL PERIOD 1981 TO 2010
CLIMATE RECORD PERIOD 1998 TO 2016


WEATHER ITEM   OBSERVED TIME   RECORD YEAR NORMAL DEPARTURE LAST
                VALUE   (LST)  VALUE       VALUE  FROM      YEAR
                                                  NORMAL
..................................................................
TEMPERATURE (F)
 TODAY
  MAXIMUM         82    302 PM  99    2000  81      1       79
  MINIMUM         54    457 AM  46    1998  57     -3       58
  AVERAGE         68                        69     -1       69

PRECIPITATION (IN)
  TODAY            0.00          0.01 2001   0.00   0.00     0.00
  MONTH TO DATE    1.27                      0.28   0.99     0.94
  SINCE OCT 1      7.71                     14.41  -6.70     9.87
  SINCE JAN 1      5.59                     10.24  -4.65     4.23

DEGREE DAYS
 HEATING
  TODAY            0                         1     -1        0
  MONTH TO DATE   44                        35      9       70
  SINCE MAR 1    209                       371   -162      183
  SINCE JUL 1   1218                      1528   -310      783

 COOLING
  TODAY            3                         4     -1        4
  MONTH TO DATE   61                        90    -29       42
  SINCE MAR 1    175                       143     32      238
  SINCE JAN 1    218                       149     69      268
..................................................................


WIND (MPH)
  RESULTANT WIND SPEED   6   RESULTANT WIND DIRECTION   W (250)
  HIGHEST WIND SPEED    18   HIGHEST WIND DIRECTION     W (260)
  HIGHEST GUST SPEED    27   HIGHEST GUST DIRECTION     W (260)
  AVERAGE WIND SPEED     6.9


SKY COVER
  POSSIBLE SUNSHINE  MM
  AVERAGE SKY COVER 0.2


WEATHER CONDITIONS
 THE FOLLOWING WEATHER WAS RECORDED TODAY.
  HAZE


RELATIVE HUMIDITY (PERCENT)
 HIGHEST    89           400 AM
 LOWEST     36           200 PM
 AVERAGE    63

..........................................................


THE ONTARIO INTL AIRPORT CA CLIMATE NORMALS FOR TOMORROW
                         NORMAL    RECORD    YEAR
 MAXIMUM TEMPERATURE (F)   81       103      2003
 MINIMUM TEMPERATURE (F)   57        50      2010


SUNRISE AND SUNSET
MAY 27 2016...........SUNRISE   542 AM PDT   SUNSET   754 PM PDT
MAY 28 2016...........SUNRISE   541 AM PDT   SUNSET   755 PM PDT


-  INDICATES NEGATIVE NUMBERS.
R  INDICATES RECORD WAS SET OR TIED.
MM INDICATES DATA IS MISSING.
T  INDICATES TRACE AMOUNT.




$$
