000
CDUS46 KSGX 261417
CLIONT


CLIMATE REPORT
NATIONAL WEATHER SERVICE SAN DIEGO, CA
617 AM PST THU FEB 26 2015


...................................

...THE ONTARIO INTL AIRPORT CA CLIMATE SUMMARY FOR FEBRUARY 25 2015...

CLIMATE NORMAL PERIOD 1981 TO 2010
CLIMATE RECORD PERIOD 1998 TO 2015


WEATHER ITEM   OBSERVED TIME   RECORD YEAR NORMAL DEPARTURE LAST
                VALUE   (LST)  VALUE       VALUE  FROM      YEAR
                                                  NORMAL
..................................................................
TEMPERATURE (F)
 YESTERDAY
  MAXIMUM         72    345 PM  84    2002  67      5       74
  MINIMUM         44    353 AM  38    2007  46     -2       52
  AVERAGE         58                        57      1       63

PRECIPITATION (IN)
  YESTERDAY        0.00          1.19 2003   0.13  -0.13     0.00
  MONTH TO DATE    1.45                      3.07  -1.62     0.16
  SINCE OCT 1      8.03                     10.55  -2.52     1.14
  SINCE JAN 1      2.39                      6.38  -3.99     0.26

SNOWFALL (IN)
  YESTERDAY        0.0
  MONTH TO DATE    0.0
  SINCE JAN 1      0.0
  SINCE JUL 1      0.0
  SNOW DEPTH       0

DEGREE DAYS
 HEATING
  YESTERDAY        7                         9     -2        2
  MONTH TO DATE   63                       242   -179      127
  SINCE DEC 1    503                       909   -406      513
  SINCE JUL 1    573                      1131   -558      671

 COOLING
  YESTERDAY        0                         0      0        0
  MONTH TO DATE   17                         0     17       11
  SINCE DEC 1     32                         5     27       34
  SINCE JAN 1     30                         3     27       30
..................................................................


WIND (MPH)
  RESULTANT WIND SPEED   2   RESULTANT WIND DIRECTION   W (250)
  HIGHEST WIND SPEED    13   HIGHEST WIND DIRECTION    SW (220)
  HIGHEST GUST SPEED    16   HIGHEST GUST DIRECTION    SW (220)
  AVERAGE WIND SPEED     4.3


SKY COVER
  POSSIBLE SUNSHINE  MM
  AVERAGE SKY COVER 0.2


WEATHER CONDITIONS
 THE FOLLOWING WEATHER WAS RECORDED YESTERDAY.
  NO SIGNIFICANT WEATHER WAS OBSERVED.


RELATIVE HUMIDITY (PERCENT)
 HIGHEST    66          1000 PM
 LOWEST     22           100 PM
 AVERAGE    44

..........................................................


THE ONTARIO INTL AIRPORT CA CLIMATE NORMALS FOR TODAY
                         NORMAL    RECORD    YEAR
 MAXIMUM TEMPERATURE (F)   67        86      2002
 MINIMUM TEMPERATURE (F)   46        37      2011


SUNRISE AND SUNSET
FEBRUARY 26 2015......SUNRISE   623 AM PST   SUNSET   544 PM PST
FEBRUARY 27 2015......SUNRISE   622 AM PST   SUNSET   545 PM PST


-  INDICATES NEGATIVE NUMBERS.
R  INDICATES RECORD WAS SET OR TIED.
MM INDICATES DATA IS MISSING.
T  INDICATES TRACE AMOUNT.




$$
