000
CDUS46 KSGX 231150
CLIONT


CLIMATE REPORT
NATIONAL WEATHER SERVICE SAN DIEGO, CA
450 AM PDT FRI JUN 23 2017


...................................

...THE ONTARIO INTL AIRPORT CA CLIMATE SUMMARY FOR JUNE 22 2017...

CLIMATE NORMAL PERIOD 1981 TO 2010
CLIMATE RECORD PERIOD 1998 TO 2017


WEATHER ITEM   OBSERVED TIME   RECORD YEAR NORMAL DEPARTURE LAST
                VALUE   (LST)  VALUE       VALUE  FROM      YEAR
                                                  NORMAL
..................................................................
TEMPERATURE (F)
 YESTERDAY
  MAXIMUM         91    257 PM 103    2008  87      4       95
  MINIMUM         63   1159 PM  55    2010  60      3       66
  AVERAGE         77                        74      3       81

PRECIPITATION (IN)
  YESTERDAY        0.00          0.00 2006   0.00   0.00     0.00
                                      2005
                                      2004
  MONTH TO DATE    T                         0.11  -0.11      T
  SINCE OCT 1     15.62                     14.54   1.08     7.71
  SINCE JAN 1     10.74                     10.37   0.37     5.59

DEGREE DAYS
 HEATING
  YESTERDAY        0                         0      0        0
  MONTH TO DATE    0                         1     -1        2
  SINCE JUN 1      0                         1     -1        2
  SINCE JUL 1   1292                      1533   -241     1220

 COOLING
  YESTERDAY       12                         9      3       16
  MONTH TO DATE  222                       145     77      220
  SINCE JUN 1    222                       145     77      220
  SINCE JAN 1    500                       311    189      448
..................................................................


WIND (MPH)
  RESULTANT WIND SPEED   7   RESULTANT WIND DIRECTION   W (250)
  HIGHEST WIND SPEED    16   HIGHEST WIND DIRECTION     W (260)
  HIGHEST GUST SPEED    21   HIGHEST GUST DIRECTION     W (260)
  AVERAGE WIND SPEED     7.8


SKY COVER
  POSSIBLE SUNSHINE  MM
  AVERAGE SKY COVER 0.0


WEATHER CONDITIONS
 THE FOLLOWING WEATHER WAS RECORDED YESTERDAY.
  FOG
  HAZE


RELATIVE HUMIDITY (PERCENT)
 HIGHEST    87           400 AM
 LOWEST     34           300 PM
 AVERAGE    61

..........................................................


THE ONTARIO INTL AIRPORT CA CLIMATE NORMALS FOR TODAY
                         NORMAL    RECORD    YEAR
 MAXIMUM TEMPERATURE (F)   88        96      2015
 MINIMUM TEMPERATURE (F)   60        57      2010


SUNRISE AND SUNSET
JUNE 23 2017..........SUNRISE   540 AM PDT   SUNSET   805 PM PDT
JUNE 24 2017..........SUNRISE   540 AM PDT   SUNSET   806 PM PDT


-  INDICATES NEGATIVE NUMBERS.
R  INDICATES RECORD WAS SET OR TIED.
MM INDICATES DATA IS MISSING.
T  INDICATES TRACE AMOUNT.




$$
