000
CDUS46 KSGX 051531
CLIONT


CLIMATE REPORT
NATIONAL WEATHER SERVICE SAN DIEGO, CA
731 AM PST FRI FEB 5 2016


...................................

...THE ONTARIO INTL AIRPORT CA CLIMATE SUMMARY FOR FEBRUARY 4 2016...

CLIMATE NORMAL PERIOD 1981 TO 2010
CLIMATE RECORD PERIOD 1998 TO 2016


WEATHER ITEM   OBSERVED TIME   RECORD YEAR NORMAL DEPARTURE LAST
                VALUE   (LST)  VALUE       VALUE  FROM      YEAR
                                                  NORMAL
..................................................................
TEMPERATURE (F)
 YESTERDAY
  MAXIMUM         68    409 PM  86    2001  65      3       78
  MINIMUM         37    629 AM  34    2011  45     -8       47
  AVERAGE         53                        55     -2       63

PRECIPITATION (IN)
  YESTERDAY        0.00          0.00   MM   0.08  -0.08     0.00
  MONTH TO DATE    0.00                      0.31  -0.31     0.00
  SINCE OCT 1      4.31                      7.79  -3.48     6.58
  SINCE JAN 1      2.19                      3.62  -1.43     0.94

DEGREE DAYS
 HEATING
  YESTERDAY       12                        10      2        2
  MONTH TO DATE   66                        41     25       12
  SINCE DEC 1    775                       708     67      452
  SINCE JUL 1    972                       930     42      522

 COOLING
  YESTERDAY        0                         0      0        0
  MONTH TO DATE    0                         0      0        0
  SINCE DEC 1      2                         5     -3       15
  SINCE JAN 1      0                         3     -3       13
..................................................................


WIND (MPH)
  RESULTANT WIND SPEED   1   RESULTANT WIND DIRECTION  NW (310)
  HIGHEST WIND SPEED     9   HIGHEST WIND DIRECTION     N (10)
  HIGHEST GUST SPEED    14   HIGHEST GUST DIRECTION    NE (30)
  AVERAGE WIND SPEED     2.8


SKY COVER
  POSSIBLE SUNSHINE  MM
  AVERAGE SKY COVER 0.3


WEATHER CONDITIONS
 THE FOLLOWING WEATHER WAS RECORDED YESTERDAY.
  NO SIGNIFICANT WEATHER WAS OBSERVED.


RELATIVE HUMIDITY (PERCENT)
 HIGHEST    70           500 AM
 LOWEST     18           300 PM
 AVERAGE    44

..........................................................


THE ONTARIO INTL AIRPORT CA CLIMATE NORMALS FOR TODAY
                         NORMAL    RECORD    YEAR
 MAXIMUM TEMPERATURE (F)   65        87      2007
 MINIMUM TEMPERATURE (F)   45        36      2002


SUNRISE AND SUNSET
FEBRUARY  5 2016......SUNRISE   645 AM PST   SUNSET   524 PM PST
FEBRUARY  6 2016......SUNRISE   644 AM PST   SUNSET   525 PM PST


-  INDICATES NEGATIVE NUMBERS.
R  INDICATES RECORD WAS SET OR TIED.
MM INDICATES DATA IS MISSING.
T  INDICATES TRACE AMOUNT.




$$
