259
CDUS46 KSGX 240020
CLIONT


CLIMATE REPORT
NATIONAL WEATHER SERVICE SAN DIEGO, CA
520 PM PDT THU MAR 23 2017


...................................

...THE ONTARIO INTL AIRPORT CA CLIMATE SUMMARY FOR MARCH 23 2017...
VALID TODAY AS OF 0500 PM LOCAL TIME.

CLIMATE NORMAL PERIOD 1981 TO 2010
CLIMATE RECORD PERIOD 1998 TO 2017


WEATHER ITEM   OBSERVED TIME   RECORD YEAR NORMAL DEPARTURE LAST
                VALUE   (LST)  VALUE       VALUE  FROM      YEAR
                                                  NORMAL
..................................................................
TEMPERATURE (F)
 TODAY
  MAXIMUM         68    255 PM  88    2008  71     -3       78
  MINIMUM         49    610 AM  38    2009  48      1       47
  AVERAGE         59                        59      0       63

PRECIPITATION (IN)
  TODAY            0.00          0.09 2002   0.04  -0.04     0.00
  MONTH TO DATE    0.14                      1.97  -1.83     1.37
  SINCE OCT 1     15.02                     12.84   2.18     6.11
  SINCE JAN 1     10.14                      8.67   1.47     3.99

DEGREE DAYS
 HEATING
  TODAY            6                         6      0        2
  MONTH TO DATE   83                       165    -82       86
  SINCE MAR 1     83                       165    -82       86
  SINCE JUL 1   1180                      1322   -142     1095

 COOLING
  TODAY            0                         0      0        0
  MONTH TO DATE   54                         6     48       18
  SINCE MAR 1     54                         6     48       18
  SINCE JAN 1     55                        12     43       61
..................................................................


WIND (MPH)
  RESULTANT WIND SPEED   5   RESULTANT WIND DIRECTION  SW (230)
  HIGHEST WIND SPEED    18   HIGHEST WIND DIRECTION    SW (230)
  HIGHEST GUST SPEED    21   HIGHEST GUST DIRECTION    SW (230)
  AVERAGE WIND SPEED     6.8


SKY COVER
  POSSIBLE SUNSHINE  MM
  AVERAGE SKY COVER 0.4


WEATHER CONDITIONS
 THE FOLLOWING WEATHER WAS RECORDED TODAY.
  FOG


RELATIVE HUMIDITY (PERCENT)
 HIGHEST    93           600 AM
 LOWEST     34           200 PM
 AVERAGE    64

..........................................................


THE ONTARIO INTL AIRPORT CA CLIMATE NORMALS FOR TOMORROW
                         NORMAL    RECORD    YEAR
 MAXIMUM TEMPERATURE (F)   71        86      2008
 MINIMUM TEMPERATURE (F)   48        42      2009


SUNRISE AND SUNSET
MARCH 23 2017.........SUNRISE   650 AM PDT   SUNSET   705 PM PDT
MARCH 24 2017.........SUNRISE   648 AM PDT   SUNSET   705 PM PDT


-  INDICATES NEGATIVE NUMBERS.
R  INDICATES RECORD WAS SET OR TIED.
MM INDICATES DATA IS MISSING.
T  INDICATES TRACE AMOUNT.




$$
