000
CDUS46 KSGX 210017
CLIONT


CLIMATE REPORT
NATIONAL WEATHER SERVICE SAN DIEGO, CA
517 PM PDT SUN APR 20 2014


...................................

...THE ONTARIO INTL AIRPORT CA CLIMATE SUMMARY FOR APRIL 20 2014...
VALID TODAY AS OF 0500 PM LOCAL TIME.

CLIMATE NORMAL PERIOD 1981 TO 2010
CLIMATE RECORD PERIOD 1998 TO 2014


WEATHER ITEM   OBSERVED TIME   RECORD YEAR NORMAL DEPARTURE LAST
                VALUE   (LST)  VALUE       VALUE  FROM      YEAR
                                                  NORMAL
..................................................................
TEMPERATURE (F)
 TODAY
  MAXIMUM         85    247 PM 100    2009  75     10       92
  MINIMUM         55    551 AM  40    2002  51      4       50
  AVERAGE         70                        63      7       71

PRECIPITATION (IN)
  TODAY            0.00          0.83 2007   0.04  -0.04     0.00
  MONTH TO DATE    0.28                      0.64  -0.36      T
  SINCE JUL 1      3.87                     14.32 -10.45     5.19
  SINCE JAN 1      2.95                      9.66  -6.71     2.42

SNOWFALL (IN)
  TODAY            0.0
  MONTH TO DATE    0.0
  SINCE JAN 1      0.0
  SINCE JUL 1      0.0
  SNOW DEPTH       0

DEGREE DAYS
 HEATING
  TODAY            0                         4     -4        0
  MONTH TO DATE   44                        93    -49       50
  SINCE MAR 1    117                       305   -188      150
  SINCE JUL 1    803                      1462   -659     1258

 COOLING
  TODAY            5                         2      3        6
  MONTH TO DATE   66                        22     44       20
  SINCE MAR 1     98                        34     64       57
  SINCE JAN 1    128                        40     88       58
..................................................................


WIND (MPH)
  RESULTANT WIND SPEED   3   RESULTANT WIND DIRECTION  SW (240)
  HIGHEST WIND SPEED    17   HIGHEST WIND DIRECTION     W (250)
  HIGHEST GUST SPEED    21   HIGHEST GUST DIRECTION     W (250)
  AVERAGE WIND SPEED     4.7


SKY COVER
  POSSIBLE SUNSHINE  MM
  AVERAGE SKY COVER 0.1


WEATHER CONDITIONS
 THE FOLLOWING WEATHER WAS RECORDED TODAY.
  FOG
  HAZE


RELATIVE HUMIDITY (PERCENT)
 HIGHEST    86           400 AM
 LOWEST     31           200 PM
 AVERAGE    59

..........................................................


THE ONTARIO INTL AIRPORT CA CLIMATE NORMALS FOR TOMORROW
                         NORMAL    RECORD    YEAR
 MAXIMUM TEMPERATURE (F)   75       100      2009
 MINIMUM TEMPERATURE (F)   52        42      2010


SUNRISE AND SUNSET
APRIL 20 2014.........SUNRISE   613 AM PDT   SUNSET   726 PM PDT
APRIL 21 2014.........SUNRISE   612 AM PDT   SUNSET   727 PM PDT


-  INDICATES NEGATIVE NUMBERS.
R  INDICATES RECORD WAS SET OR TIED.
MM INDICATES DATA IS MISSING.
T  INDICATES TRACE AMOUNT.




$$
