000
CDUS41 KAKQ 280545
CLIORF


CLIMATE REPORT
NATIONAL WEATHER SERVICE WAKEFIELD, VA
145 AM EDT FRI APR 28 2017


...................................

...THE NORFOLK VA CLIMATE SUMMARY FOR APRIL 27 2017...

CLIMATE NORMAL PERIOD 1981 TO 2010
CLIMATE RECORD PERIOD 1871 TO 2017


WEATHER ITEM   OBSERVED TIME   RECORD YEAR NORMAL DEPARTURE LAST
                VALUE   (LST)  VALUE       VALUE  FROM      YEAR
                                                  NORMAL
..................................................................
TEMPERATURE (F)
 YESTERDAY
  MAXIMUM         87    308 PM  93    1915  71     16       73
  MINIMUM         63    213 AM  37    1972  52     11       54
  AVERAGE         75                        62     13       64

PRECIPITATION (IN)
  YESTERDAY        0.00          1.41 1898   0.11  -0.11     0.17
  MONTH TO DATE    2.80                      3.08  -0.28     2.13
  SINCE MAR 1      7.41                      6.76   0.65     5.59
  SINCE JAN 1     12.48                     13.28  -0.80    16.46

SNOWFALL (IN)
  YESTERDAY        0.0           0.0  2002   0.0    0.0
  MONTH TO DATE    0.0                       0.0    0.0
  SINCE NOV 1      5.4                       5.8   -0.4
  SINCE JUL 1      5.4                       5.8   -0.4
  SNOW DEPTH       0

DEGREE DAYS
 HEATING
  YESTERDAY        0                         5     -5        1
  MONTH TO DATE   94                       224   -130      217
  SINCE MAR 1    566                       716   -150      512
  SINCE JUL 1   2618                      3285   -667     2428

 COOLING
  YESTERDAY       10                         2      8        0
  MONTH TO DATE   96                        34     62       30
  SINCE MAR 1    112                        40     72       48
  SINCE JAN 1    115                        41     74       48
..................................................................


WIND (MPH)
  HIGHEST WIND SPEED    24   HIGHEST WIND DIRECTION     S (200)
  HIGHEST GUST SPEED    29   HIGHEST GUST DIRECTION     S (190)
  AVERAGE WIND SPEED    13.7


SKY COVER
  POSSIBLE SUNSHINE  MM
  AVERAGE SKY COVER 0.1


WEATHER CONDITIONS
 THE FOLLOWING WEATHER WAS RECORDED YESTERDAY.
  NO SIGNIFICANT WEATHER WAS OBSERVED.


RELATIVE HUMIDITY (PERCENT)
 HIGHEST    93           200 AM
 LOWEST     42           200 PM
 AVERAGE    68

..........................................................


THE NORFOLK VA CLIMATE NORMALS FOR TODAY
                         NORMAL    RECORD    YEAR
 MAXIMUM TEMPERATURE (F)   71        93      1957
 MINIMUM TEMPERATURE (F)   53        38      1898


SUNRISE AND SUNSET
APRIL 28 2017.........SUNRISE   614 AM EDT   SUNSET   751 PM EDT
APRIL 29 2017.........SUNRISE   613 AM EDT   SUNSET   752 PM EDT


-  INDICATES NEGATIVE NUMBERS.
R  INDICATES RECORD WAS SET OR TIED.
MM INDICATES DATA IS MISSING.
T  INDICATES TRACE AMOUNT.




$$
