000
CDUS41 KAKQ 190835
CLIORF


CLIMATE REPORT
NATIONAL WEATHER SERVICE WAKEFIELD, VA
435 AM EDT SAT APR 19 2014


...................................

...THE NORFOLK VA CLIMATE SUMMARY FOR APRIL 18 2014...

CLIMATE NORMAL PERIOD 1981 TO 2010
CLIMATE RECORD PERIOD 1871 TO 2014


WEATHER ITEM   OBSERVED TIME   RECORD YEAR NORMAL DEPARTURE LAST
                VALUE   (LST)  VALUE       VALUE  FROM      YEAR
                                                  NORMAL
..................................................................
TEMPERATURE (F)
 YESTERDAY
  MAXIMUM         51   1240 PM  95    1896  68    -17       79
  MINIMUM         43    709 AM  28    1875  50     -7       62
  AVERAGE         47                        59    -12       71

PRECIPITATION (IN)
  YESTERDAY        0.00          0.99 2000   0.12  -0.12     0.00
  MONTH TO DATE    3.24                      2.06   1.18     1.14
  SINCE MAR 1      7.06                      5.74   1.32     3.64
  SINCE JAN 1     13.35                     12.26   1.09    11.20

SNOWFALL (IN)
  YESTERDAY        0.0           0.0  2002   0.0    0.0
  MONTH TO DATE    0.0                       0.0    0.0
  SINCE NOV 1     15.5                       5.8    9.7
  SINCE JUL 1     15.5                       5.8    9.7
  SNOW DEPTH       0

DEGREE DAYS
 HEATING
  YESTERDAY       18                         7     11        0
  MONTH TO DATE  143                       168    -25      110
  SINCE MAR 1    717                       660     57      722
  SINCE JUL 1   3328                      3229     99     3097

 COOLING
  YESTERDAY        0                         1     -1        6
  MONTH TO DATE   18                        18      0       56
  SINCE MAR 1     19                        24     -5       56
  SINCE JAN 1     19                        25     -6       56
..................................................................


WIND (MPH)
  HIGHEST WIND SPEED    17   HIGHEST WIND DIRECTION    NE (30)
  HIGHEST GUST SPEED    22   HIGHEST GUST DIRECTION    NE (40)
  AVERAGE WIND SPEED    10.9


SKY COVER
  POSSIBLE SUNSHINE  MM
  AVERAGE SKY COVER 0.9


WEATHER CONDITIONS
 THE FOLLOWING WEATHER WAS RECORDED YESTERDAY.
  NO SIGNIFICANT WEATHER WAS OBSERVED.


RELATIVE HUMIDITY (PERCENT)
 HIGHEST    82           200 AM
 LOWEST     66          1200 PM
 AVERAGE    74

..........................................................


THE NORFOLK VA CLIMATE NORMALS FOR TODAY
                         NORMAL    RECORD    YEAR
 MAXIMUM TEMPERATURE (F)   69        92      1995
                                             1985
                                             1896
 MINIMUM TEMPERATURE (F)   50        27      1875


SUNRISE AND SUNSET
APRIL 19 2014.........SUNRISE   625 AM EDT   SUNSET   743 PM EDT
APRIL 20 2014.........SUNRISE   624 AM EDT   SUNSET   744 PM EDT


-  INDICATES NEGATIVE NUMBERS.
R  INDICATES RECORD WAS SET OR TIED.
MM INDICATES DATA IS MISSING.
T  INDICATES TRACE AMOUNT.




$$
