000
CDUS41 KAKQ 280545
CLIORF


CLIMATE REPORT
NATIONAL WEATHER SERVICE WAKEFIELD, VA
145 AM EDT WED JUN 28 2017


...................................

...THE NORFOLK VA CLIMATE SUMMARY FOR JUNE 27 2017...

CLIMATE NORMAL PERIOD 1981 TO 2010
CLIMATE RECORD PERIOD 1871 TO 2017


WEATHER ITEM   OBSERVED TIME   RECORD YEAR NORMAL DEPARTURE LAST
                VALUE   (LST)  VALUE       VALUE  FROM      YEAR
                                                  NORMAL
..................................................................
TEMPERATURE (F)
 YESTERDAY
  MAXIMUM         81    417 PM 100    1876  86     -5       86
  MINIMUM         67    511 AM  53    1979  70     -3       65
  AVERAGE         74                        78     -4       76

PRECIPITATION (IN)
  YESTERDAY        0.00          2.19 1928   0.14  -0.14     0.00
  MONTH TO DATE    3.27                      3.83  -0.56     4.50
  SINCE JUN 1      3.27                      3.83  -0.56     4.50
  SINCE JAN 1     25.09                     20.85   4.24    26.73

SNOWFALL (IN)
  YESTERDAY        0.0           0.0  2002   0.0    0.0
                                      2001
  MONTH TO DATE    0.0                       0.0    0.0
  SINCE NOV 1      5.4                       5.8   -0.4
  SINCE JUL 1      5.4                       5.8   -0.4
  SNOW DEPTH       0

DEGREE DAYS
 HEATING
  YESTERDAY        0                         0      0        0
  MONTH TO DATE    2                         4     -2        0
  SINCE JUN 1      2                         4     -2        0
  SINCE JUL 1   2667                      3375   -708     2522

 COOLING
  YESTERDAY        9                        13     -4       11
  MONTH TO DATE  345                       273     72      287
  SINCE JUN 1    345                       273     72      287
  SINCE JAN 1    666                       439    227      444
..................................................................


WIND (MPH)
  HIGHEST WIND SPEED    15   HIGHEST WIND DIRECTION     N (20)
  HIGHEST GUST SPEED    19   HIGHEST GUST DIRECTION     N (20)
  AVERAGE WIND SPEED     6.2


SKY COVER
  POSSIBLE SUNSHINE  MM
  AVERAGE SKY COVER 0.1


WEATHER CONDITIONS
 THE FOLLOWING WEATHER WAS RECORDED YESTERDAY.
  NO SIGNIFICANT WEATHER WAS OBSERVED.


RELATIVE HUMIDITY (PERCENT)
 HIGHEST    81           500 AM
 LOWEST     42           600 PM
 AVERAGE    62

..........................................................


THE NORFOLK VA CLIMATE NORMALS FOR TODAY
                         NORMAL    RECORD    YEAR
 MAXIMUM TEMPERATURE (F)   86       101      1880
 MINIMUM TEMPERATURE (F)   70        58      1985


SUNRISE AND SUNSET
JUNE 28 2017..........SUNRISE   548 AM EDT   SUNSET   828 PM EDT
JUNE 29 2017..........SUNRISE   548 AM EDT   SUNSET   828 PM EDT


-  INDICATES NEGATIVE NUMBERS.
R  INDICATES RECORD WAS SET OR TIED.
MM INDICATES DATA IS MISSING.
T  INDICATES TRACE AMOUNT.




$$
