805
CDUS41 KBOX 250627
CLIORH


CLIMATE REPORT
NATIONAL WEATHER SERVICE TAUNTON MA
127 AM EST SUN FEB 25 2018


...................................

...THE WORCESTER MA CLIMATE SUMMARY FOR FEBRUARY 24 2018...

CLIMATE NORMAL PERIOD 1981 TO 2010
CLIMATE RECORD PERIOD 1892 TO 2018


WEATHER ITEM   OBSERVED TIME   RECORD YEAR NORMAL DEPARTURE LAST
                VALUE   (LST)  VALUE       VALUE  FROM      YEAR
                                                  NORMAL
..................................................................
TEMPERATURE (F)
 YESTERDAY
  MAXIMUM         50   1152 AM  69    2017  37     13       69
  MINIMUM         34   1215 AM -11    1894  21     13       48
  AVERAGE         42                        29     13       59

PRECIPITATION (IN)
  YESTERDAY        T             2.06 1981   0.12  -0.12     0.00
  MONTH TO DATE    4.27                      2.73   1.54     2.12
  SINCE DEC 1     10.74                     10.04   0.70     9.83
  SINCE JAN 1      7.89                      6.22   1.67     6.03

SNOWFALL (IN)
  YESTERDAY        0.0          13.5  1969   0.5   -0.5      0.0
  MONTH TO DATE   10.8                      13.6   -2.8     25.4
  SINCE DEC 1     46.3                      45.1    1.2     57.8
  SINCE JUL 1     46.3                      47.9   -1.6     57.8
  SNOW DEPTH      MM

DEGREE DAYS
 HEATING
  YESTERDAY       23                        36    -13        6
  MONTH TO DATE  773                       921   -148      823
  SINCE DEC 1   3265                      3292    -27     2997
  SINCE JUL 1   4401                      4694   -293     4184

 COOLING
  YESTERDAY        0                         0      0        0
  MONTH TO DATE    0                         0      0        0
  SINCE DEC 1      0                         0      0        0
  SINCE JAN 1      0                         0      0        0
..................................................................


WIND (MPH)
  RESULTANT WIND SPEED  10   RESULTANT WIND DIRECTION   W (270)
  HIGHEST WIND SPEED    26   HIGHEST WIND DIRECTION     W (250)
  HIGHEST GUST SPEED    34   HIGHEST GUST DIRECTION    SW (240)
  AVERAGE WIND SPEED    12.4


SKY COVER
  POSSIBLE SUNSHINE  MM
  AVERAGE SKY COVER 0.5


WEATHER CONDITIONS
 THE FOLLOWING WEATHER WAS RECORDED YESTERDAY.
  FOG


RELATIVE HUMIDITY (PERCENT)
 HIGHEST   100          1200 AM
 LOWEST     53           100 PM
 AVERAGE    77

..........................................................


THE WORCESTER MA CLIMATE NORMALS FOR TODAY
                         NORMAL    RECORD    YEAR
 MAXIMUM TEMPERATURE (F)   37        65      2017
 MINIMUM TEMPERATURE (F)   21        -7      1894


SUNRISE AND SUNSET
FEBRUARY 25 2018......SUNRISE   629 AM EST   SUNSET   532 PM EST
FEBRUARY 26 2018......SUNRISE   628 AM EST   SUNSET   534 PM EST


-  INDICATES NEGATIVE NUMBERS.
R  INDICATES RECORD WAS SET OR TIED.
MM INDICATES DATA IS MISSING.
T  INDICATES TRACE AMOUNT.




$$
