000
CDUS41 KBOX 260539
CLIORH


CLIMATE REPORT
NATIONAL WEATHER SERVICE TAUNTON MA
135 AM EDT FRI MAY 26 2017


...................................

...THE WORCESTER MA CLIMATE SUMMARY FOR MAY 25 2017...

CLIMATE NORMAL PERIOD 1981 TO 2010
CLIMATE RECORD PERIOD 1892 TO 2017


WEATHER ITEM   OBSERVED TIME   RECORD YEAR NORMAL DEPARTURE LAST
                VALUE   (LST)  VALUE       VALUE  FROM      YEAR
                                                  NORMAL
..................................................................
TEMPERATURE (F)
 YESTERDAY
  MAXIMUM         53   1234 AM  88    2007  68    -15       84
                                      1932
                                      1904
  MINIMUM         47   1159 PM  33    1967  50     -3       49
                                      1956
                                      1945
  AVERAGE         50                        59     -9       67

PRECIPITATION (IN)
  YESTERDAY        0.70          3.03 1967   0.15   0.55      T
  MONTH TO DATE    4.08                      3.30   0.78     1.96
  SINCE MAR 1     12.84                     11.62   1.22     8.08
  SINCE JAN 1     19.19                     18.34   0.85    15.47

SNOWFALL (IN)
  YESTERDAY       MM             T    1967   0.0   MM        0.0
  MONTH TO DATE    0.0                       0.0    0.0      0.0
  SINCE MAR 1     20.5                      14.2    6.3     15.5
  SINCE JUL 1     78.3                      64.1   14.2     47.2
  SNOW DEPTH       0

DEGREE DAYS
 HEATING
  YESTERDAY       15                         7      8        0
  MONTH TO DATE  307                       250     57      277
  SINCE MAR 1   1850                      1760     90     1649
  SINCE JUL 1   6127                      6597   -470     5708

 COOLING
  YESTERDAY        0                         1     -1        2
  MONTH TO DATE   26                        10     16        3
  SINCE MAR 1     36                        13     23        7
  SINCE JAN 1     36                        13     23        7
..................................................................


WIND (MPH)
  RESULTANT WIND SPEED  10   RESULTANT WIND DIRECTION  NE (60)
  HIGHEST WIND SPEED    21   HIGHEST WIND DIRECTION     E (70)
  HIGHEST GUST SPEED    31   HIGHEST GUST DIRECTION    NE (60)
  AVERAGE WIND SPEED    11.3


SKY COVER
  POSSIBLE SUNSHINE  MM
  AVERAGE SKY COVER 0.7


WEATHER CONDITIONS
 THE FOLLOWING WEATHER WAS RECORDED YESTERDAY.
  THUNDERSTORM
  HEAVY RAIN
  RAIN
  LIGHT RAIN
  FOG
  FOG W/VISIBILITY <= 1/4 MILE


RELATIVE HUMIDITY (PERCENT)
 HIGHEST   100           500 PM
 LOWEST     77          1200 AM
 AVERAGE    89

..........................................................


THE WORCESTER MA CLIMATE NORMALS FOR TODAY
                         NORMAL    RECORD    YEAR
 MAXIMUM TEMPERATURE (F)   69        94      2010
 MINIMUM TEMPERATURE (F)   50        35      1992
                                             1972
                                             1925


SUNRISE AND SUNSET
MAY 26 2017...........SUNRISE   517 AM EDT   SUNSET   813 PM EDT
MAY 27 2017...........SUNRISE   516 AM EDT   SUNSET   814 PM EDT


-  INDICATES NEGATIVE NUMBERS.
R  INDICATES RECORD WAS SET OR TIED.
MM INDICATES DATA IS MISSING.
T  INDICATES TRACE AMOUNT.




$$
