000
CDUS41 KBOX 202141
CLIORH


CLIMATE REPORT
NATIONAL WEATHER SERVICE TAUNTON MA
530 PM EDT SAT SEP 20 2014


...................................

...THE WORCESTER MA CLIMATE SUMMARY FOR SEPTEMBER 20 2014...
VALID AS OF 0500 PM LOCAL TIME.

CLIMATE NORMAL PERIOD 1981 TO 2010
CLIMATE RECORD PERIOD 1892 TO 2014


WEATHER ITEM   OBSERVED TIME   RECORD YEAR NORMAL DEPARTURE LAST
                VALUE   (LST)  VALUE       VALUE  FROM      YEAR
                                                  NORMAL
..................................................................
TEMPERATURE (F)
 TODAY
  MAXIMUM         67    239 PM  89    1983  68     -1       75
  MINIMUM         40    135 AM  29    1941  51    -11       51
  AVERAGE         54                        60     -6       63

PRECIPITATION (IN)
  TODAY            0.00          1.94 1899   0.14  -0.14     0.00
  MONTH TO DATE    1.30                      2.45  -1.15     2.73
  SINCE SEP 1      1.30                      2.45  -1.15     2.73
  SINCE JAN 1     36.33                     33.81   2.52    35.75

SNOWFALL (IN)
  TODAY            0.0           0.0  2002   0.0    0.0      0.0
                                      2001
                                      2000
  MONTH TO DATE    0.0                       0.0    0.0      0.0
  SINCE SEP 1      0.0                       0.0    0.0      0.0
  SINCE JUL 1      0.0                       0.0    0.0      0.0
  SNOW DEPTH      MM

DEGREE DAYS
 HEATING
  TODAY           11                         6      5        2
  MONTH TO DATE  100                        73     27       86
  SINCE SEP 1    100                        73     27       86
  SINCE JUL 1    120                       112      8      105

 COOLING
  TODAY            0                         1     -1        0
  MONTH TO DATE   52                        36     16       40
  SINCE SEP 1     52                        36     16       40
  SINCE JAN 1    414                       462    -48      571
..................................................................


WIND (MPH)
  HIGHEST WIND SPEED    20   HIGHEST WIND DIRECTION    SW (220)
  HIGHEST GUST SPEED    25   HIGHEST GUST DIRECTION    SW (220)
  AVERAGE WIND SPEED    10.4


SKY COVER
  POSSIBLE SUNSHINE  MM
  AVERAGE SKY COVER 0.5


WEATHER CONDITIONS
 THE FOLLOWING WEATHER WAS RECORDED TODAY.
  NO SIGNIFICANT WEATHER WAS OBSERVED.


RELATIVE HUMIDITY (PERCENT)
 HIGHEST    86           600 AM
 LOWEST     63           200 PM
 AVERAGE    75

..........................................................


THE WORCESTER MA CLIMATE NORMALS FOR TOMORROW
                         NORMAL    RECORD    YEAR
 MAXIMUM TEMPERATURE (F)   68        85      1965
                                             1940
                                             1895
 MINIMUM TEMPERATURE (F)   51        32      1929


SUNRISE AND SUNSET
SEPTEMBER 20 2014.....SUNRISE   633 AM EDT   SUNSET   648 PM EDT
SEPTEMBER 21 2014.....SUNRISE   634 AM EDT   SUNSET   647 PM EDT


-  INDICATES NEGATIVE NUMBERS.
R  INDICATES RECORD WAS SET OR TIED.
MM INDICATES DATA IS MISSING.
T  INDICATES TRACE AMOUNT.




$$
