000
CDUS41 KBOX 280541
CLIORH


CLIMATE REPORT
NATIONAL WEATHER SERVICE TAUNTON MA
136 AM EDT FRI JUL 28 2017


...................................

...THE WORCESTER MA CLIMATE SUMMARY FOR JULY 27 2017...

CLIMATE NORMAL PERIOD 1981 TO 2010
CLIMATE RECORD PERIOD 1892 TO 2017


WEATHER ITEM   OBSERVED TIME   RECORD YEAR NORMAL DEPARTURE LAST
                VALUE   (LST)  VALUE       VALUE  FROM      YEAR
                                                  NORMAL
..................................................................
TEMPERATURE (F)
 YESTERDAY
  MAXIMUM         67    625 PM  93    1949  79    -12       89
                                      1940
                                      1892
  MINIMUM         58    432 AM  46    1946  62     -4       66
  AVERAGE         63                        71     -8       78

PRECIPITATION (IN)
  YESTERDAY        0.09          1.84 1925   0.15  -0.06     0.00
  MONTH TO DATE    2.29                      3.66  -1.37     1.52
  SINCE JUN 1      6.62                      7.85  -1.23     3.18
  SINCE JAN 1     27.70                     27.08   0.62    18.90

SNOWFALL (IN)
  YESTERDAY        0.0           0.0  2002   0.0    0.0      0.0
                                      2001
                                      2000
  MONTH TO DATE    0.0                       0.0    0.0      0.0
  SINCE JUN 1      0.0                       0.0    0.0      0.0
  SINCE JUL 1      0.0                       0.0    0.0      0.0
  SNOW DEPTH      MM

DEGREE DAYS
 HEATING
  YESTERDAY        2                         0      2        0
  MONTH TO DATE   28                         9     19        9
  SINCE JUN 1    114                        92     22       60
  SINCE JUL 1     28                         9     19        9

 COOLING
  YESTERDAY        0                         6     -6       13
  MONTH TO DATE  154                       153      1      210
  SINCE JUN 1    260                       237     23      282
  SINCE JAN 1    294                       259     35      324
..................................................................


WIND (MPH)
  RESULTANT WIND SPEED  10   RESULTANT WIND DIRECTION  SW (230)
  HIGHEST WIND SPEED    18   HIGHEST WIND DIRECTION    SW (240)
  HIGHEST GUST SPEED    23   HIGHEST GUST DIRECTION    SW (240)
  AVERAGE WIND SPEED    10.1


SKY COVER
  POSSIBLE SUNSHINE  MM
  AVERAGE SKY COVER 0.6


WEATHER CONDITIONS
 THE FOLLOWING WEATHER WAS RECORDED YESTERDAY.
  LIGHT RAIN
  FOG


RELATIVE HUMIDITY (PERCENT)
 HIGHEST   100           900 PM
 LOWEST     68          1000 AM
 AVERAGE    84

..........................................................


THE WORCESTER MA CLIMATE NORMALS FOR TODAY
                         NORMAL    RECORD    YEAR
 MAXIMUM TEMPERATURE (F)   79        95      1892
 MINIMUM TEMPERATURE (F)   62        46      1946


SUNRISE AND SUNSET
JULY 28 2017..........SUNRISE   536 AM EDT   SUNSET   811 PM EDT
JULY 29 2017..........SUNRISE   537 AM EDT   SUNSET   810 PM EDT


-  INDICATES NEGATIVE NUMBERS.
R  INDICATES RECORD WAS SET OR TIED.
MM INDICATES DATA IS MISSING.
T  INDICATES TRACE AMOUNT.




$$
