000
CDUS41 KBOX 050557
CLIORH


CLIMATE REPORT
NATIONAL WEATHER SERVICE TAUNTON MA
1251 AM EST THU MAR 5 2015


...................................

...THE WORCESTER MA CLIMATE SUMMARY FOR MARCH 4 2015...

CLIMATE NORMAL PERIOD 1981 TO 2010
CLIMATE RECORD PERIOD 1892 TO 2015


WEATHER ITEM   OBSERVED TIME   RECORD YEAR NORMAL DEPARTURE LAST
                VALUE   (LST)  VALUE       VALUE  FROM      YEAR
                                                  NORMAL
..................................................................
TEMPERATURE (F)
 YESTERDAY
  MAXIMUM         38    414 PM  65    1974  39     -1       24
  MINIMUM         32   1217 AM  -6    1950  23      9        2
  AVERAGE         35                        31      4       13

PRECIPITATION (IN)
  YESTERDAY        0.11          1.31 1960   0.13  -0.02     0.00
  MONTH TO DATE    0.88                      0.51   0.37     0.00
  SINCE MAR 1      0.88                      0.51   0.37     0.00
  SINCE JAN 1      9.19                      7.23   1.96     7.18

SNOWFALL (IN)
  YESTERDAY        0.0          14.8  1960   0.5   -0.5      0.0
  MONTH TO DATE    7.0                       1.9    5.1      0.0
  SINCE MAR 1      7.0                       1.9    5.1      0.0
  SINCE JUL 1    115.6                      51.8   63.8     80.9
  SNOW DEPTH      MM

DEGREE DAYS
 HEATING
  YESTERDAY       30                        34     -4       52
  MONTH TO DATE  160                       138     22      184
  SINCE MAR 1    160                       138     22      184
  SINCE JUL 1   5274                      4975    299     5238

 COOLING
  YESTERDAY        0                         0      0        0
  MONTH TO DATE    0                         0      0        0
  SINCE MAR 1      0                         0      0        0
  SINCE JAN 1      0                         0      0        0
..................................................................


WIND (MPH)
  RESULTANT WIND SPEED  17   RESULTANT WIND DIRECTION   W (260)
  HIGHEST WIND SPEED    28   HIGHEST WIND DIRECTION     W (250)
  HIGHEST GUST SPEED    36   HIGHEST GUST DIRECTION     W (250)
  AVERAGE WIND SPEED    16.5


SKY COVER
  POSSIBLE SUNSHINE  MM
  AVERAGE SKY COVER 0.6


WEATHER CONDITIONS
 THE FOLLOWING WEATHER WAS RECORDED YESTERDAY.
  RAIN
  LIGHT RAIN
  FREEZING RAIN
  FOG


RELATIVE HUMIDITY (PERCENT)
 HIGHEST    96           300 AM
 LOWEST     64           400 PM
 AVERAGE    80

..........................................................


THE WORCESTER MA CLIMATE NORMALS FOR TODAY
                         NORMAL    RECORD    YEAR
 MAXIMUM TEMPERATURE (F)   39        65      1976
 MINIMUM TEMPERATURE (F)   23        -2      1948


SUNRISE AND SUNSET
MARCH  5 2015.........SUNRISE   617 AM EST   SUNSET   542 PM EST
MARCH  6 2015.........SUNRISE   615 AM EST   SUNSET   543 PM EST


-  INDICATES NEGATIVE NUMBERS.
R  INDICATES RECORD WAS SET OR TIED.
MM INDICATES DATA IS MISSING.
T  INDICATES TRACE AMOUNT.




$$
