000
CDUS41 KBOX 210752
CLIORH


CLIMATE REPORT
NATIONAL WEATHER SERVICE TAUNTON MA
249 AM EST SUN DEC 21 2014


...................................

...THE WORCESTER MA CLIMATE SUMMARY FOR DECEMBER 20 2014...

CLIMATE NORMAL PERIOD 1981 TO 2010
CLIMATE RECORD PERIOD 1892 TO 2014


WEATHER ITEM   OBSERVED TIME   RECORD YEAR NORMAL DEPARTURE LAST
                VALUE   (LST)  VALUE       VALUE  FROM      YEAR
                                                  NORMAL
..................................................................
TEMPERATURE (F)
 YESTERDAY
  MAXIMUM         33   1244 PM  59    1957  35     -2       49
  MINIMUM         23    530 AM -15    1942  21      2       32
  AVERAGE         28                        28      0       41

PRECIPITATION (IN)
  YESTERDAY        T             2.14 1936   0.12  -0.12     0.00
  MONTH TO DATE    4.03                      2.56   1.47     2.56
  SINCE DEC 1      4.03                      2.56   1.47     2.56
  SINCE JAN 1     52.71                     46.81   5.90    43.86

SNOWFALL (IN)
  YESTERDAY        T             8.5  1995   0.6   -0.6      0.0
  MONTH TO DATE    1.3                       8.5   -7.2     18.1
  SINCE DEC 1      1.3                       8.5   -7.2     18.1
  SINCE JUL 1      8.5                      11.3   -2.8     18.6
  SNOW DEPTH      MM

DEGREE DAYS
 HEATING
  YESTERDAY       37                        37      0       24
  MONTH TO DATE  627                       675    -48      765
  SINCE DEC 1    627                       675    -48      765
  SINCE JUL 1   2005                      2077    -72     2177

 COOLING
  YESTERDAY        0                         0      0        0
  MONTH TO DATE    0                         0      0        0
  SINCE DEC 1      0                         0      0        0
  SINCE JAN 1    426                       471    -45      572
..................................................................


WIND (MPH)
  RESULTANT WIND SPEED   5   RESULTANT WIND DIRECTION  NE (30)
  HIGHEST WIND SPEED    10   HIGHEST WIND DIRECTION     N (20)
  HIGHEST GUST SPEED    15   HIGHEST GUST DIRECTION     N (20)
  AVERAGE WIND SPEED     6.1


SKY COVER
  POSSIBLE SUNSHINE  MM
  AVERAGE SKY COVER 0.7


WEATHER CONDITIONS
 THE FOLLOWING WEATHER WAS RECORDED YESTERDAY.
  LIGHT SNOW
  FOG


RELATIVE HUMIDITY (PERCENT)
 HIGHEST    88           200 AM
 LOWEST     58          1000 AM
 AVERAGE    73

..........................................................


THE WORCESTER MA CLIMATE NORMALS FOR TODAY
                         NORMAL    RECORD    YEAR
 MAXIMUM TEMPERATURE (F)   35        58      1973
                                             1957
 MINIMUM TEMPERATURE (F)   21       -11      1955
                                             1942


SUNRISE AND SUNSET
DECEMBER 21 2014......SUNRISE   713 AM EST   SUNSET   418 PM EST
DECEMBER 22 2014......SUNRISE   713 AM EST   SUNSET   419 PM EST


-  INDICATES NEGATIVE NUMBERS.
R  INDICATES RECORD WAS SET OR TIED.
MM INDICATES DATA IS MISSING.
T  INDICATES TRACE AMOUNT.




$$
