000
CDUS41 KBOX 180549
CLIORH


CLIMATE REPORT
NATIONAL WEATHER SERVICE TAUNTON MA
1241 AM EST WED JAN 18 2017


...................................

...THE WORCESTER MA CLIMATE SUMMARY FOR JANUARY 17 2017...

CLIMATE NORMAL PERIOD 1981 TO 2010
CLIMATE RECORD PERIOD 1892 TO 2017


WEATHER ITEM   OBSERVED TIME   RECORD YEAR NORMAL DEPARTURE LAST
                VALUE   (LST)  VALUE       VALUE  FROM      YEAR
                                                  NORMAL
..................................................................
TEMPERATURE (F)
 YESTERDAY
  MAXIMUM         38    139 PM  55    1973  31      7       32
  MINIMUM         31   1159 PM  -9    1982  16     15       23
  AVERAGE         35                        24     11       28

PRECIPITATION (IN)
  YESTERDAY        0.40          1.11 1994   0.11   0.29     0.09
  MONTH TO DATE    2.59                      1.89   0.70     1.94
  SINCE DEC 1      6.39                      5.71   0.68     6.59
  SINCE JAN 1      2.59                      1.89   0.70     1.94

SNOWFALL (IN)
  YESTERDAY        0.7           6.2  1920   0.6    0.1      1.5
  MONTH TO DATE    8.4                       9.5   -1.1      5.6
  SINCE DEC 1     25.9                      23.9    2.0      7.0
  SINCE JUL 1     25.9                      26.7   -0.8      7.0
  SNOW DEPTH       0

DEGREE DAYS
 HEATING
  YESTERDAY       30                        41    -11       37
  MONTH TO DATE  632                       693    -61      629
  SINCE DEC 1   1722                      1795    -73     1353
  SINCE JUL 1   2909                      3197   -288     2502

 COOLING
  YESTERDAY        0                         0      0        0
  MONTH TO DATE    0                         0      0        0
  SINCE DEC 1      0                         0      0        0
  SINCE JAN 1      0                         0      0        0
..................................................................


WIND (MPH)
  RESULTANT WIND SPEED   2   RESULTANT WIND DIRECTION  NW (310)
  HIGHEST WIND SPEED    18   HIGHEST WIND DIRECTION     W (260)
  HIGHEST GUST SPEED    24   HIGHEST GUST DIRECTION     W (250)
  AVERAGE WIND SPEED     8.7


SKY COVER
  POSSIBLE SUNSHINE  MM
  AVERAGE SKY COVER 0.5


WEATHER CONDITIONS
 THE FOLLOWING WEATHER WAS RECORDED YESTERDAY.
  RAIN
  LIGHT RAIN
  FREEZING RAIN
  LT FREEZING RAIN
  LIGHT SNOW
  FOG
  FOG W/VISIBILITY <= 1/4 MILE


RELATIVE HUMIDITY (PERCENT)
 HIGHEST    92           700 PM
 LOWEST     37          1100 AM
 AVERAGE    65

..........................................................


THE WORCESTER MA CLIMATE NORMALS FOR TODAY
                         NORMAL    RECORD    YEAR
 MAXIMUM TEMPERATURE (F)   31        59      1973
 MINIMUM TEMPERATURE (F)   16       -12      1982


SUNRISE AND SUNSET
JANUARY 18 2017.......SUNRISE   712 AM EST   SUNSET   444 PM EST
JANUARY 19 2017.......SUNRISE   711 AM EST   SUNSET   446 PM EST


-  INDICATES NEGATIVE NUMBERS.
R  INDICATES RECORD WAS SET OR TIED.
MM INDICATES DATA IS MISSING.
T  INDICATES TRACE AMOUNT.




$$
