000
CDUS41 KBOX 290547
CLIORH


CLIMATE REPORT
NATIONAL WEATHER SERVICE TAUNTON MA
144 AM EDT WED MAR 29 2017


...................................

...THE WORCESTER MA CLIMATE SUMMARY FOR MARCH 28 2017...

CLIMATE NORMAL PERIOD 1981 TO 2010
CLIMATE RECORD PERIOD 1892 TO 2017


WEATHER ITEM   OBSERVED TIME   RECORD YEAR NORMAL DEPARTURE LAST
                VALUE   (LST)  VALUE       VALUE  FROM      YEAR
                                                  NORMAL
..................................................................
TEMPERATURE (F)
 YESTERDAY
  MAXIMUM         37    549 PM  81    1998  47    -10       42
                                      1945
  MINIMUM         33    629 AM   8    1923  30      3       33
  AVERAGE         35                        39     -4       38

PRECIPITATION (IN)
  YESTERDAY        0.64          2.07 1932   0.14   0.50     0.79
  MONTH TO DATE    3.02                      3.78  -0.76     3.49
  SINCE MAR 1      3.02                      3.78  -0.76     3.49
  SINCE JAN 1      9.37                     10.50  -1.13    10.88

SNOWFALL (IN)
  YESTERDAY        0.0           5.7  1932   0.2   -0.2      0.0
  MONTH TO DATE   16.1                      10.7    5.4      5.5
  SINCE MAR 1     16.1                      10.7    5.4      5.5
  SINCE JUL 1     73.9                      60.6   13.3     37.2
  SNOW DEPTH       0

DEGREE DAYS
 HEATING
  YESTERDAY       30                        26      4       27
  MONTH TO DATE  995                       862    133      707
  SINCE MAR 1    995                       862    133      707
  SINCE JUL 1   5272                      5699   -427     4766

 COOLING
  YESTERDAY        0                         0      0        0
  MONTH TO DATE    0                         0      0        0
  SINCE MAR 1      0                         0      0        0
  SINCE JAN 1      0                         0      0        0
..................................................................


WIND (MPH)
  RESULTANT WIND SPEED   4   RESULTANT WIND DIRECTION  NE (60)
  HIGHEST WIND SPEED     9   HIGHEST WIND DIRECTION     N (20)
  HIGHEST GUST SPEED    14   HIGHEST GUST DIRECTION     N (360)
  AVERAGE WIND SPEED     5.2


SKY COVER
  POSSIBLE SUNSHINE  MM
  AVERAGE SKY COVER 1.0


WEATHER CONDITIONS
 THE FOLLOWING WEATHER WAS RECORDED YESTERDAY.
  HEAVY RAIN
  RAIN
  LIGHT RAIN
  FOG
  FOG W/VISIBILITY <= 1/4 MILE


RELATIVE HUMIDITY (PERCENT)
 HIGHEST   100           300 AM
 LOWEST     92          1200 AM
 AVERAGE    96

..........................................................


THE WORCESTER MA CLIMATE NORMALS FOR TODAY
                         NORMAL    RECORD    YEAR
 MAXIMUM TEMPERATURE (F)   48        84      1946
                                             1945
 MINIMUM TEMPERATURE (F)   31         0      1923


SUNRISE AND SUNSET
MARCH 29 2017.........SUNRISE   635 AM EDT   SUNSET   710 PM EDT
MARCH 30 2017.........SUNRISE   633 AM EDT   SUNSET   711 PM EDT


-  INDICATES NEGATIVE NUMBERS.
R  INDICATES RECORD WAS SET OR TIED.
MM INDICATES DATA IS MISSING.
T  INDICATES TRACE AMOUNT.




$$
