000
CDUS46 KMFR 250838
CLIOTH


CLIMATE REPORT
NATIONAL WEATHER SERVICE MEDFORD, OR
1238 AM PST SUN JAN 25 2015


...................................

...THE NORTH BEND OR CLIMATE SUMMARY FOR JANUARY 24 2015...

CLIMATE NORMAL PERIOD 1981 TO 2010
CLIMATE RECORD PERIOD 1902 TO 2015


WEATHER ITEM   OBSERVED TIME   RECORD YEAR NORMAL DEPARTURE LAST
                VALUE   (LST)  VALUE       VALUE  FROM      YEAR
                                                  NORMAL
..................................................................
TEMPERATURE (F)
 YESTERDAY
  MAXIMUM         63        MM  73    2014  52     11       73
  MINIMUM         45        MM  25    1969  40      5       37
  AVERAGE         54                        46      8       55

PRECIPITATION (IN)
  YESTERDAY        0.00          2.01 1946   0.29  -0.29     0.00
  MONTH TO DATE    1.89                      8.16  -6.27     1.65
  SINCE OCT 1     25.19                     34.25  -9.06     7.27
  SINCE JAN 1      1.89                      8.16  -6.27     1.65

SNOWFALL (IN)
  YESTERDAY       MM
  SNOW DEPTH      MM

DEGREE DAYS
 HEATING
  YESTERDAY       11                        19     -8       10
  MONTH TO DATE  348                       458   -110      404
  SINCE DEC 1    777                      1067   -290     1116
  SINCE JUL 1   1653                      2519   -866     2231

 COOLING
  YESTERDAY        0                         0      0        0
  MONTH TO DATE    0                         0      0        0
  SINCE DEC 1      0                         0      0        0
  SINCE JAN 1      0                         0      0        0
..................................................................


WIND (MPH)
  HIGHEST WIND SPEED     9   HIGHEST WIND DIRECTION     N (340)
  HIGHEST GUST SPEED    MM   HIGHEST GUST DIRECTION    MM
  AVERAGE WIND SPEED     4.0


SKY COVER
  POSSIBLE SUNSHINE   0 PERCENT
  AVERAGE SKY COVER 0.0


WEATHER CONDITIONS
 THE FOLLOWING WEATHER WAS RECORDED YESTERDAY.
  NO SIGNIFICANT WEATHER WAS OBSERVED.


RELATIVE HUMIDITY (PERCENT)
 HIGHEST     0          1200 AM
 LOWEST      0          1200 AM

..........................................................


THE NORTH BEND OR CLIMATE NORMALS FOR TODAY
                         NORMAL    RECORD    YEAR
 MAXIMUM TEMPERATURE (F)   52        65      1935
 MINIMUM TEMPERATURE (F)   40        24      1957


SUNRISE AND SUNSET
JANUARY 25 2015.......SUNRISE   740 AM PST   SUNSET   519 PM PST
JANUARY 26 2015.......SUNRISE   739 AM PST   SUNSET   521 PM PST


-  INDICATES NEGATIVE NUMBERS.
R  INDICATES RECORD WAS SET OR TIED.
MM INDICATES DATA IS MISSING.
T  INDICATES TRACE AMOUNT.




$$
