000
CDUS46 KMFR 020842
CLIOTH


CLIMATE REPORT
NATIONAL WEATHER SERVICE MEDFORD, OR
142 AM PDT THU OCT 2 2014


...................................

...THE NORTH BEND OR CLIMATE SUMMARY FOR OCTOBER 1 2014...

CLIMATE NORMAL PERIOD 1981 TO 2010
CLIMATE RECORD PERIOD 1902 TO 2014


WEATHER ITEM   OBSERVED TIME   RECORD YEAR NORMAL DEPARTURE LAST
                VALUE   (LST)  VALUE       VALUE  FROM      YEAR
                                                  NORMAL
..................................................................
TEMPERATURE (F)
 YESTERDAY
  MAXIMUM         70        MM  83    1902  63      7       61
  MINIMUM         48        MM  37    1999  48      0       MM
  AVERAGE         59                        55      4       MM

PRECIPITATION (IN)
  YESTERDAY        0.00          1.26 1951   0.09  -0.09     0.26
  MONTH TO DATE    0.00                      0.09  -0.09     0.26
  SINCE SEP 1      1.83                      1.67   0.16     6.21
  SINCE JAN 1     24.28                     38.91 -14.63    24.14

SNOWFALL (IN)
  YESTERDAY       MM
  SNOW DEPTH      MM

DEGREE DAYS
 HEATING
  YESTERDAY        6                        10     -4       MM
  MONTH TO DATE    6                        10     -4       MM
  SINCE SEP 1    109                       239   -130      119
  SINCE JUL 1    374                       618   -244      286

 COOLING
  YESTERDAY        0                         0      0       MM
  MONTH TO DATE    0                         0      0       MM
  SINCE SEP 1     10                         1      9        1
  SINCE JAN 1     22                         2     20       13
..................................................................


WIND (MPH)
  HIGHEST WIND SPEED    23   HIGHEST WIND DIRECTION     N (360)
  HIGHEST GUST SPEED    29   HIGHEST GUST DIRECTION     N (360)
  AVERAGE WIND SPEED     7.2


SKY COVER
  POSSIBLE SUNSHINE  MM
  AVERAGE SKY COVER 0.2


WEATHER CONDITIONS
 THE FOLLOWING WEATHER WAS RECORDED YESTERDAY.
  NO SIGNIFICANT WEATHER WAS OBSERVED.


RELATIVE HUMIDITY (PERCENT)
 HIGHEST   100
 LOWEST     44           100 PM

..........................................................


THE NORTH BEND OR CLIMATE NORMALS FOR TODAY
                         NORMAL    RECORD    YEAR
 MAXIMUM TEMPERATURE (F)   63        88      1958
 MINIMUM TEMPERATURE (F)   48        37      1921
                                             1954


SUNRISE AND SUNSET
OCTOBER  2 2014.......SUNRISE   716 AM PDT   SUNSET   656 PM PDT
OCTOBER  3 2014.......SUNRISE   717 AM PDT   SUNSET   654 PM PDT


-  INDICATES NEGATIVE NUMBERS.
R  INDICATES RECORD WAS SET OR TIED.
MM INDICATES DATA IS MISSING.
T  INDICATES TRACE AMOUNT.




$$
