000
CDUS46 KMFR 260836
CLIOTH


CLIMATE REPORT
NATIONAL WEATHER SERVICE MEDFORD, OR
136 AM PDT SAT JUL 26 2014


...................................

...THE NORTH BEND OR CLIMATE SUMMARY FOR JULY 25 2014...

CLIMATE NORMAL PERIOD 1981 TO 2010
CLIMATE RECORD PERIOD 1902 TO 2014


WEATHER ITEM   OBSERVED TIME   RECORD YEAR NORMAL DEPARTURE LAST
                VALUE   (LST)  VALUE       VALUE  FROM      YEAR
                                                  NORMAL
..................................................................
TEMPERATURE (F)
 YESTERDAY
  MAXIMUM         66        MM  77    1917  65      1       61
  MINIMUM         52        MM  42    1917  53     -1       48
  AVERAGE         59                        59      0       55

PRECIPITATION (IN)
  YESTERDAY        0.00          0.20 1932   0.01  -0.01     0.00
  MONTH TO DATE    0.00                      0.43  -0.43     0.00
  SINCE SEP 1     34.00                     64.22 -30.22    43.59
  SINCE JAN 1     22.43                     36.55 -14.12    17.49

SNOWFALL (IN)
  YESTERDAY       MM
  SNOW DEPTH      MM

DEGREE DAYS
 HEATING
  YESTERDAY        6                         6      0       10
  MONTH TO DATE  109                       161    -52       58
  SINCE JUN 1    306                       428   -122      228
  SINCE JUL 1    109                       161    -52       58

 COOLING
  YESTERDAY        0                         0      0        0
  MONTH TO DATE    0                         0      0        0
  SINCE JUN 1      0                         0      0        0
  SINCE JAN 1     12                         0     12        4
..................................................................


WIND (MPH)
  HIGHEST WIND SPEED    25   HIGHEST WIND DIRECTION     N (360)
  HIGHEST GUST SPEED    35   HIGHEST GUST DIRECTION     N (360)
  AVERAGE WIND SPEED    12.3


SKY COVER
  POSSIBLE SUNSHINE  MM
  AVERAGE SKY COVER 0.1


WEATHER CONDITIONS
 THE FOLLOWING WEATHER WAS RECORDED YESTERDAY.
  NO SIGNIFICANT WEATHER WAS OBSERVED.


RELATIVE HUMIDITY (PERCENT)
 HIGHEST   100
 LOWEST     63          1200 PM

..........................................................


THE NORTH BEND OR CLIMATE NORMALS FOR TODAY
                         NORMAL    RECORD    YEAR
 MAXIMUM TEMPERATURE (F)   65        76      1926
 MINIMUM TEMPERATURE (F)   53        41      1919


SUNRISE AND SUNSET
JULY 26 2014..........SUNRISE   601 AM PDT   SUNSET   846 PM PDT
JULY 27 2014..........SUNRISE   602 AM PDT   SUNSET   845 PM PDT


-  INDICATES NEGATIVE NUMBERS.
R  INDICATES RECORD WAS SET OR TIED.
MM INDICATES DATA IS MISSING.
T  INDICATES TRACE AMOUNT.




$$
