000
CDUS46 KMFR 050842
CLIOTH


CLIMATE REPORT
NATIONAL WEATHER SERVICE MEDFORD, OR
1242 AM PST MON DEC 5 2016


...................................

...THE NORTH BEND OR CLIMATE SUMMARY FOR DECEMBER 4 2016...

CLIMATE NORMAL PERIOD 1981 TO 2010
CLIMATE RECORD PERIOD 1902 TO 2016


WEATHER ITEM   OBSERVED TIME   RECORD YEAR NORMAL DEPARTURE LAST
                VALUE   (LST)  VALUE       VALUE  FROM      YEAR
                                                  NORMAL
..................................................................
TEMPERATURE (F)
 YESTERDAY
  MAXIMUM         52        MM  68    1949  52      0       55
  MINIMUM         39        MM  25    2013  40     -1       45
  AVERAGE         46                        46      0       50

PRECIPITATION (IN)
  YESTERDAY        1.02          2.03 1966   0.37   0.65     0.36
  MONTH TO DATE    1.04                      1.54  -0.50     2.98
  SINCE OCT 1     28.29                     16.50  11.79    10.32
  SINCE JAN 1     60.87                     55.32   5.55    29.76

SNOWFALL (IN)
  YESTERDAY       MM
  SNOW DEPTH      MM

DEGREE DAYS
 HEATING
  YESTERDAY       19                        19      0       15
  MONTH TO DATE   72                        76     -4       50
  SINCE DEC 1     72                        76     -4       50
  SINCE JUL 1   1068                      1528   -460     1057

 COOLING
  YESTERDAY        0                         0      0        0
  MONTH TO DATE    0                         0      0        0
  SINCE DEC 1      0                         0      0        0
  SINCE JAN 1     15                         2     13       14
..................................................................


WIND (MPH)
  HIGHEST WIND SPEED    23   HIGHEST WIND DIRECTION     N (340)
  HIGHEST GUST SPEED    28   HIGHEST GUST DIRECTION     N (340)
  AVERAGE WIND SPEED     8.0


SKY COVER
  POSSIBLE SUNSHINE  MM
  AVERAGE SKY COVER 0.9


WEATHER CONDITIONS
 THE FOLLOWING WEATHER WAS RECORDED YESTERDAY.
  NO SIGNIFICANT WEATHER WAS OBSERVED.


RELATIVE HUMIDITY (PERCENT)
 HIGHEST   100           200 AM
 LOWEST     92           600 PM

..........................................................


THE NORTH BEND OR CLIMATE NORMALS FOR TODAY
                         NORMAL    RECORD    YEAR
 MAXIMUM TEMPERATURE (F)   51        65      2000
 MINIMUM TEMPERATURE (F)   40        23      2013
                                             1972


SUNRISE AND SUNSET
DECEMBER  5 2016......SUNRISE   735 AM PST   SUNSET   441 PM PST
DECEMBER  6 2016......SUNRISE   736 AM PST   SUNSET   441 PM PST


-  INDICATES NEGATIVE NUMBERS.
R  INDICATES RECORD WAS SET OR TIED.
MM INDICATES DATA IS MISSING.
T  INDICATES TRACE AMOUNT.




$$
