000
CDUS46 KMFR 260837
CLIOTH


CLIMATE REPORT
NATIONAL WEATHER SERVICE MEDFORD, OR
1237 AM PST SUN FEB 26 2017


...................................

...THE NORTH BEND OR CLIMATE SUMMARY FOR FEBRUARY 25 2017...

CLIMATE NORMAL PERIOD 1981 TO 2010
CLIMATE RECORD PERIOD 1902 TO 2017


WEATHER ITEM   OBSERVED TIME   RECORD YEAR NORMAL DEPARTURE LAST
                VALUE   (LST)  VALUE       VALUE  FROM      YEAR
                                                  NORMAL
..................................................................
TEMPERATURE (F)
 YESTERDAY
  MAXIMUM         50        MM  82    1992  53     -3       61
  MINIMUM         32        MM  24    1920  41     -9       45
  AVERAGE         41                        47     -6       53

PRECIPITATION (IN)
  YESTERDAY        0.00          1.97 1940   0.28  -0.28     0.00
  MONTH TO DATE   13.65                      6.77   6.88     3.57
  SINCE OCT 1     56.68                     43.05  13.63    41.40
  SINCE JAN 1     22.53                     16.96   5.57    15.77

SNOWFALL (IN)
  YESTERDAY       MM
  SNOW DEPTH      MM

DEGREE DAYS
 HEATING
  YESTERDAY       24                        18      6       12
  MONTH TO DATE  416                       467    -51      321
  SINCE DEC 1   1718                      1670     48     1261
  SINCE JUL 1   2714                      3122   -408     2268

 COOLING
  YESTERDAY        0                         0      0        0
  MONTH TO DATE    0                         0      0        2
  SINCE DEC 1      0                         0      0        2
  SINCE JAN 1      0                         0      0        2
..................................................................


WIND (MPH)
  HIGHEST WIND SPEED    12   HIGHEST WIND DIRECTION     N (350)
  HIGHEST GUST SPEED    MM   HIGHEST GUST DIRECTION    MM
  AVERAGE WIND SPEED     5.5


SKY COVER
  POSSIBLE SUNSHINE   0 PERCENT
  AVERAGE SKY COVER 0.0


WEATHER CONDITIONS
 THE FOLLOWING WEATHER WAS RECORDED YESTERDAY.
  NO SIGNIFICANT WEATHER WAS OBSERVED.


RELATIVE HUMIDITY (PERCENT)
 HIGHEST     0          1200 AM
 LOWEST      0          1200 AM

..........................................................


THE NORTH BEND OR CLIMATE NORMALS FOR TODAY
                         NORMAL    RECORD    YEAR
 MAXIMUM TEMPERATURE (F)   53        77      1992
 MINIMUM TEMPERATURE (F)   41        21      1962


SUNRISE AND SUNSET
FEBRUARY 26 2017......SUNRISE   658 AM PST   SUNSET   603 PM PST
FEBRUARY 27 2017......SUNRISE   656 AM PST   SUNSET   604 PM PST


-  INDICATES NEGATIVE NUMBERS.
R  INDICATES RECORD WAS SET OR TIED.
MM INDICATES DATA IS MISSING.
T  INDICATES TRACE AMOUNT.




$$
