120
CDUS46 KMFR 200954
CLIOTH


CLIMATE REPORT
NATIONAL WEATHER SERVICE MEDFORD, OR
154 AM PST TUE FEB 20 2018


...................................

...THE NORTH BEND OR CLIMATE SUMMARY FOR FEBRUARY 19 2018...

CLIMATE NORMAL PERIOD 1981 TO 2010
CLIMATE RECORD PERIOD 1902 TO 2018


WEATHER ITEM   OBSERVED TIME   RECORD YEAR NORMAL DEPARTURE LAST
                VALUE   (LST)  VALUE       VALUE  FROM      YEAR
                                                  NORMAL
..................................................................
TEMPERATURE (F)
 YESTERDAY
  MAXIMUM         44        MM  67    1935  53     -9       55
  MINIMUM         32        MM  26    1929  40     -8       45
  AVERAGE         38                        47     -9       50

PRECIPITATION (IN)
  YESTERDAY        0.30          1.50 1968   0.27   0.03     0.18
  MONTH TO DATE    1.65                      5.13  -3.48    10.69
  SINCE OCT 1     28.38                     41.41 -13.03    53.72
  SINCE JAN 1      9.48                     15.32  -5.84    19.57

SNOWFALL (IN)
  YESTERDAY       MM
  SNOW DEPTH      MM

DEGREE DAYS
 HEATING
  YESTERDAY       27                        18      9       15
  MONTH TO DATE  336                       359    -23      285
  SINCE DEC 1   1315                      1562   -247     1587
  SINCE JUL 1   2470                      3014   -544     2583

 COOLING
  YESTERDAY        0                         0      0        0
  MONTH TO DATE    0                         0      0        0
  SINCE DEC 1      0                         0      0        0
  SINCE JAN 1      0                         0      0        0
..................................................................


WIND (MPH)
  HIGHEST WIND SPEED    14   HIGHEST WIND DIRECTION     N (340)
  HIGHEST GUST SPEED    MM   HIGHEST GUST DIRECTION    MM
  AVERAGE WIND SPEED     6.4


SKY COVER
  POSSIBLE SUNSHINE  MM
  AVERAGE SKY COVER 0.8


WEATHER CONDITIONS
 THE FOLLOWING WEATHER WAS RECORDED YESTERDAY.
  LIGHT RAIN
  LIGHT SNOW
  FOG


RELATIVE HUMIDITY (PERCENT)
 HIGHEST   100          1200 AM
 LOWEST     53           300 PM

..........................................................


THE NORTH BEND OR CLIMATE NORMALS FOR TODAY
                         NORMAL    RECORD    YEAR
 MAXIMUM TEMPERATURE (F)   53        69      1988
 MINIMUM TEMPERATURE (F)   40        25      2006


SUNRISE AND SUNSET
FEBRUARY 20 2018......SUNRISE   707 AM PST   SUNSET   554 PM PST
FEBRUARY 21 2018......SUNRISE   706 AM PST   SUNSET   556 PM PST


-  INDICATES NEGATIVE NUMBERS.
R  INDICATES RECORD WAS SET OR TIED.
MM INDICATES DATA IS MISSING.
T  INDICATES TRACE AMOUNT.




$$
