804
CDUS46 KMFR 240836
CLIOTH


CLIMATE REPORT
NATIONAL WEATHER SERVICE MEDFORD, OR
136 AM PDT MON APR 24 2017


...................................

...THE NORTH BEND OR CLIMATE SUMMARY FOR APRIL 23 2017...

CLIMATE NORMAL PERIOD 1981 TO 2010
CLIMATE RECORD PERIOD 1902 TO 2017


WEATHER ITEM   OBSERVED TIME   RECORD YEAR NORMAL DEPARTURE LAST
                VALUE   (LST)  VALUE       VALUE  FROM      YEAR
                                                  NORMAL
..................................................................
TEMPERATURE (F)
 YESTERDAY
  MAXIMUM         55        MM  74    1992  56     -1       57
  MINIMUM         46    200 AM  29    1922  44      2       48
  AVERAGE         51                        50      1       53

PRECIPITATION (IN)
  YESTERDAY        0.57          1.36 2003   0.15   0.42     0.24
  MONTH TO DATE    4.83                      4.22   0.61     2.34
  SINCE OCT 1     72.77                     55.92  16.85    54.49
  SINCE JAN 1     38.62                     29.83   8.79    28.86

SNOWFALL (IN)
  YESTERDAY       MM
  SNOW DEPTH      MM

DEGREE DAYS
 HEATING
  YESTERDAY       14                        15     -1       12
  MONTH TO DATE  304                       373    -69      221
  SINCE MAR 1    735                       911   -176      644
  SINCE JUL 1   3511                      4085   -574     2969

 COOLING
  YESTERDAY        0                         0      0        0
  MONTH TO DATE    0                         0      0        6
  SINCE MAR 1      0                         0      0        6
  SINCE JAN 1      0                         0      0        8
..................................................................


WIND (MPH)
  HIGHEST WIND SPEED    16   HIGHEST WIND DIRECTION    SW (210)
  HIGHEST GUST SPEED    24   HIGHEST GUST DIRECTION    SW (240)
  AVERAGE WIND SPEED     9.1


SKY COVER
  POSSIBLE SUNSHINE  MM
  AVERAGE SKY COVER 1.0


WEATHER CONDITIONS
 THE FOLLOWING WEATHER WAS RECORDED YESTERDAY.
  NO SIGNIFICANT WEATHER WAS OBSERVED.


RELATIVE HUMIDITY (PERCENT)
 HIGHEST   100           200 AM
 LOWEST     77           100 PM

..........................................................


THE NORTH BEND OR CLIMATE NORMALS FOR TODAY
                         NORMAL    RECORD    YEAR
 MAXIMUM TEMPERATURE (F)   56        75      2013
                                             1926
 MINIMUM TEMPERATURE (F)   44        28      1924


SUNRISE AND SUNSET
APRIL 24 2017.........SUNRISE   620 AM PDT   SUNSET   811 PM PDT
APRIL 25 2017.........SUNRISE   618 AM PDT   SUNSET   812 PM PDT


-  INDICATES NEGATIVE NUMBERS.
R  INDICATES RECORD WAS SET OR TIED.
MM INDICATES DATA IS MISSING.
T  INDICATES TRACE AMOUNT.




$$
