000
CDUS46 KMFR 300036
CLIOTH


CLIMATE REPORT
NATIONAL WEATHER SERVICE MEDFORD, OR
536 PM PDT SAT AUG 29 2015


...................................

...THE NORTH BEND OR CLIMATE SUMMARY FOR AUGUST 29 2015...
VALID TODAY AS OF 0500 PM LOCAL TIME.

CLIMATE NORMAL PERIOD 1981 TO 2010
CLIMATE RECORD PERIOD 1902 TO 2015


WEATHER ITEM   OBSERVED TIME   RECORD YEAR NORMAL DEPARTURE LAST
                VALUE   (LST)  VALUE       VALUE  FROM      YEAR
                                                  NORMAL
..................................................................
TEMPERATURE (F)
 TODAY
  MAXIMUM         73        MM  83    1944  66      7       72
  MINIMUM         63        MM  40    1902  52     11       57
  AVERAGE         68                        59      9       65

PRECIPITATION (IN)
  TODAY           MM             1.51 1983   0.03  MM        0.00
  MONTH TO DATE    0.20                      0.56  -0.36     0.01
  SINCE OCT 1     42.74                     63.27 -20.53    28.06
  SINCE JAN 1     19.44                     37.18 -17.74    22.44

SNOWFALL (IN)
  TODAY           MM                         0.0   MM       MM
  MONTH TO DATE   MM                         0.0   MM       MM
  SINCE JUL 1      0.0                       0.0    0.0     MM
  SNOW DEPTH      MM

DEGREE DAYS
 HEATING
  TODAY            0                         6     -6        0
  MONTH TO DATE   97                       174    -77      116
  SINCE JUN 1    401                       638   -237      459
  SINCE JUL 1    177                       371   -194      262

 COOLING
  TODAY            3                         0      3        0
  MONTH TO DATE   10                         0     10        0
  SINCE JUN 1     14                         0     14        0
  SINCE JAN 1     14                         0     14       12
..................................................................


WIND (MPH)
  HIGHEST WIND SPEED    23   HIGHEST WIND DIRECTION    SW (220)
  HIGHEST GUST SPEED    36   HIGHEST GUST DIRECTION    SW (220)
  AVERAGE WIND SPEED    15.9


SKY COVER
  POSSIBLE SUNSHINE  MM
  AVERAGE SKY COVER 0.8


WEATHER CONDITIONS
 THE FOLLOWING WEATHER WAS RECORDED TODAY.
  NO SIGNIFICANT WEATHER WAS OBSERVED.


RELATIVE HUMIDITY (PERCENT)
 HIGHEST    93           100 AM
 LOWEST     64           200 PM

..........................................................


THE NORTH BEND OR CLIMATE NORMALS FOR TOMORROW
                         NORMAL    RECORD    YEAR
 MAXIMUM TEMPERATURE (F)   66        91      1968
 MINIMUM TEMPERATURE (F)   52        32      1906


SUNRISE AND SUNSET
AUGUST 29 2015........SUNRISE   637 AM PDT   SUNSET   758 PM PDT
AUGUST 30 2015........SUNRISE   639 AM PDT   SUNSET   756 PM PDT


-  INDICATES NEGATIVE NUMBERS.
R  INDICATES RECORD WAS SET OR TIED.
MM INDICATES DATA IS MISSING.
T  INDICATES TRACE AMOUNT.




$$
