000
CDUS43 KDMX 200645 RRD
CLIOTM

CLIMATE REPORT
NATIONAL WEATHER SERVICE DES MOINES IA
143 AM CDT WED AUG 20 2014


...................................

...THE OTTUMWA IA CLIMATE SUMMARY FOR AUGUST 19 2014...

CLIMATE NORMAL PERIOD 1981 TO 2010
CLIMATE RECORD PERIOD 1920 TO 2014


WEATHER ITEM   OBSERVED TIME   RECORD YEAR NORMAL DEPARTURE LAST
                VALUE   (LST)  VALUE       VALUE  FROM      YEAR
                                                  NORMAL
..................................................................
TEMPERATURE (F)
 YESTERDAY
  MAXIMUM         85    420 PM 106    1913  84      1       85
  MINIMUM         65   1125 PM  48    1950  62      3       58
  AVERAGE         75                        73      2       72

PRECIPITATION (IN)
  YESTERDAY        0.00          1.38 1949   0.15  -0.15     0.00
  MONTH TO DATE    1.32                      2.84  -1.52     0.96
  SINCE JUN 1     14.59                     12.40   2.19     4.79
  SINCE JAN 1     25.43                     24.93   0.50    29.11

DEGREE DAYS
 HEATING
  YESTERDAY        0                         0      0        0
  MONTH TO DATE    0                         0      0        6
  SINCE JUN 1     22                        23     -1       42
  SINCE JUL 1     13                         2     11       16

 COOLING
  YESTERDAY       10                         8      2        7
  MONTH TO DATE  106                       169    -63       94
  SINCE JUN 1    484                       684   -200      558
  SINCE JAN 1    595                       748   -153      635
..................................................................


WIND (MPH)
  HIGHEST WIND SPEED    15   HIGHEST WIND DIRECTION    NW (310)
  HIGHEST GUST SPEED    19   HIGHEST GUST DIRECTION    NW (310)
  AVERAGE WIND SPEED     6.0


SKY COVER
  POSSIBLE SUNSHINE  MM
  AVERAGE SKY COVER 0.1


WEATHER CONDITIONS
 THE FOLLOWING WEATHER WAS RECORDED YESTERDAY.
  FOG
  HAZE


RELATIVE HUMIDITY (PERCENT)
 HIGHEST    97           400 AM
 LOWEST     51           200 PM
 AVERAGE    74

..........................................................


THE OTTUMWA IA CLIMATE NORMALS FOR TODAY
                         NORMAL    RECORD    YEAR
 MAXIMUM TEMPERATURE (F)   83       103      1947
 MINIMUM TEMPERATURE (F)   62        41      1950


SUNRISE AND SUNSET
AUGUST 20 2014........SUNRISE   624 AM CDT   SUNSET   801 PM CDT
AUGUST 21 2014........SUNRISE   625 AM CDT   SUNSET   800 PM CDT


-  INDICATES NEGATIVE NUMBERS.
R  INDICATES RECORD WAS SET OR TIED.
MM INDICATES DATA IS MISSING.
T  INDICATES TRACE AMOUNT.




$$
