477
CDUS43 KDMX 070642 RRA
CLIOTM

CLIMATE REPORT
NATIONAL WEATHER SERVICE DES MOINES IA
1240 AM CST SUN FEB 7 2016

...................................

...THE OTTUMWA IA CLIMATE SUMMARY FOR FEBRUARY 6 2016...

CLIMATE NORMAL PERIOD 1981 TO 2010
CLIMATE RECORD PERIOD 1920 TO 2016


WEATHER ITEM   OBSERVED TIME   RECORD YEAR NORMAL DEPARTURE LAST
                VALUE   (LST)  VALUE       VALUE  FROM      YEAR
                                                  NORMAL
..................................................................
TEMPERATURE (F)
 YESTERDAY
  MAXIMUM         43    252 PM  62    2009  34      9       39
  MINIMUM         21    734 AM -17    1978  15      6       11
  AVERAGE         32                        24      8       25

PRECIPITATION (IN)
  YESTERDAY        0.00          0.76 1928   0.04  -0.04     0.00
  MONTH TO DATE    0.29                      0.19   0.10     0.64
  SINCE DEC 1      4.36                      2.46   1.90     2.85
  SINCE JAN 1      0.33                      1.09  -0.76     1.87

DEGREE DAYS
 HEATING
  YESTERDAY       33                        41     -8       40
  MONTH TO DATE  213                       247    -34      308
  SINCE DEC 1   2279                      2771   -492     2587
  SINCE JUL 1   3290                      4069   -779     4095

 COOLING
  YESTERDAY        0                         0      0        0
  MONTH TO DATE    0                         0      0        0
  SINCE DEC 1      0                         0      0        0
  SINCE JAN 1      0                         0      0        0
..................................................................


WIND (MPH)
  HIGHEST WIND SPEED    17   HIGHEST WIND DIRECTION     W (260)
  HIGHEST GUST SPEED    21   HIGHEST GUST DIRECTION     W (250)
  AVERAGE WIND SPEED     7.0


SKY COVER
  POSSIBLE SUNSHINE  MM
  AVERAGE SKY COVER 0.1


WEATHER CONDITIONS
 THE FOLLOWING WEATHER WAS RECORDED YESTERDAY.
  NO SIGNIFICANT WEATHER WAS OBSERVED.


RELATIVE HUMIDITY (PERCENT)
 HIGHEST    92           700 AM
 LOWEST     65           100 PM
 AVERAGE    79

..........................................................


THE OTTUMWA IA CLIMATE NORMALS FOR TODAY
                         NORMAL    RECORD    YEAR
 MAXIMUM TEMPERATURE (F)   34        61      1987
 MINIMUM TEMPERATURE (F)   15       -18      1905


SUNRISE AND SUNSET
FEBRUARY  7 2016......SUNRISE   715 AM CST   SUNSET   534 PM CST
FEBRUARY  8 2016......SUNRISE   714 AM CST   SUNSET   535 PM CST


-  INDICATES NEGATIVE NUMBERS.
R  INDICATES RECORD WAS SET OR TIED.
MM INDICATES DATA IS MISSING.
T  INDICATES TRACE AMOUNT.




$$
