000
CDUS43 KDMX 250721
CLIOTM

CLIMATE REPORT
NATIONAL WEATHER SERVICE DES MOINES IA
214 AM CDT SUN JUN 25 2017

...................................

...THE OTTUMWA IA CLIMATE SUMMARY FOR JUNE 24 2017...

CLIMATE NORMAL PERIOD 1981 TO 2010
CLIMATE RECORD PERIOD 1920 TO 2017

WEATHER ITEM   OBSERVED TIME   RECORD YEAR NORMAL DEPARTURE LAST
                VALUE   (LST)  VALUE       VALUE  FROM      YEAR
                                                  NORMAL
..................................................................
TEMPERATURE (F)
 YESTERDAY
  MAXIMUM         77    452 PM 100    1988  84     -7       85
  MINIMUM         52   1159 PM  44    1936  63    -11       57
  AVERAGE         65                        73     -8       71

PRECIPITATION (IN)
  YESTERDAY        0.00          1.79 1981   0.18  -0.18     0.00
  MONTH TO DATE    0.82                      4.10  -3.28     1.59
  SINCE JUN 1      0.82                      4.10  -3.28     1.59
  SINCE JAN 1     13.28                     16.63  -3.35    10.50

DEGREE DAYS
 HEATING
  YESTERDAY        0                         0      0        0
  MONTH TO DATE    0                        19    -19        1
  SINCE JUN 1      0                        19    -19        1
  SINCE JUL 1   5008                      6315  -1307     5265

 COOLING
  YESTERDAY        0                         9     -9        6
  MONTH TO DATE  237                       145     92      222
  SINCE JUN 1    237                       145     92      222
  SINCE JAN 1    298                       209     89      293
..................................................................

WIND (MPH)
  HIGHEST WIND SPEED    22   HIGHEST WIND DIRECTION    NW (300)
  HIGHEST GUST SPEED    30   HIGHEST GUST DIRECTION    NW (320)
  AVERAGE WIND SPEED    10.6

SKY COVER
  POSSIBLE SUNSHINE  MM
  AVERAGE SKY COVER 0.1

WEATHER CONDITIONS
 THE FOLLOWING WEATHER WAS RECORDED YESTERDAY.
  NO SIGNIFICANT WEATHER WAS OBSERVED.

RELATIVE HUMIDITY (PERCENT)
 HIGHEST   100           500 AM
 LOWEST     25           200 PM
 AVERAGE    63
..........................................................

THE OTTUMWA IA CLIMATE NORMALS FOR TODAY
                         NORMAL    RECORD    YEAR
 MAXIMUM TEMPERATURE (F)   84       103      1988
 MINIMUM TEMPERATURE (F)   63        44      2004

SUNRISE AND SUNSET
JUNE 25 2017..........SUNRISE   539 AM CDT   SUNSET   846 PM CDT
JUNE 26 2017..........SUNRISE   539 AM CDT   SUNSET   846 PM CDT

-  INDICATES NEGATIVE NUMBERS.
R  INDICATES RECORD WAS SET OR TIED.
MM INDICATES DATA IS MISSING.
T  INDICATES TRACE AMOUNT.

$$

FAB
