000
CDUS43 KDMX 180634 RRA
CLIOTM

CLIMATE REPORT
NATIONAL WEATHER SERVICE DES MOINES IA
130 AM CDT FRI AUG 18 2017

...................................

...THE OTTUMWA IA CLIMATE SUMMARY FOR AUGUST 17 2017...

CLIMATE NORMAL PERIOD 1981 TO 2010
CLIMATE RECORD PERIOD 1920 TO 2017


WEATHER ITEM   OBSERVED TIME   RECORD YEAR NORMAL DEPARTURE LAST
                VALUE   (LST)  VALUE       VALUE  FROM      YEAR
                                                  NORMAL
..................................................................
TEMPERATURE (F)
 YESTERDAY
  MAXIMUM         85    346 PM 104    1988  84      1       86
  MINIMUM         64   1159 PM  49    2013  63      1       68
                                      2012
                                      1897
  AVERAGE         75                        73      2       77

PRECIPITATION (IN)
  YESTERDAY        0.00          1.73 1941   0.16  -0.16     0.15
  MONTH TO DATE    1.16                      2.53  -1.37     2.37
  SINCE JUN 1      2.77                     12.09  -9.32     8.84
  SINCE JAN 1     15.23                     24.62  -9.39    17.75

DEGREE DAYS
 HEATING
  YESTERDAY        0                         0      0        0
  MONTH TO DATE    0                         0      0        0
  SINCE JUN 1     10                        23    -13        8
  SINCE JUL 1      0                         2     -2        7

 COOLING
  YESTERDAY       10                         8      2       12
  MONTH TO DATE  108                       153    -45      171
  SINCE JUN 1    792                       668    124      719
  SINCE JAN 1    853                       732    121      790
..................................................................


WIND (MPH)
  HIGHEST WIND SPEED    21   HIGHEST WIND DIRECTION     W (270)
  HIGHEST GUST SPEED    26   HIGHEST GUST DIRECTION     W (290)
  AVERAGE WIND SPEED    10.8


SKY COVER
  POSSIBLE SUNSHINE  MM
  AVERAGE SKY COVER 0.4


WEATHER CONDITIONS
 THE FOLLOWING WEATHER WAS RECORDED YESTERDAY.
  NO SIGNIFICANT WEATHER WAS OBSERVED.


RELATIVE HUMIDITY (PERCENT)
 HIGHEST    97           300 AM
 LOWEST     44           400 PM
 AVERAGE    71

..........................................................


THE OTTUMWA IA CLIMATE NORMALS FOR TODAY
                         NORMAL    RECORD    YEAR
 MAXIMUM TEMPERATURE (F)   84       109      1936
 MINIMUM TEMPERATURE (F)   62        47      2012


SUNRISE AND SUNSET
AUGUST 18 2017........SUNRISE   623 AM CDT   SUNSET   804 PM CDT
AUGUST 19 2017........SUNRISE   624 AM CDT   SUNSET   802 PM CDT


-  INDICATES NEGATIVE NUMBERS.
R  INDICATES RECORD WAS SET OR TIED.
MM INDICATES DATA IS MISSING.
T  INDICATES TRACE AMOUNT.




$$
