000
CDUS43 KDMX 050651 RRA
CLIOTM

CLIMATE REPORT
NATIONAL WEATHER SERVICE DES MOINES IA
1237 AM CST MON DEC 5 2016

...................................

...THE OTTUMWA IA CLIMATE SUMMARY FOR DECEMBER 4 2016...

CLIMATE NORMAL PERIOD 1981 TO 2010
CLIMATE RECORD PERIOD 1920 TO 2016


WEATHER ITEM   OBSERVED TIME   RECORD YEAR NORMAL DEPARTURE LAST
                VALUE   (LST)  VALUE       VALUE  FROM      YEAR
                                                  NORMAL
..................................................................
TEMPERATURE (F)
 YESTERDAY
  MAXIMUM         37    256 AM  71    1998  39     -2       51
  MINIMUM         33   1230 PM   1    2005  21     12       27
                                      1991
  AVERAGE         35                        30      5       39

PRECIPITATION (IN)
  YESTERDAY        0.52          1.30 1924   0.06   0.46     0.00
  MONTH TO DATE    0.52                      0.23   0.29     0.01
  SINCE DEC 1      0.52                      0.23   0.29     0.01
  SINCE JAN 1     24.44                     35.93 -11.49    36.70

DEGREE DAYS
 HEATING
  YESTERDAY       30                        35     -5       26
  MONTH TO DATE  111                       138    -27      115
  SINCE DEC 1    111                       138    -27      115
  SINCE JUL 1    895                      1436   -541     1126

 COOLING
  YESTERDAY        0                         0      0        0
  MONTH TO DATE    0                         0      0        0
  SINCE DEC 1      0                         0      0        0
  SINCE JAN 1   1122                       938    184      933
..................................................................


WIND (MPH)
  HIGHEST WIND SPEED    18   HIGHEST WIND DIRECTION    SE (150)
  HIGHEST GUST SPEED    22   HIGHEST GUST DIRECTION     S (160)
  AVERAGE WIND SPEED     8.9


SKY COVER
  POSSIBLE SUNSHINE  MM
  AVERAGE SKY COVER 1.0


WEATHER CONDITIONS
 THE FOLLOWING WEATHER WAS RECORDED YESTERDAY.
  LIGHT RAIN
  SNOW
  LIGHT SNOW
  FOG


RELATIVE HUMIDITY (PERCENT)
 HIGHEST    96          1200 PM
 LOWEST     76          1200 AM
 AVERAGE    86

..........................................................


THE OTTUMWA IA CLIMATE NORMALS FOR TODAY
                         NORMAL    RECORD    YEAR
 MAXIMUM TEMPERATURE (F)   38        68      2001
 MINIMUM TEMPERATURE (F)   20        -5      2005


SUNRISE AND SUNSET
DECEMBER  5 2016......SUNRISE   720 AM CST   SUNSET   441 PM CST
DECEMBER  6 2016......SUNRISE   721 AM CST   SUNSET   441 PM CST


-  INDICATES NEGATIVE NUMBERS.
R  INDICATES RECORD WAS SET OR TIED.
MM INDICATES DATA IS MISSING.
T  INDICATES TRACE AMOUNT.

$$
