000
CDUS43 KDMX 220631 RRA
CLIOTM

CLIMATE REPORT
NATIONAL WEATHER SERVICE DES MOINES IA
127 AM CDT FRI MAY 22 2015

...................................

...THE OTTUMWA IA CLIMATE SUMMARY FOR MAY 21 2015...

CLIMATE NORMAL PERIOD 1981 TO 2010
CLIMATE RECORD PERIOD 1920 TO 2015


WEATHER ITEM   OBSERVED TIME   RECORD YEAR NORMAL DEPARTURE LAST
                VALUE   (LST)  VALUE       VALUE  FROM      YEAR
                                                  NORMAL
..................................................................
TEMPERATURE (F)
 YESTERDAY
  MAXIMUM         73    450 PM  92    1934  74     -1       85
  MINIMUM         37    332 AM  33    1931  52    -15       61
  AVERAGE         55                        63     -8       73

PRECIPITATION (IN)
  YESTERDAY        0.00          1.71 1949   0.16  -0.16     0.01
  MONTH TO DATE    2.31                      3.13  -0.82     3.94
  SINCE MAR 1      5.31                      8.77  -3.46    10.04
  SINCE JAN 1      6.47                     10.95  -4.48    12.85

DEGREE DAYS
 HEATING
  YESTERDAY       10                         4      6        0
  MONTH TO DATE  106                       135    -29      154
  SINCE MAR 1   1222                      1380   -158     1580
  SINCE JUL 1   6353                      6265     88     7093

 COOLING
  YESTERDAY        0                         2     -2        8
  MONTH TO DATE   39                        27     12       37
  SINCE MAR 1     40                        38      2       45
  SINCE JAN 1     40                        38      2       45
..................................................................


WIND (MPH)
  HIGHEST WIND SPEED    17   HIGHEST WIND DIRECTION     W (290)
  HIGHEST GUST SPEED    24   HIGHEST GUST DIRECTION    NW (300)
  AVERAGE WIND SPEED     9.6


SKY COVER
  POSSIBLE SUNSHINE  MM
  AVERAGE SKY COVER 0.2


WEATHER CONDITIONS
 THE FOLLOWING WEATHER WAS RECORDED YESTERDAY.
  FOG
  FOG W/VISIBILITY <= 1/4 MILE


RELATIVE HUMIDITY (PERCENT)
 HIGHEST   100          1200 AM
 LOWEST     33           400 PM
 AVERAGE    67

..........................................................


THE OTTUMWA IA CLIMATE NORMALS FOR TODAY
                         NORMAL    RECORD    YEAR
 MAXIMUM TEMPERATURE (F)   74        95      1925
 MINIMUM TEMPERATURE (F)   53        34      1963


SUNRISE AND SUNSET
MAY 22 2015...........SUNRISE   546 AM CDT   SUNSET   828 PM CDT
MAY 23 2015...........SUNRISE   545 AM CDT   SUNSET   828 PM CDT


-  INDICATES NEGATIVE NUMBERS.
R  INDICATES RECORD WAS SET OR TIED.
MM INDICATES DATA IS MISSING.
T  INDICATES TRACE AMOUNT.

$$

REV
