000
CDUS43 KDMX 190633
CLIOTM

CLIMATE REPORT
NATIONAL WEATHER SERVICE DES MOINES IA
129 AM CDT THU OCT 19 2017


...................................

...THE OTTUMWA IA CLIMATE SUMMARY FOR OCTOBER 18 2017...

CLIMATE NORMAL PERIOD 1981 TO 2010
CLIMATE RECORD PERIOD 1920 TO 2017


WEATHER ITEM   OBSERVED TIME   RECORD YEAR NORMAL DEPARTURE LAST
                VALUE   (LST)  VALUE       VALUE  FROM      YEAR
                                                  NORMAL
..................................................................
TEMPERATURE (F)
 YESTERDAY
  MAXIMUM         74    302 PM  87    1950  63     11       75
  MINIMUM         MM        MM  21    1948  41     MM       51
  AVERAGE         MM                        52     MM       63

PRECIPITATION (IN)
  YESTERDAY        0.00          2.25 1984   0.10  -0.10     0.00
  MONTH TO DATE    2.08                      1.66   0.42     0.89
  SINCE SEP 1      5.75                      5.45   0.30     1.90
  SINCE JAN 1     21.59                     32.15 -10.56    23.09

DEGREE DAYS
 HEATING
  YESTERDAY       MM                        14     MM        2
  MONTH TO DATE   89                       195   -106       94
  SINCE SEP 1    126                       305   -179      127
  SINCE JUL 1    126                       316   -190      134

 COOLING
  YESTERDAY       MM                         0     MM        0
  MONTH TO DATE   23                         9     14       42
  SINCE SEP 1    192                       102     90      215
  SINCE JAN 1   1117                       936    181     1114
..................................................................


WIND (MPH)
  HIGHEST WIND SPEED    22   HIGHEST WIND DIRECTION     S (190)
  HIGHEST GUST SPEED    27   HIGHEST GUST DIRECTION     S (180)
  AVERAGE WIND SPEED    11.0


SKY COVER
  POSSIBLE SUNSHINE  MM
  AVERAGE SKY COVER 0.0


WEATHER CONDITIONS
 THE FOLLOWING WEATHER WAS RECORDED YESTERDAY.
  NO SIGNIFICANT WEATHER WAS OBSERVED.


RELATIVE HUMIDITY (PERCENT)
 HIGHEST    83          1100 PM
 LOWEST     38           100 PM
 AVERAGE    61

..........................................................


THE OTTUMWA IA CLIMATE NORMALS FOR TODAY
                         NORMAL    RECORD    YEAR
 MAXIMUM TEMPERATURE (F)   62        85      1924
 MINIMUM TEMPERATURE (F)   40        17      1972


SUNRISE AND SUNSET
OCTOBER 19 2017.......SUNRISE   726 AM CDT   SUNSET   623 PM CDT
OCTOBER 20 2017.......SUNRISE   727 AM CDT   SUNSET   621 PM CDT


-  INDICATES NEGATIVE NUMBERS.
R  INDICATES RECORD WAS SET OR TIED.
MM INDICATES DATA IS MISSING.
T  INDICATES TRACE AMOUNT.




$$
