000
CDUS46 KOTX 190823
CLIOTX


CLIMATE REPORT
NATIONAL WEATHER SERVICE SPOKANE, WA
1223 AM PST FRI DEC 19 2014


...................................

...THE SPOKANE  WA WFO CLIMATE SUMMARY FOR DECEMBER 18 2014...

CLIMATE NORMAL PERIOD 1981 TO 2010
CLIMATE RECORD PERIOD 1881 TO 2014


WEATHER ITEM   OBSERVED TIME   RECORD YEAR NORMAL DEPARTURE LAST
                VALUE   (LST)  VALUE       VALUE  FROM      YEAR
                                                  NORMAL
..................................................................
TEMPERATURE (F)
 YESTERDAY
  MAXIMUM         36        MM  MM      MM  31      5       35
  MINIMUM         33        MM  MM      MM  19     14       25
  AVERAGE         35                        25     10       30

PRECIPITATION (IN)
  YESTERDAY        0.03         MM      MM   0.08  -0.05      T
  MONTH TO DATE    0.89                      1.49  -0.60     0.29
  SINCE OCT 1      3.72                      4.99  -1.27     2.13
  SINCE JAN 1     15.69                     16.04  -0.35    12.59

SNOWFALL (IN)
  YESTERDAY        0.0          MM      MM   0.6   -0.6       T
  MONTH TO DATE    0.3                       9.0   -8.7      0.5
  SINCE DEC 1      0.3                       9.0   -8.7      0.5
  SINCE JUL 1      0.8                      16.9  -16.1      3.5
  SNOW DEPTH       0

DEGREE DAYS
 HEATING
  YESTERDAY       30                        40    -10       35
  MONTH TO DATE  564                       697   -133      762
  SINCE DEC 1    564                       697   -133      762
  SINCE JUL 1   2143                      2579   -436     2618

 COOLING
  YESTERDAY        0                         0      0        0
  MONTH TO DATE    0                         0      0        0
  SINCE DEC 1      0                         0      0        0
  SINCE JAN 1    408                       249    159      383
..................................................................


WIND (MPH)
  HIGHEST WIND SPEED    MM   HIGHEST WIND DIRECTION    MM
  HIGHEST GUST SPEED    MM   HIGHEST GUST DIRECTION    MM
  AVERAGE WIND SPEED    MM


SKY COVER
  POSSIBLE SUNSHINE  MM
  AVERAGE SKY COVER  MM


WEATHER CONDITIONS
 THE FOLLOWING WEATHER WAS RECORDED YESTERDAY.
  LIGHT RAIN
  FOG
  FOG W/VISIBILITY <= 1/4 MILE


RELATIVE HUMIDITY (PERCENT)
 HIGHEST    MM
 LOWEST     MM
 AVERAGE    MM

..........................................................


THE SPOKANE  WA WFO CLIMATE NORMALS FOR TODAY
                         NORMAL    RECORD    YEAR
 MAXIMUM TEMPERATURE (F)   31        MM        MM
 MINIMUM TEMPERATURE (F)   19        MM        MM


SUNRISE AND SUNSET
DECEMBER 19 2014......SUNRISE   735 AM PST   SUNSET   400 PM PST
DECEMBER 20 2014......SUNRISE   736 AM PST   SUNSET   401 PM PST


-  INDICATES NEGATIVE NUMBERS.
R  INDICATES RECORD WAS SET OR TIED.
MM INDICATES DATA IS MISSING.
T  INDICATES TRACE AMOUNT.




$$
