000
CDAK49 PAOT 301213
CLIOTZ

CLIMATE REPORT
NATIONAL WEATHER SERVICE KOTZEBUE, AK
313 AM AKST FRI JAN 30 2015

...................................
...THE KOTZEBUE WSO AP CLIMATE SUMMARY FOR JANUARY 29 2015...

CLIMATE NORMAL PERIOD  1981 TO  2010
CLIMATE RECORD PERIOD  1897 TO  2015

WEATHER ITEM   OBSERVED TIME    RECORD YEAR NORMAL DEPARTURE LAST
               VALUE    (LST)   VALUE       VALUE  FROM      YEAR
                                                   NORMAL
...................................................................
TEMPERATURE
YESTERDAY
 MAXIMUM           -14  1159 PM    32  2007      4     -18     31
 MINIMUM           -28  0126 PM   -43  1944    -10     -18     25
 AVERAGE           -21                          -3     -18     28

PRECIPITATION
(INCHES)
 YESTERDAY        0.00           0.09  2008   0.02   -0.02   0.00
 MONTH TO DATE    0.31                        0.58   -0.27   0.52
 SINCE DEC 1      0.66                        1.34   -0.68   1.29
 SINCE JAN 1      0.31                        0.58   -0.27   0.52

SNOWFALL
(INCHES)
 YESTERDAY         0.0            3.1  2008    0.3    -0.3    0.0
 MONTH TO DATE     2.9                         8.6    -5.7    4.8
 SINCE DEC 1       5.9                        20.1   -14.2   12.0
 SINCE JUL 1      10.6                        37.5   -26.9   23.7
 SNOW DEPTH (IN)     4                                          8

DEGREE DAYS
 HEATING
  YESTERDAY         86                          68      18     37
  MONTH TO DATE   1771                        1961    -190   1488
  SINCE DEC 1     3529                        3904    -375   3310
  SINCE JUL 1     7204                        8263   -1059   7199

 COOLING
  YESTERDAY          0                           0       0      0
  MONTH TO DATE      0                           0       0      0
  SINCE DEC 1        0                           0       0      0
  SINCE JAN 1        0                           0       0      0
...................................................................

WIND (MPH)
 HIGHEST WIND SPEED    28     HIGHEST WIND DIRECTION    120
 HIGHEST GUST SPEED    31     HIGHEST GUST DIRECTION    120
 AVERAGE WIND SPEED  11.1

SKY COVER
  POSSIBLE SUNSHINE    MM          AVERAGE SKY COVER     MM

WEATHER CONDITIONS
 THE FOLLOWING WEATHER WAS RECORDED YESTERDAY.
  NO SIGNIFICANT WEATHER WAS OBSERVED.

RELATIVE HUMIDITY
 HIGHEST RH     MM PERCENT       MM
 LOWEST  RH     MM PERCENT       MM
 AVERAGE RH     MM PERCENT       MM
...................................................................

THE KOTZEBUE CLIMATE NORMALS FOR TODAY
                           NORMAL    RECORD   YEAR
 MAXIMUM TEMPERATURE (F)      4        37     2007
 MINIMUM TEMPERATURE (F)    -10       -48     1993

SUNRISE AND SUNSET
 JAN 30 2015..........SUNRISE 11:03 AM      SUNSET  5:07 PM
 JAN 31 2015..........SUNRISE 10:59 AM      SUNSET  5:11 PM

-  INDICATES NEGATIVE NUMBERS.
R  INDICATES RECORD HAS BEEN SET OR TIED.
MM INDICATES DATA IS MISSING.
T  INDICATES TRACE OF PRECIPITATION.

&&
-------------------------------------------------------------------

AMOUNT OF DAYLIGHT TODAY  (HOUR:MIN)........6 HOURS 4 MINUTES
GAIN/LOSS SINCE YESTERDAY (HOUR:MIN:SEC)....+0:07:57

$$
EWH JAN 15
