000
CDAK49 PAFG 220950
CLIOTZ

CLIMATE REPORT
NATIONAL WEATHER SERVICE FAIRBANKS AK
1250 AM AKST WED FEB 22 2017


...................................

...THE KOTZEBUE AK CLIMATE SUMMARY FOR FEBRUARY 21 2017...

CLIMATE NORMAL PERIOD 1981 TO 2010
CLIMATE RECORD PERIOD 1920 TO 2017


WEATHER ITEM   OBSERVED TIME   RECORD YEAR NORMAL DEPARTURE LAST
                VALUE   (LST)  VALUE       VALUE  FROM      YEAR
                                                  NORMAL
..................................................................
TEMPERATURE (F)
 YESTERDAY
  MAXIMUM         -7    340 PM  34    2015   7    -14       18
                                      2010
  MINIMUM        -33   1201 PM -45    1968  -7    -26       -2
  AVERAGE        -20                         0    -20        8

PRECIPITATION (IN)
  YESTERDAY        0.00          0.20 1937   0.03  -0.03     0.00
  MONTH TO DATE    0.04                      0.49  -0.45     0.09
  SINCE DEC 1      1.33                      1.87  -0.54     0.93
  SINCE JAN 1      0.59                      1.11  -0.52     0.47

SNOWFALL (IN)
  YESTERDAY        0.0           3.0  1937   0.4   -0.4      0.0
  MONTH TO DATE    1.4                       7.1   -5.7      1.0
  SINCE DEC 1     26.8                      27.7   -0.9      4.2
  SINCE JUL 1     32.4                      45.1  -12.7     17.6
  SNOW DEPTH      27

DEGREE DAYS
 HEATING
  YESTERDAY       85                        65     20       57
  MONTH TO DATE 1412                      1388     24     1149
  SINCE DEC 1   5168                      5434   -266     4673
  SINCE JUL 1   8781                      9792  -1011     8392

 COOLING
  YESTERDAY        0                         0      0        0
  MONTH TO DATE    0                         0      0        0
  SINCE DEC 1      0                         0      0        0
  SINCE JAN 1      0                         0      0        0
..................................................................


WIND (MPH)
  HIGHEST GUST SPEED    16   HIGHEST GUST DIRECTION    SE (120)


SKY COVER
  AVERAGE SKY COVER 0.0


WEATHER CONDITIONS
 THE FOLLOWING WEATHER WAS RECORDED YESTERDAY.
  FOG


RELATIVE HUMIDITY (PERCENT)
 HIGHEST    76
 LOWEST     MM
 AVERAGE    MM

..........................................................


THE KOTZEBUE AK CLIMATE NORMALS FOR TODAY
                         NORMAL    RECORD    YEAR
 MAXIMUM TEMPERATURE (F)    7        37      2015
 MINIMUM TEMPERATURE (F)   -7       -52      1968


SUNRISE AND SUNSET
FEBRUARY 22 2017......SUNRISE   932 AM AKST  SUNSET   638 PM AKST
FEBRUARY 23 2017......SUNRISE   928 AM AKST  SUNSET   642 PM AKST

-  INDICATES NEGATIVE NUMBERS.
R  INDICATES RECORD WAS SET OR TIED.
MM INDICATES DATA IS MISSING.
T  INDICATES TRACE AMOUNT.

&&

SNOW DEPTH IS MEASURED AT 3AM AKST/4AM AKDT.

----------------------------
AVAILABLE DAYLIGHT

AMOUNT OF DAYLIGHT TODAY  (HOUR:MIN)........9:07
GAIN/LOSS SINCE YESTERDAY (HOUR:MIN:SEC)....+0:07:36

$$
CCC FEB 17
