000
CDAK49 PAOT 270948
CLIOTZ

CLIMATE REPORT
NATIONAL WEATHER SERVICE KOTZEBUE, AK
148 AM AKDT FRI MAR 27 2015

...................................
...THE KOTZEBUE WSO AP CLIMATE SUMMARY FOR MARCH 26 2015...

CLIMATE NORMAL PERIOD  1981 TO  2010
CLIMATE RECORD PERIOD  1897 TO  2015

WEATHER ITEM   OBSERVED TIME    RECORD YEAR NORMAL DEPARTURE LAST
               VALUE    (LST)   VALUE       VALUE  FROM      YEAR
                                                   NORMAL
...................................................................
TEMPERATURE
YESTERDAY
 MAXIMUM            15  0625 AM    36  1965     10       5     26
 MINIMUM            -8  1145 PM   -40  1939     -6      -2      9
 AVERAGE             4                           2       2     18

PRECIPITATION
(INCHES)
 YESTERDAY           T           0.15  1973  0.01   -0.01   0.00
 MONTH TO DATE    0.51                        0.38    0.13   0.34
 SINCE MAR 1      0.51                        0.38    0.13   0.34
 SINCE JAN 1      1.36                        1.66   -0.30   1.06

SNOWFALL
(INCHES)
 YESTERDAY           T            2.4  1973    0.2    -0.2    0.0
 MONTH TO DATE     5.1                         5.2    -0.1    6.5
 SINCE MAR 1       5.1                         5.2    -0.1    6.5
 SINCE JUL 1      20.4                        52.8   -32.4   31.5
 SNOW DEPTH (IN)     8                                          7

DEGREE DAYS
 HEATING
  YESTERDAY         61                          63      -2     47
  MONTH TO DATE   1733                        1677      56   1490
  SINCE MAR 1     1725                        1677      48   1487
  SINCE JUL 1    10576                       11919   -1343  10438

 COOLING
  YESTERDAY          0                           0       0      0
  MONTH TO DATE      0                           0       0      0
  SINCE MAR 1        0                           0       0      0
  SINCE JAN 1        0                           0       0      0
...................................................................

WIND (MPH)
 HIGHEST WIND SPEED    13     HIGHEST WIND DIRECTION    290
 HIGHEST GUST SPEED    15     HIGHEST GUST DIRECTION    290
 AVERAGE WIND SPEED   7.2

SKY COVER
  POSSIBLE SUNSHINE    MM          AVERAGE SKY COVER     MM

WEATHER CONDITIONS
 THE FOLLOWING WEATHER WAS RECORDED YESTERDAY.
 FOG
 SNOW


RELATIVE HUMIDITY
 HIGHEST RH     MM PERCENT       MM
 LOWEST  RH     MM PERCENT       MM
 AVERAGE RH     MM PERCENT       MM
...................................................................

THE KOTZEBUE CLIMATE NORMALS FOR TODAY
                           NORMAL    RECORD   YEAR
 MAXIMUM TEMPERATURE (F)     11        33     1973
 MINIMUM TEMPERATURE (F)     -6       -38     1977

SUNRISE AND SUNSET
 MAR 27 2015..........SUNRISE  8:23 AM      SUNSET  9:32 PM
 MAR 28 2015..........SUNRISE  8:19 AM      SUNSET  9:35 PM

-  INDICATES NEGATIVE NUMBERS.
R  INDICATES RECORD HAS BEEN SET OR TIED.
MM INDICATES DATA IS MISSING.
T  INDICATES TRACE OF PRECIPITATION.

&&
-------------------------------------------------------------------

AMOUNT OF DAYLIGHT TODAY  (HOUR:MIN)........13 HOURS 9 MINUTES
GAIN/LOSS SINCE YESTERDAY (HOUR:MIN:SEC)....+0:07:25

$$


MAR 15
