373
CDAK49 PAOT 302311
CLIOTZ

CLIMATE REPORT
NATIONAL WEATHER SERVICE KOTZEBUE, AK
311 PM AKDT MON MAY 30 2016

...................................
...THE KOTZEBUE WSO AP CLIMATE SUMMARY FOR MAY 30 2016...
VALID TODAY AS OF 2:00 PM LOCAL TIME

CLIMATE NORMAL PERIOD  1981 TO  2010
CLIMATE RECORD PERIOD  1897 TO  2016

WEATHER ITEM   OBSERVED TIME    RECORD YEAR NORMAL DEPARTURE LAST
               VALUE    (LST)   VALUE       VALUE  FROM      YEAR
                                                   NORMAL
...................................................................
TEMPERATURE
TODAY
 MAXIMUM            68R 0159 PM    67  1953     44      24     63
 MINIMUM            52  0227 AM    15  1901     33      19     46
 AVERAGE            60                          38      22     55

PRECIPITATION
(INCHES)
 TODAY            0.00           0.14  2005   0.01   -0.01   0.00
 MONTH TO DATE    0.65                        0.40    0.25   0.58
 SINCE MAR 1      1.39                        1.38    0.01   1.66
 SINCE JAN 1      2.11                        2.66   -0.55   2.51

SNOWFALL
(INCHES)
 TODAY             0.0            0.4  1968    0.0     0.0    0.0
 MONTH TO DATE       T                         1.2    -1.2      T
 SINCE MAR 1      14.3                        12.2     2.1    9.4
 SINCE JUL 1      59.7                        59.8    -0.1   24.7
 SNOW DEPTH (IN)     0                                          0

DEGREE DAYS
 HEATING
  TODAY              5                          27     -22     10
  MONTH TO DATE    745                        1000    -255    749
  SINCE MAR 1     3824                        4538    -714   4276
  SINCE JUL 1    12822                       14780   -1958  13154

 COOLING
  TODAY              0                           0       0      0
  MONTH TO DATE      0                           0       0      0
  SINCE MAR 1        0                           0       0      0
  SINCE JAN 1        0                           0       0      0
...................................................................

WIND (MPH)
 HIGHEST WIND SPEED    22     HIGHEST WIND DIRECTION    120
 HIGHEST GUST SPEED    25     HIGHEST GUST DIRECTION    130
 AVERAGE WIND SPEED    MM

WEATHER CONDITIONS
 THE FOLLOWING WEATHER WAS RECORDED TODAY.
 NO SIGNIFICANT WEATHER WAS OBSERVED.
...................................................................

THE KOTZEBUE CLIMATE NORMALS FOR TOMORROW
                        NORMAL    RECORD   YEAR
 MAXIMUM TEMPERATURE      44        66     2015
 MINIMUM TEMPERATURE      33        17     1984

SUNRISE AND SUNSET
 MAY 30 2016..........SUNRISE  3:34 AM      SUNSET  2:11 AM
 MAY 31 2016..........SUNRISE  3:26 AM      SUNSET  2:22 AM

-  INDICATES NEGATIVE NUMBERS.
R  INDICATES RECORD HAS BEEN SET OR TIED.
MM INDICATES DATA IS MISSING.
T  INDICATES TRACE OF PRECIPITATION.

&&
-------------------------------------------------------------------

AMOUNT OF DAYLIGHT TODAY  (HOUR:MIN)........22 HOURS 37 MINUTES
GAIN SINCE YESTERDAY (HOUR:MIN:SEC).........+0:14:59

$$
CRG MAY 16
