291
CDAK49 PAFG 230053
CLIOTZ

CLIMATE REPORT
NATIONAL WEATHER SERVICE FAIRBANKS AK
453 PM AKDT TUE AUG 22 2017


...................................

...THE KOTZEBUE AK CLIMATE SUMMARY FOR AUGUST 22 2017...
VALID TODAY AS OF 0400 PM LOCAL TIME.

CLIMATE NORMAL PERIOD 1981 TO 2010
CLIMATE RECORD PERIOD 1920 TO 2017


WEATHER ITEM   OBSERVED TIME   RECORD YEAR NORMAL DEPARTURE LAST
                VALUE   (LST)  VALUE       VALUE  FROM      YEAR
                                                  NORMAL
..................................................................
TEMPERATURE (F)
 TODAY
  MAXIMUM         51    202 AM  74    2004  55     -4       56
  MINIMUM         44    723 AM  29    1902  46     -2       47
  AVERAGE         48                        51     -3       52

PRECIPITATION (IN)
  TODAY            0.12          0.70 1959   0.07   0.05     0.01
  MONTH TO DATE    1.44                      1.59  -0.15     1.84
  SINCE JUN 1      4.27                      3.62   0.65     3.53
  SINCE JAN 1      6.35                      6.29   0.06     5.66

SNOWFALL (IN)
  TODAY            0.0           0.0    MM   0.0    0.0      0.0
  MONTH TO DATE    0.0                       0.0    0.0      0.0
  SINCE JUN 1      0.0                       0.0    0.0      0.0
  SINCE JUL 1      0.0                       0.0    0.0      0.0
  SNOW DEPTH       0

DEGREE DAYS
 HEATING
  TODAY           17                        14      3       13
  MONTH TO DATE  284                       273     11      159
  SINCE JUN 1    924                      1178   -254      816
  SINCE JUL 1    513                       598    -85      412

 COOLING
  TODAY            0                         0      0        0
  MONTH TO DATE    0                         0      0        0
  SINCE JUN 1      1                         4     -3        5
  SINCE JAN 1      1                         4     -3        5
..................................................................


WIND (MPH)
  HIGHEST GUST SPEED    28   HIGHEST GUST DIRECTION     W (260)


SKY COVER
  AVERAGE SKY COVER 1.0


WEATHER CONDITIONS
 THE FOLLOWING WEATHER WAS RECORDED TODAY.
  RAIN
  LIGHT RAIN
  FOG


RELATIVE HUMIDITY (PERCENT)
 HIGHEST   100
 LOWEST     82
 AVERAGE    91

..........................................................


THE KOTZEBUE AK CLIMATE NORMALS FOR TOMORROW
                         NORMAL    RECORD    YEAR
 MAXIMUM TEMPERATURE (F)   55        74      2004
 MINIMUM TEMPERATURE (F)   46        28      1902


SUNRISE AND SUNSET
AUGUST 22 2017........SUNRISE   649 AM AKDT  SUNSET  1056 PM AKDT
AUGUST 23 2017........SUNRISE   653 AM AKDT  SUNSET  1051 PM AKDT

-  INDICATES NEGATIVE NUMBERS.
R  INDICATES RECORD WAS SET OR TIED.
MM INDICATES DATA IS MISSING.
T  INDICATES TRACE AMOUNT.

&&

SNOW DEPTH IS MEASURED AT 3AM AKST/4AM AKDT.

----------------------------
AVAILABLE DAYLIGHT

AMOUNT OF DAYLIGHT TODAY  (HOUR:MIN)........16:07
GAIN/LOSS SINCE YESTERDAY (HOUR:MIN:SEC)....-0:07:44

$$
NTS AUG 17
