000
CDAK49 PAOT 222333
CLIOTZ

CLIMATE REPORT
NATIONAL WEATHER SERVICE KOTZEBUE, AK
333 PM AKDT FRI JUL 22 2016

...................................
...THE KOTZEBUE WSO AP CLIMATE SUMMARY FOR JULY 22 2016...
VALID TODAY AS OF 2:00 PM LOCAL TIME

CLIMATE NORMAL PERIOD  1981 TO  2010
CLIMATE RECORD PERIOD  1897 TO  2016

WEATHER ITEM   OBSERVED TIME    RECORD YEAR NORMAL DEPARTURE LAST
               VALUE    (LST)   VALUE       VALUE  FROM      YEAR
                                                   NORMAL
...................................................................
TEMPERATURE
TODAY
 MAXIMUM            63  0230 PM    79  1947     60       3     72
 MINIMUM            59  0550 AM    36  1931     51       8     61
 AVERAGE            61                          55       6     67

PRECIPITATION
(INCHES)
 TODAY            0.00           0.50  1994   0.05   -0.05      T
 MONTH TO DATE    1.23                        0.91    0.32   0.28
 SINCE JUN 1      1.48                        1.49   -0.01   0.49
 SINCE JAN 1      3.59                        4.16   -0.57   3.00

SNOWFALL
(INCHES)
 TODAY             0.0            0.0  2015    0.0     0.0    0.0
 MONTH TO DATE     0.0                         0.0     0.0    0.0
 SINCE JUN 1       0.0                         0.0     0.0    0.0
 SINCE JUL 1       0.0                         0.0     0.0    0.0
 SNOW DEPTH (IN)     0                                          0

DEGREE DAYS
 HEATING
  TODAY              4                          10      -6      0
  MONTH TO DATE    168                         235     -67    110
  SINCE JUN 1      572                         816    -244    519
  SINCE JUL 1      168                         235     -67    110

 COOLING
  TODAY              0                           0       0      2
  MONTH TO DATE      5                           0       5     10
  SINCE JUN 1        5                           0       5     14
  SINCE JAN 1        5                           0       5     14
...................................................................

WIND (MPH)
 HIGHEST WIND SPEED    12     HIGHEST WIND DIRECTION    270
 HIGHEST GUST SPEED    14     HIGHEST GUST DIRECTION    280
 AVERAGE WIND SPEED   0.0

SKY COVER
  POSSIBLE SUNSHINE  MM            AVERAGE SKY COVER MM

WEATHER CONDITIONS
 THE FOLLOWING WEATHER WAS RECORDED TODAY.
NO SIGNIFICANT WEATHER WAS OBSERVED.

RELATIVE HUMIDITY
 HIGHEST RH     MM PERCENT       MM
 LOWEST  RH     MM PERCENT       MM
 AVERAGE RH     MM PERCENT       MM
...................................................................

THE KOTZEBUE CLIMATE NORMALS FOR TOMORROW
                        NORMAL    RECORD   YEAR
 MAXIMUM TEMPERATURE      60        79     1950
 MINIMUM TEMPERATURE      51        34     1931

SUNRISE AND SUNSET
 JUL 22 2016..........SUNRISE  4:42 AM      SUNSET  1:09 AM
 JUL 23 2016..........SUNRISE  4:47 AM      SUNSET  1:04 AM

-  INDICATES NEGATIVE NUMBERS.
R  INDICATES RECORD HAS BEEN SET OR TIED.
MM INDICATES DATA IS MISSING.
T  INDICATES TRACE OF PRECIPITATION.

&&
-------------------------------------------------------------------

AMOUNT OF DAYLIGHT TODAY  (HOUR:MIN)........20 HOURS 27 MINUTES
LOSS SINCE YESTERDAY  (HOUR:MIN:SEC)........-0:09:57

$$
SV JUL 16
