000
CDAK49 PAFG 060941
CLIOTZ

CLIMATE REPORT
NATIONAL WEATHER SERVICE FAIRBANKS AK
1241 AM AKST TUE DEC 6 2016


...................................

...THE KOTZEBUE AK CLIMATE SUMMARY FOR DECEMBER 5 2016...

CLIMATE NORMAL PERIOD 1981 TO 2010
CLIMATE RECORD PERIOD 1920 TO 2016


WEATHER ITEM   OBSERVED TIME   RECORD YEAR NORMAL DEPARTURE LAST
                VALUE   (LST)  VALUE       VALUE  FROM      YEAR
                                                  NORMAL
..................................................................
TEMPERATURE (F)
 YESTERDAY
  MAXIMUM          0   1045 PM  33    2002  10    -10        5
                                      1934
  MINIMUM         -9    454 PM -42    1951  -2     -7        2
  AVERAGE         -4                         4     -8        4

PRECIPITATION (IN)
  YESTERDAY        0.00          0.20 1997   0.03  -0.03      T
  MONTH TO DATE    T                         0.13  -0.13     0.05
  SINCE DEC 1      T                         0.13  -0.13     0.05
  SINCE JAN 1      8.16                     10.37  -2.21    10.18

SNOWFALL (IN)
  YESTERDAY        0.0           2.0  1997   0.4   -0.4     MM
  MONTH TO DATE    T                         2.0   -2.0      0.0
  SINCE DEC 1      T                         2.0   -2.0      0.0
  SINCE JUL 1      5.6                      19.4  -13.8     13.4
  SNOW DEPTH       4

DEGREE DAYS
 HEATING
  YESTERDAY       69                        61      8       61
  MONTH TO DATE  358                       301     57      300
  SINCE DEC 1    358                       301     57      300
  SINCE JUL 1   3971                      4659   -688     4019

 COOLING
  YESTERDAY        0                         0      0        0
  MONTH TO DATE    0                         0      0        0
  SINCE DEC 1      0                         0      0        0
  SINCE JAN 1      5                         5      0       16
..................................................................


WIND (MPH)
  HIGHEST GUST SPEED    29   HIGHEST GUST DIRECTION     E (110)


SKY COVER
  AVERAGE SKY COVER 0.0


WEATHER CONDITIONS
 THE FOLLOWING WEATHER WAS RECORDED YESTERDAY.
  NO SIGNIFICANT WEATHER WAS OBSERVED.


RELATIVE HUMIDITY (PERCENT)
 HIGHEST    65
 LOWEST     45
 AVERAGE    55

..........................................................


THE KOTZEBUE AK CLIMATE NORMALS FOR TODAY
                         NORMAL    RECORD    YEAR
 MAXIMUM TEMPERATURE (F)   10        37      2013
 MINIMUM TEMPERATURE (F)   -2       -34      1951
                                             1944


SUNRISE AND SUNSET
DECEMBER 06 2016......SUNRISE  1220 PM AKST  SUNSET   305 PM AKST
DECEMBER 07 2016......SUNRISE  1224 PM AKST  SUNSET   302 PM AKST

-  INDICATES NEGATIVE NUMBERS.
R  INDICATES RECORD WAS SET OR TIED.
MM INDICATES DATA IS MISSING.
T  INDICATES TRACE AMOUNT.

&&

SNOW DEPTH IS MEASURED AT 3AM AKST/4AM AKDT.

----------------------------
AVAILABLE DAYLIGHT

AMOUNT OF DAYLIGHT TODAY  (HOUR:MIN)........2:45
GAIN/LOSS SINCE YESTERDAY (HOUR:MIN:SEC)....-0:06:59

$$
SDB DEC 16
