000
CDAK49 PAOT 102208
CLIOTZ

CLIMATE REPORT
NATIONAL WEATHER SERVICE KOTZEBUE, AK
208 PM AKDT THU JUL 10 2014

...................................
...THE KOTZEBUE WSO AP CLIMATE SUMMARY FOR JULY 10 2014...
VALID TODAY AS OF 2:00 PM LOCAL TIME

CLIMATE NORMAL PERIOD  1981 TO  2010
CLIMATE RECORD PERIOD  1897 TO  2014

WEATHER ITEM   OBSERVED TIME    RECORD YEAR NORMAL DEPARTURE LAST
               VALUE    (LST)   VALUE       VALUE  FROM      YEAR
                                                   NORMAL
...................................................................
TEMPERATURE
TODAY
 MAXIMUM            64  1252 PM    78  1929     60       4     59
 MINIMUM            54  0403 AM    36  1966     49       5     45
 AVERAGE            59                          55       4     52

PRECIPITATION
(INCHES)
 TODAY            0.00           0.70  1971   0.04   -0.04   0.00
 MONTH TO DATE    0.13                        0.35   -0.22   0.86
 SINCE JUN 1      0.51                        0.93   -0.42   1.77
 SINCE JAN 1      2.77                        3.60   -0.83   5.37

SNOWFALL
(INCHES)
 TODAY             0.0            0.0  2014    0.0     0.0    0.0
 MONTH TO DATE     0.0                         0.0     0.0    0.0
 SINCE JUN 1       0.0                         0.0     0.0    0.0
 SINCE JUL 1       0.0                         0.0     0.0    0.0
 SNOW DEPTH (IN)     0                                          0

DEGREE DAYS
 HEATING
  TODAY              6                          10      -4     13
  MONTH TO DATE     73                         115     -42    118
  SINCE JUN 1      690                         696      -6    543
  SINCE JUL 1       73                         115     -42    118

 COOLING
  TODAY              0                           0       0      0
  MONTH TO DATE      8                           0       8      0
  SINCE JUN 1        8                           0       8      8
  SINCE JAN 1        8                           0       8      8
...................................................................

WIND (MPH)
 HIGHEST WIND SPEED    13     HIGHEST WIND DIRECTION    300
 HIGHEST GUST SPEED    15     HIGHEST GUST DIRECTION    310
 AVERAGE WIND SPEED   0.0

SKY COVER
  POSSIBLE SUNSHINE  MM            AVERAGE SKY COVER MM

WEATHER CONDITIONS
 THE FOLLOWING WEATHER WAS RECORDED TODAY.
 NO SIGNIFICANT WEATHER WAS OBSERVED.

RELATIVE HUMIDITY
 HIGHEST RH     MM PERCENT       MM
 LOWEST  RH     MM PERCENT       MM
 AVERAGE RH     MM PERCENT       MM
...................................................................

THE KOTZEBUE CLIMATE NORMALS FOR TOMORROW
                        NORMAL    RECORD   YEAR
 MAXIMUM TEMPERATURE      60        80     1957
 MINIMUM TEMPERATURE      50        37     1959

SUNRISE AND SUNSET
 JUL 10 2014..........SUNRISE  3:16 AM      SUNSET  2:24 AM
 JUL 11 2014..........SUNRISE  3:29 AM      SUNSET  2:15 AM

-  INDICATES NEGATIVE NUMBERS.
R  INDICATES RECORD HAS BEEN SET OR TIED.
MM INDICATES DATA IS MISSING.
T  INDICATES TRACE OF PRECIPITATION.

&&
-------------------------------------------------------------------

AMOUNT OF DAYLIGHT TODAY  (HOUR:MIN)........23 HOURS 8 MINUTES
GAIN/LOSS SINCE YESTERDAY (HOUR:MIN:SEC)....-0:39:04

$$

*** JUL 14
