000
CDAK49 PAOT 281215
CLIOTZ

CLIMATE REPORT
NATIONAL WEATHER SERVICE KOTZEBUE, AK
415 AM AKDT MON JUL 28 2014

...................................
...THE KOTZEBUE WSO AP CLIMATE SUMMARY FOR JULY 27 2014...

CLIMATE NORMAL PERIOD  1981 TO  2010
CLIMATE RECORD PERIOD  1897 TO  2014

WEATHER ITEM   OBSERVED TIME    RECORD YEAR NORMAL DEPARTURE LAST
               VALUE    (LST)   VALUE       VALUE  FROM      YEAR
                                                   NORMAL
...................................................................
TEMPERATURE
YESTERDAY
 MAXIMUM            54  0236 PM    75  1903     59      -5     68
 MINIMUM            47  0334 AM    34  2000     50      -4     56
 AVERAGE            51                          55      -4     62

PRECIPITATION
(INCHES)
 YESTERDAY        0.17           1.30  1931   0.06    0.11      T
 MONTH TO DATE    2.58                        1.19    1.39   1.25
 SINCE JUN 1      2.96                        1.77    1.19   2.16
 SINCE JAN 1      5.22                        4.44    0.78   5.76

SNOWFALL
(INCHES)
 YESTERDAY         0.0              T  2000    0.0     0.0    0.0
 MONTH TO DATE     0.0                         0.0     0.0    0.0
 SINCE JUN 1       0.0                         0.0     0.0    0.0
 SINCE JUL 1       0.0                         0.0     0.0    0.0
 SNOW DEPTH (IN)     0                                          0

DEGREE DAYS
 HEATING
  YESTERDAY         14                          10       4      3
  MONTH TO DATE    319                         285      34    234
  SINCE JUN 1      936                         866      70    659
  SINCE JUL 1      319                         285      34    234

 COOLING
  YESTERDAY          0                           0       0      0
  MONTH TO DATE      8                           0       8      5
  SINCE JUN 1        8                           0       8     13
  SINCE JAN 1        8                           0       8     13
...................................................................

WIND (MPH)
 HIGHEST WIND SPEED    21     HIGHEST WIND DIRECTION    100
 HIGHEST GUST SPEED    24     HIGHEST GUST DIRECTION    110
 AVERAGE WIND SPEED   9.9

SKY COVER
  POSSIBLE SUNSHINE    MM          AVERAGE SKY COVER     MM

WEATHER CONDITIONS
 THE FOLLOWING WEATHER WAS RECORDED YESTERDAY.
 FOG
 RAIN


RELATIVE HUMIDITY
 HIGHEST RH     MM PERCENT       MM
 LOWEST  RH     MM PERCENT       MM
 AVERAGE RH     MM PERCENT       MM
...................................................................

THE KOTZEBUE CLIMATE NORMALS FOR TODAY
                           NORMAL    RECORD   YEAR
 MAXIMUM TEMPERATURE (F)     59        76     1903
 MINIMUM TEMPERATURE (F)     51        36     2000

SUNRISE AND SUNSET
 JUL 28 2014..........SUNRISE  5:08 AM      SUNSET 12:43 AM
 JUL 29 2014..........SUNRISE  5:13 AM      SUNSET 12:39 AM

-  INDICATES NEGATIVE NUMBERS.
R  INDICATES RECORD HAS BEEN SET OR TIED.
MM INDICATES DATA IS MISSING.
T  INDICATES TRACE OF PRECIPITATION.

&&
-------------------------------------------------------------------

AMOUNT OF DAYLIGHT TODAY  (HOUR:MIN)........19 HOURS 35 MINUTES
LOSS SINCE YESTERDAY (HOUR:MIN:SEC).........-0:09:08

$$
TGH JUL 14
