000
CDAK49 PAFG 221001
CLIOTZ

CLIMATE REPORT
NATIONAL WEATHER SERVICE FAIRBANKS AK
201 AM AKDT MON MAY 22 2017


...................................

...THE KOTZEBUE AK CLIMATE SUMMARY FOR MAY 21 2017...

CLIMATE NORMAL PERIOD 1981 TO 2010
CLIMATE RECORD PERIOD 1920 TO 2017


WEATHER ITEM   OBSERVED TIME   RECORD YEAR NORMAL DEPARTURE LAST
                VALUE   (LST)  VALUE       VALUE  FROM      YEAR
                                                  NORMAL
..................................................................
TEMPERATURE (F)
 YESTERDAY
  MAXIMUM         34   1120 PM  66    2002  40     -6       51
  MINIMUM         25    558 AM  13    2000  29     -4       37
  AVERAGE         30                        34     -4       44

PRECIPITATION (IN)
  YESTERDAY        0.00          0.37 1989   0.02  -0.02     0.14
  MONTH TO DATE    0.05                      0.30  -0.25     0.46
  SINCE MAR 1      0.13                      1.28  -1.15     1.23
  SINCE JAN 1      1.72                      2.56  -0.84     1.94

SNOWFALL (IN)
  YESTERDAY        0.0           1.4  1952   0.0    0.0      0.0
  MONTH TO DATE    0.2                       1.1   -0.9       T
  SINCE MAR 1      2.4                      12.1   -9.7      6.0
  SINCE JUL 1     52.6                      59.7   -7.1     26.0
  SNOW DEPTH       0

DEGREE DAYS
 HEATING
  YESTERDAY       35                        31      4       21
  MONTH TO DATE  662                       743    -81      583
  SINCE MAR 1   4043                      4276   -233     3662
  SINCE JUL 1  12902                     14521  -1619    12440

 COOLING
  YESTERDAY        0                         0      0        0
  MONTH TO DATE    0                         0      0        0
  SINCE MAR 1      0                         0      0        0
  SINCE JAN 1      0                         0      0        0
..................................................................


WIND (MPH)
  HIGHEST GUST SPEED    12   HIGHEST GUST DIRECTION     W (290)


SKY COVER
  AVERAGE SKY COVER 0.4


WEATHER CONDITIONS
 THE FOLLOWING WEATHER WAS RECORDED YESTERDAY.
  FOG
  FOG W/VISIBILITY <= 1/4 MILE


RELATIVE HUMIDITY (PERCENT)
 HIGHEST   100
 LOWEST     85
 AVERAGE    93

..........................................................


THE KOTZEBUE AK CLIMATE NORMALS FOR TODAY
                         NORMAL    RECORD    YEAR
 MAXIMUM TEMPERATURE (F)   40        70      1969
 MINIMUM TEMPERATURE (F)   29        14      2000


SUNRISE AND SUNSET
MAY 22 2017...........SUNRISE   423 AM AKDT  SUNSET   117 AM AKDT
MAY 23 2017...........SUNRISE   418 AM AKDT  SUNSET   122 AM AKDT

-  INDICATES NEGATIVE NUMBERS.
R  INDICATES RECORD WAS SET OR TIED.
MM INDICATES DATA IS MISSING.
T  INDICATES TRACE AMOUNT.

&&

SNOW DEPTH IS MEASURED AT 3AM AKST/4AM AKDT.

----------------------------
AVAILABLE DAYLIGHT

AMOUNT OF DAYLIGHT TODAY  (HOUR:MIN)........20:48
GAIN/LOSS SINCE YESTERDAY (HOUR:MIN:SEC)....+0:10:10

$$
MAY 17
