000
CDAK49 PAFG 220941
CLIOTZ

CLIMATE REPORT
NATIONAL WEATHER SERVICE FAIRBANKS AK
1241 AM AKST SUN JAN 22 2017


...................................

...THE KOTZEBUE AK CLIMATE SUMMARY FOR JANUARY 21 2017...

CLIMATE NORMAL PERIOD 1981 TO 2010
CLIMATE RECORD PERIOD 1920 TO 2017


WEATHER ITEM   OBSERVED TIME   RECORD YEAR NORMAL DEPARTURE LAST
                VALUE   (LST)  VALUE       VALUE  FROM      YEAR
                                                  NORMAL
..................................................................
TEMPERATURE (F)
 YESTERDAY
  MAXIMUM        -11    103 AM  38    1961   3    -14        6
  MINIMUM        -31    831 PM -47    1989 -10    -21       -7
  AVERAGE        -21                        -3    -18        0

PRECIPITATION (IN)
  YESTERDAY        T             0.30 1937   0.02  -0.02     0.00
  MONTH TO DATE    0.15                      0.43  -0.28     0.16
  SINCE DEC 1      0.89                      1.19  -0.30     0.62
  SINCE JAN 1      0.15                      0.43  -0.28     0.16

SNOWFALL (IN)
  YESTERDAY        0.1           8.0  1937   0.3   -0.2      0.0
  MONTH TO DATE    1.1                       6.3   -5.2      1.0
  SINCE DEC 1     15.2                      17.8   -2.6      2.2
  SINCE JUL 1     20.8                      35.2  -14.4     15.6
  SNOW DEPTH      15

DEGREE DAYS
 HEATING
  YESTERDAY       86                        68     18       65
  MONTH TO DATE 1389                      1417    -28     1021
  SINCE DEC 1   3191                      3361   -170     2960
  SINCE JUL 1   6804                      7719   -915     6679

 COOLING
  YESTERDAY        0                         0      0        0
  MONTH TO DATE    0                         0      0        0
  SINCE DEC 1      0                         0      0        0
  SINCE JAN 1      0                         0      0        0
..................................................................


WIND (MPH)
  HIGHEST GUST SPEED    19   HIGHEST GUST DIRECTION     E (110)


SKY COVER
  AVERAGE SKY COVER 0.4


WEATHER CONDITIONS
 THE FOLLOWING WEATHER WAS RECORDED YESTERDAY.
  LIGHT SNOW
  FOG
  HAZE


RELATIVE HUMIDITY (PERCENT)
 HIGHEST    74
 LOWEST     62
 AVERAGE    68

..........................................................


THE KOTZEBUE AK CLIMATE NORMALS FOR TODAY
                         NORMAL    RECORD    YEAR
 MAXIMUM TEMPERATURE (F)    3        33      2008
 MINIMUM TEMPERATURE (F)  -10       -48      1989


SUNRISE AND SUNSET
JANUARY 22 2017.......SUNRISE  1131 AM AKST  SUNSET   435 PM AKST
JANUARY 23 2017.......SUNRISE  1127 AM AKST  SUNSET   439 PM AKST

-  INDICATES NEGATIVE NUMBERS.
R  INDICATES RECORD WAS SET OR TIED.
MM INDICATES DATA IS MISSING.
T  INDICATES TRACE AMOUNT.

&&

SNOW DEPTH IS MEASURED AT 3AM AKST/4AM AKDT.

----------------------------
AVAILABLE DAYLIGHT

AMOUNT OF DAYLIGHT TODAY  (HOUR:MIN)........5:04
GAIN/LOSS SINCE YESTERDAY (HOUR:MIN:SEC)....+0:07:59

$$
SDB JAN 17
