000
CDUS43 KDDC 032330
CLIP28


CLIMATE REPORT
NATIONAL WEATHER SERVICE DODGE CITY KS
625 PM CDT TUE MAY 3 2016


...................................

...THE MEDICINE LODGE KS CLIMATE SUMMARY FOR MAY 3 2016...
VALID TODAY AS OF 0500 PM LOCAL TIME.

CLIMATE NORMAL PERIOD 1981 TO 2010
CLIMATE RECORD PERIOD 1893 TO 2016


WEATHER ITEM   OBSERVED TIME   RECORD YEAR NORMAL DEPARTURE LAST
                VALUE   (LST)  VALUE       VALUE  FROM      YEAR
                                                  NORMAL
..................................................................
TEMPERATURE (F)
 TODAY
  MAXIMUM         75    356 PM 101    1950  74      1       86
  MINIMUM         37    556 AM  28    1954  50    -13       61
  AVERAGE         56                        62     -6       74

PRECIPITATION (IN)
  TODAY            0.00          2.25 1991   0.11  -0.11     0.00
  MONTH TO DATE    0.00                      0.32  -0.32     0.00
  SINCE MAR 1      5.61                      5.01   0.60     3.86
  SINCE JAN 1      6.50                      6.76  -0.26     5.17

DEGREE DAYS
 HEATING
  TODAY            9                         4      5        0
  MONTH TO DATE   36                        14     22        0
  SINCE MAR 1    639                       870   -231      643
  SINCE JUL 1   3528                      4399   -871     4217

 COOLING
  TODAY            0                         2     -2        9
  MONTH TO DATE    0                         5     -5       16
  SINCE MAR 1     36                        29      7       48
  SINCE JAN 1     36                        29      7       48
..................................................................


WIND (MPH)
  HIGHEST WIND SPEED    13   HIGHEST WIND DIRECTION     S (170)
  HIGHEST GUST SPEED    17   HIGHEST GUST DIRECTION    SW (220)
  AVERAGE WIND SPEED     3.0




RELATIVE HUMIDITY (PERCENT)
 HIGHEST    92           300 AM
 LOWEST     27           400 PM
 AVERAGE    60

..........................................................


THE MEDICINE LODGE KS CLIMATE NORMALS FOR TOMORROW
                         NORMAL    RECORD    YEAR
 MAXIMUM TEMPERATURE (F)   75       103      2014
 MINIMUM TEMPERATURE (F)   51        32      2013


SUNRISE AND SUNSET
MAY  3 2016...........SUNRISE   637 AM CDT   SUNSET   826 PM CDT
MAY  4 2016...........SUNRISE   636 AM CDT   SUNSET   827 PM CDT


-  INDICATES NEGATIVE NUMBERS.
R  INDICATES RECORD WAS SET OR TIED.
MM INDICATES DATA IS MISSING.
T  INDICATES TRACE AMOUNT.




$$
