000
CDUS43 KDDC 302329
CLIP28


CLIMATE REPORT
NATIONAL WEATHER SERVICE DODGE CITY KS
628 PM CDT SUN AUG 30 2015


...................................

...THE MEDICINE LODGE KS CLIMATE SUMMARY FOR AUGUST 30 2015...
VALID TODAY AS OF 0500 PM LOCAL TIME.

CLIMATE NORMAL PERIOD 1981 TO 2010
CLIMATE RECORD PERIOD 1893 TO 2015


WEATHER ITEM   OBSERVED TIME   RECORD YEAR NORMAL DEPARTURE LAST
                VALUE   (LST)  VALUE       VALUE  FROM      YEAR
                                                  NORMAL
..................................................................
TEMPERATURE (F)
 TODAY
  MAXIMUM         86    359 PM 111    1939  90     -4       92
  MINIMUM         56    507 AM  44    1915  65     -9       61
  AVERAGE         71                        77     -6       77

PRECIPITATION (IN)
  TODAY            0.00          3.87 2003   0.11  -0.11     0.00
  MONTH TO DATE    1.30                      3.01  -1.71     2.01
  SINCE JUN 1     14.21                     10.50   3.71    14.62
  SINCE JAN 1     26.17                     20.24   5.93    17.51

DEGREE DAYS
 HEATING
  TODAY            0                         0      0        0
  MONTH TO DATE    0                         0      0        0
  SINCE JUN 1      0                         3     -3        5
  SINCE JUL 1      0                         0      0        5

 COOLING
  TODAY            6                        12     -6       12
  MONTH TO DATE  393                       461    -68      484
  SINCE JUN 1   1354                      1342     12     1195
  SINCE JAN 1   1461                      1498    -37     1464
..................................................................


WIND (MPH)
  HIGHEST WIND SPEED     9   HIGHEST WIND DIRECTION    SE (140)
  HIGHEST GUST SPEED    12   HIGHEST GUST DIRECTION    SE (120)
  AVERAGE WIND SPEED     3.2




RELATIVE HUMIDITY (PERCENT)
 HIGHEST   100           400 AM
 LOWEST     42           500 PM
 AVERAGE    71

..........................................................


THE MEDICINE LODGE KS CLIMATE NORMALS FOR TOMORROW
                         NORMAL    RECORD    YEAR
 MAXIMUM TEMPERATURE (F)   90       109      2011
 MINIMUM TEMPERATURE (F)   65        45      1915


SUNRISE AND SUNSET
AUGUST 30 2015........SUNRISE   703 AM CDT   SUNSET   806 PM CDT
AUGUST 31 2015........SUNRISE   704 AM CDT   SUNSET   805 PM CDT


-  INDICATES NEGATIVE NUMBERS.
R  INDICATES RECORD WAS SET OR TIED.
MM INDICATES DATA IS MISSING.
T  INDICATES TRACE AMOUNT.




$$
