000
CDUS43 KDDC 222328
CLIP28


CLIMATE REPORT
NATIONAL WEATHER SERVICE DODGE CITY KS
527 PM CST MON DEC 22 2014


...................................

...THE MEDICINE LODGE KS CLIMATE SUMMARY FOR DECEMBER 22 2014...
VALID TODAY AS OF 0500 PM LOCAL TIME.

CLIMATE NORMAL PERIOD 1981 TO 2010
CLIMATE RECORD PERIOD 1893 TO 2014


WEATHER ITEM   OBSERVED TIME   RECORD YEAR NORMAL DEPARTURE LAST
                VALUE   (LST)  VALUE       VALUE  FROM      YEAR
                                                  NORMAL
..................................................................
TEMPERATURE (F)
 TODAY
  MAXIMUM         56    308 PM  74    1915  45     11       28
  MINIMUM         42    835 AM -15    1989  22     20        3
  AVERAGE         49                        33     16       16

PRECIPITATION (IN)
  TODAY            0.00          0.38 1997   0.04  -0.04     0.01
  MONTH TO DATE    0.80                      0.69   0.11     0.51
  SINCE DEC 1      0.80                      0.69   0.11     0.51
  SINCE JAN 1     20.16                     26.91  -6.75    25.74

DEGREE DAYS
 HEATING
  TODAY           16                        32    -16       49
  MONTH TO DATE  542                       653   -111      749
  SINCE DEC 1    542                       653   -111      749
  SINCE JUL 1   1447                      1511    -64     1687

 COOLING
  TODAY            0                         0      0        0
  MONTH TO DATE    0                         0      0        0
  SINCE DEC 1      0                         0      0        0
  SINCE JAN 1   1802                      1770     32     1786
..................................................................


WIND (MPH)
  HIGHEST WIND SPEED    28   HIGHEST WIND DIRECTION     N (340)
  HIGHEST GUST SPEED    35   HIGHEST GUST DIRECTION    NW (320)
  AVERAGE WIND SPEED    10.5




RELATIVE HUMIDITY (PERCENT)
 HIGHEST   100          1200 AM
 LOWEST     41           400 PM
 AVERAGE    71

..........................................................


THE MEDICINE LODGE KS CLIMATE NORMALS FOR TOMORROW
                         NORMAL    RECORD    YEAR
 MAXIMUM TEMPERATURE (F)   44        75      1933
 MINIMUM TEMPERATURE (F)   22       -18      1989


SUNRISE AND SUNSET
DECEMBER 22 2014......SUNRISE   745 AM CST   SUNSET   521 PM CST
DECEMBER 23 2014......SUNRISE   746 AM CST   SUNSET   521 PM CST


-  INDICATES NEGATIVE NUMBERS.
R  INDICATES RECORD WAS SET OR TIED.
MM INDICATES DATA IS MISSING.
T  INDICATES TRACE AMOUNT.




$$
