217
CDUS43 KDDC 141426
CLIP28


CLIMATE REPORT
NATIONAL WEATHER SERVICE DODGE CITY KS
825 AM CST SUN FEB 14 2016


...................................

...THE MEDICINE LODGE KS CLIMATE SUMMARY FOR FEBRUARY 14 2016...
VALID AS OF 0800 AM LOCAL TIME.

CLIMATE NORMAL PERIOD 1981 TO 2010
CLIMATE RECORD PERIOD 1893 TO 2016


WEATHER ITEM   OBSERVED TIME   RECORD YEAR NORMAL DEPARTURE LAST
                VALUE   (LST)  VALUE       VALUE  FROM      YEAR
                                                  NORMAL
..................................................................
TEMPERATURE (F)
 TODAY
  MAXIMUM         39    302 AM  89    1954  50    -11       69
  MINIMUM         22    747 AM  -1    1936  26     -4       26
  AVERAGE         31                        38     -7       48

PRECIPITATION (IN)
  TODAY            0.00          0.75 1969   0.03  -0.03     0.00
  MONTH TO DATE    0.38                      0.44  -0.06     0.01
  SINCE DEC 1      3.26                      2.07   1.19     2.09
  SINCE JAN 1      0.89                      1.15  -0.26     0.77

..................................................................


WIND (MPH)
  HIGHEST WIND SPEED    20   HIGHEST WIND DIRECTION     N (10)
  HIGHEST GUST SPEED    26   HIGHEST GUST DIRECTION     N (350)



WEATHER CONDITIONS
 THE FOLLOWING WEATHER WAS RECORDED TODAY.
  NO SIGNIFICANT WEATHER WAS OBSERVED.


RELATIVE HUMIDITY (PERCENT)
 HIGHEST    74           800 AM
 LOWEST     54          1200 AM

..........................................................


THE MEDICINE LODGE KS CLIMATE NORMALS FOR TOMORROW
                         NORMAL    RECORD    YEAR
 MAXIMUM TEMPERATURE (F)   50        84      1954
 MINIMUM TEMPERATURE (F)   26        -1      1936


SUNRISE AND SUNSET
FEBRUARY 14 2016......SUNRISE   725 AM CST   SUNSET   613 PM CST
FEBRUARY 15 2016......SUNRISE   724 AM CST   SUNSET   614 PM CST


-  INDICATES NEGATIVE NUMBERS.
R  INDICATES RECORD WAS SET OR TIED.
MM INDICATES DATA IS MISSING.
T  INDICATES TRACE AMOUNT.




$$
