000
CDUS43 KDDC 162327
CLIP28


CLIMATE REPORT
NATIONAL WEATHER SERVICE DODGE CITY KS
627 PM CDT WED AUG 16 2017


...................................

...THE MEDICINE LODGE KS CLIMATE SUMMARY FOR AUGUST 16 2017...
VALID TODAY AS OF 0500 PM LOCAL TIME.

CLIMATE NORMAL PERIOD 1981 TO 2010
CLIMATE RECORD PERIOD 1893 TO 2017


WEATHER ITEM   OBSERVED TIME   RECORD YEAR NORMAL DEPARTURE LAST
                VALUE   (LST)  VALUE       VALUE  FROM      YEAR
                                                  NORMAL
..................................................................
TEMPERATURE (F)
 TODAY
  MAXIMUM         89    128 PM 109    1909  93     -4       94
  MINIMUM         72    702 AM  52    1978  68      4       64
  AVERAGE         81                        81      0       79

PRECIPITATION (IN)
  TODAY            0.03          1.85 1932   0.11  -0.08     0.00
  MONTH TO DATE    3.39                      1.51   1.88     4.63
  SINCE JUN 1      6.36                      9.00  -2.64     9.12
  SINCE JAN 1     21.91                     18.74   3.17    17.90

DEGREE DAYS
 HEATING
  TODAY            0                         0      0        0
  MONTH TO DATE    0                         0      0        0
  SINCE JUN 1      0                         3     -3        0
  SINCE JUL 1      0                         0      0        0

 COOLING
  TODAY           16                        16      0       14
  MONTH TO DATE  176                       266    -90      256
  SINCE JUN 1   1104                      1147    -43     1291
  SINCE JAN 1   1202                      1303   -101     1428
..................................................................


WIND (MPH)
  HIGHEST WIND SPEED    20   HIGHEST WIND DIRECTION     N (10)
  HIGHEST GUST SPEED    24   HIGHEST GUST DIRECTION     N (10)
  AVERAGE WIND SPEED     7.7




RELATIVE HUMIDITY (PERCENT)
 HIGHEST    93           100 AM
 LOWEST     55           200 PM
 AVERAGE    74

..........................................................


THE MEDICINE LODGE KS CLIMATE NORMALS FOR TOMORROW
                         NORMAL    RECORD    YEAR
 MAXIMUM TEMPERATURE (F)   93       113      1909
 MINIMUM TEMPERATURE (F)   68        53      1962


SUNRISE AND SUNSET
AUGUST 16 2017........SUNRISE   652 AM CDT   SUNSET   825 PM CDT
AUGUST 17 2017........SUNRISE   653 AM CDT   SUNSET   823 PM CDT


-  INDICATES NEGATIVE NUMBERS.
R  INDICATES RECORD WAS SET OR TIED.
MM INDICATES DATA IS MISSING.
T  INDICATES TRACE AMOUNT.




$$
