039
CDUS43 KDDC 240705
CLIP28


CLIMATE REPORT
NATIONAL WEATHER SERVICE DODGE CITY KS
205 AM CDT SAT JUN 24 2017


...................................

...THE MEDICINE LODGE KS CLIMATE SUMMARY FOR JUNE 23 2017...

CLIMATE NORMAL PERIOD 1981 TO 2010
CLIMATE RECORD PERIOD 1893 TO 2017


WEATHER ITEM   OBSERVED TIME   RECORD YEAR NORMAL DEPARTURE LAST
                VALUE   (LST)  VALUE       VALUE  FROM      YEAR
                                                  NORMAL
..................................................................
TEMPERATURE (F)
 YESTERDAY
  MAXIMUM         85   1101 AM 107    1897  91     -6       88
  MINIMUM         66   1159 PM  52    1972  67     -1       71
  AVERAGE         76                        79     -3       80

PRECIPITATION (IN)
  YESTERDAY        0.00          1.55 1957   0.13  -0.13     0.00
  MONTH TO DATE    1.74                      3.33  -1.59     1.65
  SINCE JUN 1      1.74                      3.33  -1.59     1.65
  SINCE JAN 1     17.29                     13.07   4.22    10.43

SNOWFALL (IN)
  YESTERDAY        0.0          MM      MM   0.0             0.0
  MONTH TO DATE    0.0                       0.0             0.0
  SINCE JUN 1      0.0                       0.0             0.0
  SINCE JUL 1      1.4                       8.5             2.0
  SNOW DEPTH       0

DEGREE DAYS
 HEATING
  YESTERDAY        0                         0      0        0
  MONTH TO DATE    0                         0      0        0
  SINCE JUN 1      0                         0      0        0
  SINCE JUL 1   3711                      4455   -744     3601

 COOLING
  YESTERDAY       11                        14     -3       15
  MONTH TO DATE  285                       250     35      342
  SINCE JUN 1    285                       250     35      342
  SINCE JAN 1    383                       406    -23      479
..................................................................


WIND (MPH)
  HIGHEST WIND SPEED    33   HIGHEST WIND DIRECTION    NE (30)
  HIGHEST GUST SPEED    45   HIGHEST GUST DIRECTION    NE (40)
  AVERAGE WIND SPEED    12.0




RELATIVE HUMIDITY (PERCENT)
 HIGHEST    76           300 AM
 LOWEST     28          1100 AM
 AVERAGE    52

..........................................................


THE MEDICINE LODGE KS CLIMATE NORMALS FOR TODAY
                         NORMAL    RECORD    YEAR
 MAXIMUM TEMPERATURE (F)   91       111      1897
 MINIMUM TEMPERATURE (F)   67        48      1940


SUNRISE AND SUNSET
JUNE 24 2017..........SUNRISE   615 AM CDT   SUNSET   859 PM CDT
JUNE 25 2017..........SUNRISE   615 AM CDT   SUNSET   859 PM CDT


-  INDICATES NEGATIVE NUMBERS.
R  INDICATES RECORD WAS SET OR TIED.
MM INDICATES DATA IS MISSING.
T  INDICATES TRACE AMOUNT.




$$
