000
CDUS43 KDDC 251426
CLIP28


CLIMATE REPORT
NATIONAL WEATHER SERVICE DODGE CITY KS
926 AM CDT MON MAY 25 2015


...................................

...THE MEDICINE LODGE KS CLIMATE SUMMARY FOR MAY 25 2015...
VALID AS OF 0800 AM LOCAL TIME.

CLIMATE NORMAL PERIOD 1981 TO 2010
CLIMATE RECORD PERIOD 1893 TO 2015


WEATHER ITEM   OBSERVED TIME   RECORD YEAR NORMAL DEPARTURE LAST
                VALUE   (LST)  VALUE       VALUE  FROM      YEAR
                                                  NORMAL
..................................................................
TEMPERATURE (F)
 TODAY
  MAXIMUM         68    759 AM 103    1953  82    -14       82
  MINIMUM         57    608 AM  39    1901  58     -1       63
  AVERAGE         63                        70     -7       73

PRECIPITATION (IN)
  TODAY            0.00          1.51 2010   0.12  -0.12     0.34
  MONTH TO DATE    6.75                      2.56   4.19     0.43
  SINCE MAR 1     10.61                      7.25   3.36     1.55
  SINCE JAN 1     11.92                      9.00   2.92     2.50

..................................................................


WIND (MPH)
  HIGHEST WIND SPEED    15   HIGHEST WIND DIRECTION     N (20)
  HIGHEST GUST SPEED    19   HIGHEST GUST DIRECTION    SE (150)



WEATHER CONDITIONS
 THE FOLLOWING WEATHER WAS RECORDED TODAY.
  NO SIGNIFICANT WEATHER WAS OBSERVED.


RELATIVE HUMIDITY (PERCENT)
 HIGHEST   100

..........................................................


THE MEDICINE LODGE KS CLIMATE NORMALS FOR TOMORROW
                         NORMAL    RECORD    YEAR
 MAXIMUM TEMPERATURE (F)   83       101      1953
 MINIMUM TEMPERATURE (F)   59        40      1901


SUNRISE AND SUNSET
MAY 25 2015...........SUNRISE   619 AM CDT   SUNSET   844 PM CDT
MAY 26 2015...........SUNRISE   618 AM CDT   SUNSET   845 PM CDT


-  INDICATES NEGATIVE NUMBERS.
R  INDICATES RECORD WAS SET OR TIED.
MM INDICATES DATA IS MISSING.
T  INDICATES TRACE AMOUNT.




$$
