000
CDUS43 KDDC 190711
CLIP28


CLIMATE REPORT
NATIONAL WEATHER SERVICE DODGE CITY KS
209 AM CDT THU OCT 19 2017


...................................

...THE MEDICINE LODGE KS CLIMATE SUMMARY FOR OCTOBER 18 2017...

CLIMATE NORMAL PERIOD 1981 TO 2010
CLIMATE RECORD PERIOD 1893 TO 2017


WEATHER ITEM   OBSERVED TIME   RECORD YEAR NORMAL DEPARTURE LAST
                VALUE   (LST)  VALUE       VALUE  FROM      YEAR
                                                  NORMAL
..................................................................
TEMPERATURE (F)
 YESTERDAY
  MAXIMUM         82    337 PM  92    1943  70     12       78
  MINIMUM         47    706 AM  23    1948  45      2       52
  AVERAGE         65                        58      7       65

PRECIPITATION (IN)
  YESTERDAY        0.00          1.69 1965   0.11  -0.11     0.00
  MONTH TO DATE    1.09                      1.76  -0.67     1.28
  SINCE SEP 1      7.04                      3.86   3.18     8.46
  SINCE JAN 1     29.17                     24.21   4.96    28.89

SNOWFALL (IN)
  YESTERDAY        0.0          MM      MM   0.0             0.0
  MONTH TO DATE    0.0                       0.0             0.0
  SINCE SEP 1      0.0                       0.0             0.0
  SINCE JUL 1      0.0                       0.0             0.0
  SNOW DEPTH       0

DEGREE DAYS
 HEATING
  YESTERDAY        0                         8     -8        0
  MONTH TO DATE   66                       102    -36       54
  SINCE SEP 1     78                       136    -58       76
  SINCE JUL 1     78                       136    -58       76

 COOLING
  YESTERDAY        0                         1     -1        0
  MONTH TO DATE   54                        34     20       56
  SINCE SEP 1    295                       254     41      311
  SINCE JAN 1   1654                      1765   -111     1911
..................................................................


WIND (MPH)
  HIGHEST WIND SPEED    13   HIGHEST WIND DIRECTION     S (160)
  HIGHEST GUST SPEED    18   HIGHEST GUST DIRECTION     S (160)
  AVERAGE WIND SPEED     7.8




RELATIVE HUMIDITY (PERCENT)
 HIGHEST    86           700 AM
 LOWEST     30           200 PM
 AVERAGE    58

..........................................................


THE MEDICINE LODGE KS CLIMATE NORMALS FOR TODAY
                         NORMAL    RECORD    YEAR
 MAXIMUM TEMPERATURE (F)   70        91      1943
 MINIMUM TEMPERATURE (F)   45        19      1917


SUNRISE AND SUNSET
OCTOBER 19 2017.......SUNRISE   746 AM CDT   SUNSET   652 PM CDT
OCTOBER 20 2017.......SUNRISE   747 AM CDT   SUNSET   650 PM CDT


-  INDICATES NEGATIVE NUMBERS.
R  INDICATES RECORD WAS SET OR TIED.
MM INDICATES DATA IS MISSING.
T  INDICATES TRACE AMOUNT.




$$
