000
CDUS43 KDDC 021009
CLIP28


CLIMATE REPORT
NATIONAL WEATHER SERVICE DODGE CITY KS
509 AM CDT THU JUL 2 2015


...................................

...THE MEDICINE LODGE KS CLIMATE SUMMARY FOR JULY 1 2015...

CLIMATE NORMAL PERIOD 1981 TO 2010
CLIMATE RECORD PERIOD 1893 TO 2015


WEATHER ITEM   OBSERVED TIME   RECORD YEAR NORMAL DEPARTURE LAST
                VALUE   (LST)  VALUE       VALUE  FROM      YEAR
                                                  NORMAL
..................................................................
TEMPERATURE (F)
 YESTERDAY
  MAXIMUM        104    418 PM 109    1933  93     11       82
  MINIMUM         71    441 AM  52    1918  68      3       64
  AVERAGE         88                        80      8       73

PRECIPITATION (IN)
  YESTERDAY        0.00          3.02 1976   0.14  -0.14     0.37
  MONTH TO DATE    0.00                      0.14  -0.14     0.37
  SINCE JUN 1      2.26                      4.25  -1.99     8.26
  SINCE JAN 1     14.22                     13.99   0.23    11.15

SNOWFALL (IN)
  YESTERDAY        0.0          MM      MM   0.0             0.0
  MONTH TO DATE    0.0                       0.0             0.0
  SINCE JUN 1      0.0                       0.0             0.0
  SINCE JUL 1      0.0                       0.0             0.0
  SNOW DEPTH       0

DEGREE DAYS
 HEATING
  YESTERDAY        0                         0      0        0
  MONTH TO DATE    0                         0      0        0
  SINCE JUN 1      0                         3     -3        0
  SINCE JUL 1      0                         0      0        0

 COOLING
  YESTERDAY       23                        15      8        8
  MONTH TO DATE   23                        15      8        8
  SINCE JUN 1    455                       368     87      350
  SINCE JAN 1    562                       524     38      619
..................................................................


WIND (MPH)
  HIGHEST WIND SPEED    20   HIGHEST WIND DIRECTION    SW (240)
  HIGHEST GUST SPEED    25   HIGHEST GUST DIRECTION    SW (210)
  AVERAGE WIND SPEED     8.6




RELATIVE HUMIDITY (PERCENT)
 HIGHEST    73           400 AM
 LOWEST     25           400 PM
 AVERAGE    49

..........................................................


THE MEDICINE LODGE KS CLIMATE NORMALS FOR TODAY
                         NORMAL    RECORD    YEAR
 MAXIMUM TEMPERATURE (F)   93       109      1933
 MINIMUM TEMPERATURE (F)   68        52      2013


SUNRISE AND SUNSET
JULY  2 2015..........SUNRISE   618 AM CDT   SUNSET   859 PM CDT
JULY  3 2015..........SUNRISE   618 AM CDT   SUNSET   859 PM CDT


-  INDICATES NEGATIVE NUMBERS.
R  INDICATES RECORD WAS SET OR TIED.
MM INDICATES DATA IS MISSING.
T  INDICATES TRACE AMOUNT.




$$
