000
CDUS43 KDDC 211013
CLIP28


CLIMATE REPORT
NATIONAL WEATHER SERVICE DODGE CITY KS
510 AM CDT MON APR 21 2014


...................................

...THE MEDICINE LODGE KS CLIMATE SUMMARY FOR APRIL 20 2014...

CLIMATE NORMAL PERIOD 1981 TO 2010
CLIMATE RECORD PERIOD 1893 TO 2014


WEATHER ITEM   OBSERVED TIME   RECORD YEAR NORMAL DEPARTURE LAST
                VALUE   (LST)  VALUE       VALUE  FROM      YEAR
                                                  NORMAL
..................................................................
TEMPERATURE (F)
 YESTERDAY
  MAXIMUM         74    516 PM  97    1925  70      4       65
  MINIMUM         58    909 AM  28    1953  45     13       40
  AVERAGE         66                        58      8       53

PRECIPITATION (IN)
  YESTERDAY        0.34          2.35 2005   0.09   0.25     0.00
  MONTH TO DATE    0.55                      1.46  -0.91     1.29
  SINCE MAR 1      1.04                      3.72  -2.68     3.70
  SINCE JAN 1      1.99                      5.47  -3.48     7.25

SNOWFALL (IN)
  YESTERDAY        0.0          MM      MM   0.0             0.0
  MONTH TO DATE    0.0                       0.0             0.0
  SINCE MAR 1      4.0                       0.1             0.5
  SINCE JUL 1     27.0                       8.5            25.0
  SNOW DEPTH       0

DEGREE DAYS
 HEATING
  YESTERDAY        0                         8     -8
  MONTH TO DATE  218                       223     -5
  SINCE MAR 1    942                       791    151
  SINCE JUL 1   4893                      4320    573

 COOLING
  YESTERDAY        1                         1      0        0
  MONTH TO DATE   13                        12      1        3
  SINCE MAR 1     13                        14     -1        4
  SINCE JAN 1     13                        14     -1        4
..................................................................


WIND (MPH)
  HIGHEST WIND SPEED    18   HIGHEST WIND DIRECTION     S (170)
  HIGHEST GUST SPEED    29   HIGHEST GUST DIRECTION     S (170)
  AVERAGE WIND SPEED    10.1




RELATIVE HUMIDITY (PERCENT)
 HIGHEST    90          1000 AM
 LOWEST     57           400 PM
 AVERAGE    74

..........................................................


THE MEDICINE LODGE KS CLIMATE NORMALS FOR TODAY
                         NORMAL    RECORD    YEAR
 MAXIMUM TEMPERATURE (F)   70        95      1963
 MINIMUM TEMPERATURE (F)   46        23      1966


SUNRISE AND SUNSET
APRIL 21 2014.........SUNRISE   652 AM CDT   SUNSET   815 PM CDT
APRIL 22 2014.........SUNRISE   650 AM CDT   SUNSET   816 PM CDT


-  INDICATES NEGATIVE NUMBERS.
R  INDICATES RECORD WAS SET OR TIED.
MM INDICATES DATA IS MISSING.
T  INDICATES TRACE AMOUNT.




$$
