000
CDUS43 KDDC 182332
CLIP28


CLIMATE REPORT
NATIONAL WEATHER SERVICE DODGE CITY KS
630 PM CDT THU SEP 18 2014


...................................

...THE MEDICINE LODGE KS CLIMATE SUMMARY FOR SEPTEMBER 18 2014...
VALID TODAY AS OF 0500 PM LOCAL TIME.

CLIMATE NORMAL PERIOD 1981 TO 2010
CLIMATE RECORD PERIOD 1893 TO 2014


WEATHER ITEM   OBSERVED TIME   RECORD YEAR NORMAL DEPARTURE LAST
                VALUE   (LST)  VALUE       VALUE  FROM      YEAR
                                                  NORMAL
..................................................................
TEMPERATURE (F)
 TODAY
  MAXIMUM         88    359 PM 102    1956  83      5       94
  MINIMUM         62    603 AM  35    1981  58      4       69
  AVERAGE         75                        70      5       82

PRECIPITATION (IN)
  TODAY            0.00          2.71 2001   0.06  -0.06     0.00
  MONTH TO DATE    0.54                      1.28  -0.74     0.07
  SINCE SEP 1      0.54                      1.28  -0.74     0.07
  SINCE JAN 1     18.05                     21.63  -3.58    21.71

DEGREE DAYS
 HEATING
  TODAY            0                         1     -1        0
  MONTH TO DATE   19                         6     13        0
  SINCE SEP 1     19                         6     13        0
  SINCE JUL 1     24                         6     18        0

 COOLING
  TODAY           10                         6      4       17
  MONTH TO DATE  159                       164     -5      237
  SINCE SEP 1    159                       164     -5      237
  SINCE JAN 1   1643                      1675    -32     1686
..................................................................


WIND (MPH)
  HIGHEST WIND SPEED    23   HIGHEST WIND DIRECTION     S (180)
  HIGHEST GUST SPEED    29   HIGHEST GUST DIRECTION     S (170)
  AVERAGE WIND SPEED     9.7




RELATIVE HUMIDITY (PERCENT)
 HIGHEST    93           600 AM
 LOWEST     37           200 PM
 AVERAGE    65

..........................................................


THE MEDICINE LODGE KS CLIMATE NORMALS FOR TOMORROW
                         NORMAL    RECORD    YEAR
 MAXIMUM TEMPERATURE (F)   83       101      1910
 MINIMUM TEMPERATURE (F)   57        34      1991


SUNRISE AND SUNSET
SEPTEMBER 18 2014.....SUNRISE   719 AM CDT   SUNSET   737 PM CDT
SEPTEMBER 19 2014.....SUNRISE   720 AM CDT   SUNSET   736 PM CDT


-  INDICATES NEGATIVE NUMBERS.
R  INDICATES RECORD WAS SET OR TIED.
MM INDICATES DATA IS MISSING.
T  INDICATES TRACE AMOUNT.




$$
