000
CDUS45 KRIW 030735
CLIP60


CLIMATE REPORT
NATIONAL WEATHER SERVICE RIVERTON WY
133 AM MDT MON AUG 3 2015


...................................

...THE LAKE YELLOWSTONE WY CLIMATE SUMMARY FOR AUGUST 2 2015...

CLIMATE NORMAL PERIOD 1981 TO 2010
CLIMATE RECORD PERIOD 1998 TO 2015


WEATHER ITEM   OBSERVED TIME   RECORD YEAR NORMAL DEPARTURE LAST
                VALUE   (LST)  VALUE       VALUE  FROM      YEAR
                                                  NORMAL
..................................................................
TEMPERATURE (F)
 YESTERDAY
  MAXIMUM         80    315 PM  81    2001  74      6       71
  MINIMUM         39    545 AM  36    2006  41     -2       38
  AVERAGE         60                        57      3       55

PRECIPITATION (IN)
  YESTERDAY        0.00          0.27 2005   0.03  -0.03     0.22
  MONTH TO DATE    0.00                      0.07  -0.07     0.22
  SINCE JUN 1      2.04                      3.54  -1.50     3.91
  SINCE JAN 1      9.78                     12.62  -2.84    19.05

DEGREE DAYS
 HEATING
  YESTERDAY        5                         8     -3       10
  MONTH TO DATE   14                        16     -2       20
  SINCE JUN 1    672                       792   -120      871
  SINCE JUL 1    346                       299     47      285

 COOLING
  YESTERDAY        0                         0      0        0
  MONTH TO DATE    0                         0      0        0
  SINCE JUN 1      1                         0      1        0
  SINCE JAN 1      1                         0      1        0
..................................................................


WIND (MPH)
  HIGHEST WIND SPEED     9   HIGHEST WIND DIRECTION     E (100)
  HIGHEST GUST SPEED    13   HIGHEST GUST DIRECTION    SE (120)
  AVERAGE WIND SPEED     1.9


SKY COVER
  POSSIBLE SUNSHINE  MM
  AVERAGE SKY COVER 0.0


WEATHER CONDITIONS
 THE FOLLOWING WEATHER WAS RECORDED YESTERDAY.
  NO SIGNIFICANT WEATHER WAS OBSERVED.


RELATIVE HUMIDITY (PERCENT)
 HIGHEST    79           500 AM
 LOWEST     17           300 PM
 AVERAGE    48

..........................................................


THE LAKE YELLOWSTONE WY CLIMATE NORMALS FOR TODAY
                         NORMAL    RECORD    YEAR
 MAXIMUM TEMPERATURE (F)   74        81      2001
 MINIMUM TEMPERATURE (F)   40        32      2006


SUNRISE AND SUNSET
AUGUST  3 2015........SUNRISE   610 AM MDT   SUNSET   845 PM MDT
AUGUST  4 2015........SUNRISE   611 AM MDT   SUNSET   843 PM MDT


-  INDICATES NEGATIVE NUMBERS.
R  INDICATES RECORD WAS SET OR TIED.
MM INDICATES DATA IS MISSING.
T  INDICATES TRACE AMOUNT.




$$
