000
CDUS45 KRIW 060738
CLIP60


CLIMATE REPORT
NATIONAL WEATHER SERVICE RIVERTON WY
1233 AM MST FRI MAR 6 2015


...................................

...THE LAKE YELLOWSTONE WY CLIMATE SUMMARY FOR MARCH 5 2015...

CLIMATE NORMAL PERIOD 1981 TO 2010
CLIMATE RECORD PERIOD 1998 TO 2015


WEATHER ITEM   OBSERVED TIME   RECORD YEAR NORMAL DEPARTURE LAST
                VALUE   (LST)  VALUE       VALUE  FROM      YEAR
                                                  NORMAL
..................................................................
TEMPERATURE (F)
 YESTERDAY
  MAXIMUM         33    310 PM  40    2007  33      0       35
  MINIMUM        -10    706 AM -16    2013   6    -16        6
  AVERAGE         12                        20     -8       21

PRECIPITATION (IN)
  YESTERDAY        0.00          0.12 2009   0.03  -0.03     0.00
  MONTH TO DATE    0.11                      0.15  -0.04     0.60
  SINCE MAR 1      0.11                      0.15  -0.04     0.60
  SINCE JAN 1      3.00                      3.67  -0.67     5.68

DEGREE DAYS
 HEATING
  YESTERDAY       53                        45      8       44
  MONTH TO DATE  301                       230     71      220
  SINCE MAR 1    301                       230     71      220
  SINCE JUL 1   7865                      8167   -302     8273

 COOLING
  YESTERDAY        0                         0      0        0
  MONTH TO DATE    0                         0      0        0
  SINCE MAR 1      0                         0      0        0
  SINCE JAN 1      0                         0      0        0
..................................................................


WIND (MPH)
  HIGHEST WIND SPEED    13   HIGHEST WIND DIRECTION     W (280)
  HIGHEST GUST SPEED    18   HIGHEST GUST DIRECTION    NW (300)
  AVERAGE WIND SPEED     2.3


SKY COVER
  POSSIBLE SUNSHINE  MM
  AVERAGE SKY COVER 0.0


WEATHER CONDITIONS
 THE FOLLOWING WEATHER WAS RECORDED YESTERDAY.
  NO SIGNIFICANT WEATHER WAS OBSERVED.


RELATIVE HUMIDITY (PERCENT)
 HIGHEST    83           300 AM
 LOWEST     28           200 PM
 AVERAGE    56

..........................................................


THE LAKE YELLOWSTONE WY CLIMATE NORMALS FOR TODAY
                         NORMAL    RECORD    YEAR
 MAXIMUM TEMPERATURE (F)   34        42      2006
 MINIMUM TEMPERATURE (F)    6       -24      1999


SUNRISE AND SUNSET
MARCH  6 2015.........SUNRISE   651 AM MST   SUNSET   616 PM MST
MARCH  7 2015.........SUNRISE   649 AM MST   SUNSET   617 PM MST


-  INDICATES NEGATIVE NUMBERS.
R  INDICATES RECORD WAS SET OR TIED.
MM INDICATES DATA IS MISSING.
T  INDICATES TRACE AMOUNT.




$$
